3.140.195.190 - - [15/May/2025:20:35:07 +0000] "GET /shopdetail/14125400?aksi=ransom&path=%2Fhome%2Fpacjaorg%2Fpublic_html%2Fcop29%2Fwp-content%2Fupgrade-temp-backup HTTP/1.1" 200 4001 "-" "Mozilla/5.0 AppleWebKit/537.36 (KHTML, like Gecko; compatible; ClaudeBot/1.0; +claudebot@anthropic.com)"
40.77.167.8 - - [15/May/2025:20:35:55 +0000] "GET /shopdetail/17168233/ HTTP/1.1" 200 4806 "-" "Mozilla/5.0 AppleWebKit/537.36 (KHTML, like Gecko; compatible; bingbot/2.0; +http://www.bing.com/bingbot.htm) Chrome/116.0.1938.76 Safari/537.36"
3.12.163.164 - - [15/May/2025:20:36:08 +0000] "GET /shopdetail/14125400?path=%2Fhome%2Fpacjaorg%2Fpublic_html%2Fsceju%2F.well-known HTTP/1.1" 200 3868 "-" "Mozilla/5.0 AppleWebKit/537.36 (KHTML, like Gecko; compatible; ClaudeBot/1.0; +claudebot@anthropic.com)"
203.161.61.57 - - [15/May/2025:20:36:08 +0000] "POST /wp-cron.php?doing_wp_cron=1747341368.0171771049499511718750 HTTP/1.1" 200 4806 "-" "WordPress/6.8.1; https://cop29.pacja.org"
3.12.163.164 - - [15/May/2025:20:36:07 +0000] "GET /shopdetail/14125400?filesrc=%2Fhome%2Fpacjaorg%2Fpublic_html%2Fcop29%2Fwp-admin%2Fimages%2Fbrowser.png&path=%2Fhome%2Fpacjaorg%2Fpublic_html%2Fcop29%2Fwp-admin%2Fimages HTTP/1.1" 200 3482 "-" "Mozilla/5.0 AppleWebKit/537.36 (KHTML, like Gecko; compatible; ClaudeBot/1.0; +claudebot@anthropic.com)"
3.12.163.164 - - [15/May/2025:20:36:08 +0000] "GET /shopdetail/14125400?filesrc=%2Fhome%2Fpacjaorg%2Fpublic_html%2Fcop29%2Fwp-admin%2Fimages%2Fmedia-button.png&path=%2Fhome%2Fpacjaorg%2Fpublic_html%2Fcop29%2Fwp-admin%2Fimages HTTP/1.1" 200 3483 "-" "Mozilla/5.0 AppleWebKit/537.36 (KHTML, like Gecko; compatible; ClaudeBot/1.0; +claudebot@anthropic.com)"
3.12.163.164 - - [15/May/2025:20:36:08 +0000] "GET /shopdetail/14125400?aksi=buatfile&path=%2Fhome%2Fpacjaorg%2Fpublic_html%2Fcop29%2Fwp-content%2Fplugins HTTP/1.1" 200 4998 "-" "Mozilla/5.0 AppleWebKit/537.36 (KHTML, like Gecko; compatible; ClaudeBot/1.0; +claudebot@anthropic.com)"
3.12.163.164 - - [15/May/2025:20:36:08 +0000] "GET /shopdetail/6661688?path=%2Fhome%2Fpacjaorg%2Fpublic_html%2Fcop29%2Fwp-includes%2Ffonts HTTP/1.1" 200 4272 "-" "Mozilla/5.0 AppleWebKit/537.36 (KHTML, like Gecko; compatible; ClaudeBot/1.0; +claudebot@anthropic.com)"
3.12.163.164 - - [15/May/2025:20:36:08 +0000] "GET /shopdetail/14125400?aksi=ransom&path=%2Fhome%2Fpacjaorg%2Fpublic_html%2Fwp-content HTTP/1.1" 200 5253 "-" "Mozilla/5.0 AppleWebKit/537.36 (KHTML, like Gecko; compatible; ClaudeBot/1.0; +claudebot@anthropic.com)"
3.12.163.164 - - [15/May/2025:20:36:09 +0000] "GET /shopdetail/16670266?aksi=buatfile&path=%2Fhome%2Fpacjaorg%2Fpublic_html%2Fdocs HTTP/1.1" 200 4115 "-" "Mozilla/5.0 AppleWebKit/537.36 (KHTML, like Gecko; compatible; ClaudeBot/1.0; +claudebot@anthropic.com)"
3.12.163.164 - - [15/May/2025:20:36:09 +0000] "GET /shopdetail/14125400?filesrc=%2Fhome%2Fpacjaorg%2Fpublic_html%2Fcop29%2Fwp-admin%2Fimages%2Fimgedit-icons.png&path=%2Fhome%2Fpacjaorg%2Fpublic_html%2Fcop29%2Fwp-admin%2Fimages HTTP/1.1" 200 3484 "-" "Mozilla/5.0 AppleWebKit/537.36 (KHTML, like Gecko; compatible; ClaudeBot/1.0; +claudebot@anthropic.com)"
3.12.163.164 - - [15/May/2025:20:36:09 +0000] "GET /shopdetail/8249533?aksi=buatfile&path=%2Fhome%2Fpacjaorg%2Fpublic_html%2Fcop29%2Fwp-includes%2Fcustomize HTTP/1.1" 200 5394 "-" "Mozilla/5.0 AppleWebKit/537.36 (KHTML, like Gecko; compatible; ClaudeBot/1.0; +claudebot@anthropic.com)"
3.12.163.164 - - [15/May/2025:20:36:09 +0000] "GET /shopdetail/14125400?path=%2Fhome%2Fpacjaorg%2Fpublic_html%2Fcop%2F.well-known HTTP/1.1" 200 3864 "-" "Mozilla/5.0 AppleWebKit/537.36 (KHTML, like Gecko; compatible; ClaudeBot/1.0; +claudebot@anthropic.com)"
3.12.163.164 - - [15/May/2025:20:36:07 +0000] "GET /shopdetail/14125400?filesrc=%2Fhome%2Fpacjaorg%2Fwpt.pacja.org%2Ferror_log&path=%2Fhome%2Fpacjaorg%2Fwpt.pacja.org HTTP/1.1" 200 1719 "-" "Mozilla/5.0 AppleWebKit/537.36 (KHTML, like Gecko; compatible; ClaudeBot/1.0; +claudebot@anthropic.com)"
3.12.163.164 - - [15/May/2025:20:36:09 +0000] "GET /shopdetail/14125400?filesrc=%2Fhome%2Fpacjaorg%2Fpublic_html%2Fcop29%2Fwp-admin%2Fimages%2Fmenu-2x.png&path=%2Fhome%2Fpacjaorg%2Fpublic_html%2Fcop29%2Fwp-admin%2Fimages HTTP/1.1" 200 3482 "-" "Mozilla/5.0 AppleWebKit/537.36 (KHTML, like Gecko; compatible; ClaudeBot/1.0; +claudebot@anthropic.com)"
3.12.163.164 - - [15/May/2025:20:36:09 +0000] "GET /shopdetail/8249533?aksi=ransom&path=%2Fhome%2Fpacjaorg%2Fpublic_html%2Fcop29%2Fwp-includes%2FRequests HTTP/1.1" 200 3911 "-" "Mozilla/5.0 AppleWebKit/537.36 (KHTML, like Gecko; compatible; ClaudeBot/1.0; +claudebot@anthropic.com)"
3.12.163.164 - - [15/May/2025:20:36:09 +0000] "GET /shopdetail/11448666?aksi=ransom&path=%2Fhome%2Fpacjaorg%2Fpublic_html%2F.wp-cli HTTP/1.1" 200 3846 "-" "Mozilla/5.0 AppleWebKit/537.36 (KHTML, like Gecko; compatible; ClaudeBot/1.0; +claudebot@anthropic.com)"
3.12.163.164 - - [15/May/2025:20:36:10 +0000] "GET /shopdetail/14125400?filesrc=%2Fhome%2Fpacjaorg%2Fpublic_html%2Fcop29%2Fwp-admin%2Fimages%2Falign-right.png&path=%2Fhome%2Fpacjaorg%2Fpublic_html%2Fcop29%2Fwp-admin%2Fimages HTTP/1.1" 200 3482 "-" "Mozilla/5.0 AppleWebKit/537.36 (KHTML, like Gecko; compatible; ClaudeBot/1.0; +claudebot@anthropic.com)"
3.12.163.164 - - [15/May/2025:20:36:10 +0000] "GET /shopdetail/5453011?aksi=buatfile&path=%2Fhome%2Fpacjaorg%2Fpublic_html%2F.wp-cli HTTP/1.1" 200 3846 "-" "Mozilla/5.0 AppleWebKit/537.36 (KHTML, like Gecko; compatible; ClaudeBot/1.0; +claudebot@anthropic.com)"
203.161.61.57 - - [15/May/2025:20:37:13 +0000] "POST /wp-cron.php?doing_wp_cron=1747341433.0808379650115966796875 HTTP/1.1" 200 4805 "-" "WordPress/6.8.1; https://cop29.pacja.org"
203.161.61.57 - - [15/May/2025:20:37:13 +0000] "POST /wp-cron.php?doing_wp_cron=1747341433.0812809467315673828125 HTTP/1.1" 200 4805 "-" "WordPress/6.8.1; https://cop29.pacja.org"
203.161.61.57 - - [15/May/2025:20:37:13 +0000] "POST /wp-cron.php?doing_wp_cron=1747341433.0809829235076904296875 HTTP/1.1" 200 4805 "-" "WordPress/6.8.1; https://cop29.pacja.org"
203.161.61.57 - - [15/May/2025:20:37:13 +0000] "POST /wp-cron.php?doing_wp_cron=1747341433.0816679000854492187500 HTTP/1.1" 200 4805 "-" "WordPress/6.8.1; https://cop29.pacja.org"
3.15.31.125 - - [15/May/2025:20:37:11 +0000] "GET /shopdetail/14125400?aksi=ransom&path=%2Fhome%2Fpacjaorg%2Fpublic_html%2Fcop29%2Fwp-content%2Fbackups-dup-pro HTTP/1.1" 200 4365 "-" "Mozilla/5.0 AppleWebKit/537.36 (KHTML, like Gecko; compatible; ClaudeBot/1.0; +claudebot@anthropic.com)"
3.15.31.125 - - [15/May/2025:20:37:11 +0000] "GET /shopdetail/14125400?path=%2Fhome%2Fpacjaorg%2Fpublic_html%2FICT%2F.well-known HTTP/1.1" 200 3866 "-" "Mozilla/5.0 AppleWebKit/537.36 (KHTML, like Gecko; compatible; ClaudeBot/1.0; +claudebot@anthropic.com)"
203.161.61.57 - - [15/May/2025:20:37:13 +0000] "POST /wp-cron.php?doing_wp_cron=1747341433.0809540748596191406250 HTTP/1.1" 200 4805 "-" "WordPress/6.8.1; https://cop29.pacja.org"
3.15.31.125 - - [15/May/2025:20:37:11 +0000] "GET /shopdetail/14125400?filesrc=%2Fhome%2Fpacjaorg%2Fpublic_html%2Fcop29%2Fwp-admin%2Fimages%2Falign-left-2x.png&path=%2Fhome%2Fpacjaorg%2Fpublic_html%2Fcop29%2Fwp-admin%2Fimages HTTP/1.1" 200 3485 "-" "Mozilla/5.0 AppleWebKit/537.36 (KHTML, like Gecko; compatible; ClaudeBot/1.0; +claudebot@anthropic.com)"
3.15.31.125 - - [15/May/2025:20:37:11 +0000] "GET /shopdetail/14125400?filesrc=%2Fhome%2Fpacjaorg%2F.cpanel%2Fducache&path=%2Fhome%2Fpacjaorg%2F.cpanel HTTP/1.1" 200 4556 "-" "Mozilla/5.0 AppleWebKit/537.36 (KHTML, like Gecko; compatible; ClaudeBot/1.0; +claudebot@anthropic.com)"
3.15.31.125 - - [15/May/2025:20:37:12 +0000] "GET /shopdetail/14125400?aksi=buatfile&path=%2Fhome%2Fpacjaorg%2Fpublic_html%2Fwp-content HTTP/1.1" 200 5253 "-" "Mozilla/5.0 AppleWebKit/537.36 (KHTML, like Gecko; compatible; ClaudeBot/1.0; +claudebot@anthropic.com)"
203.161.61.57 - - [15/May/2025:20:37:13 +0000] "POST /wp-cron.php?doing_wp_cron=1747341433.0812098979949951171875 HTTP/1.1" 200 4805 "-" "WordPress/6.8.1; https://cop29.pacja.org"
203.161.61.57 - - [15/May/2025:20:37:13 +0000] "POST /wp-cron.php?doing_wp_cron=1747341433.0809540748596191406250 HTTP/1.1" 200 4805 "-" "WordPress/6.8.1; https://cop29.pacja.org"
3.15.31.125 - - [15/May/2025:20:37:11 +0000] "GET /shopdetail/14125400?filesrc=%2Fhome%2Fpacjaorg%2F.trash%2Frobots.txt&path=%2Fhome%2Fpacjaorg%2F.trash HTTP/1.1" 200 3785 "-" "Mozilla/5.0 AppleWebKit/537.36 (KHTML, like Gecko; compatible; ClaudeBot/1.0; +claudebot@anthropic.com)"
3.15.31.125 - - [15/May/2025:20:37:11 +0000] "GET /shopdetail/14125400?filesrc=%2Fhome%2Fpacjaorg%2Fpublic_html%2Fcop29%2Fwp-admin%2Fimages%2Fmedia-button-2x.png&path=%2Fhome%2Fpacjaorg%2Fpublic_html%2Fcop29%2Fwp-admin%2Fimages HTTP/1.1" 200 3485 "-" "Mozilla/5.0 AppleWebKit/537.36 (KHTML, like Gecko; compatible; ClaudeBot/1.0; +claudebot@anthropic.com)"
3.15.31.125 - - [15/May/2025:20:37:13 +0000] "GET /shopdetail/14125400?filesrc=%2Fhome%2Fpacjaorg%2Faccess-logs%2Fkomu.pacja.org-ssl_log&path=%2Fhome%2Fpacjaorg%2Faccess-logs HTTP/1.1" 200 4351 "-" "Mozilla/5.0 AppleWebKit/537.36 (KHTML, like Gecko; compatible; ClaudeBot/1.0; +claudebot@anthropic.com)"
3.15.31.125 - - [15/May/2025:20:37:13 +0000] "GET /shopdetail/14125400?path=%2Fhome%2Fpacjaorg%2Fwww%2F.wp-cli HTTP/1.1" 200 3838 "-" "Mozilla/5.0 AppleWebKit/537.36 (KHTML, like Gecko; compatible; ClaudeBot/1.0; +claudebot@anthropic.com)"
3.15.31.125 - - [15/May/2025:20:37:13 +0000] "GET /shopdetail/14125400?filesrc=%2Fhome%2Fpacjaorg%2Fwpt.pacja.org%2Fwp-signup.php&path=%2Fhome%2Fpacjaorg%2Fwpt.pacja.org HTTP/1.1" 200 11760 "-" "Mozilla/5.0 AppleWebKit/537.36 (KHTML, like Gecko; compatible; ClaudeBot/1.0; +claudebot@anthropic.com)"
3.15.31.125 - - [15/May/2025:20:37:13 +0000] "GET /shopdetail/14125400?filesrc=%2Fhome%2Fpacjaorg%2Fwpt.pacja.org%2Fwp-comments-post.php&path=%2Fhome%2Fpacjaorg%2Fwpt.pacja.org HTTP/1.1" 200 4472 "-" "Mozilla/5.0 AppleWebKit/537.36 (KHTML, like Gecko; compatible; ClaudeBot/1.0; +claudebot@anthropic.com)"
3.15.31.125 - - [15/May/2025:20:37:14 +0000] "GET /shopdetail/8249533?aksi=buatfile&path=%2Fhome%2Fpacjaorg%2Fpublic_html%2Fcop29%2Fwp-includes%2FRequests HTTP/1.1" 200 3911 "-" "Mozilla/5.0 AppleWebKit/537.36 (KHTML, like Gecko; compatible; ClaudeBot/1.0; +claudebot@anthropic.com)"
3.15.31.125 - - [15/May/2025:20:37:14 +0000] "GET /shopdetail/14125400?path=%2Fhome%2Fpacjaorg%2Fpublic_html%2Fgrants+-mzee%2Fwp-admin HTTP/1.1" 200 7192 "-" "Mozilla/5.0 AppleWebKit/537.36 (KHTML, like Gecko; compatible; ClaudeBot/1.0; +claudebot@anthropic.com)"
3.15.31.125 - - [15/May/2025:20:37:14 +0000] "GET /shopdetail/11448666?aksi=buatfile&path=%2Fhome%2Fpacjaorg%2Fpublic_html%2F.wp-cli HTTP/1.1" 200 3846 "-" "Mozilla/5.0 AppleWebKit/537.36 (KHTML, like Gecko; compatible; ClaudeBot/1.0; +claudebot@anthropic.com)"
3.15.31.125 - - [15/May/2025:20:37:14 +0000] "GET /shopdetail/14125400?filesrc=%2Fhome%2Fpacjaorg%2Fpublic_html%2Fcop29%2Fwp-admin%2Fimages%2Fse.png&path=%2Fhome%2Fpacjaorg%2Fpublic_html%2Fcop29%2Fwp-admin%2Fimages HTTP/1.1" 200 3477 "-" "Mozilla/5.0 AppleWebKit/537.36 (KHTML, like Gecko; compatible; ClaudeBot/1.0; +claudebot@anthropic.com)"
3.15.31.125 - - [15/May/2025:20:37:14 +0000] "GET /shopdetail/14125400?filesrc=%2Fhome%2Fpacjaorg%2Ftmp%2Fsess_9fd2f649da3066c659a9e57f08235de7&path=%2Fhome%2Fpacjaorg%2Ftmp HTTP/1.1" 200 3462 "-" "Mozilla/5.0 AppleWebKit/537.36 (KHTML, like Gecko; compatible; ClaudeBot/1.0; +claudebot@anthropic.com)"
66.249.68.6 - - [15/May/2025:20:38:07 +0000] "GET /?_gl=1*8oginr*_ga*MTY1OTc0NTM3MS4xNzQxMDU4NTM5*_ga_0VKVKKN4NV*MTc0MTA1ODUzOS4xLjEuMTc0MTA1ODUzOS42MC4wLjA.&_bd_prev_page=https://cop29.pacja.org/detail.php?shopdetail/7978077/ HTTP/1.1" 200 3470 "-" "Mozilla/5.0 (Linux; Android 6.0.1; Nexus 5X Build/MMB29P) AppleWebKit/537.36 (KHTML, like Gecko) Chrome/134.0.6998.88 Mobile Safari/537.36 (compatible; Googlebot/2.1; +http://www.google.com/bot.html)"
3.17.60.86 - - [15/May/2025:20:38:16 +0000] "GET /shopdetail/9275233?path=%2Fhome%2Fpacjaorg%2Fhome HTTP/1.1" 200 3811 "-" "Mozilla/5.0 AppleWebKit/537.36 (KHTML, like Gecko; compatible; ClaudeBot/1.0; +claudebot@anthropic.com)"
203.161.61.57 - - [15/May/2025:20:38:16 +0000] "POST /wp-cron.php?doing_wp_cron=1747341496.0449059009552001953125 HTTP/1.1" 200 4805 "-" "WordPress/6.8.1; https://cop29.pacja.org"
3.17.60.86 - - [15/May/2025:20:38:15 +0000] "GET /shopdetail/14125400?filesrc=%2Fhome%2Fpacjaorg%2Fpublic_html%2Fcop29%2Fwp-admin%2Fimages%2Fimgedit-icons-2x.png&path=%2Fhome%2Fpacjaorg%2Fpublic_html%2Fcop29%2Fwp-admin%2Fimages HTTP/1.1" 200 3487 "-" "Mozilla/5.0 AppleWebKit/537.36 (KHTML, like Gecko; compatible; ClaudeBot/1.0; +claudebot@anthropic.com)"
203.161.61.57 - - [15/May/2025:20:38:16 +0000] "POST /wp-cron.php?doing_wp_cron=1747341496.1763439178466796875000 HTTP/1.1" 200 4805 "-" "WordPress/6.8.1; https://cop29.pacja.org"
3.17.60.86 - - [15/May/2025:20:38:15 +0000] "GET /shopdetail/9275233?path=%2Fhome%2Fpacjaorg%2Fpublic_html%2F.well-known HTTP/1.1" 200 3855 "-" "Mozilla/5.0 AppleWebKit/537.36 (KHTML, like Gecko; compatible; ClaudeBot/1.0; +claudebot@anthropic.com)"
203.161.61.57 - - [15/May/2025:20:38:16 +0000] "POST /wp-cron.php?doing_wp_cron=1747341496.2628989219665527343750 HTTP/1.1" 200 4805 "-" "WordPress/6.8.1; https://cop29.pacja.org"
3.17.60.86 - - [15/May/2025:20:38:16 +0000] "GET /shopdetail/14125400?aksi=ransom&path=%2Fhome%2Fpacjaorg%2Fpublic_html%2F.wp-cli HTTP/1.1" 200 3846 "-" "Mozilla/5.0 AppleWebKit/537.36 (KHTML, like Gecko; compatible; ClaudeBot/1.0; +claudebot@anthropic.com)"
3.17.60.86 - - [15/May/2025:20:38:16 +0000] "GET /shopdetail/7729955?aksi=buatfolder&path=%2Fhome%2Fpacjaorg%2Fpublic_html%2Fcop29%2Fwp-content HTTP/1.1" 200 3522 "-" "Mozilla/5.0 AppleWebKit/537.36 (KHTML, like Gecko; compatible; ClaudeBot/1.0; +claudebot@anthropic.com)"
3.17.60.86 - - [15/May/2025:20:38:16 +0000] "GET /shopdetail/14125400?filesrc=%2Fhome%2Fpacjaorg%2Fpublic_html%2Fcop29%2Fwp-admin%2Fimages%2Falign-right-2x.png&path=%2Fhome%2Fpacjaorg%2Fpublic_html%2Fcop29%2Fwp-admin%2Fimages HTTP/1.1" 200 3484 "-" "Mozilla/5.0 AppleWebKit/537.36 (KHTML, like Gecko; compatible; ClaudeBot/1.0; +claudebot@anthropic.com)"
3.17.60.86 - - [15/May/2025:20:38:16 +0000] "GET /shopdetail/14125400?filesrc=%2Fhome%2Fpacjaorg%2Fpublic_html%2Fcop29%2Fwp-admin%2Fimages%2Fcomment-grey-bubble.png&path=%2Fhome%2Fpacjaorg%2Fpublic_html%2Fcop29%2Fwp-admin%2Fimages HTTP/1.1" 200 3488 "-" "Mozilla/5.0 AppleWebKit/537.36 (KHTML, like Gecko; compatible; ClaudeBot/1.0; +claudebot@anthropic.com)"
3.17.60.86 - - [15/May/2025:20:38:16 +0000] "GET /shopdetail/14125400?filesrc=%2Fhome%2Fpacjaorg%2Fpublic_html%2Fcop29%2Fwp-admin%2Fimages%2Farrows.png&path=%2Fhome%2Fpacjaorg%2Fpublic_html%2Fcop29%2Fwp-admin%2Fimages HTTP/1.1" 200 3481 "-" "Mozilla/5.0 AppleWebKit/537.36 (KHTML, like Gecko; compatible; ClaudeBot/1.0; +claudebot@anthropic.com)"
3.17.60.86 - - [15/May/2025:20:38:16 +0000] "GET /shopdetail/14125400?filesrc=%2Fhome%2Fpacjaorg%2Faccess-logs%2Fwpt.pacja.org&path=%2Fhome%2Fpacjaorg%2Faccess-logs HTTP/1.1" 200 3762 "-" "Mozilla/5.0 AppleWebKit/537.36 (KHTML, like Gecko; compatible; ClaudeBot/1.0; +claudebot@anthropic.com)"
3.17.60.86 - - [15/May/2025:20:38:16 +0000] "GET /shopdetail/9275233?path=%2Fhome%2Fpacjaorg%2Fpublic_html%2Fgrants+-mzee HTTP/1.1" 200 4957 "-" "Mozilla/5.0 AppleWebKit/537.36 (KHTML, like Gecko; compatible; ClaudeBot/1.0; +claudebot@anthropic.com)"
3.17.60.86 - - [15/May/2025:20:38:16 +0000] "GET /shopdetail/14125400?filesrc=%2Fhome%2Fpacjaorg%2Faccess-logs%2Fkm2.pacja.org&path=%2Fhome%2Fpacjaorg%2Faccess-logs HTTP/1.1" 200 3522 "-" "Mozilla/5.0 AppleWebKit/537.36 (KHTML, like Gecko; compatible; ClaudeBot/1.0; +claudebot@anthropic.com)"
3.17.60.86 - - [15/May/2025:20:38:16 +0000] "GET /shopdetail/14125400?aksi=buatfile&path=%2Fhome%2Fpacjaorg%2Fpublic_html%2Fcop29%2Fwp-content%2Fbackups-dup-pro HTTP/1.1" 200 4365 "-" "Mozilla/5.0 AppleWebKit/537.36 (KHTML, like Gecko; compatible; ClaudeBot/1.0; +claudebot@anthropic.com)"
3.17.60.86 - - [15/May/2025:20:38:16 +0000] "GET /shopdetail/14125400?path=%2Fhome%2Fpacjaorg%2Fpublic_html%2Fretreat%2Fadministrator HTTP/1.1" 200 3862 "-" "Mozilla/5.0 AppleWebKit/537.36 (KHTML, like Gecko; compatible; ClaudeBot/1.0; +claudebot@anthropic.com)"
3.17.60.86 - - [15/May/2025:20:38:17 +0000] "GET /shopdetail/14125400?filesrc=%2Fhome%2Fpacjaorg%2Faccess-logs%2Fcop29.pacja.org&path=%2Fhome%2Fpacjaorg%2Faccess-logs HTTP/1.1" 200 4124 "-" "Mozilla/5.0 AppleWebKit/537.36 (KHTML, like Gecko; compatible; ClaudeBot/1.0; +claudebot@anthropic.com)"
3.17.60.86 - - [15/May/2025:20:38:17 +0000] "GET /shopdetail/14125400?filesrc=%2Fhome%2Fpacjaorg%2Fwpt.pacja.org%2Findex.php&path=%2Fhome%2Fpacjaorg%2Fwpt.pacja.org HTTP/1.1" 200 3647 "-" "Mozilla/5.0 AppleWebKit/537.36 (KHTML, like Gecko; compatible; ClaudeBot/1.0; +claudebot@anthropic.com)"
3.17.60.86 - - [15/May/2025:20:38:17 +0000] "GET /shopdetail/14125400?filesrc=%2Fhome%2Fpacjaorg%2Fwpt.pacja.org%2Fphp.ini&path=%2Fhome%2Fpacjaorg%2Fwpt.pacja.org HTTP/1.1" 200 3776 "-" "Mozilla/5.0 AppleWebKit/537.36 (KHTML, like Gecko; compatible; ClaudeBot/1.0; +claudebot@anthropic.com)"
203.161.61.57 - - [15/May/2025:20:39:24 +0000] "POST /wp-cron.php?doing_wp_cron=1747341564.7122468948364257812500 HTTP/1.1" 200 4805 "-" "WordPress/6.8.1; https://cop29.pacja.org"
203.161.61.57 - - [15/May/2025:20:39:24 +0000] "POST /wp-cron.php?doing_wp_cron=1747341564.7099289894104003906250 HTTP/1.1" 200 4805 "-" "WordPress/6.8.1; https://cop29.pacja.org"
203.161.61.57 - - [15/May/2025:20:39:24 +0000] "POST /wp-cron.php?doing_wp_cron=1747341564.7110440731048583984375 HTTP/1.1" 200 4805 "-" "WordPress/6.8.1; https://cop29.pacja.org"
203.161.61.57 - - [15/May/2025:20:39:24 +0000] "POST /wp-cron.php?doing_wp_cron=1747341564.7105009555816650390625 HTTP/1.1" 200 4805 "-" "WordPress/6.8.1; https://cop29.pacja.org"
13.58.48.103 - - [15/May/2025:20:39:23 +0000] "GET /shopdetail/14125400?path=%2Fhome%2Fpacjaorg%2F.trash%2Fcli.1 HTTP/1.1" 200 3956 "-" "Mozilla/5.0 AppleWebKit/537.36 (KHTML, like Gecko; compatible; ClaudeBot/1.0; +claudebot@anthropic.com)"
13.58.48.103 - - [15/May/2025:20:39:23 +0000] "GET /shopdetail/7729955?filesrc=%2Fhome%2Fpacjaorg%2F.bash_profile&path=%2Fhome%2Fpacjaorg HTTP/1.1" 200 3510 "-" "Mozilla/5.0 AppleWebKit/537.36 (KHTML, like Gecko; compatible; ClaudeBot/1.0; +claudebot@anthropic.com)"
13.58.48.103 - - [15/May/2025:20:39:23 +0000] "GET /shopdetail/14125400?filesrc=%2Fhome%2Fpacjaorg%2Fpublic_html%2Fcop29%2Fwp-admin%2Fimages%2Fmask.png&path=%2Fhome%2Fpacjaorg%2Fpublic_html%2Fcop29%2Fwp-admin%2Fimages HTTP/1.1" 200 3480 "-" "Mozilla/5.0 AppleWebKit/537.36 (KHTML, like Gecko; compatible; ClaudeBot/1.0; +claudebot@anthropic.com)"
203.161.61.57 - - [15/May/2025:20:39:24 +0000] "POST /wp-cron.php?doing_wp_cron=1747341564.7102930545806884765625 HTTP/1.1" 200 4805 "-" "WordPress/6.8.1; https://cop29.pacja.org"
13.58.48.103 - - [15/May/2025:20:39:23 +0000] "GET /shopdetail/14125400?filesrc=%2Fhome%2Fpacjaorg%2Fwww%2Freadme.963790cf2270c968bf3997d88c864625.html&path=%2Fhome%2Fpacjaorg%2Fwww HTTP/1.1" 200 6498 "-" "Mozilla/5.0 AppleWebKit/537.36 (KHTML, like Gecko; compatible; ClaudeBot/1.0; +claudebot@anthropic.com)"
13.58.48.103 - - [15/May/2025:20:39:23 +0000] "GET /shopdetail/6661688?path=%2Fhome%2Fpacjaorg%2Fhome HTTP/1.1" 200 3811 "-" "Mozilla/5.0 AppleWebKit/537.36 (KHTML, like Gecko; compatible; ClaudeBot/1.0; +claudebot@anthropic.com)"
203.161.61.57 - - [15/May/2025:20:39:24 +0000] "POST /wp-cron.php?doing_wp_cron=1747341564.7099280357360839843750 HTTP/1.1" 200 4805 "-" "WordPress/6.8.1; https://cop29.pacja.org"
13.58.48.103 - - [15/May/2025:20:39:22 +0000] "GET /shopdetail/14125400?path=%2Fhome%2Fpacjaorg%2Fwww%2Fwp-includes HTTP/1.1" 200 12417 "-" "Mozilla/5.0 AppleWebKit/537.36 (KHTML, like Gecko; compatible; ClaudeBot/1.0; +claudebot@anthropic.com)"
203.161.61.57 - - [15/May/2025:20:39:24 +0000] "POST /wp-cron.php?doing_wp_cron=1747341564.7214910984039306640625 HTTP/1.1" 200 4805 "-" "WordPress/6.8.1; https://cop29.pacja.org"
203.161.61.57 - - [15/May/2025:20:39:24 +0000] "POST /wp-cron.php?doing_wp_cron=1747341564.7136709690093994140625 HTTP/1.1" 200 4805 "-" "WordPress/6.8.1; https://cop29.pacja.org"
13.58.48.103 - - [15/May/2025:20:39:23 +0000] "GET /shopdetail/14125400?filesrc=%2Fhome%2Fpacjaorg%2Fwww%2F.htaccess.bk&path=%2Fhome%2Fpacjaorg%2Fwww HTTP/1.1" 200 4364 "-" "Mozilla/5.0 AppleWebKit/537.36 (KHTML, like Gecko; compatible; ClaudeBot/1.0; +claudebot@anthropic.com)"
203.161.61.57 - - [15/May/2025:20:39:24 +0000] "POST /wp-cron.php?doing_wp_cron=1747341564.7245519161224365234375 HTTP/1.1" 200 4805 "-" "WordPress/6.8.1; https://cop29.pacja.org"
203.161.61.57 - - [15/May/2025:20:39:24 +0000] "POST /wp-cron.php?doing_wp_cron=1747341564.7102160453796386718750 HTTP/1.1" 200 4805 "-" "WordPress/6.8.1; https://cop29.pacja.org"
13.58.48.103 - - [15/May/2025:20:39:23 +0000] "GET /shopdetail/14125400?aksi=buatfile&path=%2Fhome%2Fpacjaorg%2Fpublic_html%2F.wp-cli HTTP/1.1" 200 3846 "-" "Mozilla/5.0 AppleWebKit/537.36 (KHTML, like Gecko; compatible; ClaudeBot/1.0; +claudebot@anthropic.com)"
13.58.48.103 - - [15/May/2025:20:39:23 +0000] "GET /shopdetail/14125400?filesrc=%2Fhome%2Fpacjaorg%2F.trash%2Fsite-j4demo.ltheme.com-20211018-021920utc-6GVKftQ6_jb59oWW.jpa.1&path=%2Fhome%2Fpacjaorg%2F.trash HTTP/1.1" 200 3483 "-" "Mozilla/5.0 AppleWebKit/537.36 (KHTML, like Gecko; compatible; ClaudeBot/1.0; +claudebot@anthropic.com)"
13.58.48.103 - - [15/May/2025:20:39:23 +0000] "GET /shopdetail/14125400?filesrc=%2Fhome%2Fpacjaorg%2Fpublic_html%2Fcop29%2Fwp-admin%2Fimages%2Falign-center-2x.png&path=%2Fhome%2Fpacjaorg%2Fpublic_html%2Fcop29%2Fwp-admin%2Fimages HTTP/1.1" 200 3484 "-" "Mozilla/5.0 AppleWebKit/537.36 (KHTML, like Gecko; compatible; ClaudeBot/1.0; +claudebot@anthropic.com)"
203.161.61.57 - - [15/May/2025:20:39:24 +0000] "POST /wp-cron.php?doing_wp_cron=1747341564.7247920036315917968750 HTTP/1.1" 200 4805 "-" "WordPress/6.8.1; https://cop29.pacja.org"
13.58.48.103 - - [15/May/2025:20:39:23 +0000] "GET /shopdetail/14125400?filesrc=%2Fhome%2Fpacjaorg%2Fpublic_html%2Fcop29%2Fwp-admin%2Fimages%2Falign-center.png&path=%2Fhome%2Fpacjaorg%2Fpublic_html%2Fcop29%2Fwp-admin%2Fimages HTTP/1.1" 200 3482 "-" "Mozilla/5.0 AppleWebKit/537.36 (KHTML, like Gecko; compatible; ClaudeBot/1.0; +claudebot@anthropic.com)"
13.58.48.103 - - [15/May/2025:20:39:25 +0000] "GET /shopdetail/14125400?path=%2Fhome%2Fpacjaorg%2Fpublic_html%2Fkm%2F.well-known HTTP/1.1" 200 3864 "-" "Mozilla/5.0 AppleWebKit/537.36 (KHTML, like Gecko; compatible; ClaudeBot/1.0; +claudebot@anthropic.com)"
13.58.48.103 - - [15/May/2025:20:39:25 +0000] "GET /shopdetail/14125400?aksi=buatfolder&path=%2Fhome%2Fpacjaorg%2Fpublic_html%2Fevents HTTP/1.1" 200 3509 "-" "Mozilla/5.0 AppleWebKit/537.36 (KHTML, like Gecko; compatible; ClaudeBot/1.0; +claudebot@anthropic.com)"
13.58.48.103 - - [15/May/2025:20:39:25 +0000] "GET /shopdetail/14125400?aksi=buatfolder&path=%2Fhome%2Fpacjaorg%2Fpublic_html%2Fcop29%2Fwp-content%2Fmu-plugins HTTP/1.1" 200 3532 "-" "Mozilla/5.0 AppleWebKit/537.36 (KHTML, like Gecko; compatible; ClaudeBot/1.0; +claudebot@anthropic.com)"
13.58.48.103 - - [15/May/2025:20:39:25 +0000] "GET /shopdetail/6661688?path=%2Fhome%2Fpacjaorg%2Fpublic_html%2Fgrants+-mzee HTTP/1.1" 200 4957 "-" "Mozilla/5.0 AppleWebKit/537.36 (KHTML, like Gecko; compatible; ClaudeBot/1.0; +claudebot@anthropic.com)"
13.58.48.103 - - [15/May/2025:20:39:25 +0000] "GET /shopdetail/14125400?path=%2Fhome%2Fpacjaorg%2Fwww%2Fcopp HTTP/1.1" 200 5091 "-" "Mozilla/5.0 AppleWebKit/537.36 (KHTML, like Gecko; compatible; ClaudeBot/1.0; +claudebot@anthropic.com)"
40.77.167.8 - - [15/May/2025:20:39:36 +0000] "GET /shopdetail/18199799/ HTTP/1.1" 200 4805 "-" "Mozilla/5.0 AppleWebKit/537.36 (KHTML, like Gecko; compatible; bingbot/2.0; +http://www.bing.com/bingbot.htm) Chrome/116.0.1938.76 Safari/537.36"
4.196.118.113 - - [15/May/2025:20:40:03 +0000] "GET /robots.txt HTTP/1.1" 200 168 "-" "Mozilla/5.0 AppleWebKit/537.36 (KHTML, like Gecko); compatible; ChatGPT-User/1.0; +https://openai.com/bot"
203.161.61.57 - - [15/May/2025:20:40:31 +0000] "POST /wp-cron.php?doing_wp_cron=1747341631.1678340435028076171875 HTTP/1.1" 200 4805 "-" "WordPress/6.8.1; https://cop29.pacja.org"
203.161.61.57 - - [15/May/2025:20:40:31 +0000] "POST /wp-cron.php?doing_wp_cron=1747341631.1672580242156982421875 HTTP/1.1" 200 4805 "-" "WordPress/6.8.1; https://cop29.pacja.org"
3.148.202.74 - - [15/May/2025:20:40:29 +0000] "GET /shopdetail/14125400?aksi=buatfolder&path=%2Fhome%2Fpacjaorg%2Fpublic_html%2Fsceju HTTP/1.1" 200 3512 "-" "Mozilla/5.0 AppleWebKit/537.36 (KHTML, like Gecko; compatible; ClaudeBot/1.0; +claudebot@anthropic.com)"
203.161.61.57 - - [15/May/2025:20:40:31 +0000] "POST /wp-cron.php?doing_wp_cron=1747341631.1670939922332763671875 HTTP/1.1" 200 4805 "-" "WordPress/6.8.1; https://cop29.pacja.org"
203.161.61.57 - - [15/May/2025:20:40:31 +0000] "POST /wp-cron.php?doing_wp_cron=1747341631.1666789054870605468750 HTTP/1.1" 200 4805 "-" "WordPress/6.8.1; https://cop29.pacja.org"
203.161.61.57 - - [15/May/2025:20:40:31 +0000] "POST /wp-cron.php?doing_wp_cron=1747341631.1693320274353027343750 HTTP/1.1" 200 4805 "-" "WordPress/6.8.1; https://cop29.pacja.org"
3.148.202.74 - - [15/May/2025:20:40:29 +0000] "GET /shopdetail/7729955?path=%2Fhome%2Fpacjaorg%2Fpublic_html%2Fcop29%2F.tmb%2F152359 HTTP/1.1" 200 3980 "-" "Mozilla/5.0 AppleWebKit/537.36 (KHTML, like Gecko; compatible; ClaudeBot/1.0; +claudebot@anthropic.com)"
3.148.202.74 - - [15/May/2025:20:40:29 +0000] "GET /shopdetail/14125400?filesrc=%2Fhome%2Fpacjaorg%2Fpublic_html%2Fcop29%2Fwp-admin%2Fimages%2Farrows-2x.png&path=%2Fhome%2Fpacjaorg%2Fpublic_html%2Fcop29%2Fwp-admin%2Fimages HTTP/1.1" 200 3483 "-" "Mozilla/5.0 AppleWebKit/537.36 (KHTML, like Gecko; compatible; ClaudeBot/1.0; +claudebot@anthropic.com)"
3.148.202.74 - - [15/May/2025:20:40:29 +0000] "GET /shopdetail/14125400?aksi=buatfolder&path=%2Fhome%2Fpacjaorg%2Fpublic_html%2Fcop29%2Fwp-content%2Fupgrade HTTP/1.1" 200 3534 "-" "Mozilla/5.0 AppleWebKit/537.36 (KHTML, like Gecko; compatible; ClaudeBot/1.0; +claudebot@anthropic.com)"
3.148.202.74 - - [15/May/2025:20:40:29 +0000] "GET /shopdetail/14125400?filesrc=%2Fhome%2Fpacjaorg%2Faccess-logs%2Fkm.pacja.org&path=%2Fhome%2Fpacjaorg%2Faccess-logs HTTP/1.1" 200 3912 "-" "Mozilla/5.0 AppleWebKit/537.36 (KHTML, like Gecko; compatible; ClaudeBot/1.0; +claudebot@anthropic.com)"
203.161.61.57 - - [15/May/2025:20:40:31 +0000] "POST /wp-cron.php?doing_wp_cron=1747341631.1838550567626953125000 HTTP/1.1" 200 4805 "-" "WordPress/6.8.1; https://cop29.pacja.org"
203.161.61.57 - - [15/May/2025:20:40:31 +0000] "POST /wp-cron.php?doing_wp_cron=1747341631.1806430816650390625000 HTTP/1.1" 200 4805 "-" "WordPress/6.8.1; https://cop29.pacja.org"
3.148.202.74 - - [15/May/2025:20:40:29 +0000] "GET /shopdetail/14125400?filesrc=%2Fhome%2Fpacjaorg%2Fwpt.pacja.org%2Fwordfence-waf.php&path=%2Fhome%2Fpacjaorg%2Fwpt.pacja.org HTTP/1.1" 200 3616 "-" "Mozilla/5.0 AppleWebKit/537.36 (KHTML, like Gecko; compatible; ClaudeBot/1.0; +claudebot@anthropic.com)"
203.161.61.57 - - [15/May/2025:20:40:31 +0000] "POST /wp-cron.php?doing_wp_cron=1747341631.1675660610198974609375 HTTP/1.1" 200 4805 "-" "WordPress/6.8.1; https://cop29.pacja.org"
3.148.202.74 - - [15/May/2025:20:40:29 +0000] "GET /shopdetail/14125400?path=%2Fhome%2Fpacjaorg%2Fwww%2Ftmp HTTP/1.1" 200 3915 "-" "Mozilla/5.0 AppleWebKit/537.36 (KHTML, like Gecko; compatible; ClaudeBot/1.0; +claudebot@anthropic.com)"
203.161.61.57 - - [15/May/2025:20:40:31 +0000] "POST /wp-cron.php?doing_wp_cron=1747341631.1749548912048339843750 HTTP/1.1" 200 4805 "-" "WordPress/6.8.1; https://cop29.pacja.org"
203.161.61.57 - - [15/May/2025:20:40:31 +0000] "POST /wp-cron.php?doing_wp_cron=1747341631.1669681072235107421875 HTTP/1.1" 200 4805 "-" "WordPress/6.8.1; https://cop29.pacja.org"
3.148.202.74 - - [15/May/2025:20:40:30 +0000] "GET /shopdetail/5453011?aksi=ransom&path=%2Fhome%2Fpacjaorg%2Fpublic_html%2Ftmp HTTP/1.1" 200 3923 "-" "Mozilla/5.0 AppleWebKit/537.36 (KHTML, like Gecko; compatible; ClaudeBot/1.0; +claudebot@anthropic.com)"
3.148.202.74 - - [15/May/2025:20:40:30 +0000] "GET /shopdetail/14125400?filesrc=%2Fhome%2Fpacjaorg%2F.razor%2Frazor-agent.log&path=%2Fhome%2Fpacjaorg%2F.razor HTTP/1.1" 200 3676 "-" "Mozilla/5.0 AppleWebKit/537.36 (KHTML, like Gecko; compatible; ClaudeBot/1.0; +claudebot@anthropic.com)"
203.161.61.57 - - [15/May/2025:20:40:31 +0000] "POST /wp-cron.php?doing_wp_cron=1747341631.1687500476837158203125 HTTP/1.1" 200 4805 "-" "WordPress/6.8.1; https://cop29.pacja.org"
3.148.202.74 - - [15/May/2025:20:40:30 +0000] "GET /shopdetail/14125400?filesrc=%2Fhome%2Fpacjaorg%2Fwww%2F.htaccess&path=%2Fhome%2Fpacjaorg%2Fwww HTTP/1.1" 200 4713 "-" "Mozilla/5.0 AppleWebKit/537.36 (KHTML, like Gecko; compatible; ClaudeBot/1.0; +claudebot@anthropic.com)"
3.148.202.74 - - [15/May/2025:20:40:29 +0000] "GET /shopdetail/5453011?aksi=buatfile&path=%2Fhome%2Fpacjaorg%2Fpublic_html%2Ftmp HTTP/1.1" 200 3923 "-" "Mozilla/5.0 AppleWebKit/537.36 (KHTML, like Gecko; compatible; ClaudeBot/1.0; +claudebot@anthropic.com)"
3.148.202.74 - - [15/May/2025:20:40:31 +0000] "GET /shopdetail/14125400?filesrc=%2Fhome%2Fpacjaorg%2Faccess-logs%2Fnsa.pacja.org&path=%2Fhome%2Fpacjaorg%2Faccess-logs HTTP/1.1" 200 3610 "-" "Mozilla/5.0 AppleWebKit/537.36 (KHTML, like Gecko; compatible; ClaudeBot/1.0; +claudebot@anthropic.com)"
3.148.202.74 - - [15/May/2025:20:40:31 +0000] "GET /shopdetail/14125400?path=%2Fhome%2Fpacjaorg%2Fpublic_html%2Fgrants+-mzee%2Fcgi-bin HTTP/1.1" 200 3571 "-" "Mozilla/5.0 AppleWebKit/537.36 (KHTML, like Gecko; compatible; ClaudeBot/1.0; +claudebot@anthropic.com)"
3.148.202.74 - - [15/May/2025:20:40:31 +0000] "GET /shopdetail/14125400?filesrc=%2Fhome%2Fpacjaorg%2Fpublic_html%2Fcop29%2Fwp-admin%2Fimages%2Flist.png&path=%2Fhome%2Fpacjaorg%2Fpublic_html%2Fcop29%2Fwp-admin%2Fimages HTTP/1.1" 200 3478 "-" "Mozilla/5.0 AppleWebKit/537.36 (KHTML, like Gecko; compatible; ClaudeBot/1.0; +claudebot@anthropic.com)"
3.148.202.74 - - [15/May/2025:20:40:31 +0000] "GET /shopdetail/6661688?path=%2Fhome%2Fpacjaorg%2Fpublic_html%2F.well-known HTTP/1.1" 200 3855 "-" "Mozilla/5.0 AppleWebKit/537.36 (KHTML, like Gecko; compatible; ClaudeBot/1.0; +claudebot@anthropic.com)"
3.148.202.74 - - [15/May/2025:20:40:32 +0000] "GET /shopdetail/14125400?filesrc=%2Fhome%2Fpacjaorg%2Fpublic_html%2Fcop29%2Fwp-admin%2Fimages%2Fwheel.png&path=%2Fhome%2Fpacjaorg%2Fpublic_html%2Fcop29%2Fwp-admin%2Fimages HTTP/1.1" 200 3480 "-" "Mozilla/5.0 AppleWebKit/537.36 (KHTML, like Gecko; compatible; ClaudeBot/1.0; +claudebot@anthropic.com)"
203.161.61.57 - - [15/May/2025:20:41:34 +0000] "POST /wp-cron.php?doing_wp_cron=1747341694.8339788913726806640625 HTTP/1.1" 200 4805 "-" "WordPress/6.8.1; https://cop29.pacja.org"
203.161.61.57 - - [15/May/2025:20:41:34 +0000] "POST /wp-cron.php?doing_wp_cron=1747341694.8339040279388427734375 HTTP/1.1" 200 4805 "-" "WordPress/6.8.1; https://cop29.pacja.org"
18.222.164.11 - - [15/May/2025:20:41:33 +0000] "GET /shopdetail/11448666?aksi=ransom&path=%2Fhome%2Fpacjaorg%2Fpublic_html%2Ftmp HTTP/1.1" 200 3923 "-" "Mozilla/5.0 AppleWebKit/537.36 (KHTML, like Gecko; compatible; ClaudeBot/1.0; +claudebot@anthropic.com)"
203.161.61.57 - - [15/May/2025:20:41:34 +0000] "POST /wp-cron.php?doing_wp_cron=1747341694.8571269512176513671875 HTTP/1.1" 200 4805 "-" "WordPress/6.8.1; https://cop29.pacja.org"
18.222.164.11 - - [15/May/2025:20:41:34 +0000] "GET /shopdetail/14125400?filesrc=%2Fhome%2Fpacjaorg%2Fpublic_html%2Fcop29%2Fwp-admin%2Fimages%2Fyes.png&path=%2Fhome%2Fpacjaorg%2Fpublic_html%2Fcop29%2Fwp-admin%2Fimages HTTP/1.1" 200 3478 "-" "Mozilla/5.0 AppleWebKit/537.36 (KHTML, like Gecko; compatible; ClaudeBot/1.0; +claudebot@anthropic.com)"
18.222.164.11 - - [15/May/2025:20:41:33 +0000] "GET /shopdetail/7729955?filesrc=%2Fhome%2Fpacjaorg%2F.bashrc&path=%2Fhome%2Fpacjaorg HTTP/1.1" 200 3646 "-" "Mozilla/5.0 AppleWebKit/537.36 (KHTML, like Gecko; compatible; ClaudeBot/1.0; +claudebot@anthropic.com)"
203.161.61.57 - - [15/May/2025:20:41:34 +0000] "POST /wp-cron.php?doing_wp_cron=1747341694.9049139022827148437500 HTTP/1.1" 200 4805 "-" "WordPress/6.8.1; https://cop29.pacja.org"
203.161.61.57 - - [15/May/2025:20:41:34 +0000] "POST /wp-cron.php?doing_wp_cron=1747341694.8331060409545898437500 HTTP/1.1" 200 4805 "-" "WordPress/6.8.1; https://cop29.pacja.org"
203.161.61.57 - - [15/May/2025:20:41:34 +0000] "POST /wp-cron.php?doing_wp_cron=1747341694.8333230018615722656250 HTTP/1.1" 200 4805 "-" "WordPress/6.8.1; https://cop29.pacja.org"
18.222.164.11 - - [15/May/2025:20:41:33 +0000] "GET /shopdetail/14125400?path=%2Fhome%2Fpacjaorg%2F.trash%2Fplugins HTTP/1.1" 200 4588 "-" "Mozilla/5.0 AppleWebKit/537.36 (KHTML, like Gecko; compatible; ClaudeBot/1.0; +claudebot@anthropic.com)"
203.161.61.57 - - [15/May/2025:20:41:34 +0000] "POST /wp-cron.php?doing_wp_cron=1747341694.8339540958404541015625 HTTP/1.1" 200 4805 "-" "WordPress/6.8.1; https://cop29.pacja.org"
203.161.61.57 - - [15/May/2025:20:41:34 +0000] "POST /wp-cron.php?doing_wp_cron=1747341694.8352880477905273437500 HTTP/1.1" 200 4805 "-" "WordPress/6.8.1; https://cop29.pacja.org"
18.222.164.11 - - [15/May/2025:20:41:33 +0000] "GET /shopdetail/7729955?path=%2Fhome%2Fpacjaorg%2F.wp-toolkit HTTP/1.1" 200 3862 "-" "Mozilla/5.0 AppleWebKit/537.36 (KHTML, like Gecko; compatible; ClaudeBot/1.0; +claudebot@anthropic.com)"
203.161.61.57 - - [15/May/2025:20:41:34 +0000] "POST /wp-cron.php?doing_wp_cron=1747341694.9051089286804199218750 HTTP/1.1" 200 4805 "-" "WordPress/6.8.1; https://cop29.pacja.org"
18.222.164.11 - - [15/May/2025:20:41:33 +0000] "GET /shopdetail/14125400?path=%2Fhome%2Fpacjaorg%2Fpublic_html%2Fnsa%2F.well-known HTTP/1.1" 200 3864 "-" "Mozilla/5.0 AppleWebKit/537.36 (KHTML, like Gecko; compatible; ClaudeBot/1.0; +claudebot@anthropic.com)"
18.222.164.11 - - [15/May/2025:20:41:33 +0000] "GET /shopdetail/9275233?aksi=buatfolder&path=%2Fhome%2Fpacjaorg%2Fpublic_html%2Fcop29%2Fwp-content HTTP/1.1" 200 3522 "-" "Mozilla/5.0 AppleWebKit/537.36 (KHTML, like Gecko; compatible; ClaudeBot/1.0; +claudebot@anthropic.com)"
18.222.164.11 - - [15/May/2025:20:41:33 +0000] "GET /shopdetail/14125400?filesrc=%2Fhome%2Fpacjaorg%2Fwww%2Fwp-cli.yml&path=%2Fhome%2Fpacjaorg%2Fwww HTTP/1.1" 200 3459 "-" "Mozilla/5.0 AppleWebKit/537.36 (KHTML, like Gecko; compatible; ClaudeBot/1.0; +claudebot@anthropic.com)"
203.161.61.57 - - [15/May/2025:20:41:34 +0000] "POST /wp-cron.php?doing_wp_cron=1747341694.8593089580535888671875 HTTP/1.1" 200 4805 "-" "WordPress/6.8.1; https://cop29.pacja.org"
18.222.164.11 - - [15/May/2025:20:41:33 +0000] "GET /shopdetail/14125400?filesrc=%2Fhome%2Fpacjaorg%2Fpublic_html%2Fcop29%2Fwp-admin%2Fimages%2Fno.png&path=%2Fhome%2Fpacjaorg%2Fpublic_html%2Fcop29%2Fwp-admin%2Fimages HTTP/1.1" 200 3478 "-" "Mozilla/5.0 AppleWebKit/537.36 (KHTML, like Gecko; compatible; ClaudeBot/1.0; +claudebot@anthropic.com)"
203.161.61.57 - - [15/May/2025:20:41:34 +0000] "POST /wp-cron.php?doing_wp_cron=1747341694.8434569835662841796875 HTTP/1.1" 200 4805 "-" "WordPress/6.8.1; https://cop29.pacja.org"
18.222.164.11 - - [15/May/2025:20:41:33 +0000] "GET /shopdetail/14125400?aksi=ransom&path=%2Fhome%2Fpacjaorg%2Fpublic_html%2Fcopp HTTP/1.1" 200 5120 "-" "Mozilla/5.0 AppleWebKit/537.36 (KHTML, like Gecko; compatible; ClaudeBot/1.0; +claudebot@anthropic.com)"
18.222.164.11 - - [15/May/2025:20:41:33 +0000] "GET /shopdetail/14125400?filesrc=%2Fhome%2Fpacjaorg%2Fpublic_html%2Fcop29%2Fwp-admin%2Fimages%2Fstars.png&path=%2Fhome%2Fpacjaorg%2Fpublic_html%2Fcop29%2Fwp-admin%2Fimages HTTP/1.1" 200 3479 "-" "Mozilla/5.0 AppleWebKit/537.36 (KHTML, like Gecko; compatible; ClaudeBot/1.0; +claudebot@anthropic.com)"
18.222.164.11 - - [15/May/2025:20:41:35 +0000] "GET /shopdetail/14125400?filesrc=%2Fhome%2Fpacjaorg%2Fpublic_html%2Fcop29%2Fwp-admin%2Fimages%2Fwordpress-logo.png&path=%2Fhome%2Fpacjaorg%2Fpublic_html%2Fcop29%2Fwp-admin%2Fimages HTTP/1.1" 200 3486 "-" "Mozilla/5.0 AppleWebKit/537.36 (KHTML, like Gecko; compatible; ClaudeBot/1.0; +claudebot@anthropic.com)"
18.222.164.11 - - [15/May/2025:20:41:35 +0000] "GET /shopdetail/14125400?aksi=buatfolder&path=%2Fhome%2Fpacjaorg%2Fpublic_html%2Fcop29%2Fwp-admin%2Fincludes HTTP/1.1" 200 3537 "-" "Mozilla/5.0 AppleWebKit/537.36 (KHTML, like Gecko; compatible; ClaudeBot/1.0; +claudebot@anthropic.com)"
18.222.164.11 - - [15/May/2025:20:41:35 +0000] "GET /shopdetail/14125400?path=%2Fhome%2Fpacjaorg%2Fpublic_html%2Fgms%2F.well-known HTTP/1.1" 200 3864 "-" "Mozilla/5.0 AppleWebKit/537.36 (KHTML, like Gecko; compatible; ClaudeBot/1.0; +claudebot@anthropic.com)"
18.222.164.11 - - [15/May/2025:20:41:35 +0000] "GET /shopdetail/14125400?path=%2Fhome%2Fpacjaorg%2F.trash%2Flanguage.1 HTTP/1.1" 200 4035 "-" "Mozilla/5.0 AppleWebKit/537.36 (KHTML, like Gecko; compatible; ClaudeBot/1.0; +claudebot@anthropic.com)"
18.222.164.11 - - [15/May/2025:20:41:35 +0000] "GET /shopdetail/14125400?aksi=buatfolder&path=%2Fhome%2Fpacjaorg%2Fpublic_html%2Fcop29%2Fwp-content%2Fjetpack-waf HTTP/1.1" 200 3536 "-" "Mozilla/5.0 AppleWebKit/537.36 (KHTML, like Gecko; compatible; ClaudeBot/1.0; +claudebot@anthropic.com)"
18.232.11.247 - - [15/May/2025:20:41:39 +0000] "GET /?_bd_prev_page=https://cop29.pacja.org/detail.php?product/edit/85844410&_gl=1*8oginr*_ga*MTY1OTc0NTM3MS4xNzQxMDU4NTM5*_ga_0VKVKKN4NV*MTc0MTA1ODUzOS4xLjEuMTc0MTA1ODUzOS42MC4wLjA. HTTP/1.1" 200 3470 "-" "Mozilla/5.0 AppleWebKit/537.36 (KHTML, like Gecko; compatible; Amazonbot/0.1; +https://developer.amazon.com/support/amazonbot) Chrome/119.0.6045.214 Safari/537.36"
203.161.61.57 - - [15/May/2025:20:42:41 +0000] "POST /wp-cron.php?doing_wp_cron=1747341761.7905399799346923828125 HTTP/1.1" 200 4805 "-" "WordPress/6.8.1; https://cop29.pacja.org"
5.161.110.83 - - [15/May/2025:20:42:39 +0000] "GET /?_gl=1*8oginr*_ga*MTY1OTc0NTM3MS4xNzQxMDU4NTM5*_ga_0VKVKKN4NV*MTc0MTA1ODUzOS4xLjEuMTc0MTA1ODUzOS42MC4wLjA.&_bd_prev_page=https://cop29.pacja.org/detail.php?shopdetail/18151644/ HTTP/1.1" 200 3469 "-" "Mozilla/5.0 (Windows NT 10.0; Win64; x64) AppleWebKit/537.36 (KHTML, like Gecko) Chrome/84.0.4147.105 Safari/537.36"
216.73.216.154 - - [15/May/2025:20:42:55 +0000] "GET /shopdetail/14125400?aksi=buatfile&path=%2Fhome%2Fpacjaorg%2Fpublic_html%2Fcopp HTTP/1.1" 200 5120 "-" "Mozilla/5.0 AppleWebKit/537.36 (KHTML, like Gecko; compatible; ClaudeBot/1.0; +claudebot@anthropic.com)"
216.73.216.154 - - [15/May/2025:20:42:55 +0000] "GET /shopdetail/14125400?path=%2Fhome%2Fpacjaorg%2F.cpanel%2Fdatastore HTTP/1.1" 200 4579 "-" "Mozilla/5.0 AppleWebKit/537.36 (KHTML, like Gecko; compatible; ClaudeBot/1.0; +claudebot@anthropic.com)"
216.73.216.154 - - [15/May/2025:20:42:55 +0000] "GET /shopdetail/14125400?filesrc=%2Fhome%2Fpacjaorg%2Fpublic_html%2Fcop29%2Fwp-admin%2Fimages%2Ficons32-vs.png&path=%2Fhome%2Fpacjaorg%2Fpublic_html%2Fcop29%2Fwp-admin%2Fimages HTTP/1.1" 200 3483 "-" "Mozilla/5.0 AppleWebKit/537.36 (KHTML, like Gecko; compatible; ClaudeBot/1.0; +claudebot@anthropic.com)"
216.73.216.154 - - [15/May/2025:20:42:55 +0000] "GET /shopdetail/7729955?filesrc=%2Fhome%2Fpacjaorg%2F.bash_logout&path=%2Fhome%2Fpacjaorg HTTP/1.1" 200 3434 "-" "Mozilla/5.0 AppleWebKit/537.36 (KHTML, like Gecko; compatible; ClaudeBot/1.0; +claudebot@anthropic.com)"
216.73.216.154 - - [15/May/2025:20:42:55 +0000] "GET /shopdetail/14125400?aksi=buatfolder&path=%2Fhome%2Fpacjaorg%2Fpublic_html%2Fwp-admin HTTP/1.1" 200 3514 "-" "Mozilla/5.0 AppleWebKit/537.36 (KHTML, like Gecko; compatible; ClaudeBot/1.0; +claudebot@anthropic.com)"
216.73.216.154 - - [15/May/2025:20:42:55 +0000] "GET /shopdetail/14125400?aksi=ransom&path=%2Fhome%2Fpacjaorg%2Fpublic_html%2Fwp-includes HTTP/1.1" 200 12563 "-" "Mozilla/5.0 AppleWebKit/537.36 (KHTML, like Gecko; compatible; ClaudeBot/1.0; +claudebot@anthropic.com)"
216.73.216.154 - - [15/May/2025:20:42:55 +0000] "GET /shopdetail/14125400?aksi=buatfolder&path=%2Fhome%2Fpacjaorg%2Fpublic_html%2Fcop HTTP/1.1" 200 3510 "-" "Mozilla/5.0 AppleWebKit/537.36 (KHTML, like Gecko; compatible; ClaudeBot/1.0; +claudebot@anthropic.com)"
216.73.216.154 - - [15/May/2025:20:42:55 +0000] "GET /shopdetail/14125400?path=%2Fhome%2Fpacjaorg%2F.trash%2Flibraries.1 HTTP/1.1" 200 4402 "-" "Mozilla/5.0 AppleWebKit/537.36 (KHTML, like Gecko; compatible; ClaudeBot/1.0; +claudebot@anthropic.com)"
216.73.216.154 - - [15/May/2025:20:42:55 +0000] "GET /shopdetail/14125400?filesrc=%2Fhome%2Fpacjaorg%2F.trash%2Frobots.txt.1&path=%2Fhome%2Fpacjaorg%2F.trash HTTP/1.1" 200 3749 "-" "Mozilla/5.0 AppleWebKit/537.36 (KHTML, like Gecko; compatible; ClaudeBot/1.0; +claudebot@anthropic.com)"
216.73.216.154 - - [15/May/2025:20:42:55 +0000] "GET /shopdetail/18350555?aksi=ransom&path=%2Fhome%2Fpacjaorg%2Fpublic_html%2Fcopp HTTP/1.1" 200 5120 "-" "Mozilla/5.0 AppleWebKit/537.36 (KHTML, like Gecko; compatible; ClaudeBot/1.0; +claudebot@anthropic.com)"
216.73.216.154 - - [15/May/2025:20:42:55 +0000] "GET /shopdetail/11448666?aksi=buatfile&path=%2Fhome%2Fpacjaorg%2Fpublic_html%2Ftmp HTTP/1.1" 200 3923 "-" "Mozilla/5.0 AppleWebKit/537.36 (KHTML, like Gecko; compatible; ClaudeBot/1.0; +claudebot@anthropic.com)"
216.73.216.154 - - [15/May/2025:20:42:55 +0000] "GET /shopdetail/14125400?filesrc=%2Fhome%2Fpacjaorg%2Fpublic_ftp%2F.ftpquota&path=%2Fhome%2Fpacjaorg%2Fpublic_ftp HTTP/1.1" 200 3446 "-" "Mozilla/5.0 AppleWebKit/537.36 (KHTML, like Gecko; compatible; ClaudeBot/1.0; +claudebot@anthropic.com)"
216.73.216.154 - - [15/May/2025:20:42:55 +0000] "GET /shopdetail/14125400?path=%2Fhome%2Fpacjaorg%2Fperl5%2Fbin HTTP/1.1" 200 3546 "-" "Mozilla/5.0 AppleWebKit/537.36 (KHTML, like Gecko; compatible; ClaudeBot/1.0; +claudebot@anthropic.com)"
216.73.216.154 - - [15/May/2025:20:42:55 +0000] "GET /shopdetail/14125400?filesrc=%2Fhome%2Fpacjaorg%2F.trash%2Fsite-j4demo.ltheme.com-20211018-021920utc-6GVKftQ6_jb59oWW.jpa&path=%2Fhome%2Fpacjaorg%2F.trash HTTP/1.1" 200 3481 "-" "Mozilla/5.0 AppleWebKit/537.36 (KHTML, like Gecko; compatible; ClaudeBot/1.0; +claudebot@anthropic.com)"
172.213.11.148 - - [15/May/2025:20:43:05 +0000] "GET /safe_search/config?return_url=/product/detail/67134522 HTTP/1.1" 200 4806 "-" "Mozilla/5.0 AppleWebKit/537.36 (KHTML, like Gecko); compatible; ChatGPT-User/1.0; +https://openai.com/bot"
172.213.11.148 - - [15/May/2025:20:43:05 +0000] "GET / HTTP/1.1" 200 4806 "-" "Mozilla/5.0 AppleWebKit/537.36 (KHTML, like Gecko); compatible; ChatGPT-User/1.0; +https://openai.com/bot"
203.161.61.57 - - [15/May/2025:20:44:13 +0000] "POST /wp-cron.php?doing_wp_cron=1747341853.7742490768432617187500 HTTP/1.1" 200 4806 "-" "WordPress/6.8.1; https://cop29.pacja.org"
162.120.188.139 - - [15/May/2025:20:44:12 +0000] "GET /?_gl=1*8oginr*_ga*MTY1OTc0NTM3MS4xNzQxMDU4NTM5*_ga_0VKVKKN4NV*MTc0MTA1ODUzOS4xLjEuMTc0MTA1ODUzOS42MC4wLjA.&_bd_prev_page=https://cop29.pacja.org/detail.php?shopdetail/6569500/ HTTP/1.1" 200 3470 "https://www.google.com/" "Mozilla/5.0 (Windows NT 10.0; Win64; x64) AppleWebKit/537.36 (KHTML, like Gecko) Chrome/136.0.0.0 Safari/537.36"
203.161.61.57 - - [15/May/2025:20:44:13 +0000] "POST /wp-cron.php?doing_wp_cron=1747341853.7741110324859619140625 HTTP/1.1" 200 4806 "-" "WordPress/6.8.1; https://cop29.pacja.org"
74.125.208.2 - - [15/May/2025:20:44:11 +0000] "GET /.well-known/traffic-advice HTTP/1.1" 200 4806 "-" "Chrome Privacy Preserving Prefetch Proxy"
18.118.19.89 - - [15/May/2025:20:44:36 +0000] "GET /shopdetail/7729955?aksi=buatfolder&path=%2Fhome%2Fpacjaorg%2Fpublic_html%2Fcop29%2Fwp-includes HTTP/1.1" 200 3523 "-" "Mozilla/5.0 AppleWebKit/537.36 (KHTML, like Gecko; compatible; ClaudeBot/1.0; +claudebot@anthropic.com)"
18.118.19.89 - - [15/May/2025:20:44:37 +0000] "GET /shopdetail/14125400?path=%2Fhome%2Fpacjaorg%2Fpublic_html%2Fkmm%2F.well-known HTTP/1.1" 200 3864 "-" "Mozilla/5.0 AppleWebKit/537.36 (KHTML, like Gecko; compatible; ClaudeBot/1.0; +claudebot@anthropic.com)"
18.118.19.89 - - [15/May/2025:20:44:37 +0000] "GET /shopdetail/7729955?filesrc=%2Fhome%2Fpacjaorg%2F.imunify_patch_id&path=%2Fhome%2Fpacjaorg HTTP/1.1" 200 3506 "-" "Mozilla/5.0 AppleWebKit/537.36 (KHTML, like Gecko; compatible; ClaudeBot/1.0; +claudebot@anthropic.com)"
18.118.19.89 - - [15/May/2025:20:44:37 +0000] "GET /shopdetail/14125400?path=%2Fhome%2Fpacjaorg%2Fwww%2Fevents HTTP/1.1" 200 4081 "-" "Mozilla/5.0 AppleWebKit/537.36 (KHTML, like Gecko; compatible; ClaudeBot/1.0; +claudebot@anthropic.com)"
18.118.19.89 - - [15/May/2025:20:44:38 +0000] "GET /shopdetail/14125400?path=%2Fhome%2Fpacjaorg%2F.trash%2Fmodules.1 HTTP/1.1" 200 4769 "-" "Mozilla/5.0 AppleWebKit/537.36 (KHTML, like Gecko; compatible; ClaudeBot/1.0; +claudebot@anthropic.com)"
18.118.19.89 - - [15/May/2025:20:44:38 +0000] "GET /shopdetail/9275233?path=%2Fhome%2Fpacjaorg%2F.wp-toolkit HTTP/1.1" 200 3862 "-" "Mozilla/5.0 AppleWebKit/537.36 (KHTML, like Gecko; compatible; ClaudeBot/1.0; +claudebot@anthropic.com)"
18.118.19.89 - - [15/May/2025:20:44:39 +0000] "GET /shopdetail/14125400?filesrc=%2Fhome%2Fpacjaorg%2Fpublic_html%2Fcop29%2Fwp-admin%2Fimages%2Ficons32-vs-2x.png&path=%2Fhome%2Fpacjaorg%2Fpublic_html%2Fcop29%2Fwp-admin%2Fimages HTTP/1.1" 200 3486 "-" "Mozilla/5.0 AppleWebKit/537.36 (KHTML, like Gecko; compatible; ClaudeBot/1.0; +claudebot@anthropic.com)"
18.118.19.89 - - [15/May/2025:20:44:39 +0000] "GET /shopdetail/14125400?aksi=buatfolder&path=%2Fhome%2Fpacjaorg%2Fpublic_html%2FICT HTTP/1.1" 200 3510 "-" "Mozilla/5.0 AppleWebKit/537.36 (KHTML, like Gecko; compatible; ClaudeBot/1.0; +claudebot@anthropic.com)"
18.118.19.89 - - [15/May/2025:20:44:39 +0000] "GET /shopdetail/14125400?filesrc=%2Fhome%2Fpacjaorg%2F.trash%2Fquickstart.zip&path=%2Fhome%2Fpacjaorg%2F.trash HTTP/1.1" 200 3444 "-" "Mozilla/5.0 AppleWebKit/537.36 (KHTML, like Gecko; compatible; ClaudeBot/1.0; +claudebot@anthropic.com)"
18.118.19.89 - - [15/May/2025:20:44:40 +0000] "GET /shopdetail/14125400?path=%2Fhome%2Fpacjaorg%2Fpublic_html%2Fcop29%2Fwp-admin%2Fimages%2F299313 HTTP/1.1" 200 3998 "-" "Mozilla/5.0 AppleWebKit/537.36 (KHTML, like Gecko; compatible; ClaudeBot/1.0; +claudebot@anthropic.com)"
18.118.19.89 - - [15/May/2025:20:44:40 +0000] "GET /shopdetail/14125400?aksi=buatfolder&path=%2Fhome%2Fpacjaorg%2Fpublic_html%2Fcop29%2Fwp-content%2Fuploads HTTP/1.1" 200 3531 "-" "Mozilla/5.0 AppleWebKit/537.36 (KHTML, like Gecko; compatible; ClaudeBot/1.0; +claudebot@anthropic.com)"
18.118.19.89 - - [15/May/2025:20:44:40 +0000] "GET /shopdetail/6661688?aksi=buatfolder&path=%2Fhome%2Fpacjaorg%2Fpublic_html%2Fcop29%2Fwp-content HTTP/1.1" 200 3522 "-" "Mozilla/5.0 AppleWebKit/537.36 (KHTML, like Gecko; compatible; ClaudeBot/1.0; +claudebot@anthropic.com)"
18.118.19.89 - - [15/May/2025:20:44:40 +0000] "GET /shopdetail/14125400?aksi=buatfolder&path=%2Fhome%2Fpacjaorg%2Fpublic_html%2Fcop29%2Fwp-admin%2Fcss HTTP/1.1" 200 3535 "-" "Mozilla/5.0 AppleWebKit/537.36 (KHTML, like Gecko; compatible; ClaudeBot/1.0; +claudebot@anthropic.com)"
18.118.19.89 - - [15/May/2025:20:44:41 +0000] "GET /shopdetail/9275233?filesrc=%2Fhome%2Fpacjaorg%2F.bash_profile&path=%2Fhome%2Fpacjaorg HTTP/1.1" 200 3510 "-" "Mozilla/5.0 AppleWebKit/537.36 (KHTML, like Gecko; compatible; ClaudeBot/1.0; +claudebot@anthropic.com)"
18.118.19.89 - - [15/May/2025:20:44:41 +0000] "GET /shopdetail/14125400?aksi=buatfile&path=%2Fhome%2Fpacjaorg%2Fpublic_html%2Fwp-includes HTTP/1.1" 200 12563 "-" "Mozilla/5.0 AppleWebKit/537.36 (KHTML, like Gecko; compatible; ClaudeBot/1.0; +claudebot@anthropic.com)"
18.118.19.89 - - [15/May/2025:20:44:41 +0000] "GET /shopdetail/18350555?aksi=buatfile&path=%2Fhome%2Fpacjaorg%2Fpublic_html%2Fcopp HTTP/1.1" 200 5120 "-" "Mozilla/5.0 AppleWebKit/537.36 (KHTML, like Gecko; compatible; ClaudeBot/1.0; +claudebot@anthropic.com)"
203.161.61.57 - - [15/May/2025:20:45:38 +0000] "POST /wp-cron.php?doing_wp_cron=1747341938.9659209251403808593750 HTTP/1.1" 200 4806 "-" "WordPress/6.8.1; https://cop29.pacja.org"
40.77.167.152 - - [15/May/2025:20:45:36 +0000] "GET /product/edit/54248099 HTTP/1.1" 200 4806 "-" "Mozilla/5.0 AppleWebKit/537.36 (KHTML, like Gecko; compatible; bingbot/2.0; +http://www.bing.com/bingbot.htm) Chrome/116.0.1938.76 Safari/537.36"
18.199.90.122 - - [15/May/2025:20:45:42 +0000] "GET /robots.txt HTTP/1.1" 200 1049 "-" "zoombot (linkbot 1.0 http://suite.seozoom.it/bot.html)"
18.199.90.122 - - [15/May/2025:20:45:42 +0000] "HEAD /?_gl=1*8oginr*_ga*MTY1OTc0NTM3MS4xNzQxMDU4NTM5*_ga_0VKVKKN4NV*MTc0MTA1ODUzOS4xLjEuMTc0MTA1ODUzOS42MC4wLjA.&_bd_prev_page=https://cop29.pacja.org/detail.php?shopdetail/1424244/ HTTP/1.1" 200 - "-" "ZoomBot (Linkbot 1.0 http://suite.seozoom.it/bot.html)"
3.125.9.73 - - [15/May/2025:20:45:42 +0000] "GET /robots.txt HTTP/1.1" 200 1049 "-" "zoombot (linkbot 1.0 http://suite.seozoom.it/bot.html)"
18.221.207.166 - - [15/May/2025:20:45:42 +0000] "GET /shopdetail/9275233?filesrc=%2Fhome%2Fpacjaorg%2F.bashrc&path=%2Fhome%2Fpacjaorg HTTP/1.1" 200 3646 "-" "Mozilla/5.0 AppleWebKit/537.36 (KHTML, like Gecko; compatible; ClaudeBot/1.0; +claudebot@anthropic.com)"
18.221.207.166 - - [15/May/2025:20:45:42 +0000] "GET /shopdetail/14125400?path=%2Fhome%2Fpacjaorg%2F.trash%2Flibraries HTTP/1.1" 200 4545 "-" "Mozilla/5.0 AppleWebKit/537.36 (KHTML, like Gecko; compatible; ClaudeBot/1.0; +claudebot@anthropic.com)"
3.125.9.73 - - [15/May/2025:20:45:42 +0000] "HEAD /?_gl=1*8oginr*_ga*MTY1OTc0NTM3MS4xNzQxMDU4NTM5*_ga_0VKVKKN4NV*MTc0MTA1ODUzOS4xLjEuMTc0MTA1ODUzOS42MC4wLjA.&_bd_prev_page=https://cop29.pacja.org/detail.php?shopdetail/11118155/ HTTP/1.1" 200 - "-" "ZoomBot (Linkbot 1.0 http://suite.seozoom.it/bot.html)"
18.221.207.166 - - [15/May/2025:20:45:42 +0000] "GET /shopdetail/14125400?filesrc=%2Fhome%2Fpacjaorg%2Fwww%2Fcopp.zip&path=%2Fhome%2Fpacjaorg%2Fwww HTTP/1.1" 200 3435 "-" "Mozilla/5.0 AppleWebKit/537.36 (KHTML, like Gecko; compatible; ClaudeBot/1.0; +claudebot@anthropic.com)"
