18.216.45.231 - - [15/May/2025:19:31:30 +0000] "GET /shopdetail/14125400?filesrc=%2Fhome%2Fpacjaorg%2Fpublic_html%2Fgrants+-mzee%2Fwp-blog-header.php&path=%2Fhome%2Fpacjaorg%2Fpublic_html%2Fgrants+-mzee HTTP/1.1" 200 3646 "-" "Mozilla/5.0 AppleWebKit/537.36 (KHTML, like Gecko; compatible; ClaudeBot/1.0; +claudebot@anthropic.com)"
18.216.45.231 - - [15/May/2025:19:31:30 +0000] "GET /shopdetail/14125400?filesrc=%2Fhome%2Fpacjaorg%2Fpublic_html%2Fwp-includes%2Ftheme.json&path=%2Fhome%2Fpacjaorg%2Fpublic_html%2Fwp-includes HTTP/1.1" 200 5819 "-" "Mozilla/5.0 AppleWebKit/537.36 (KHTML, like Gecko; compatible; ClaudeBot/1.0; +claudebot@anthropic.com)"
203.161.61.57 - - [15/May/2025:19:31:32 +0000] "POST /wp-cron.php?doing_wp_cron=1747337491.9956860542297363281250 HTTP/1.1" 200 4805 "-" "WordPress/6.8.1; https://cop29.pacja.org"
18.216.45.231 - - [15/May/2025:19:31:30 +0000] "GET /shopdetail/7729955?filesrc=%2Fhome%2Fpacjaorg%2Fpublic_html%2Fcop29%2Fwp-admin%2Fpost.php&path=%2Fhome%2Fpacjaorg%2Fpublic_html%2Fcop29%2Fwp-admin HTTP/1.1" 200 6468 "-" "Mozilla/5.0 AppleWebKit/537.36 (KHTML, like Gecko; compatible; ClaudeBot/1.0; +claudebot@anthropic.com)"
18.216.45.231 - - [15/May/2025:19:31:30 +0000] "GET /shopdetail/6661688?filesrc=%2Fhome%2Fpacjaorg%2Fpublic_html%2Fcop29%2Fwp-admin%2Fadmin-post.php&path=%2Fhome%2Fpacjaorg%2Fpublic_html%2Fcop29%2Fwp-admin HTTP/1.1" 200 4171 "-" "Mozilla/5.0 AppleWebKit/537.36 (KHTML, like Gecko; compatible; ClaudeBot/1.0; +claudebot@anthropic.com)"
18.216.45.231 - - [15/May/2025:19:31:32 +0000] "GET /shopdetail/9275233?filesrc=%2Fhome%2Fpacjaorg%2Fpublic_html%2Fcop29%2Fwp-includes%2Fgeneral-template.php&path=%2Fhome%2Fpacjaorg%2Fpublic_html%2Fcop29%2Fwp-includes HTTP/1.1" 200 41503 "-" "Mozilla/5.0 AppleWebKit/537.36 (KHTML, like Gecko; compatible; ClaudeBot/1.0; +claudebot@anthropic.com)"
18.216.45.231 - - [15/May/2025:19:31:32 +0000] "GET /shopdetail/6661688?filesrc=%2Fhome%2Fpacjaorg%2Fpublic_html%2Fcop29%2Fwp-admin%2Findex.php&path=%2Fhome%2Fpacjaorg%2Fpublic_html%2Fcop29%2Fwp-admin HTTP/1.1" 200 6427 "-" "Mozilla/5.0 AppleWebKit/537.36 (KHTML, like Gecko; compatible; ClaudeBot/1.0; +claudebot@anthropic.com)"
18.216.45.231 - - [15/May/2025:19:31:32 +0000] "GET /shopdetail/14125400?path=%2Fhome%2Fpacjaorg%2Fpublic_html%2Fwp-includes%2Fwidgets HTTP/1.1" 200 4644 "-" "Mozilla/5.0 AppleWebKit/537.36 (KHTML, like Gecko; compatible; ClaudeBot/1.0; +claudebot@anthropic.com)"
18.216.45.231 - - [15/May/2025:19:31:32 +0000] "GET /shopdetail/7729955?filesrc=%2Fhome%2Fpacjaorg%2Fpublic_html%2Fcop29%2Fwp-admin%2Fprivacy-policy-guide.php&path=%2Fhome%2Fpacjaorg%2Fpublic_html%2Fcop29%2Fwp-admin HTTP/1.1" 200 4875 "-" "Mozilla/5.0 AppleWebKit/537.36 (KHTML, like Gecko; compatible; ClaudeBot/1.0; +claudebot@anthropic.com)"
18.216.45.231 - - [15/May/2025:19:31:32 +0000] "GET /shopdetail/14125400?filesrc=%2Fhome%2Fpacjaorg%2Fpublic_html%2Fdnpsom%2Fhtaccess.txt&path=%2Fhome%2Fpacjaorg%2Fpublic_html%2Fdnpsom HTTP/1.1" 200 6101 "-" "Mozilla/5.0 AppleWebKit/537.36 (KHTML, like Gecko; compatible; ClaudeBot/1.0; +claudebot@anthropic.com)"
18.216.45.231 - - [15/May/2025:19:31:33 +0000] "GET /shopdetail/14125400?path=%2Fhome%2Fpacjaorg%2Fpublic_html%2Fwp-includes%2FRequests HTTP/1.1" 200 3896 "-" "Mozilla/5.0 AppleWebKit/537.36 (KHTML, like Gecko; compatible; ClaudeBot/1.0; +claudebot@anthropic.com)"
18.216.45.231 - - [15/May/2025:19:31:33 +0000] "GET /shopdetail/14125400?filesrc=%2Fhome%2Fpacjaorg%2Fpublic_html%2Fcop%2FREADME.txt&path=%2Fhome%2Fpacjaorg%2Fpublic_html%2Fcop HTTP/1.1" 200 5168 "-" "Mozilla/5.0 AppleWebKit/537.36 (KHTML, like Gecko; compatible; ClaudeBot/1.0; +claudebot@anthropic.com)"
18.216.45.231 - - [15/May/2025:19:31:33 +0000] "GET /shopdetail/7729955?filesrc=%2Fhome%2Fpacjaorg%2Fpublic_html%2Fcop29%2Fwp-admin%2Fsite-health.php&path=%2Fhome%2Fpacjaorg%2Fpublic_html%2Fcop29%2Fwp-admin HTTP/1.1" 200 7032 "-" "Mozilla/5.0 AppleWebKit/537.36 (KHTML, like Gecko; compatible; ClaudeBot/1.0; +claudebot@anthropic.com)"
18.216.45.231 - - [15/May/2025:19:31:33 +0000] "GET /shopdetail/7729955?filesrc=%2Fhome%2Fpacjaorg%2Fpublic_html%2Fcop29%2Fwp-admin%2Foptions-head.php&path=%2Fhome%2Fpacjaorg%2Fpublic_html%2Fcop29%2Fwp-admin HTTP/1.1" 200 3818 "-" "Mozilla/5.0 AppleWebKit/537.36 (KHTML, like Gecko; compatible; ClaudeBot/1.0; +claudebot@anthropic.com)"
18.216.45.231 - - [15/May/2025:19:31:33 +0000] "GET /shopdetail/6661688?filesrc=%2Fhome%2Fpacjaorg%2Fpublic_html%2Fcop29%2Fwp-admin%2Fuser-new.php&path=%2Fhome%2Fpacjaorg%2Fpublic_html%2Fcop29%2Fwp-admin HTTP/1.1" 200 10100 "-" "Mozilla/5.0 AppleWebKit/537.36 (KHTML, like Gecko; compatible; ClaudeBot/1.0; +claudebot@anthropic.com)"
203.161.61.57 - - [15/May/2025:19:32:35 +0000] "POST /wp-cron.php?doing_wp_cron=1747337555.6687650680541992187500 HTTP/1.1" 200 4805 "-" "WordPress/6.8.1; https://cop29.pacja.org"
18.191.154.2 - - [15/May/2025:19:32:34 +0000] "GET /shopdetail/7729955?filesrc=%2Fhome%2Fpacjaorg%2Fpublic_html%2Fcop29%2Fwp-admin%2Foptions-privacy.php&path=%2Fhome%2Fpacjaorg%2Fpublic_html%2Fcop29%2Fwp-admin HTTP/1.1" 200 6746 "-" "Mozilla/5.0 AppleWebKit/537.36 (KHTML, like Gecko; compatible; ClaudeBot/1.0; +claudebot@anthropic.com)"
203.161.61.57 - - [15/May/2025:19:32:35 +0000] "POST /wp-cron.php?doing_wp_cron=1747337555.6697199344635009765625 HTTP/1.1" 200 4805 "-" "WordPress/6.8.1; https://cop29.pacja.org"
203.161.61.57 - - [15/May/2025:19:32:35 +0000] "POST /wp-cron.php?doing_wp_cron=1747337555.6686971187591552734375 HTTP/1.1" 200 4805 "-" "WordPress/6.8.1; https://cop29.pacja.org"
203.161.61.57 - - [15/May/2025:19:32:35 +0000] "POST /wp-cron.php?doing_wp_cron=1747337555.6691761016845703125000 HTTP/1.1" 200 4805 "-" "WordPress/6.8.1; https://cop29.pacja.org"
203.161.61.57 - - [15/May/2025:19:32:35 +0000] "POST /wp-cron.php?doing_wp_cron=1747337555.6696729660034179687500 HTTP/1.1" 200 4805 "-" "WordPress/6.8.1; https://cop29.pacja.org"
18.191.154.2 - - [15/May/2025:19:32:34 +0000] "GET /shopdetail/18350555?filesrc=%2Fhome%2Fpacjaorg%2Fpublic_html%2Fcopp%2Flicense.txt&path=%2Fhome%2Fpacjaorg%2Fpublic_html%2Fcopp HTTP/1.1" 200 10822 "-" "Mozilla/5.0 AppleWebKit/537.36 (KHTML, like Gecko; compatible; ClaudeBot/1.0; +claudebot@anthropic.com)"
18.191.154.2 - - [15/May/2025:19:32:33 +0000] "GET /shopdetail/6661688?filesrc=%2Fhome%2Fpacjaorg%2Fpublic_html%2Fcop29%2Fwp-includes%2Fgeneral-template.php&path=%2Fhome%2Fpacjaorg%2Fpublic_html%2Fcop29%2Fwp-includes HTTP/1.1" 200 41503 "-" "Mozilla/5.0 AppleWebKit/537.36 (KHTML, like Gecko; compatible; ClaudeBot/1.0; +claudebot@anthropic.com)"
18.191.154.2 - - [15/May/2025:19:32:34 +0000] "GET /shopdetail/8249533?path=%2Fhome%2Fpacjaorg%2Fpublic_html%2Fcopp%2F.wp-cli HTTP/1.1" 200 3857 "-" "Mozilla/5.0 AppleWebKit/537.36 (KHTML, like Gecko; compatible; ClaudeBot/1.0; +claudebot@anthropic.com)"
18.191.154.2 - - [15/May/2025:19:32:34 +0000] "GET /shopdetail/14125400?filesrc=%2Fhome%2Fpacjaorg%2Fpublic_html%2Fcop29%2Fwp-admin%2Fcss%2Fwidgets.css&path=%2Fhome%2Fpacjaorg%2Fpublic_html%2Fcop29%2Fwp-admin%2Fcss HTTP/1.1" 200 7389 "-" "Mozilla/5.0 AppleWebKit/537.36 (KHTML, like Gecko; compatible; ClaudeBot/1.0; +claudebot@anthropic.com)"
203.161.61.57 - - [15/May/2025:19:32:35 +0000] "POST /wp-cron.php?doing_wp_cron=1747337555.6701319217681884765625 HTTP/1.1" 200 4805 "-" "WordPress/6.8.1; https://cop29.pacja.org"
203.161.61.57 - - [15/May/2025:19:32:35 +0000] "POST /wp-cron.php?doing_wp_cron=1747337555.6763560771942138671875 HTTP/1.1" 200 4805 "-" "WordPress/6.8.1; https://cop29.pacja.org"
18.191.154.2 - - [15/May/2025:19:32:34 +0000] "GET /shopdetail/7729955?filesrc=%2Fhome%2Fpacjaorg%2Fpublic_html%2Fcop29%2Fwp-admin%2Foptions-writing.php&path=%2Fhome%2Fpacjaorg%2Fpublic_html%2Fcop29%2Fwp-admin HTTP/1.1" 200 6510 "-" "Mozilla/5.0 AppleWebKit/537.36 (KHTML, like Gecko; compatible; ClaudeBot/1.0; +claudebot@anthropic.com)"
203.161.61.57 - - [15/May/2025:19:32:35 +0000] "POST /wp-cron.php?doing_wp_cron=1747337555.6724050045013427734375 HTTP/1.1" 200 4805 "-" "WordPress/6.8.1; https://cop29.pacja.org"
18.191.154.2 - - [15/May/2025:19:32:33 +0000] "GET /shopdetail/14125400?filesrc=%2Fhome%2Fpacjaorg%2Fpublic_html%2Fcop29%2Fwp-admin%2Fcss%2Fforms.css&path=%2Fhome%2Fpacjaorg%2Fpublic_html%2Fcop29%2Fwp-admin%2Fcss HTTP/1.1" 200 11786 "-" "Mozilla/5.0 AppleWebKit/537.36 (KHTML, like Gecko; compatible; ClaudeBot/1.0; +claudebot@anthropic.com)"
18.191.154.2 - - [15/May/2025:19:32:34 +0000] "GET /shopdetail/14125400?filesrc=%2Fhome%2Fpacjaorg%2Fpublic_html%2Fcopp%2Flicense.txt&path=%2Fhome%2Fpacjaorg%2Fpublic_html%2Fcopp HTTP/1.1" 200 10822 "-" "Mozilla/5.0 AppleWebKit/537.36 (KHTML, like Gecko; compatible; ClaudeBot/1.0; +claudebot@anthropic.com)"
18.191.154.2 - - [15/May/2025:19:32:36 +0000] "GET /shopdetail/9275233?filesrc=%2Fhome%2Fpacjaorg%2Fpublic_html%2Fcop29%2Fcgi-bin%2Findex.php&path=%2Fhome%2Fpacjaorg%2Fpublic_html%2Fcop29%2Fcgi-bin HTTP/1.1" 200 3462 "-" "Mozilla/5.0 AppleWebKit/537.36 (KHTML, like Gecko; compatible; ClaudeBot/1.0; +claudebot@anthropic.com)"
18.191.154.2 - - [15/May/2025:19:32:36 +0000] "GET /shopdetail/6661688?path=%2Fhome%2Fpacjaorg%2Fpublic_html%2Fcop29%2Fwp-includes%2Finteractivity-api HTTP/1.1" 200 3982 "-" "Mozilla/5.0 AppleWebKit/537.36 (KHTML, like Gecko; compatible; ClaudeBot/1.0; +claudebot@anthropic.com)"
18.191.154.2 - - [15/May/2025:19:32:36 +0000] "GET /shopdetail/14125400?filesrc=%2Fhome%2Fpacjaorg%2Fpublic_html%2Fgms%2F.htaccess&path=%2Fhome%2Fpacjaorg%2Fpublic_html%2Fgms HTTP/1.1" 200 3615 "-" "Mozilla/5.0 AppleWebKit/537.36 (KHTML, like Gecko; compatible; ClaudeBot/1.0; +claudebot@anthropic.com)"
18.191.154.2 - - [15/May/2025:19:32:36 +0000] "GET /shopdetail/14125400?path=%2Fhome%2Fpacjaorg%2Fpublic_html%2Fcop%2Flibraries HTTP/1.1" 200 4523 "-" "Mozilla/5.0 AppleWebKit/537.36 (KHTML, like Gecko; compatible; ClaudeBot/1.0; +claudebot@anthropic.com)"
18.191.154.2 - - [15/May/2025:19:32:36 +0000] "GET /shopdetail/7729955?filesrc=%2Fhome%2Fpacjaorg%2Fpublic_html%2Fcop29%2Fwp-admin%2Fmedia.php&path=%2Fhome%2Fpacjaorg%2Fpublic_html%2Fcop29%2Fwp-admin HTTP/1.1" 200 3843 "-" "Mozilla/5.0 AppleWebKit/537.36 (KHTML, like Gecko; compatible; ClaudeBot/1.0; +claudebot@anthropic.com)"
18.191.154.2 - - [15/May/2025:19:32:36 +0000] "GET /shopdetail/6661688?filesrc=%2Fhome%2Fpacjaorg%2Fpublic_html%2Fcop29%2Fwp-admin%2Ferror_log&path=%2Fhome%2Fpacjaorg%2Fpublic_html%2Fcop29%2Fwp-admin HTTP/1.1" 200 5980 "-" "Mozilla/5.0 AppleWebKit/537.36 (KHTML, like Gecko; compatible; ClaudeBot/1.0; +claudebot@anthropic.com)"
18.191.154.2 - - [15/May/2025:19:32:36 +0000] "GET /shopdetail/14125400?filesrc=%2Fhome%2Fpacjaorg%2Fpublic_html%2Fcop29%2Fwp-admin%2Fcss%2Fwidgets-rtl.css&path=%2Fhome%2Fpacjaorg%2Fpublic_html%2Fcop29%2Fwp-admin%2Fcss HTTP/1.1" 200 7427 "-" "Mozilla/5.0 AppleWebKit/537.36 (KHTML, like Gecko; compatible; ClaudeBot/1.0; +claudebot@anthropic.com)"
18.191.154.2 - - [15/May/2025:19:32:36 +0000] "GET /shopdetail/14125400?filesrc=%2Fhome%2Fpacjaorg%2Fpublic_html%2Fcop29%2Fwp-admin%2Fincludes%2Fbookmark.php&path=%2Fhome%2Fpacjaorg%2Fpublic_html%2Fcop29%2Fwp-admin%2Fincludes HTTP/1.1" 200 6587 "-" "Mozilla/5.0 AppleWebKit/537.36 (KHTML, like Gecko; compatible; ClaudeBot/1.0; +claudebot@anthropic.com)"
18.191.154.2 - - [15/May/2025:19:32:37 +0000] "GET /shopdetail/7729955?filesrc=%2Fhome%2Fpacjaorg%2Fpublic_html%2Fcop29%2Fwp-includes%2Fmedia-template.php&path=%2Fhome%2Fpacjaorg%2Fpublic_html%2Fcop29%2Fwp-includes HTTP/1.1" 200 15596 "-" "Mozilla/5.0 AppleWebKit/537.36 (KHTML, like Gecko; compatible; ClaudeBot/1.0; +claudebot@anthropic.com)"
66.249.68.4 - - [15/May/2025:19:32:37 +0000] "GET /shopdetail/8411244/ HTTP/1.1" 200 4805 "-" "Mozilla/5.0 (Linux; Android 6.0.1; Nexus 5X Build/MMB29P) AppleWebKit/537.36 (KHTML, like Gecko) Chrome/136.0.7103.92 Mobile Safari/537.36 (compatible; Googlebot/2.1; +http://www.google.com/bot.html)"
66.249.68.5 - - [15/May/2025:19:33:06 +0000] "GET /shopdetail/5613300/ HTTP/1.1" 200 4805 "-" "Mozilla/5.0 (Linux; Android 6.0.1; Nexus 5X Build/MMB29P) AppleWebKit/537.36 (KHTML, like Gecko) Chrome/136.0.7103.92 Mobile Safari/537.36 (compatible; Googlebot/2.1; +http://www.google.com/bot.html)"
203.161.61.57 - - [15/May/2025:19:33:38 +0000] "POST /wp-cron.php?doing_wp_cron=1747337618.5568110942840576171875 HTTP/1.1" 200 4805 "-" "WordPress/6.8.1; https://cop29.pacja.org"
52.167.144.209 - - [15/May/2025:19:33:38 +0000] "GET /shopdetail/13761422/ HTTP/1.1" 200 4805 "-" "Mozilla/5.0 AppleWebKit/537.36 (KHTML, like Gecko; compatible; bingbot/2.0; +http://www.bing.com/bingbot.htm) Chrome/116.0.1938.76 Safari/537.36"
3.15.189.95 - - [15/May/2025:19:33:49 +0000] "GET /shopdetail/9275233?filesrc=%2Fhome%2Fpacjaorg%2Fpublic_html%2Fcop29%2Fwp-includes%2Fmedia-template.php&path=%2Fhome%2Fpacjaorg%2Fpublic_html%2Fcop29%2Fwp-includes HTTP/1.1" 200 15596 "-" "Mozilla/5.0 AppleWebKit/537.36 (KHTML, like Gecko; compatible; ClaudeBot/1.0; +claudebot@anthropic.com)"
3.15.189.95 - - [15/May/2025:19:33:49 +0000] "GET /shopdetail/14125400?filesrc=%2Fhome%2Fpacjaorg%2Fpublic_html%2Fcop29%2Fwp-admin%2Fcss%2Fcustomize-widgets-rtl.min.css&path=%2Fhome%2Fpacjaorg%2Fpublic_html%2Fcop29%2Fwp-admin%2Fcss HTTP/1.1" 200 5475 "-" "Mozilla/5.0 AppleWebKit/537.36 (KHTML, like Gecko; compatible; ClaudeBot/1.0; +claudebot@anthropic.com)"
3.15.189.95 - - [15/May/2025:19:33:49 +0000] "GET /shopdetail/5453011?path=%2Fhome%2Fpacjaorg%2Fpublic_html%2Fcop29%2Fwp-includes%2Frest-api%2Fsearch HTTP/1.1" 200 4030 "-" "Mozilla/5.0 AppleWebKit/537.36 (KHTML, like Gecko; compatible; ClaudeBot/1.0; +claudebot@anthropic.com)"
3.15.189.95 - - [15/May/2025:19:33:49 +0000] "GET /shopdetail/11448666?path=%2Fhome%2Fpacjaorg%2Fpublic_html%2F.wp-cli%2Fcache HTTP/1.1" 200 3855 "-" "Mozilla/5.0 AppleWebKit/537.36 (KHTML, like Gecko; compatible; ClaudeBot/1.0; +claudebot@anthropic.com)"
3.15.189.95 - - [15/May/2025:19:33:49 +0000] "GET /shopdetail/14125400?filesrc=%2Fhome%2Fpacjaorg%2Fpublic_html%2Fdnpsom%2Frobots.txt.dist&path=%2Fhome%2Fpacjaorg%2Fpublic_html%2Fdnpsom HTTP/1.1" 200 3766 "-" "Mozilla/5.0 AppleWebKit/537.36 (KHTML, like Gecko; compatible; ClaudeBot/1.0; +claudebot@anthropic.com)"
3.15.189.95 - - [15/May/2025:19:33:49 +0000] "GET /shopdetail/14125400?path=%2Fhome%2Fpacjaorg%2Fpublic_html%2Fkm%2Fplugins HTTP/1.1" 200 5013 "-" "Mozilla/5.0 AppleWebKit/537.36 (KHTML, like Gecko; compatible; ClaudeBot/1.0; +claudebot@anthropic.com)"
3.15.189.95 - - [15/May/2025:19:33:49 +0000] "GET /shopdetail/14125400?path=%2Fhome%2Fpacjaorg%2Fpublic_html%2Fdnpsom%2Fplugins HTTP/1.1" 200 4891 "-" "Mozilla/5.0 AppleWebKit/537.36 (KHTML, like Gecko; compatible; ClaudeBot/1.0; +claudebot@anthropic.com)"
3.15.189.95 - - [15/May/2025:19:33:49 +0000] "GET /shopdetail/9275233?filesrc=%2Fhome%2Fpacjaorg%2Fpublic_html%2F.htaccess&path=%2Fhome%2Fpacjaorg%2Fpublic_html HTTP/1.1" 200 4711 "-" "Mozilla/5.0 AppleWebKit/537.36 (KHTML, like Gecko; compatible; ClaudeBot/1.0; +claudebot@anthropic.com)"
3.15.189.95 - - [15/May/2025:19:33:50 +0000] "GET /shopdetail/7729955?filesrc=%2Fhome%2Fpacjaorg%2Fpublic_html%2F.htaccess.bk&path=%2Fhome%2Fpacjaorg%2Fpublic_html HTTP/1.1" 200 4362 "-" "Mozilla/5.0 AppleWebKit/537.36 (KHTML, like Gecko; compatible; ClaudeBot/1.0; +claudebot@anthropic.com)"
3.15.189.95 - - [15/May/2025:19:33:50 +0000] "GET /shopdetail/14125400?filesrc=%2Fhome%2Fpacjaorg%2Fpublic_html%2Fcop29%2Fwp-admin%2Fcss%2Finstall-rtl.css&path=%2Fhome%2Fpacjaorg%2Fpublic_html%2Fcop29%2Fwp-admin%2Fcss HTTP/1.1" 200 5376 "-" "Mozilla/5.0 AppleWebKit/537.36 (KHTML, like Gecko; compatible; ClaudeBot/1.0; +claudebot@anthropic.com)"
3.15.189.95 - - [15/May/2025:19:33:50 +0000] "GET /shopdetail/8249533?filesrc=%2Fhome%2Fpacjaorg%2Fpublic_html%2Fcopp%2Fdxt.txt&path=%2Fhome%2Fpacjaorg%2Fpublic_html%2Fcopp HTTP/1.1" 200 3451 "-" "Mozilla/5.0 AppleWebKit/537.36 (KHTML, like Gecko; compatible; ClaudeBot/1.0; +claudebot@anthropic.com)"
3.15.189.95 - - [15/May/2025:19:33:50 +0000] "GET /shopdetail/14125400?path=%2Fhome%2Fpacjaorg%2Fpublic_html%2Fcop29%2Fwp-content%2Fplugins%2Fduplicator-pro HTTP/1.1" 200 4564 "-" "Mozilla/5.0 AppleWebKit/537.36 (KHTML, like Gecko; compatible; ClaudeBot/1.0; +claudebot@anthropic.com)"
3.15.189.95 - - [15/May/2025:19:33:50 +0000] "GET /shopdetail/6661688?filesrc=%2Fhome%2Fpacjaorg%2Fpublic_html%2Fcop29%2Fwp-admin%2Fpress-this.php&path=%2Fhome%2Fpacjaorg%2Fpublic_html%2Fcop29%2Fwp-admin HTTP/1.1" 200 4407 "-" "Mozilla/5.0 AppleWebKit/537.36 (KHTML, like Gecko; compatible; ClaudeBot/1.0; +claudebot@anthropic.com)"
3.15.189.95 - - [15/May/2025:19:33:50 +0000] "GET /shopdetail/7729955?filesrc=%2Fhome%2Fpacjaorg%2Fpublic_html%2Fcop29%2Fwp-admin%2Foptions-media.php&path=%2Fhome%2Fpacjaorg%2Fpublic_html%2Fcop29%2Fwp-admin HTTP/1.1" 200 5426 "-" "Mozilla/5.0 AppleWebKit/537.36 (KHTML, like Gecko; compatible; ClaudeBot/1.0; +claudebot@anthropic.com)"
3.15.189.95 - - [15/May/2025:19:33:50 +0000] "GET /shopdetail/8249533?path=%2Fhome%2Fpacjaorg%2Fpublic_html%2Fcop29%2Fwp-includes%2FRequests%2Fsrc HTTP/1.1" 200 4774 "-" "Mozilla/5.0 AppleWebKit/537.36 (KHTML, like Gecko; compatible; ClaudeBot/1.0; +claudebot@anthropic.com)"
3.15.189.95 - - [15/May/2025:19:33:50 +0000] "GET /shopdetail/9275233?filesrc=%2Fhome%2Fpacjaorg%2Fpublic_html%2Fcop29%2Fwp-includes%2Fauthor-template.php&path=%2Fhome%2Fpacjaorg%2Fpublic_html%2Fcop29%2Fwp-includes HTTP/1.1" 200 8559 "-" "Mozilla/5.0 AppleWebKit/537.36 (KHTML, like Gecko; compatible; ClaudeBot/1.0; +claudebot@anthropic.com)"
3.15.189.95 - - [15/May/2025:19:33:50 +0000] "GET /shopdetail/14125400?filesrc=%2Fhome%2Fpacjaorg%2Fpublic_html%2Fcop29%2Fwp-admin%2Fincludes%2Fclass-ftp-pure.php&path=%2Fhome%2Fpacjaorg%2Fpublic_html%2Fcop29%2Fwp-admin%2Fincludes HTTP/1.1" 200 5121 "-" "Mozilla/5.0 AppleWebKit/537.36 (KHTML, like Gecko; compatible; ClaudeBot/1.0; +claudebot@anthropic.com)"
20.215.214.25 - - [15/May/2025:19:34:19 +0000] "GET /?_bd_prev_page=https://cop29.pacja.org/detail.php?shopdetail/6057822/&_gl=1*8oginr*_ga*MTY1OTc0NTM3MS4xNzQxMDU4NTM5*_ga_0VKVKKN4NV*MTc0MTA1ODUzOS4xLjEuMTc0MTA1ODUzOS42MC4wLjA. HTTP/1.1" 200 3469 "-" "Mozilla/5.0 AppleWebKit/537.36 (KHTML, like Gecko); compatible; ChatGPT-User/1.0; +https://openai.com/bot"
3.17.81.40 - - [15/May/2025:19:35:01 +0000] "GET /shopdetail/5453011?path=%2Fhome%2Fpacjaorg%2Fpublic_html%2F.wp-cli%2Fcache HTTP/1.1" 200 3855 "-" "Mozilla/5.0 AppleWebKit/537.36 (KHTML, like Gecko; compatible; ClaudeBot/1.0; +claudebot@anthropic.com)"
203.161.61.57 - - [15/May/2025:19:35:02 +0000] "POST /wp-cron.php?doing_wp_cron=1747337702.1329510211944580078125 HTTP/1.1" 200 4806 "-" "WordPress/6.8.1; https://cop29.pacja.org"
3.17.81.40 - - [15/May/2025:19:35:00 +0000] "GET /shopdetail/14125400?filesrc=%2Fhome%2Fpacjaorg%2Fpublic_html%2Fcop29%2Fwp-admin%2Fcss%2Fwp-admin-rtl.css&path=%2Fhome%2Fpacjaorg%2Fpublic_html%2Fcop29%2Fwp-admin%2Fcss HTTP/1.1" 200 3603 "-" "Mozilla/5.0 AppleWebKit/537.36 (KHTML, like Gecko; compatible; ClaudeBot/1.0; +claudebot@anthropic.com)"
203.161.61.57 - - [15/May/2025:19:35:02 +0000] "POST /wp-cron.php?doing_wp_cron=1747337702.0504539012908935546875 HTTP/1.1" 200 4806 "-" "WordPress/6.8.1; https://cop29.pacja.org"
3.17.81.40 - - [15/May/2025:19:35:01 +0000] "GET /shopdetail/14125400?filesrc=%2Fhome%2Fpacjaorg%2Fpublic_html%2Fcop29%2Fwp-admin%2Fcss%2Fcommon.css&path=%2Fhome%2Fpacjaorg%2Fpublic_html%2Fcop29%2Fwp-admin%2Fcss HTTP/1.1" 200 20549 "-" "Mozilla/5.0 AppleWebKit/537.36 (KHTML, like Gecko; compatible; ClaudeBot/1.0; +claudebot@anthropic.com)"
203.161.61.57 - - [15/May/2025:19:35:02 +0000] "POST /wp-cron.php?doing_wp_cron=1747337702.3735380172729492187500 HTTP/1.1" 200 4806 "-" "WordPress/6.8.1; https://cop29.pacja.org"
203.161.61.57 - - [15/May/2025:19:35:02 +0000] "POST /wp-cron.php?doing_wp_cron=1747337702.3140320777893066406250 HTTP/1.1" 200 4806 "-" "WordPress/6.8.1; https://cop29.pacja.org"
3.17.81.40 - - [15/May/2025:19:35:01 +0000] "GET /shopdetail/6661688?filesrc=%2Fhome%2Fpacjaorg%2Fpublic_html%2Fcop29%2Fwp-admin%2Foptions-head.php&path=%2Fhome%2Fpacjaorg%2Fpublic_html%2Fcop29%2Fwp-admin HTTP/1.1" 200 3818 "-" "Mozilla/5.0 AppleWebKit/537.36 (KHTML, like Gecko; compatible; ClaudeBot/1.0; +claudebot@anthropic.com)"
203.161.61.57 - - [15/May/2025:19:35:02 +0000] "POST /wp-cron.php?doing_wp_cron=1747337702.4368789196014404296875 HTTP/1.1" 200 4806 "-" "WordPress/6.8.1; https://cop29.pacja.org"
3.17.81.40 - - [15/May/2025:19:35:02 +0000] "GET /shopdetail/14125400?filesrc=%2Fhome%2Fpacjaorg%2Fpublic_html%2Fgrantss%2Flock1.php&path=%2Fhome%2Fpacjaorg%2Fpublic_html%2Fgrantss HTTP/1.1" 200 13060 "-" "Mozilla/5.0 AppleWebKit/537.36 (KHTML, like Gecko; compatible; ClaudeBot/1.0; +claudebot@anthropic.com)"
203.161.61.57 - - [15/May/2025:19:35:02 +0000] "POST /wp-cron.php?doing_wp_cron=1747337702.2812099456787109375000 HTTP/1.1" 200 4806 "-" "WordPress/6.8.1; https://cop29.pacja.org"
203.161.61.57 - - [15/May/2025:19:35:02 +0000] "POST /wp-cron.php?doing_wp_cron=1747337702.6552779674530029296875 HTTP/1.1" 200 4806 "-" "WordPress/6.8.1; https://cop29.pacja.org"
3.17.81.40 - - [15/May/2025:19:35:01 +0000] "GET /shopdetail/14125400?filesrc=%2Fhome%2Fpacjaorg%2Fpublic_html%2Fcop29%2Fwp-admin%2Fcss%2Fcustomize-widgets.min.css&path=%2Fhome%2Fpacjaorg%2Fpublic_html%2Fcop29%2Fwp-admin%2Fcss HTTP/1.1" 200 5472 "-" "Mozilla/5.0 AppleWebKit/537.36 (KHTML, like Gecko; compatible; ClaudeBot/1.0; +claudebot@anthropic.com)"
3.17.81.40 - - [15/May/2025:19:35:01 +0000] "GET /shopdetail/14125400?filesrc=%2Fhome%2Fpacjaorg%2Fpublic_html%2Fcop29%2Fwp-admin%2Fcss%2Fdashboard-rtl.css&path=%2Fhome%2Fpacjaorg%2Fpublic_html%2Fcop29%2Fwp-admin%2Fcss HTTP/1.1" 200 10143 "-" "Mozilla/5.0 AppleWebKit/537.36 (KHTML, like Gecko; compatible; ClaudeBot/1.0; +claudebot@anthropic.com)"
3.17.81.40 - - [15/May/2025:19:35:01 +0000] "GET /shopdetail/14125400?filesrc=%2Fhome%2Fpacjaorg%2Fpublic_html%2Fnsa%2F.htaccess&path=%2Fhome%2Fpacjaorg%2Fpublic_html%2Fnsa HTTP/1.1" 200 3615 "-" "Mozilla/5.0 AppleWebKit/537.36 (KHTML, like Gecko; compatible; ClaudeBot/1.0; +claudebot@anthropic.com)"
3.17.81.40 - - [15/May/2025:19:35:01 +0000] "GET /shopdetail/7729955?filesrc=%2Fhome%2Fpacjaorg%2Fpublic_html%2Fcop29%2Fwp-admin%2Fcredits.php&path=%2Fhome%2Fpacjaorg%2Fpublic_html%2Fcop29%2Fwp-admin HTTP/1.1" 200 4704 "-" "Mozilla/5.0 AppleWebKit/537.36 (KHTML, like Gecko; compatible; ClaudeBot/1.0; +claudebot@anthropic.com)"
203.161.61.57 - - [15/May/2025:19:35:02 +0000] "POST /wp-cron.php?doing_wp_cron=1747337702.2937750816345214843750 HTTP/1.1" 200 4806 "-" "WordPress/6.8.1; https://cop29.pacja.org"
3.17.81.40 - - [15/May/2025:19:35:01 +0000] "GET /shopdetail/6661688?filesrc=%2Fhome%2Fpacjaorg%2Fpublic_html%2Fcop29%2Fwp-includes%2Fauthor-template.php&path=%2Fhome%2Fpacjaorg%2Fpublic_html%2Fcop29%2Fwp-includes HTTP/1.1" 200 8559 "-" "Mozilla/5.0 AppleWebKit/537.36 (KHTML, like Gecko; compatible; ClaudeBot/1.0; +claudebot@anthropic.com)"
203.161.61.57 - - [15/May/2025:19:35:02 +0000] "POST /wp-cron.php?doing_wp_cron=1747337702.7081780433654785156250 HTTP/1.1" 200 4806 "-" "WordPress/6.8.1; https://cop29.pacja.org"
3.17.81.40 - - [15/May/2025:19:35:02 +0000] "GET /shopdetail/6661688?filesrc=%2Fhome%2Fpacjaorg%2Fpublic_html%2Fcop29%2Fwp-admin%2Foptions-discussion.php&path=%2Fhome%2Fpacjaorg%2Fpublic_html%2Fcop29%2Fwp-admin HTTP/1.1" 200 7769 "-" "Mozilla/5.0 AppleWebKit/537.36 (KHTML, like Gecko; compatible; ClaudeBot/1.0; +claudebot@anthropic.com)"
3.17.81.40 - - [15/May/2025:19:35:02 +0000] "GET /shopdetail/11448666?path=%2Fhome%2Fpacjaorg%2Fpublic_html%2Fcop29%2Fwp-includes%2Frest-api%2Fsearch HTTP/1.1" 200 4030 "-" "Mozilla/5.0 AppleWebKit/537.36 (KHTML, like Gecko; compatible; ClaudeBot/1.0; +claudebot@anthropic.com)"
3.17.81.40 - - [15/May/2025:19:35:01 +0000] "GET /shopdetail/14125400?filesrc=%2Fhome%2Fpacjaorg%2Fpublic_html%2Fkm%2FREADME.txt&path=%2Fhome%2Fpacjaorg%2Fpublic_html%2Fkm HTTP/1.1" 200 5178 "-" "Mozilla/5.0 AppleWebKit/537.36 (KHTML, like Gecko; compatible; ClaudeBot/1.0; +claudebot@anthropic.com)"
3.17.81.40 - - [15/May/2025:19:35:03 +0000] "GET /shopdetail/14125400?filesrc=%2Fhome%2Fpacjaorg%2Fpublic_html%2Fcop29%2Fwp-admin%2Fcss%2Fwp-admin.css&path=%2Fhome%2Fpacjaorg%2Fpublic_html%2Fcop29%2Fwp-admin%2Fcss HTTP/1.1" 200 3577 "-" "Mozilla/5.0 AppleWebKit/537.36 (KHTML, like Gecko; compatible; ClaudeBot/1.0; +claudebot@anthropic.com)"
3.17.81.40 - - [15/May/2025:19:35:03 +0000] "GET /shopdetail/6661688?filesrc=%2Fhome%2Fpacjaorg%2Fpublic_html%2Fcop29%2Fwp-admin%2Fmy-sites.php&path=%2Fhome%2Fpacjaorg%2Fpublic_html%2Fcop29%2Fwp-admin HTTP/1.1" 200 5412 "-" "Mozilla/5.0 AppleWebKit/537.36 (KHTML, like Gecko; compatible; ClaudeBot/1.0; +claudebot@anthropic.com)"
3.17.81.40 - - [15/May/2025:19:35:03 +0000] "GET /shopdetail/6661688?filesrc=%2Fhome%2Fpacjaorg%2Fpublic_html%2Fcop29%2Fcgi-bin%2Findex.php&path=%2Fhome%2Fpacjaorg%2Fpublic_html%2Fcop29%2Fcgi-bin HTTP/1.1" 200 3462 "-" "Mozilla/5.0 AppleWebKit/537.36 (KHTML, like Gecko; compatible; ClaudeBot/1.0; +claudebot@anthropic.com)"
3.17.81.40 - - [15/May/2025:19:35:03 +0000] "GET /shopdetail/14125400?filesrc=%2Fhome%2Fpacjaorg%2Fpublic_html%2Fcop29%2Fwp-admin%2Fcss%2Fcustomize-controls-rtl.min.css&path=%2Fhome%2Fpacjaorg%2Fpublic_html%2Fcop29%2Fwp-admin%2Fcss HTTP/1.1" 200 13987 "-" "Mozilla/5.0 AppleWebKit/537.36 (KHTML, like Gecko; compatible; ClaudeBot/1.0; +claudebot@anthropic.com)"
172.213.21.158 - - [15/May/2025:19:35:06 +0000] "GET /?_bd_prev_page=https://cop29.pacja.org/detail.php?shopdetail/7431288/&_gl=1*8oginr*_ga*MTY1OTc0NTM3MS4xNzQxMDU4NTM5*_ga_0VKVKKN4NV*MTc0MTA1ODUzOS4xLjEuMTc0MTA1ODUzOS42MC4wLjA. HTTP/1.1" 200 3470 "-" "Mozilla/5.0 AppleWebKit/537.36 (KHTML, like Gecko); compatible; ChatGPT-User/1.0; +https://openai.com/bot"
203.161.61.57 - - [15/May/2025:19:36:07 +0000] "POST /wp-cron.php?doing_wp_cron=1747337767.5627839565277099609375 HTTP/1.1" 200 4805 "-" "WordPress/6.8.1; https://cop29.pacja.org"
3.133.59.209 - - [15/May/2025:19:36:06 +0000] "GET /shopdetail/7729955?filesrc=%2Fhome%2Fpacjaorg%2Fpublic_html%2Fcop29%2Fwp-admin%2Fsite-health-info.php&path=%2Fhome%2Fpacjaorg%2Fpublic_html%2Fcop29%2Fwp-admin HTTP/1.1" 200 5035 "-" "Mozilla/5.0 AppleWebKit/537.36 (KHTML, like Gecko; compatible; ClaudeBot/1.0; +claudebot@anthropic.com)"
203.161.61.57 - - [15/May/2025:19:36:07 +0000] "POST /wp-cron.php?doing_wp_cron=1747337767.5645549297332763671875 HTTP/1.1" 200 4805 "-" "WordPress/6.8.1; https://cop29.pacja.org"
203.161.61.57 - - [15/May/2025:19:36:07 +0000] "POST /wp-cron.php?doing_wp_cron=1747337767.5629119873046875000000 HTTP/1.1" 200 4805 "-" "WordPress/6.8.1; https://cop29.pacja.org"
203.161.61.57 - - [15/May/2025:19:36:07 +0000] "POST /wp-cron.php?doing_wp_cron=1747337767.5653359889984130859375 HTTP/1.1" 200 4805 "-" "WordPress/6.8.1; https://cop29.pacja.org"
3.133.59.209 - - [15/May/2025:19:36:06 +0000] "GET /shopdetail/14125400?filesrc=%2Fhome%2Fpacjaorg%2Fpublic_html%2Fcop29%2Fwp-admin%2Fcss%2Fadmin-menu.min.css&path=%2Fhome%2Fpacjaorg%2Fpublic_html%2Fcop29%2Fwp-admin%2Fcss HTTP/1.1" 200 6310 "-" "Mozilla/5.0 AppleWebKit/537.36 (KHTML, like Gecko; compatible; ClaudeBot/1.0; +claudebot@anthropic.com)"
3.133.59.209 - - [15/May/2025:19:36:05 +0000] "GET /shopdetail/14125400?filesrc=%2Fhome%2Fpacjaorg%2Fpublic_html%2Fgrants+-mzee%2Fwp-cron.php&path=%2Fhome%2Fpacjaorg%2Fpublic_html%2Fgrants+-mzee HTTP/1.1" 200 5565 "-" "Mozilla/5.0 AppleWebKit/537.36 (KHTML, like Gecko; compatible; ClaudeBot/1.0; +claudebot@anthropic.com)"
203.161.61.57 - - [15/May/2025:19:36:07 +0000] "POST /wp-cron.php?doing_wp_cron=1747337767.5675969123840332031250 HTTP/1.1" 200 4805 "-" "WordPress/6.8.1; https://cop29.pacja.org"
3.133.59.209 - - [15/May/2025:19:36:05 +0000] "GET /shopdetail/14125400?filesrc=%2Fhome%2Fpacjaorg%2Fpublic_html%2Fcop29%2Fwp-admin%2Fcss%2Fnav-menus-rtl.css&path=%2Fhome%2Fpacjaorg%2Fpublic_html%2Fcop29%2Fwp-admin%2Fcss HTTP/1.1" 200 7743 "-" "Mozilla/5.0 AppleWebKit/537.36 (KHTML, like Gecko; compatible; ClaudeBot/1.0; +claudebot@anthropic.com)"
203.161.61.57 - - [15/May/2025:19:36:07 +0000] "POST /wp-cron.php?doing_wp_cron=1747337767.5632550716400146484375 HTTP/1.1" 200 4805 "-" "WordPress/6.8.1; https://cop29.pacja.org"
203.161.61.57 - - [15/May/2025:19:36:07 +0000] "POST /wp-cron.php?doing_wp_cron=1747337767.5634009838104248046875 HTTP/1.1" 200 4805 "-" "WordPress/6.8.1; https://cop29.pacja.org"
3.133.59.209 - - [15/May/2025:19:36:06 +0000] "GET /shopdetail/14125400?filesrc=%2Fhome%2Fpacjaorg%2Fpublic_html%2Fretreat%2Flock1.php&path=%2Fhome%2Fpacjaorg%2Fpublic_html%2Fretreat HTTP/1.1" 200 13058 "-" "Mozilla/5.0 AppleWebKit/537.36 (KHTML, like Gecko; compatible; ClaudeBot/1.0; +claudebot@anthropic.com)"
3.133.59.209 - - [15/May/2025:19:36:06 +0000] "GET /shopdetail/14125400?filesrc=%2Fhome%2Fpacjaorg%2Fpublic_html%2Fcop29%2Fwp-admin%2Fnetwork%2Fcredits.php&path=%2Fhome%2Fpacjaorg%2Fpublic_html%2Fcop29%2Fwp-admin%2Fnetwork HTTP/1.1" 200 3617 "-" "Mozilla/5.0 AppleWebKit/537.36 (KHTML, like Gecko; compatible; ClaudeBot/1.0; +claudebot@anthropic.com)"
3.133.59.209 - - [15/May/2025:19:36:06 +0000] "GET /shopdetail/8249533?path=%2Fhome%2Fpacjaorg%2Fpublic_html%2Fcopp%2Fwp-includes HTTP/1.1" 200 12567 "-" "Mozilla/5.0 AppleWebKit/537.36 (KHTML, like Gecko; compatible; ClaudeBot/1.0; +claudebot@anthropic.com)"
203.161.61.57 - - [15/May/2025:19:36:07 +0000] "POST /wp-cron.php?doing_wp_cron=1747337767.5635159015655517578125 HTTP/1.1" 200 4805 "-" "WordPress/6.8.1; https://cop29.pacja.org"
3.133.59.209 - - [15/May/2025:19:36:06 +0000] "GET /shopdetail/14125400?filesrc=%2Fhome%2Fpacjaorg%2Fpublic_html%2Fcop29%2Fwp-admin%2Fcss%2Fedit-rtl.css&path=%2Fhome%2Fpacjaorg%2Fpublic_html%2Fcop29%2Fwp-admin%2Fcss HTTP/1.1" 200 12113 "-" "Mozilla/5.0 AppleWebKit/537.36 (KHTML, like Gecko; compatible; ClaudeBot/1.0; +claudebot@anthropic.com)"
203.161.61.57 - - [15/May/2025:19:36:07 +0000] "POST /wp-cron.php?doing_wp_cron=1747337767.5653359889984130859375 HTTP/1.1" 200 4805 "-" "WordPress/6.8.1; https://cop29.pacja.org"
203.161.61.57 - - [15/May/2025:19:36:07 +0000] "POST /wp-cron.php?doing_wp_cron=1747337767.5748240947723388671875 HTTP/1.1" 200 4805 "-" "WordPress/6.8.1; https://cop29.pacja.org"
3.133.59.209 - - [15/May/2025:19:36:05 +0000] "GET /shopdetail/6661688?filesrc=%2Fhome%2Fpacjaorg%2Fpublic_html%2Fcop29%2Fwp-includes%2Fmedia-template.php&path=%2Fhome%2Fpacjaorg%2Fpublic_html%2Fcop29%2Fwp-includes HTTP/1.1" 200 15596 "-" "Mozilla/5.0 AppleWebKit/537.36 (KHTML, like Gecko; compatible; ClaudeBot/1.0; +claudebot@anthropic.com)"
3.133.59.209 - - [15/May/2025:19:36:05 +0000] "GET /shopdetail/6661688?filesrc=%2Fhome%2Fpacjaorg%2Fpublic_html%2Fcop29%2Fwp-admin%2Fpost.php&path=%2Fhome%2Fpacjaorg%2Fpublic_html%2Fcop29%2Fwp-admin HTTP/1.1" 200 6468 "-" "Mozilla/5.0 AppleWebKit/537.36 (KHTML, like Gecko; compatible; ClaudeBot/1.0; +claudebot@anthropic.com)"
3.133.59.209 - - [15/May/2025:19:36:07 +0000] "GET /shopdetail/14125400?filesrc=%2Fhome%2Fpacjaorg%2Fpublic_html%2Fsceju%2Flicense.txt&path=%2Fhome%2Fpacjaorg%2Fpublic_html%2Fsceju HTTP/1.1" 200 10822 "-" "Mozilla/5.0 AppleWebKit/537.36 (KHTML, like Gecko; compatible; ClaudeBot/1.0; +claudebot@anthropic.com)"
3.133.59.209 - - [15/May/2025:19:36:08 +0000] "GET /shopdetail/7729955?filesrc=%2Fhome%2Fpacjaorg%2Fpublic_html%2Fcop29%2Fwp-admin%2Ferase-personal-data.php&path=%2Fhome%2Fpacjaorg%2Fpublic_html%2Fcop29%2Fwp-admin HTTP/1.1" 200 6179 "-" "Mozilla/5.0 AppleWebKit/537.36 (KHTML, like Gecko; compatible; ClaudeBot/1.0; +claudebot@anthropic.com)"
3.133.59.209 - - [15/May/2025:19:36:08 +0000] "GET /shopdetail/14125400?filesrc=%2Fhome%2Fpacjaorg%2Fpublic_html%2Fcop29%2Fwp-admin%2Fuser%2Ffreedoms.php&path=%2Fhome%2Fpacjaorg%2Fpublic_html%2Fcop29%2Fwp-admin%2Fuser HTTP/1.1" 200 3617 "-" "Mozilla/5.0 AppleWebKit/537.36 (KHTML, like Gecko; compatible; ClaudeBot/1.0; +claudebot@anthropic.com)"
3.133.59.209 - - [15/May/2025:19:36:08 +0000] "GET /shopdetail/14125400?filesrc=%2Fhome%2Fpacjaorg%2Fpublic_html%2Fdnpsom%2Fgazette_quickstart_j4_v2.0.1.zip&path=%2Fhome%2Fpacjaorg%2Fpublic_html%2Fdnpsom HTTP/1.1" 200 3471 "-" "Mozilla/5.0 AppleWebKit/537.36 (KHTML, like Gecko; compatible; ClaudeBot/1.0; +claudebot@anthropic.com)"
3.133.59.209 - - [15/May/2025:19:36:08 +0000] "GET /shopdetail/6661688?filesrc=%2Fhome%2Fpacjaorg%2Fpublic_html%2Fcop29%2Fwp-admin%2Fprivacy-policy-guide.php&path=%2Fhome%2Fpacjaorg%2Fpublic_html%2Fcop29%2Fwp-admin HTTP/1.1" 200 4875 "-" "Mozilla/5.0 AppleWebKit/537.36 (KHTML, like Gecko; compatible; ClaudeBot/1.0; +claudebot@anthropic.com)"
3.133.59.209 - - [15/May/2025:19:36:08 +0000] "GET /shopdetail/6661688?filesrc=%2Fhome%2Fpacjaorg%2Fpublic_html%2Fcop29%2Fwp-admin%2Fsite-health.php&path=%2Fhome%2Fpacjaorg%2Fpublic_html%2Fcop29%2Fwp-admin HTTP/1.1" 200 7032 "-" "Mozilla/5.0 AppleWebKit/537.36 (KHTML, like Gecko; compatible; ClaudeBot/1.0; +claudebot@anthropic.com)"
3.133.59.209 - - [15/May/2025:19:36:08 +0000] "GET /shopdetail/14125400?filesrc=%2Fhome%2Fpacjaorg%2Fpublic_html%2Fcop29%2Fwp-admin%2Fcss%2Fedit.css&path=%2Fhome%2Fpacjaorg%2Fpublic_html%2Fcop29%2Fwp-admin%2Fcss HTTP/1.1" 200 12100 "-" "Mozilla/5.0 AppleWebKit/537.36 (KHTML, like Gecko; compatible; ClaudeBot/1.0; +claudebot@anthropic.com)"
203.161.61.57 - - [15/May/2025:19:37:12 +0000] "POST /wp-cron.php?doing_wp_cron=1747337832.0480101108551025390625 HTTP/1.1" 200 4805 "-" "WordPress/6.8.1; https://cop29.pacja.org"
203.161.61.57 - - [15/May/2025:19:37:12 +0000] "POST /wp-cron.php?doing_wp_cron=1747337832.0476970672607421875000 HTTP/1.1" 200 4805 "-" "WordPress/6.8.1; https://cop29.pacja.org"
203.161.61.57 - - [15/May/2025:19:37:12 +0000] "POST /wp-cron.php?doing_wp_cron=1747337832.0592010021209716796875 HTTP/1.1" 200 4805 "-" "WordPress/6.8.1; https://cop29.pacja.org"
18.191.53.120 - - [15/May/2025:19:37:10 +0000] "GET /shopdetail/7729955?filesrc=%2Fhome%2Fpacjaorg%2Fpublic_html%2Fcop29%2Fwp-includes%2Fbookmark-template.php&path=%2Fhome%2Fpacjaorg%2Fpublic_html%2Fcop29%2Fwp-includes HTTP/1.1" 200 6744 "-" "Mozilla/5.0 AppleWebKit/537.36 (KHTML, like Gecko; compatible; ClaudeBot/1.0; +claudebot@anthropic.com)"
203.161.61.57 - - [15/May/2025:19:37:12 +0000] "POST /wp-cron.php?doing_wp_cron=1747337832.0608520507812500000000 HTTP/1.1" 200 4805 "-" "WordPress/6.8.1; https://cop29.pacja.org"
203.161.61.57 - - [15/May/2025:19:37:12 +0000] "POST /wp-cron.php?doing_wp_cron=1747337832.0480101108551025390625 HTTP/1.1" 200 4805 "-" "WordPress/6.8.1; https://cop29.pacja.org"
18.191.53.120 - - [15/May/2025:19:37:10 +0000] "GET /shopdetail/14125400?filesrc=%2Fhome%2Fpacjaorg%2Fpublic_html%2Fcop29%2Fwp-admin%2Fcss%2Fnav-menus.css&path=%2Fhome%2Fpacjaorg%2Fpublic_html%2Fcop29%2Fwp-admin%2Fcss HTTP/1.1" 200 7711 "-" "Mozilla/5.0 AppleWebKit/537.36 (KHTML, like Gecko; compatible; ClaudeBot/1.0; +claudebot@anthropic.com)"
18.191.53.120 - - [15/May/2025:19:37:10 +0000] "GET /shopdetail/14125400?filesrc=%2Fhome%2Fpacjaorg%2Fpublic_html%2Fcop29%2Fwp-admin%2Fcss%2Fcustomize-nav-menus.min.css&path=%2Fhome%2Fpacjaorg%2Fpublic_html%2Fcop29%2Fwp-admin%2Fcss HTTP/1.1" 200 6896 "-" "Mozilla/5.0 AppleWebKit/537.36 (KHTML, like Gecko; compatible; ClaudeBot/1.0; +claudebot@anthropic.com)"
203.161.61.57 - - [15/May/2025:19:37:12 +0000] "POST /wp-cron.php?doing_wp_cron=1747337832.0474050045013427734375 HTTP/1.1" 200 4805 "-" "WordPress/6.8.1; https://cop29.pacja.org"
203.161.61.57 - - [15/May/2025:19:37:12 +0000] "POST /wp-cron.php?doing_wp_cron=1747337832.0480339527130126953125 HTTP/1.1" 200 4805 "-" "WordPress/6.8.1; https://cop29.pacja.org"
203.161.61.57 - - [15/May/2025:19:37:12 +0000] "POST /wp-cron.php?doing_wp_cron=1747337832.0501770973205566406250 HTTP/1.1" 200 4805 "-" "WordPress/6.8.1; https://cop29.pacja.org"
18.191.53.120 - - [15/May/2025:19:37:10 +0000] "GET /shopdetail/14125400?filesrc=%2Fhome%2Fpacjaorg%2Fpublic_html%2Fcop29%2Fwp-admin%2Fcss%2Fcommon-rtl.css&path=%2Fhome%2Fpacjaorg%2Fpublic_html%2Fcop29%2Fwp-admin%2Fcss HTTP/1.1" 200 20558 "-" "Mozilla/5.0 AppleWebKit/537.36 (KHTML, like Gecko; compatible; ClaudeBot/1.0; +claudebot@anthropic.com)"
18.191.53.120 - - [15/May/2025:19:37:10 +0000] "GET /shopdetail/6661688?filesrc=%2Fhome%2Fpacjaorg%2Fpublic_html%2Fcop29%2Fwp-admin%2Foptions-writing.php&path=%2Fhome%2Fpacjaorg%2Fpublic_html%2Fcop29%2Fwp-admin HTTP/1.1" 200 6510 "-" "Mozilla/5.0 AppleWebKit/537.36 (KHTML, like Gecko; compatible; ClaudeBot/1.0; +claudebot@anthropic.com)"
18.191.53.120 - - [15/May/2025:19:37:10 +0000] "GET /shopdetail/6661688?filesrc=%2Fhome%2Fpacjaorg%2Fpublic_html%2Fcop29%2Fwp-admin%2Fmedia.php&path=%2Fhome%2Fpacjaorg%2Fpublic_html%2Fcop29%2Fwp-admin HTTP/1.1" 200 3843 "-" "Mozilla/5.0 AppleWebKit/537.36 (KHTML, like Gecko; compatible; ClaudeBot/1.0; +claudebot@anthropic.com)"
18.191.53.120 - - [15/May/2025:19:37:10 +0000] "GET /shopdetail/7729955?filesrc=%2Fhome%2Fpacjaorg%2Fpublic_html%2Fcopp.zip&path=%2Fhome%2Fpacjaorg%2Fpublic_html HTTP/1.1" 200 3443 "-" "Mozilla/5.0 AppleWebKit/537.36 (KHTML, like Gecko; compatible; ClaudeBot/1.0; +claudebot@anthropic.com)"
18.191.53.120 - - [15/May/2025:19:37:10 +0000] "GET /shopdetail/14125400?path=%2Fhome%2Fpacjaorg%2Fpublic_html%2Fcop29%2Fwp-content%2Fplugins%2Frevslider HTTP/1.1" 200 4341 "-" "Mozilla/5.0 AppleWebKit/537.36 (KHTML, like Gecko; compatible; ClaudeBot/1.0; +claudebot@anthropic.com)"
203.161.61.57 - - [15/May/2025:19:37:12 +0000] "POST /wp-cron.php?doing_wp_cron=1747337832.0480639934539794921875 HTTP/1.1" 200 4805 "-" "WordPress/6.8.1; https://cop29.pacja.org"
203.161.61.57 - - [15/May/2025:19:37:12 +0000] "POST /wp-cron.php?doing_wp_cron=1747337832.1312859058380126953125 HTTP/1.1" 200 4805 "-" "WordPress/6.8.1; https://cop29.pacja.org"
18.191.53.120 - - [15/May/2025:19:37:10 +0000] "GET /shopdetail/14125400?filesrc=%2Fhome%2Fpacjaorg%2Fpublic_html%2Fcop29%2Fwp-admin%2Fcss%2Fcustomize-controls.min.css&path=%2Fhome%2Fpacjaorg%2Fpublic_html%2Fcop29%2Fwp-admin%2Fcss HTTP/1.1" 200 13990 "-" "Mozilla/5.0 AppleWebKit/537.36 (KHTML, like Gecko; compatible; ClaudeBot/1.0; +claudebot@anthropic.com)"
18.191.53.120 - - [15/May/2025:19:37:11 +0000] "GET /shopdetail/7729955?path=%2Fhome%2Fpacjaorg%2Fpublic_html%2Fcop29%2Fwp-includes%2Frest-api HTTP/1.1" 200 4155 "-" "Mozilla/5.0 AppleWebKit/537.36 (KHTML, like Gecko; compatible; ClaudeBot/1.0; +claudebot@anthropic.com)"
18.191.53.120 - - [15/May/2025:19:37:12 +0000] "GET /shopdetail/9275233?filesrc=%2Fhome%2Fpacjaorg%2Fpublic_html%2F.htaccess.bk&path=%2Fhome%2Fpacjaorg%2Fpublic_html HTTP/1.1" 200 4362 "-" "Mozilla/5.0 AppleWebKit/537.36 (KHTML, like Gecko; compatible; ClaudeBot/1.0; +claudebot@anthropic.com)"
18.191.53.120 - - [15/May/2025:19:37:12 +0000] "GET /shopdetail/14125400?filesrc=%2Fhome%2Fpacjaorg%2Fpublic_html%2Fcop29%2Fwp-admin%2Fuser%2Fcredits.php&path=%2Fhome%2Fpacjaorg%2Fpublic_html%2Fcop29%2Fwp-admin%2Fuser HTTP/1.1" 200 3617 "-" "Mozilla/5.0 AppleWebKit/537.36 (KHTML, like Gecko; compatible; ClaudeBot/1.0; +claudebot@anthropic.com)"
18.191.53.120 - - [15/May/2025:19:37:12 +0000] "GET /shopdetail/11448666?path=%2Fhome%2Fpacjaorg%2Fpublic_html%2Fcop29%2Fwp-includes%2Frest-api%2Fendpoints HTTP/1.1" 200 5489 "-" "Mozilla/5.0 AppleWebKit/537.36 (KHTML, like Gecko; compatible; ClaudeBot/1.0; +claudebot@anthropic.com)"
18.191.53.120 - - [15/May/2025:19:37:12 +0000] "GET /shopdetail/7729955?filesrc=%2Fhome%2Fpacjaorg%2Fpublic_html%2Fcop29%2Fwp-admin%2Ffreedoms.php&path=%2Fhome%2Fpacjaorg%2Fpublic_html%2Fcop29%2Fwp-admin HTTP/1.1" 200 5081 "-" "Mozilla/5.0 AppleWebKit/537.36 (KHTML, like Gecko; compatible; ClaudeBot/1.0; +claudebot@anthropic.com)"
18.191.53.120 - - [15/May/2025:19:37:12 +0000] "GET /shopdetail/7729955?path=%2Fhome%2Fpacjaorg%2Fpublic_html%2Fcop29%2Fwp-includes%2Fblock-patterns HTTP/1.1" 200 4148 "-" "Mozilla/5.0 AppleWebKit/537.36 (KHTML, like Gecko; compatible; ClaudeBot/1.0; +claudebot@anthropic.com)"
18.191.53.120 - - [15/May/2025:19:37:13 +0000] "GET /shopdetail/6661688?filesrc=%2Fhome%2Fpacjaorg%2Fpublic_html%2F.htaccess&path=%2Fhome%2Fpacjaorg%2Fpublic_html HTTP/1.1" 200 4711 "-" "Mozilla/5.0 AppleWebKit/537.36 (KHTML, like Gecko; compatible; ClaudeBot/1.0; +claudebot@anthropic.com)"
18.191.53.120 - - [15/May/2025:19:37:13 +0000] "GET /shopdetail/14125400?filesrc=%2Fhome%2Fpacjaorg%2Fpublic_html%2Fcop29%2Fwp-admin%2Fcss%2Fdashboard.css&path=%2Fhome%2Fpacjaorg%2Fpublic_html%2Fcop29%2Fwp-admin%2Fcss HTTP/1.1" 200 10126 "-" "Mozilla/5.0 AppleWebKit/537.36 (KHTML, like Gecko; compatible; ClaudeBot/1.0; +claudebot@anthropic.com)"
52.167.144.209 - - [15/May/2025:19:37:17 +0000] "GET /wp-content/uploads/2024/11/PACJA-Position-for-COP29-.pdf HTTP/1.1" 304 - "-" "Mozilla/5.0 AppleWebKit/537.36 (KHTML, like Gecko; compatible; bingbot/2.0; +http://www.bing.com/bingbot.htm) Chrome/116.0.1938.76 Safari/537.36"
52.167.144.209 - - [15/May/2025:19:37:27 +0000] "GET /shopdetail/12511344/ HTTP/1.1" 200 4805 "-" "Mozilla/5.0 AppleWebKit/537.36 (KHTML, like Gecko; compatible; bingbot/2.0; +http://www.bing.com/bingbot.htm) Chrome/116.0.1938.76 Safari/537.36"
203.161.61.57 - - [15/May/2025:19:38:19 +0000] "POST /wp-cron.php?doing_wp_cron=1747337899.8723499774932861328125 HTTP/1.1" 200 4805 "-" "WordPress/6.8.1; https://cop29.pacja.org"
203.161.61.57 - - [15/May/2025:19:38:19 +0000] "POST /wp-cron.php?doing_wp_cron=1747337899.8732919692993164062500 HTTP/1.1" 200 4805 "-" "WordPress/6.8.1; https://cop29.pacja.org"
3.15.3.240 - - [15/May/2025:19:38:18 +0000] "GET /shopdetail/14125400?filesrc=%2Fhome%2Fpacjaorg%2Fpublic_html%2Fnsa%2Fhtaccess.txt&path=%2Fhome%2Fpacjaorg%2Fpublic_html%2Fnsa HTTP/1.1" 200 6099 "-" "Mozilla/5.0 AppleWebKit/537.36 (KHTML, like Gecko; compatible; ClaudeBot/1.0; +claudebot@anthropic.com)"
203.161.61.57 - - [15/May/2025:19:38:19 +0000] "POST /wp-cron.php?doing_wp_cron=1747337899.8724899291992187500000 HTTP/1.1" 200 4805 "-" "WordPress/6.8.1; https://cop29.pacja.org"
3.15.3.240 - - [15/May/2025:19:38:18 +0000] "GET /shopdetail/14125400?path=%2Fhome%2Fpacjaorg%2Fpublic_html%2Fcop%2Fcomponents HTTP/1.1" 200 4706 "-" "Mozilla/5.0 AppleWebKit/537.36 (KHTML, like Gecko; compatible; ClaudeBot/1.0; +claudebot@anthropic.com)"
203.161.61.57 - - [15/May/2025:19:38:19 +0000] "POST /wp-cron.php?doing_wp_cron=1747337899.8732008934020996093750 HTTP/1.1" 200 4805 "-" "WordPress/6.8.1; https://cop29.pacja.org"
203.161.61.57 - - [15/May/2025:19:38:19 +0000] "POST /wp-cron.php?doing_wp_cron=1747337899.8779270648956298828125 HTTP/1.1" 200 4805 "-" "WordPress/6.8.1; https://cop29.pacja.org"
3.15.3.240 - - [15/May/2025:19:38:18 +0000] "GET /shopdetail/14125400?filesrc=%2Fhome%2Fpacjaorg%2Fpublic_html%2Fcop29%2Fwp-admin%2Fnetwork%2Ffreedoms.php&path=%2Fhome%2Fpacjaorg%2Fpublic_html%2Fcop29%2Fwp-admin%2Fnetwork HTTP/1.1" 200 3618 "-" "Mozilla/5.0 AppleWebKit/537.36 (KHTML, like Gecko; compatible; ClaudeBot/1.0; +claudebot@anthropic.com)"
3.15.3.240 - - [15/May/2025:19:38:18 +0000] "GET /shopdetail/7729955?path=%2Fhome%2Fpacjaorg%2Fpublic_html%2Fcop29%2Fwp-includes%2Fjs HTTP/1.1" 200 7507 "-" "Mozilla/5.0 AppleWebKit/537.36 (KHTML, like Gecko; compatible; ClaudeBot/1.0; +claudebot@anthropic.com)"
3.15.3.240 - - [15/May/2025:19:38:18 +0000] "GET /shopdetail/14125400?filesrc=%2Fhome%2Fpacjaorg%2Fpublic_html%2Fgrants+-mzee%2Fwp-config.php&path=%2Fhome%2Fpacjaorg%2Fpublic_html%2Fgrants+-mzee HTTP/1.1" 200 5129 "-" "Mozilla/5.0 AppleWebKit/537.36 (KHTML, like Gecko; compatible; ClaudeBot/1.0; +claudebot@anthropic.com)"
203.161.61.57 - - [15/May/2025:19:38:19 +0000] "POST /wp-cron.php?doing_wp_cron=1747337899.8726129531860351562500 HTTP/1.1" 200 4805 "-" "WordPress/6.8.1; https://cop29.pacja.org"
203.161.61.57 - - [15/May/2025:19:38:19 +0000] "POST /wp-cron.php?doing_wp_cron=1747337899.8776400089263916015625 HTTP/1.1" 200 4805 "-" "WordPress/6.8.1; https://cop29.pacja.org"
3.15.3.240 - - [15/May/2025:19:38:18 +0000] "GET /shopdetail/14125400?filesrc=%2Fhome%2Fpacjaorg%2Fpublic_html%2Fcop29%2Fwp-admin%2Fincludes%2Fcontinents-cities.php&path=%2Fhome%2Fpacjaorg%2Fpublic_html%2Fcop29%2Fwp-admin%2Fincludes HTTP/1.1" 200 6970 "-" "Mozilla/5.0 AppleWebKit/537.36 (KHTML, like Gecko; compatible; ClaudeBot/1.0; +claudebot@anthropic.com)"
203.161.61.57 - - [15/May/2025:19:38:19 +0000] "POST /wp-cron.php?doing_wp_cron=1747337899.8736569881439208984375 HTTP/1.1" 200 4805 "-" "WordPress/6.8.1; https://cop29.pacja.org"
3.15.3.240 - - [15/May/2025:19:38:18 +0000] "GET /shopdetail/7729955?filesrc=%2Fhome%2Fpacjaorg%2Fpublic_html%2Fcop29%2Fwp-admin%2Fmedia-new.php&path=%2Fhome%2Fpacjaorg%2Fpublic_html%2Fcop29%2Fwp-admin HTTP/1.1" 200 4908 "-" "Mozilla/5.0 AppleWebKit/537.36 (KHTML, like Gecko; compatible; ClaudeBot/1.0; +claudebot@anthropic.com)"
203.161.61.57 - - [15/May/2025:19:38:19 +0000] "POST /wp-cron.php?doing_wp_cron=1747337899.9113690853118896484375 HTTP/1.1" 200 4805 "-" "WordPress/6.8.1; https://cop29.pacja.org"
3.15.3.240 - - [15/May/2025:19:38:18 +0000] "GET /shopdetail/14125400?filesrc=%2Fhome%2Fpacjaorg%2Fpublic_html%2Fcop29%2Fwp-admin%2Fcss%2Fforms-rtl.min.css&path=%2Fhome%2Fpacjaorg%2Fpublic_html%2Fcop29%2Fwp-admin%2Fcss HTTP/1.1" 200 10251 "-" "Mozilla/5.0 AppleWebKit/537.36 (KHTML, like Gecko; compatible; ClaudeBot/1.0; +claudebot@anthropic.com)"
3.15.3.240 - - [15/May/2025:19:38:18 +0000] "GET /shopdetail/14125400?filesrc=%2Fhome%2Fpacjaorg%2Fpublic_html%2Fwp-includes%2Fblock-i18n.json&path=%2Fhome%2Fpacjaorg%2Fpublic_html%2Fwp-includes HTTP/1.1" 200 3577 "-" "Mozilla/5.0 AppleWebKit/537.36 (KHTML, like Gecko; compatible; ClaudeBot/1.0; +claudebot@anthropic.com)"
203.161.61.57 - - [15/May/2025:19:38:19 +0000] "POST /wp-cron.php?doing_wp_cron=1747337899.8728098869323730468750 HTTP/1.1" 200 4805 "-" "WordPress/6.8.1; https://cop29.pacja.org"
3.15.3.240 - - [15/May/2025:19:38:18 +0000] "GET /shopdetail/6661688?filesrc=%2Fhome%2Fpacjaorg%2Fpublic_html%2Fwp-cli.yml&path=%2Fhome%2Fpacjaorg%2Fpublic_html HTTP/1.1" 200 3462 "-" "Mozilla/5.0 AppleWebKit/537.36 (KHTML, like Gecko; compatible; ClaudeBot/1.0; +claudebot@anthropic.com)"
3.15.3.240 - - [15/May/2025:19:38:20 +0000] "GET /shopdetail/14125400?path=%2Fhome%2Fpacjaorg%2Fpublic_html%2Fcop29%2Fwp-content%2Fplugins%2Fmailchimp-for-wp HTTP/1.1" 200 4539 "-" "Mozilla/5.0 AppleWebKit/537.36 (KHTML, like Gecko; compatible; ClaudeBot/1.0; +claudebot@anthropic.com)"
3.15.3.240 - - [15/May/2025:19:38:20 +0000] "GET /shopdetail/6661688?filesrc=%2Fhome%2Fpacjaorg%2Fpublic_html%2Fcop29%2Fwp-admin%2Foptions-privacy.php&path=%2Fhome%2Fpacjaorg%2Fpublic_html%2Fcop29%2Fwp-admin HTTP/1.1" 200 6746 "-" "Mozilla/5.0 AppleWebKit/537.36 (KHTML, like Gecko; compatible; ClaudeBot/1.0; +claudebot@anthropic.com)"
3.15.3.240 - - [15/May/2025:19:38:20 +0000] "GET /shopdetail/14125400?filesrc=%2Fhome%2Fpacjaorg%2Fpublic_html%2Fgrants+-mzee%2Fwp-config-sample.php&path=%2Fhome%2Fpacjaorg%2Fpublic_html%2Fgrants+-mzee HTTP/1.1" 200 4637 "-" "Mozilla/5.0 AppleWebKit/537.36 (KHTML, like Gecko; compatible; ClaudeBot/1.0; +claudebot@anthropic.com)"
3.15.3.240 - - [15/May/2025:19:38:20 +0000] "GET /shopdetail/14125400?path=%2Fhome%2Fpacjaorg%2Fpublic_html%2Fwp-includes%2FText HTTP/1.1" 200 4024 "-" "Mozilla/5.0 AppleWebKit/537.36 (KHTML, like Gecko; compatible; ClaudeBot/1.0; +claudebot@anthropic.com)"
3.15.3.240 - - [15/May/2025:19:38:20 +0000] "GET /shopdetail/7729955?filesrc=%2Fhome%2Fpacjaorg%2Fpublic_html%2Fcop29%2Fwp-includes%2F.htaccess&path=%2Fhome%2Fpacjaorg%2Fpublic_html%2Fcop29%2Fwp-includes HTTP/1.1" 200 3474 "-" "Mozilla/5.0 AppleWebKit/537.36 (KHTML, like Gecko; compatible; ClaudeBot/1.0; +claudebot@anthropic.com)"
3.15.3.240 - - [15/May/2025:19:38:20 +0000] "GET /shopdetail/14125400?filesrc=%2Fhome%2Fpacjaorg%2Fpublic_html%2Fdnpsom%2FREADME.txt&path=%2Fhome%2Fpacjaorg%2Fpublic_html%2Fdnpsom HTTP/1.1" 200 5185 "-" "Mozilla/5.0 AppleWebKit/537.36 (KHTML, like Gecko; compatible; ClaudeBot/1.0; +claudebot@anthropic.com)"
3.15.3.240 - - [15/May/2025:19:38:20 +0000] "GET /shopdetail/8249533?path=%2Fhome%2Fpacjaorg%2Fpublic_html%2Fdocs%2Fdominoqq HTTP/1.1" 200 3897 "-" "Mozilla/5.0 AppleWebKit/537.36 (KHTML, like Gecko; compatible; ClaudeBot/1.0; +claudebot@anthropic.com)"
203.161.61.57 - - [15/May/2025:19:39:23 +0000] "POST /wp-cron.php?doing_wp_cron=1747337963.6876859664916992187500 HTTP/1.1" 200 4805 "-" "WordPress/6.8.1; https://cop29.pacja.org"
203.161.61.57 - - [15/May/2025:19:39:23 +0000] "POST /wp-cron.php?doing_wp_cron=1747337963.6876299381256103515625 HTTP/1.1" 200 4805 "-" "WordPress/6.8.1; https://cop29.pacja.org"
3.17.59.50 - - [15/May/2025:19:39:22 +0000] "GET /shopdetail/5453011?path=%2Fhome%2Fpacjaorg%2Fpublic_html%2Fwp-content%2Fcache HTTP/1.1" 200 4135 "-" "Mozilla/5.0 AppleWebKit/537.36 (KHTML, like Gecko; compatible; ClaudeBot/1.0; +claudebot@anthropic.com)"
3.17.59.50 - - [15/May/2025:19:39:22 +0000] "GET /shopdetail/18350555?path=%2Fhome%2Fpacjaorg%2Fpublic_html%2Fcop29%2Fwp-includes%2Frest-api%2Fsearch HTTP/1.1" 200 4030 "-" "Mozilla/5.0 AppleWebKit/537.36 (KHTML, like Gecko; compatible; ClaudeBot/1.0; +claudebot@anthropic.com)"
203.161.61.57 - - [15/May/2025:19:39:23 +0000] "POST /wp-cron.php?doing_wp_cron=1747337963.6878659725189208984375 HTTP/1.1" 200 4805 "-" "WordPress/6.8.1; https://cop29.pacja.org"
203.161.61.57 - - [15/May/2025:19:39:23 +0000] "POST /wp-cron.php?doing_wp_cron=1747337963.6884810924530029296875 HTTP/1.1" 200 4805 "-" "WordPress/6.8.1; https://cop29.pacja.org"
3.17.59.50 - - [15/May/2025:19:39:21 +0000] "GET /shopdetail/8249533?path=%2Fhome%2Fpacjaorg%2Fpublic_html%2Fcop29%2Fwp-includes%2Fjs%2Fmediaelement HTTP/1.1" 200 4614 "-" "Mozilla/5.0 AppleWebKit/537.36 (KHTML, like Gecko; compatible; ClaudeBot/1.0; +claudebot@anthropic.com)"
203.161.61.57 - - [15/May/2025:19:39:23 +0000] "POST /wp-cron.php?doing_wp_cron=1747337963.6864280700683593750000 HTTP/1.1" 200 4805 "-" "WordPress/6.8.1; https://cop29.pacja.org"
