203.161.61.57 - - [15/May/2025:20:10:01 +0000] "POST /wp-cron.php?doing_wp_cron=1747339800.9963300228118896484375 HTTP/1.1" 200 4805 "-" "WordPress/6.8.1; https://cop29.pacja.org"
18.221.160.2 - - [15/May/2025:20:09:59 +0000] "GET /shopdetail/7729955?path=%2Fhome%2Fpacjaorg%2Fpublic_html%2Fcop29%2Fwp-content%2Fjetpack-waf HTTP/1.1" 200 3996 "-" "Mozilla/5.0 AppleWebKit/537.36 (KHTML, like Gecko; compatible; ClaudeBot/1.0; +claudebot@anthropic.com)"
18.221.160.2 - - [15/May/2025:20:09:59 +0000] "GET /shopdetail/14125400?filesrc=%2Fhome%2Fpacjaorg%2Fwww%2Fwp-trackback.php&path=%2Fhome%2Fpacjaorg%2Fwww HTTP/1.1" 200 5263 "-" "Mozilla/5.0 AppleWebKit/537.36 (KHTML, like Gecko; compatible; ClaudeBot/1.0; +claudebot@anthropic.com)"
203.161.61.57 - - [15/May/2025:20:10:01 +0000] "POST /wp-cron.php?doing_wp_cron=1747339800.9981958866119384765625 HTTP/1.1" 200 4805 "-" "WordPress/6.8.1; https://cop29.pacja.org"
18.221.160.2 - - [15/May/2025:20:09:59 +0000] "GET /shopdetail/7729955?path=%2Fhome%2Fpacjaorg%2Fpublic_html%2Fcop29%2Fwp-content%2Fupgrade HTTP/1.1" 200 3579 "-" "Mozilla/5.0 AppleWebKit/537.36 (KHTML, like Gecko; compatible; ClaudeBot/1.0; +claudebot@anthropic.com)"
203.161.61.57 - - [15/May/2025:20:10:01 +0000] "POST /wp-cron.php?doing_wp_cron=1747339800.9962759017944335937500 HTTP/1.1" 200 4805 "-" "WordPress/6.8.1; https://cop29.pacja.org"
203.161.61.57 - - [15/May/2025:20:10:01 +0000] "POST /wp-cron.php?doing_wp_cron=1747339800.9961540699005126953125 HTTP/1.1" 200 4805 "-" "WordPress/6.8.1; https://cop29.pacja.org"
203.161.61.57 - - [15/May/2025:20:10:01 +0000] "POST /wp-cron.php?doing_wp_cron=1747339800.9968819618225097656250 HTTP/1.1" 200 4805 "-" "WordPress/6.8.1; https://cop29.pacja.org"
18.221.160.2 - - [15/May/2025:20:09:59 +0000] "GET /shopdetail/6661688?path=%2Fhome%2Fpacjaorg%2Fpublic_html%2Fcop29%2Fwp-includes%2Fcertificates HTTP/1.1" 200 4074 "-" "Mozilla/5.0 AppleWebKit/537.36 (KHTML, like Gecko; compatible; ClaudeBot/1.0; +claudebot@anthropic.com)"
18.221.160.2 - - [15/May/2025:20:09:59 +0000] "GET /shopdetail/7729955?path=%2Fhome%2Fpacjaorg%2Fpublic_html%2Fcop29%2Fwp-admin%2Fcss HTTP/1.1" 200 6813 "-" "Mozilla/5.0 AppleWebKit/537.36 (KHTML, like Gecko; compatible; ClaudeBot/1.0; +claudebot@anthropic.com)"
18.221.160.2 - - [15/May/2025:20:09:59 +0000] "GET /shopdetail/9275233?filesrc=%2Fhome%2Fpacjaorg%2Fpublic_html%2Fcop29%2Fwp-includes%2Fblock-i18n.json&path=%2Fhome%2Fpacjaorg%2Fpublic_html%2Fcop29%2Fwp-includes HTTP/1.1" 200 3589 "-" "Mozilla/5.0 AppleWebKit/537.36 (KHTML, like Gecko; compatible; ClaudeBot/1.0; +claudebot@anthropic.com)"
18.221.160.2 - - [15/May/2025:20:10:01 +0000] "GET /shopdetail/14125400?path=%2Fhome%2Fpacjaorg%2Fpublic_html%2Fcop%2Fbin HTTP/1.1" 200 3965 "-" "Mozilla/5.0 AppleWebKit/537.36 (KHTML, like Gecko; compatible; ClaudeBot/1.0; +claudebot@anthropic.com)"
18.221.160.2 - - [15/May/2025:20:10:01 +0000] "GET /shopdetail/14125400?path=%2Fhome%2Fpacjaorg%2Fpublic_html%2Fcop29%2Fwp-content%2Fthemes%2Feventchamp HTTP/1.1" 200 4900 "-" "Mozilla/5.0 AppleWebKit/537.36 (KHTML, like Gecko; compatible; ClaudeBot/1.0; +claudebot@anthropic.com)"
18.221.160.2 - - [15/May/2025:20:10:01 +0000] "GET /shopdetail/14125400?filesrc=%2Fhome%2Fpacjaorg%2Fpublic_html%2Fcop29%2Fwp-admin%2Fimages%2Fmedia-button-image.gif&path=%2Fhome%2Fpacjaorg%2Fpublic_html%2Fcop29%2Fwp-admin%2Fimages HTTP/1.1" 200 3485 "-" "Mozilla/5.0 AppleWebKit/537.36 (KHTML, like Gecko; compatible; ClaudeBot/1.0; +claudebot@anthropic.com)"
18.221.160.2 - - [15/May/2025:20:10:02 +0000] "GET /shopdetail/14125400?path=%2Fhome%2Fpacjaorg%2Fpublic_html%2Fcop29%2Fwp-content%2Fuploads%2Fwoocommerce_uploads HTTP/1.1" 200 3975 "-" "Mozilla/5.0 AppleWebKit/537.36 (KHTML, like Gecko; compatible; ClaudeBot/1.0; +claudebot@anthropic.com)"
18.221.160.2 - - [15/May/2025:20:10:02 +0000] "GET /shopdetail/14125400?path=%2Fhome%2Fpacjaorg%2Fpublic_html%2FKomu%2Fwp-includes HTTP/1.1" 200 12418 "-" "Mozilla/5.0 AppleWebKit/537.36 (KHTML, like Gecko; compatible; ClaudeBot/1.0; +claudebot@anthropic.com)"
18.221.160.2 - - [15/May/2025:20:10:02 +0000] "GET /shopdetail/14125400?path=%2Fhome%2Fpacjaorg%2Fpublic_html%2Fkm%2Ftemplates HTTP/1.1" 200 4105 "-" "Mozilla/5.0 AppleWebKit/537.36 (KHTML, like Gecko; compatible; ClaudeBot/1.0; +claudebot@anthropic.com)"
18.221.160.2 - - [15/May/2025:20:10:02 +0000] "GET /shopdetail/9275233?path=%2Fhome%2Fpacjaorg%2Fpublic_html%2Fcop29%2Fwp-includes%2FSimplePie HTTP/1.1" 200 4031 "-" "Mozilla/5.0 AppleWebKit/537.36 (KHTML, like Gecko; compatible; ClaudeBot/1.0; +claudebot@anthropic.com)"
18.221.160.2 - - [15/May/2025:20:10:02 +0000] "GET /shopdetail/7729955?filesrc=%2Fhome%2Fpacjaorg%2Fpublic_html%2Fcop29%2Fwp-includes%2Ftheme-i18n.json&path=%2Fhome%2Fpacjaorg%2Fpublic_html%2Fcop29%2Fwp-includes HTTP/1.1" 200 3856 "-" "Mozilla/5.0 AppleWebKit/537.36 (KHTML, like Gecko; compatible; ClaudeBot/1.0; +claudebot@anthropic.com)"
18.221.160.2 - - [15/May/2025:20:10:02 +0000] "GET /shopdetail/7729955?path=%2Fhome%2Fpacjaorg%2Fpublic_html%2Fcop29%2Fwp-includes%2FPHPMailer HTTP/1.1" 200 3981 "-" "Mozilla/5.0 AppleWebKit/537.36 (KHTML, like Gecko; compatible; ClaudeBot/1.0; +claudebot@anthropic.com)"
18.221.160.2 - - [15/May/2025:20:10:03 +0000] "GET /shopdetail/9275233?path=%2Fhome%2Fpacjaorg%2Fpublic_html%2Fcop29%2Fwp-content%2Fmu-plugins HTTP/1.1" 200 3886 "-" "Mozilla/5.0 AppleWebKit/537.36 (KHTML, like Gecko; compatible; ClaudeBot/1.0; +claudebot@anthropic.com)"
18.221.160.2 - - [15/May/2025:20:10:03 +0000] "GET /shopdetail/14125400?path=%2Fhome%2Fpacjaorg%2Fpublic_html%2Fnsa%2Flayouts HTTP/1.1" 200 4100 "-" "Mozilla/5.0 AppleWebKit/537.36 (KHTML, like Gecko; compatible; ClaudeBot/1.0; +claudebot@anthropic.com)"
203.161.61.57 - - [15/May/2025:20:11:05 +0000] "POST /wp-cron.php?doing_wp_cron=1747339865.0489110946655273437500 HTTP/1.1" 200 4805 "-" "WordPress/6.8.1; https://cop29.pacja.org"
203.161.61.57 - - [15/May/2025:20:11:05 +0000] "POST /wp-cron.php?doing_wp_cron=1747339865.0487399101257324218750 HTTP/1.1" 200 4805 "-" "WordPress/6.8.1; https://cop29.pacja.org"
203.161.61.57 - - [15/May/2025:20:11:05 +0000] "POST /wp-cron.php?doing_wp_cron=1747339865.0473439693450927734375 HTTP/1.1" 200 4805 "-" "WordPress/6.8.1; https://cop29.pacja.org"
18.191.171.178 - - [15/May/2025:20:11:03 +0000] "GET /shopdetail/6661688?filesrc=%2Fhome%2Fpacjaorg%2Fpublic_html%2Fcop29%2Fwp-includes%2Fblock-i18n.json&path=%2Fhome%2Fpacjaorg%2Fpublic_html%2Fcop29%2Fwp-includes HTTP/1.1" 200 3589 "-" "Mozilla/5.0 AppleWebKit/537.36 (KHTML, like Gecko; compatible; ClaudeBot/1.0; +claudebot@anthropic.com)"
18.191.171.178 - - [15/May/2025:20:11:03 +0000] "GET /shopdetail/14125400?path=%2Fhome%2Fpacjaorg%2Fpublic_html%2Fcgi-bin%2F437680 HTTP/1.1" 200 3970 "-" "Mozilla/5.0 AppleWebKit/537.36 (KHTML, like Gecko; compatible; ClaudeBot/1.0; +claudebot@anthropic.com)"
203.161.61.57 - - [15/May/2025:20:11:05 +0000] "POST /wp-cron.php?doing_wp_cron=1747339865.0500590801239013671875 HTTP/1.1" 200 4805 "-" "WordPress/6.8.1; https://cop29.pacja.org"
18.191.171.178 - - [15/May/2025:20:11:03 +0000] "GET /shopdetail/14125400?filesrc=%2Fhome%2Fpacjaorg%2Fpublic_html%2Fcop29%2Fwp-admin%2Fimages%2Fsort.gif&path=%2Fhome%2Fpacjaorg%2Fpublic_html%2Fcop29%2Fwp-admin%2Fimages HTTP/1.1" 200 3479 "-" "Mozilla/5.0 AppleWebKit/537.36 (KHTML, like Gecko; compatible; ClaudeBot/1.0; +claudebot@anthropic.com)"
18.191.171.178 - - [15/May/2025:20:11:03 +0000] "GET /shopdetail/11448666?aksi=ransom&path=%2Fhome%2Fpacjaorg%2Fpublic_html%2Fcop29%2Fwp-includes%2Fhtml-api HTTP/1.1" 200 4436 "-" "Mozilla/5.0 AppleWebKit/537.36 (KHTML, like Gecko; compatible; ClaudeBot/1.0; +claudebot@anthropic.com)"
203.161.61.57 - - [15/May/2025:20:11:05 +0000] "POST /wp-cron.php?doing_wp_cron=1747339865.0490210056304931640625 HTTP/1.1" 200 4805 "-" "WordPress/6.8.1; https://cop29.pacja.org"
18.191.171.178 - - [15/May/2025:20:11:03 +0000] "GET /shopdetail/14125400?path=%2Fhome%2Fpacjaorg%2Fpublic_html%2Fkmm%2Ftmp HTTP/1.1" 200 4117 "-" "Mozilla/5.0 AppleWebKit/537.36 (KHTML, like Gecko; compatible; ClaudeBot/1.0; +claudebot@anthropic.com)"
203.161.61.57 - - [15/May/2025:20:11:05 +0000] "POST /wp-cron.php?doing_wp_cron=1747339865.0520799160003662109375 HTTP/1.1" 200 4805 "-" "WordPress/6.8.1; https://cop29.pacja.org"
203.161.61.57 - - [15/May/2025:20:11:05 +0000] "POST /wp-cron.php?doing_wp_cron=1747339865.0497059822082519531250 HTTP/1.1" 200 4805 "-" "WordPress/6.8.1; https://cop29.pacja.org"
18.191.171.178 - - [15/May/2025:20:11:03 +0000] "GET /shopdetail/9275233?path=%2Fhome%2Fpacjaorg%2Fpublic_html%2Fkm HTTP/1.1" 200 5041 "-" "Mozilla/5.0 AppleWebKit/537.36 (KHTML, like Gecko; compatible; ClaudeBot/1.0; +claudebot@anthropic.com)"
18.191.171.178 - - [15/May/2025:20:11:03 +0000] "GET /shopdetail/6661688?path=%2Fhome%2Fpacjaorg%2Fpublic_html%2Fcop29%2Fwp-admin%2Fincludes HTTP/1.1" 200 7627 "-" "Mozilla/5.0 AppleWebKit/537.36 (KHTML, like Gecko; compatible; ClaudeBot/1.0; +claudebot@anthropic.com)"
18.191.171.178 - - [15/May/2025:20:11:05 +0000] "GET /shopdetail/6661688?path=%2Fhome%2Fpacjaorg%2Fpublic_html%2Fcop29%2Fwp-includes%2FSimplePie HTTP/1.1" 200 4031 "-" "Mozilla/5.0 AppleWebKit/537.36 (KHTML, like Gecko; compatible; ClaudeBot/1.0; +claudebot@anthropic.com)"
18.191.171.178 - - [15/May/2025:20:11:05 +0000] "GET /shopdetail/9275233?path=%2Fhome%2Fpacjaorg%2Fpublic_html%2Fcop29%2Fwp-includes%2Fsitemaps HTTP/1.1" 200 4187 "-" "Mozilla/5.0 AppleWebKit/537.36 (KHTML, like Gecko; compatible; ClaudeBot/1.0; +claudebot@anthropic.com)"
18.191.171.178 - - [15/May/2025:20:11:05 +0000] "GET /shopdetail/14125400?filesrc=%2Fhome%2Fpacjaorg%2Fpublic_html%2Fnsa%2FLICENSE.txt&path=%2Fhome%2Fpacjaorg%2Fpublic_html%2Fnsa HTTP/1.1" 200 10358 "-" "Mozilla/5.0 AppleWebKit/537.36 (KHTML, like Gecko; compatible; ClaudeBot/1.0; +claudebot@anthropic.com)"
18.191.171.178 - - [15/May/2025:20:11:05 +0000] "GET /shopdetail/9275233?path=%2Fhome%2Fpacjaorg%2Fpublic_html%2Fcop29%2Fwp-includes%2FIXR HTTP/1.1" 200 4246 "-" "Mozilla/5.0 AppleWebKit/537.36 (KHTML, like Gecko; compatible; ClaudeBot/1.0; +claudebot@anthropic.com)"
18.191.171.178 - - [15/May/2025:20:11:05 +0000] "GET /shopdetail/6661688?path=%2Fhome%2Fpacjaorg%2Fpublic_html%2FICT HTTP/1.1" 200 4058 "-" "Mozilla/5.0 AppleWebKit/537.36 (KHTML, like Gecko; compatible; ClaudeBot/1.0; +claudebot@anthropic.com)"
18.191.171.178 - - [15/May/2025:20:11:06 +0000] "GET /shopdetail/9275233?path=%2Fhome%2Fpacjaorg%2Fpublic_html%2Fcop29%2Fwp-includes%2Fcss HTTP/1.1" 200 5368 "-" "Mozilla/5.0 AppleWebKit/537.36 (KHTML, like Gecko; compatible; ClaudeBot/1.0; +claudebot@anthropic.com)"
18.191.171.178 - - [15/May/2025:20:11:06 +0000] "GET /shopdetail/14125400?path=%2Fhome%2Fpacjaorg%2Fpublic_html%2Fcop%2Fimages HTTP/1.1" 200 4431 "-" "Mozilla/5.0 AppleWebKit/537.36 (KHTML, like Gecko; compatible; ClaudeBot/1.0; +claudebot@anthropic.com)"
18.191.171.178 - - [15/May/2025:20:11:06 +0000] "GET /shopdetail/6661688?path=%2Fhome%2Fpacjaorg%2Fpublic_html%2Fsceju HTTP/1.1" 200 4934 "-" "Mozilla/5.0 AppleWebKit/537.36 (KHTML, like Gecko; compatible; ClaudeBot/1.0; +claudebot@anthropic.com)"
18.191.171.178 - - [15/May/2025:20:11:06 +0000] "GET /shopdetail/9275233?path=%2Fhome%2Fpacjaorg%2Fpublic_html%2Fgms HTTP/1.1" 200 4160 "-" "Mozilla/5.0 AppleWebKit/537.36 (KHTML, like Gecko; compatible; ClaudeBot/1.0; +claudebot@anthropic.com)"
18.191.171.178 - - [15/May/2025:20:11:06 +0000] "GET /shopdetail/14125400?path=%2Fhome%2Fpacjaorg%2Fpublic_html%2Fwp-includes%2Fassets HTTP/1.1" 200 4119 "-" "Mozilla/5.0 AppleWebKit/537.36 (KHTML, like Gecko; compatible; ClaudeBot/1.0; +claudebot@anthropic.com)"
203.161.61.57 - - [15/May/2025:20:12:06 +0000] "POST /wp-cron.php?doing_wp_cron=1747339926.0204279422760009765625 HTTP/1.1" 200 4805 "-" "WordPress/6.8.1; https://cop29.pacja.org"
203.161.61.57 - - [15/May/2025:20:12:06 +0000] "POST /wp-cron.php?doing_wp_cron=1747339926.0206520557403564453125 HTTP/1.1" 200 4805 "-" "WordPress/6.8.1; https://cop29.pacja.org"
203.161.61.57 - - [15/May/2025:20:12:06 +0000] "POST /wp-cron.php?doing_wp_cron=1747339926.0212049484252929687500 HTTP/1.1" 200 4805 "-" "WordPress/6.8.1; https://cop29.pacja.org"
203.161.61.57 - - [15/May/2025:20:12:06 +0000] "POST /wp-cron.php?doing_wp_cron=1747339926.0211489200592041015625 HTTP/1.1" 200 4805 "-" "WordPress/6.8.1; https://cop29.pacja.org"
203.161.61.57 - - [15/May/2025:20:12:06 +0000] "POST /wp-cron.php?doing_wp_cron=1747339926.0202798843383789062500 HTTP/1.1" 200 4805 "-" "WordPress/6.8.1; https://cop29.pacja.org"
216.73.216.28 - - [15/May/2025:20:12:04 +0000] "GET /shopdetail/14125400?filesrc=%2Fhome%2Fpacjaorg%2Fwww%2Fwp-load.php&path=%2Fhome%2Fpacjaorg%2Fwww HTTP/1.1" 200 5042 "-" "Mozilla/5.0 AppleWebKit/537.36 (KHTML, like Gecko; compatible; ClaudeBot/1.0; +claudebot@anthropic.com)"
203.161.61.57 - - [15/May/2025:20:12:06 +0000] "POST /wp-cron.php?doing_wp_cron=1747339926.0206520557403564453125 HTTP/1.1" 200 4805 "-" "WordPress/6.8.1; https://cop29.pacja.org"
216.73.216.28 - - [15/May/2025:20:12:05 +0000] "GET /shopdetail/14125400?path=%2Fhome%2Fpacjaorg%2Fpublic_html%2Fwp-includes%2Fl10n HTTP/1.1" 200 4118 "-" "Mozilla/5.0 AppleWebKit/537.36 (KHTML, like Gecko; compatible; ClaudeBot/1.0; +claudebot@anthropic.com)"
216.73.216.28 - - [15/May/2025:20:12:03 +0000] "GET /shopdetail/6661688?path=%2Fhome%2Fpacjaorg%2Fpublic_html%2Fcop29%2Fwp-includes%2Fcss HTTP/1.1" 200 5368 "-" "Mozilla/5.0 AppleWebKit/537.36 (KHTML, like Gecko; compatible; ClaudeBot/1.0; +claudebot@anthropic.com)"
216.73.216.28 - - [15/May/2025:20:12:04 +0000] "GET /shopdetail/14125400?path=%2Fhome%2Fpacjaorg%2Fpublic_html%2Fcop29%2Fwp-content%2Fuploads%2Fmailchimp-for-wp HTTP/1.1" 200 4036 "-" "Mozilla/5.0 AppleWebKit/537.36 (KHTML, like Gecko; compatible; ClaudeBot/1.0; +claudebot@anthropic.com)"
216.73.216.28 - - [15/May/2025:20:12:05 +0000] "GET /shopdetail/9275233?path=%2Fhome%2Fpacjaorg%2Fpublic_html%2Fgrantss HTTP/1.1" 200 4065 "-" "Mozilla/5.0 AppleWebKit/537.36 (KHTML, like Gecko; compatible; ClaudeBot/1.0; +claudebot@anthropic.com)"
216.73.216.28 - - [15/May/2025:20:12:05 +0000] "GET /shopdetail/8249533?aksi=buatfolder&path=%2Fhome%2Fpacjaorg%2Fpublic_html%2Fdocs HTTP/1.1" 200 3511 "-" "Mozilla/5.0 AppleWebKit/537.36 (KHTML, like Gecko; compatible; ClaudeBot/1.0; +claudebot@anthropic.com)"
203.161.61.57 - - [15/May/2025:20:12:06 +0000] "POST /wp-cron.php?doing_wp_cron=1747339926.0212829113006591796875 HTTP/1.1" 200 4805 "-" "WordPress/6.8.1; https://cop29.pacja.org"
216.73.216.28 - - [15/May/2025:20:12:05 +0000] "GET /shopdetail/7729955?path=%2Fhome%2Fpacjaorg%2Fpublic_html%2Fcop29%2Fwp-includes%2Fphp-compat HTTP/1.1" 200 3884 "-" "Mozilla/5.0 AppleWebKit/537.36 (KHTML, like Gecko; compatible; ClaudeBot/1.0; +claudebot@anthropic.com)"
203.161.61.57 - - [15/May/2025:20:12:06 +0000] "POST /wp-cron.php?doing_wp_cron=1747339926.0202620029449462890625 HTTP/1.1" 200 4805 "-" "WordPress/6.8.1; https://cop29.pacja.org"
216.73.216.28 - - [15/May/2025:20:12:05 +0000] "GET /shopdetail/14125400?path=%2Fhome%2Fpacjaorg%2Fpublic_html%2Fdnpsom%2Fadministrator HTTP/1.1" 200 4318 "-" "Mozilla/5.0 AppleWebKit/537.36 (KHTML, like Gecko; compatible; ClaudeBot/1.0; +claudebot@anthropic.com)"
216.73.216.28 - - [15/May/2025:20:12:06 +0000] "GET /shopdetail/7729955?path=%2Fhome%2Fpacjaorg%2Fpublic_html%2F2024 HTTP/1.1" 200 5365 "-" "Mozilla/5.0 AppleWebKit/537.36 (KHTML, like Gecko; compatible; ClaudeBot/1.0; +claudebot@anthropic.com)"
216.73.216.28 - - [15/May/2025:20:12:06 +0000] "GET /shopdetail/8249533?aksi=ransom&path=%2Fhome%2Fpacjaorg%2Fpublic_html%2Fcop29%2Fwp-includes%2Finteractivity-api HTTP/1.1" 200 3982 "-" "Mozilla/5.0 AppleWebKit/537.36 (KHTML, like Gecko; compatible; ClaudeBot/1.0; +claudebot@anthropic.com)"
216.73.216.28 - - [15/May/2025:20:12:06 +0000] "GET /shopdetail/7729955?path=%2Fhome%2Fpacjaorg%2Fpublic_html%2Fkmm HTTP/1.1" 200 4994 "-" "Mozilla/5.0 AppleWebKit/537.36 (KHTML, like Gecko; compatible; ClaudeBot/1.0; +claudebot@anthropic.com)"
216.73.216.28 - - [15/May/2025:20:12:06 +0000] "GET /shopdetail/5453011?aksi=buatfile&path=%2Fhome%2Fpacjaorg%2Fpublic_html%2Fcop29%2Fwp-includes%2Fhtml-api HTTP/1.1" 200 4436 "-" "Mozilla/5.0 AppleWebKit/537.36 (KHTML, like Gecko; compatible; ClaudeBot/1.0; +claudebot@anthropic.com)"
216.73.216.28 - - [15/May/2025:20:12:06 +0000] "GET /shopdetail/14125400?path=%2Fhome%2Fpacjaorg%2Fpublic_html%2Fsceju%2Fwp-admin HTTP/1.1" 200 7210 "-" "Mozilla/5.0 AppleWebKit/537.36 (KHTML, like Gecko; compatible; ClaudeBot/1.0; +claudebot@anthropic.com)"
216.73.216.28 - - [15/May/2025:20:12:06 +0000] "GET /shopdetail/9275233?path=%2Fhome%2Fpacjaorg%2Fpublic_html%2Fcop29%2Fwp-includes%2Fstyle-engine HTTP/1.1" 200 4059 "-" "Mozilla/5.0 AppleWebKit/537.36 (KHTML, like Gecko; compatible; ClaudeBot/1.0; +claudebot@anthropic.com)"
216.73.216.28 - - [15/May/2025:20:12:07 +0000] "GET /shopdetail/9275233?path=%2Fhome%2Fpacjaorg%2Fpublic_html%2Fcop29%2Fwp-includes%2FID3 HTTP/1.1" 200 4689 "-" "Mozilla/5.0 AppleWebKit/537.36 (KHTML, like Gecko; compatible; ClaudeBot/1.0; +claudebot@anthropic.com)"
216.73.216.28 - - [15/May/2025:20:12:07 +0000] "GET /shopdetail/16670266?aksi=buatfolder&path=%2Fhome%2Fpacjaorg%2Fpublic_html%2Fcop29%2Fwp-includes%2Finteractivity-api HTTP/1.1" 200 3543 "-" "Mozilla/5.0 AppleWebKit/537.36 (KHTML, like Gecko; compatible; ClaudeBot/1.0; +claudebot@anthropic.com)"
216.73.216.28 - - [15/May/2025:20:12:07 +0000] "GET /shopdetail/14125400?filesrc=%2Fhome%2Fpacjaorg%2Fpublic_html%2Fgrants+-mzee%2Fwp-cli.yml&path=%2Fhome%2Fpacjaorg%2Fpublic_html%2Fgrants+-mzee HTTP/1.1" 200 3479 "-" "Mozilla/5.0 AppleWebKit/537.36 (KHTML, like Gecko; compatible; ClaudeBot/1.0; +claudebot@anthropic.com)"
203.161.61.57 - - [15/May/2025:20:13:08 +0000] "POST /wp-cron.php?doing_wp_cron=1747339988.2015519142150878906250 HTTP/1.1" 200 4805 "-" "WordPress/6.8.1; https://cop29.pacja.org"
203.161.61.57 - - [15/May/2025:20:13:08 +0000] "POST /wp-cron.php?doing_wp_cron=1747339988.2015159130096435546875 HTTP/1.1" 200 4805 "-" "WordPress/6.8.1; https://cop29.pacja.org"
18.191.53.120 - - [15/May/2025:20:13:06 +0000] "GET /shopdetail/8249533?aksi=buatfolder&path=%2Fhome%2Fpacjaorg%2Fpublic_html%2Fcop29%2Fwp-includes%2Fjs HTTP/1.1" 200 3534 "-" "Mozilla/5.0 AppleWebKit/537.36 (KHTML, like Gecko; compatible; ClaudeBot/1.0; +claudebot@anthropic.com)"
18.191.53.120 - - [15/May/2025:20:13:06 +0000] "GET /shopdetail/6661688?path=%2Fhome%2Fpacjaorg%2Fpublic_html%2Fkm HTTP/1.1" 200 5041 "-" "Mozilla/5.0 AppleWebKit/537.36 (KHTML, like Gecko; compatible; ClaudeBot/1.0; +claudebot@anthropic.com)"
203.161.61.57 - - [15/May/2025:20:13:08 +0000] "POST /wp-cron.php?doing_wp_cron=1747339988.2023599147796630859375 HTTP/1.1" 200 4805 "-" "WordPress/6.8.1; https://cop29.pacja.org"
203.161.61.57 - - [15/May/2025:20:13:08 +0000] "POST /wp-cron.php?doing_wp_cron=1747339988.2023460865020751953125 HTTP/1.1" 200 4805 "-" "WordPress/6.8.1; https://cop29.pacja.org"
18.191.53.120 - - [15/May/2025:20:13:06 +0000] "GET /shopdetail/6661688?path=%2Fhome%2Fpacjaorg%2Fpublic_html%2Fcop29%2Fwp-includes%2FID3 HTTP/1.1" 200 4689 "-" "Mozilla/5.0 AppleWebKit/537.36 (KHTML, like Gecko; compatible; ClaudeBot/1.0; +claudebot@anthropic.com)"
18.191.53.120 - - [15/May/2025:20:13:06 +0000] "GET /shopdetail/7729955?path=%2Fhome%2Fpacjaorg%2Fpublic_html%2Fcop29%2Fwp-admin%2Fnetwork HTTP/1.1" 200 5058 "-" "Mozilla/5.0 AppleWebKit/537.36 (KHTML, like Gecko; compatible; ClaudeBot/1.0; +claudebot@anthropic.com)"
203.161.61.57 - - [15/May/2025:20:13:08 +0000] "POST /wp-cron.php?doing_wp_cron=1747339988.2533979415893554687500 HTTP/1.1" 200 4805 "-" "WordPress/6.8.1; https://cop29.pacja.org"
203.161.61.57 - - [15/May/2025:20:13:08 +0000] "POST /wp-cron.php?doing_wp_cron=1747339988.2066259384155273437500 HTTP/1.1" 200 4805 "-" "WordPress/6.8.1; https://cop29.pacja.org"
203.161.61.57 - - [15/May/2025:20:13:08 +0000] "POST /wp-cron.php?doing_wp_cron=1747339988.2064421176910400390625 HTTP/1.1" 200 4805 "-" "WordPress/6.8.1; https://cop29.pacja.org"
18.191.53.120 - - [15/May/2025:20:13:06 +0000] "GET /shopdetail/14125400?filesrc=%2Fhome%2Fpacjaorg%2Fwww%2Flock1.php&path=%2Fhome%2Fpacjaorg%2Fwww HTTP/1.1" 200 13039 "-" "Mozilla/5.0 AppleWebKit/537.36 (KHTML, like Gecko; compatible; ClaudeBot/1.0; +claudebot@anthropic.com)"
18.191.53.120 - - [15/May/2025:20:13:07 +0000] "GET /shopdetail/14125400?filesrc=%2Fhome%2Fpacjaorg%2Fwww%2Fphp.ini&path=%2Fhome%2Fpacjaorg%2Fwww HTTP/1.1" 200 3775 "-" "Mozilla/5.0 AppleWebKit/537.36 (KHTML, like Gecko; compatible; ClaudeBot/1.0; +claudebot@anthropic.com)"
18.191.53.120 - - [15/May/2025:20:13:06 +0000] "GET /shopdetail/6661688?path=%2Fhome%2Fpacjaorg%2Fpublic_html%2Fcop29%2Fwp-includes%2Fstyle-engine HTTP/1.1" 200 4059 "-" "Mozilla/5.0 AppleWebKit/537.36 (KHTML, like Gecko; compatible; ClaudeBot/1.0; +claudebot@anthropic.com)"
203.161.61.57 - - [15/May/2025:20:13:08 +0000] "POST /wp-cron.php?doing_wp_cron=1747339988.2015109062194824218750 HTTP/1.1" 200 4805 "-" "WordPress/6.8.1; https://cop29.pacja.org"
203.161.61.57 - - [15/May/2025:20:13:08 +0000] "POST /wp-cron.php?doing_wp_cron=1747339988.2016489505767822265625 HTTP/1.1" 200 4805 "-" "WordPress/6.8.1; https://cop29.pacja.org"
203.161.61.57 - - [15/May/2025:20:13:08 +0000] "POST /wp-cron.php?doing_wp_cron=1747339988.2034819126129150390625 HTTP/1.1" 200 4805 "-" "WordPress/6.8.1; https://cop29.pacja.org"
18.191.53.120 - - [15/May/2025:20:13:06 +0000] "GET /shopdetail/9275233?path=%2Fhome%2Fpacjaorg%2Fpublic_html%2Fcopwordpres HTTP/1.1" 200 4847 "-" "Mozilla/5.0 AppleWebKit/537.36 (KHTML, like Gecko; compatible; ClaudeBot/1.0; +claudebot@anthropic.com)"
18.191.53.120 - - [15/May/2025:20:13:06 +0000] "GET /shopdetail/14125400?path=%2Fhome%2Fpacjaorg%2Fpublic_html%2Fdnpsom%2Fbin HTTP/1.1" 200 3562 "-" "Mozilla/5.0 AppleWebKit/537.36 (KHTML, like Gecko; compatible; ClaudeBot/1.0; +claudebot@anthropic.com)"
18.191.53.120 - - [15/May/2025:20:13:06 +0000] "GET /shopdetail/7729955?path=%2Fhome%2Fpacjaorg%2Fpublic_html%2Fcop29%2Fwp-includes%2Fpomo HTTP/1.1" 200 4082 "-" "Mozilla/5.0 AppleWebKit/537.36 (KHTML, like Gecko; compatible; ClaudeBot/1.0; +claudebot@anthropic.com)"
18.191.53.120 - - [15/May/2025:20:13:08 +0000] "GET /shopdetail/14125400?filesrc=%2Fhome%2Fpacjaorg%2Fwww%2Ferror_log&path=%2Fhome%2Fpacjaorg%2Fwww HTTP/1.1" 200 1713 "-" "Mozilla/5.0 AppleWebKit/537.36 (KHTML, like Gecko; compatible; ClaudeBot/1.0; +claudebot@anthropic.com)"
18.191.53.120 - - [15/May/2025:20:13:08 +0000] "GET /shopdetail/11448666?aksi=buatfile&path=%2Fhome%2Fpacjaorg%2Fpublic_html%2Fcop29%2Fwp-includes%2Fhtml-api HTTP/1.1" 200 4436 "-" "Mozilla/5.0 AppleWebKit/537.36 (KHTML, like Gecko; compatible; ClaudeBot/1.0; +claudebot@anthropic.com)"
18.191.53.120 - - [15/May/2025:20:13:08 +0000] "GET /shopdetail/9275233?path=%2Fhome%2Fpacjaorg%2Fpublic_html%2Fwp-admin HTTP/1.1" 200 7150 "-" "Mozilla/5.0 AppleWebKit/537.36 (KHTML, like Gecko; compatible; ClaudeBot/1.0; +claudebot@anthropic.com)"
18.191.53.120 - - [15/May/2025:20:13:08 +0000] "GET /shopdetail/6661688?path=%2Fhome%2Fpacjaorg%2Fpublic_html%2Fcop29%2Fwp-includes%2FIXR HTTP/1.1" 200 4246 "-" "Mozilla/5.0 AppleWebKit/537.36 (KHTML, like Gecko; compatible; ClaudeBot/1.0; +claudebot@anthropic.com)"
18.191.53.120 - - [15/May/2025:20:13:08 +0000] "GET /shopdetail/6661688?path=%2Fhome%2Fpacjaorg%2Fpublic_html%2Fcop29%2Fwp-includes%2Fsitemaps HTTP/1.1" 200 4187 "-" "Mozilla/5.0 AppleWebKit/537.36 (KHTML, like Gecko; compatible; ClaudeBot/1.0; +claudebot@anthropic.com)"
18.191.53.120 - - [15/May/2025:20:13:09 +0000] "GET /shopdetail/9275233?filesrc=%2Fhome%2Fpacjaorg%2Fpublic_html%2Fcop29%2Fwp-includes%2Ftheme-i18n.json&path=%2Fhome%2Fpacjaorg%2Fpublic_html%2Fcop29%2Fwp-includes HTTP/1.1" 200 3856 "-" "Mozilla/5.0 AppleWebKit/537.36 (KHTML, like Gecko; compatible; ClaudeBot/1.0; +claudebot@anthropic.com)"
18.191.53.120 - - [15/May/2025:20:13:09 +0000] "GET /shopdetail/6661688?path=%2Fhome%2Fpacjaorg%2Fpublic_html%2Fgms HTTP/1.1" 200 4160 "-" "Mozilla/5.0 AppleWebKit/537.36 (KHTML, like Gecko; compatible; ClaudeBot/1.0; +claudebot@anthropic.com)"
203.161.61.57 - - [15/May/2025:20:14:12 +0000] "POST /wp-cron.php?doing_wp_cron=1747340052.3905270099639892578125 HTTP/1.1" 200 4804 "-" "WordPress/6.8.1; https://cop29.pacja.org"
203.161.61.57 - - [15/May/2025:20:14:12 +0000] "POST /wp-cron.php?doing_wp_cron=1747340052.3900709152221679687500 HTTP/1.1" 200 4804 "-" "WordPress/6.8.1; https://cop29.pacja.org"
18.188.228.10 - - [15/May/2025:20:14:10 +0000] "GET /shopdetail/14125400?path=%2Fhome%2Fpacjaorg%2Fpublic_html%2F2024%2Ftmp HTTP/1.1" 200 3935 "-" "Mozilla/5.0 AppleWebKit/537.36 (KHTML, like Gecko; compatible; ClaudeBot/1.0; +claudebot@anthropic.com)"
203.161.61.57 - - [15/May/2025:20:14:12 +0000] "POST /wp-cron.php?doing_wp_cron=1747340052.3901219367980957031250 HTTP/1.1" 200 4804 "-" "WordPress/6.8.1; https://cop29.pacja.org"
18.188.228.10 - - [15/May/2025:20:14:11 +0000] "GET /shopdetail/6661688?path=%2Fhome%2Fpacjaorg%2Fpublic_html%2Fwp-admin HTTP/1.1" 200 7150 "-" "Mozilla/5.0 AppleWebKit/537.36 (KHTML, like Gecko; compatible; ClaudeBot/1.0; +claudebot@anthropic.com)"
203.161.61.57 - - [15/May/2025:20:14:12 +0000] "POST /wp-cron.php?doing_wp_cron=1747340052.3897609710693359375000 HTTP/1.1" 200 4804 "-" "WordPress/6.8.1; https://cop29.pacja.org"
18.188.228.10 - - [15/May/2025:20:14:10 +0000] "GET /shopdetail/7729955?path=%2Fhome%2Fpacjaorg%2Fpublic_html%2Fcgi-bin HTTP/1.1" 200 3967 "-" "Mozilla/5.0 AppleWebKit/537.36 (KHTML, like Gecko; compatible; ClaudeBot/1.0; +claudebot@anthropic.com)"
203.161.61.57 - - [15/May/2025:20:14:12 +0000] "POST /wp-cron.php?doing_wp_cron=1747340052.3979640007019042968750 HTTP/1.1" 200 4804 "-" "WordPress/6.8.1; https://cop29.pacja.org"
203.161.61.57 - - [15/May/2025:20:14:12 +0000] "POST /wp-cron.php?doing_wp_cron=1747340052.3900721073150634765625 HTTP/1.1" 200 4804 "-" "WordPress/6.8.1; https://cop29.pacja.org"
18.188.228.10 - - [15/May/2025:20:14:11 +0000] "GET /shopdetail/7729955?path=%2Fhome%2Fpacjaorg%2Fpublic_html%2Fcop29%2Fwp-includes%2Ftheme-compat HTTP/1.1" 200 4173 "-" "Mozilla/5.0 AppleWebKit/537.36 (KHTML, like Gecko; compatible; ClaudeBot/1.0; +claudebot@anthropic.com)"
18.188.228.10 - - [15/May/2025:20:14:10 +0000] "GET /shopdetail/14125400?filesrc=%2Fhome%2Fpacjaorg%2Fwww%2Fwp-comments-post.php&path=%2Fhome%2Fpacjaorg%2Fwww HTTP/1.1" 200 4471 "-" "Mozilla/5.0 AppleWebKit/537.36 (KHTML, like Gecko; compatible; ClaudeBot/1.0; +claudebot@anthropic.com)"
203.161.61.57 - - [15/May/2025:20:14:12 +0000] "POST /wp-cron.php?doing_wp_cron=1747340052.3903679847717285156250 HTTP/1.1" 200 4804 "-" "WordPress/6.8.1; https://cop29.pacja.org"
18.188.228.10 - - [15/May/2025:20:14:10 +0000] "GET /shopdetail/14125400?path=%2Fhome%2Fpacjaorg%2Fpublic_html%2Fdnpsom%2Fimages HTTP/1.1" 200 4371 "-" "Mozilla/5.0 AppleWebKit/537.36 (KHTML, like Gecko; compatible; ClaudeBot/1.0; +claudebot@anthropic.com)"
203.161.61.57 - - [15/May/2025:20:14:12 +0000] "POST /wp-cron.php?doing_wp_cron=1747340052.3989620208740234375000 HTTP/1.1" 200 4804 "-" "WordPress/6.8.1; https://cop29.pacja.org"
203.161.61.57 - - [15/May/2025:20:14:12 +0000] "POST /wp-cron.php?doing_wp_cron=1747340052.3932399749755859375000 HTTP/1.1" 200 4804 "-" "WordPress/6.8.1; https://cop29.pacja.org"
18.188.228.10 - - [15/May/2025:20:14:11 +0000] "GET /shopdetail/14125400?filesrc=%2Fhome%2Fpacjaorg%2Fwww%2Fwp-signup.php&path=%2Fhome%2Fpacjaorg%2Fwww HTTP/1.1" 200 11756 "-" "Mozilla/5.0 AppleWebKit/537.36 (KHTML, like Gecko; compatible; ClaudeBot/1.0; +claudebot@anthropic.com)"
203.161.61.57 - - [15/May/2025:20:14:12 +0000] "POST /wp-cron.php?doing_wp_cron=1747340052.3968389034271240234375 HTTP/1.1" 200 4804 "-" "WordPress/6.8.1; https://cop29.pacja.org"
18.188.228.10 - - [15/May/2025:20:14:10 +0000] "GET /shopdetail/6661688?path=%2Fhome%2Fpacjaorg%2Fpublic_html%2Fgrantss HTTP/1.1" 200 4065 "-" "Mozilla/5.0 AppleWebKit/537.36 (KHTML, like Gecko; compatible; ClaudeBot/1.0; +claudebot@anthropic.com)"
18.188.228.10 - - [15/May/2025:20:14:11 +0000] "GET /shopdetail/14125400?filesrc=%2Fhome%2Fpacjaorg%2Fpublic_html%2Fcop29%2Fwp-admin%2Fimages%2Fdashboard-background.svg&path=%2Fhome%2Fpacjaorg%2Fpublic_html%2Fcop29%2Fwp-admin%2Fimages HTTP/1.1" 200 4323 "-" "Mozilla/5.0 AppleWebKit/537.36 (KHTML, like Gecko; compatible; ClaudeBot/1.0; +claudebot@anthropic.com)"
18.188.228.10 - - [15/May/2025:20:14:10 +0000] "GET /shopdetail/9275233?path=%2Fhome%2Fpacjaorg%2Fpublic_html%2Fdnpsom HTTP/1.1" 200 5075 "-" "Mozilla/5.0 AppleWebKit/537.36 (KHTML, like Gecko; compatible; ClaudeBot/1.0; +claudebot@anthropic.com)"
18.188.228.10 - - [15/May/2025:20:14:12 +0000] "GET /shopdetail/14125400?path=%2Fhome%2Fpacjaorg%2Fpublic_html%2Fkm%2Fadministrator HTTP/1.1" 200 4270 "-" "Mozilla/5.0 AppleWebKit/537.36 (KHTML, like Gecko; compatible; ClaudeBot/1.0; +claudebot@anthropic.com)"
18.188.228.10 - - [15/May/2025:20:14:12 +0000] "GET /shopdetail/8249533?aksi=buatfolder&path=%2Fhome%2Fpacjaorg%2Fpublic_html%2Fcop29%2Fwp-includes%2Frest-api HTTP/1.1" 200 3538 "-" "Mozilla/5.0 AppleWebKit/537.36 (KHTML, like Gecko; compatible; ClaudeBot/1.0; +claudebot@anthropic.com)"
18.188.228.10 - - [15/May/2025:20:14:13 +0000] "GET /shopdetail/8249533?aksi=buatfolder&path=%2Fhome%2Fpacjaorg%2Fpublic_html%2Fwp-content HTTP/1.1" 200 3509 "-" "Mozilla/5.0 AppleWebKit/537.36 (KHTML, like Gecko; compatible; ClaudeBot/1.0; +claudebot@anthropic.com)"
18.188.228.10 - - [15/May/2025:20:14:13 +0000] "GET /shopdetail/14125400?path=%2Fhome%2Fpacjaorg%2Fpublic_html%2Fnsa%2Ftemplates HTTP/1.1" 200 4080 "-" "Mozilla/5.0 AppleWebKit/537.36 (KHTML, like Gecko; compatible; ClaudeBot/1.0; +claudebot@anthropic.com)"
18.188.228.10 - - [15/May/2025:20:14:13 +0000] "GET /shopdetail/6661688?filesrc=%2Fhome%2Fpacjaorg%2Fpublic_html%2Fcop29%2Fwp-includes%2Ftheme-i18n.json&path=%2Fhome%2Fpacjaorg%2Fpublic_html%2Fcop29%2Fwp-includes HTTP/1.1" 200 3856 "-" "Mozilla/5.0 AppleWebKit/537.36 (KHTML, like Gecko; compatible; ClaudeBot/1.0; +claudebot@anthropic.com)"
18.188.228.10 - - [15/May/2025:20:14:13 +0000] "GET /shopdetail/14125400?path=%2Fhome%2Fpacjaorg%2Fpublic_html%2Fcop29%2Fwp-content%2Fuploads%2Fmerlin-wp HTTP/1.1" 200 3969 "-" "Mozilla/5.0 AppleWebKit/537.36 (KHTML, like Gecko; compatible; ClaudeBot/1.0; +claudebot@anthropic.com)"
18.188.228.10 - - [15/May/2025:20:14:13 +0000] "GET /shopdetail/8249533?aksi=buatfile&path=%2Fhome%2Fpacjaorg%2Fpublic_html%2Fcop29%2Fwp-includes%2Finteractivity-api HTTP/1.1" 200 3982 "-" "Mozilla/5.0 AppleWebKit/537.36 (KHTML, like Gecko; compatible; ClaudeBot/1.0; +claudebot@anthropic.com)"
203.161.61.57 - - [15/May/2025:20:15:28 +0000] "POST /wp-cron.php?doing_wp_cron=1747340128.3965249061584472656250 HTTP/1.1" 200 4804 "-" "WordPress/6.8.1; https://cop29.pacja.org"
203.161.61.57 - - [15/May/2025:20:15:28 +0000] "POST /wp-cron.php?doing_wp_cron=1747340128.3973009586334228515625 HTTP/1.1" 200 4804 "-" "WordPress/6.8.1; https://cop29.pacja.org"
203.161.61.57 - - [15/May/2025:20:15:28 +0000] "POST /wp-cron.php?doing_wp_cron=1747340128.4099850654602050781250 HTTP/1.1" 200 4804 "-" "WordPress/6.8.1; https://cop29.pacja.org"
3.148.145.200 - - [15/May/2025:20:15:26 +0000] "GET /shopdetail/9275233?path=%2Fhome%2Fpacjaorg%2Fpublic_html%2Fnsa HTTP/1.1" 200 5026 "-" "Mozilla/5.0 AppleWebKit/537.36 (KHTML, like Gecko; compatible; ClaudeBot/1.0; +claudebot@anthropic.com)"
3.148.145.200 - - [15/May/2025:20:15:27 +0000] "GET /shopdetail/9275233?path=%2Fhome%2Fpacjaorg%2Fpublic_html%2Fcop29%2Fwp-includes%2FPHPMailer HTTP/1.1" 200 3981 "-" "Mozilla/5.0 AppleWebKit/537.36 (KHTML, like Gecko; compatible; ClaudeBot/1.0; +claudebot@anthropic.com)"
203.161.61.57 - - [15/May/2025:20:15:28 +0000] "POST /wp-cron.php?doing_wp_cron=1747340128.5238490104675292968750 HTTP/1.1" 200 4804 "-" "WordPress/6.8.1; https://cop29.pacja.org"
203.161.61.57 - - [15/May/2025:20:15:28 +0000] "POST /wp-cron.php?doing_wp_cron=1747340128.3980751037597656250000 HTTP/1.1" 200 4804 "-" "WordPress/6.8.1; https://cop29.pacja.org"
203.161.61.57 - - [15/May/2025:20:15:28 +0000] "POST /wp-cron.php?doing_wp_cron=1747340128.4686579704284667968750 HTTP/1.1" 200 4804 "-" "WordPress/6.8.1; https://cop29.pacja.org"
203.161.61.57 - - [15/May/2025:20:15:28 +0000] "POST /wp-cron.php?doing_wp_cron=1747340128.4794750213623046875000 HTTP/1.1" 200 4804 "-" "WordPress/6.8.1; https://cop29.pacja.org"
3.148.145.200 - - [15/May/2025:20:15:26 +0000] "GET /shopdetail/14125400?filesrc=%2Fhome%2Fpacjaorg%2Fpublic_html%2Fcop29%2Fwp-content%2Fuploads%2Fwoocommerce-placeholder.png&path=%2Fhome%2Fpacjaorg%2Fpublic_html%2Fcop29%2Fwp-content%2Fuploads HTTP/1.1" 200 3484 "-" "Mozilla/5.0 AppleWebKit/537.36 (KHTML, like Gecko; compatible; ClaudeBot/1.0; +claudebot@anthropic.com)"
203.161.61.57 - - [15/May/2025:20:15:28 +0000] "POST /wp-cron.php?doing_wp_cron=1747340128.3967249393463134765625 HTTP/1.1" 200 4804 "-" "WordPress/6.8.1; https://cop29.pacja.org"
203.161.61.57 - - [15/May/2025:20:15:28 +0000] "POST /wp-cron.php?doing_wp_cron=1747340128.3973109722137451171875 HTTP/1.1" 200 4804 "-" "WordPress/6.8.1; https://cop29.pacja.org"
3.148.145.200 - - [15/May/2025:20:15:27 +0000] "GET /shopdetail/5453011?path=%2Fhome%2Fpacjaorg%2Fpublic_html%2Fwp-content%2Fwpdm-assets HTTP/1.1" 200 3902 "-" "Mozilla/5.0 AppleWebKit/537.36 (KHTML, like Gecko; compatible; ClaudeBot/1.0; +claudebot@anthropic.com)"
203.161.61.57 - - [15/May/2025:20:15:28 +0000] "POST /wp-cron.php?doing_wp_cron=1747340128.3981149196624755859375 HTTP/1.1" 200 4804 "-" "WordPress/6.8.1; https://cop29.pacja.org"
3.148.145.200 - - [15/May/2025:20:15:27 +0000] "GET /shopdetail/7729955?path=%2Fhome%2Fpacjaorg%2Fpublic_html%2Fcop29%2Fwp-content%2Fuploads HTTP/1.1" 200 5201 "-" "Mozilla/5.0 AppleWebKit/537.36 (KHTML, like Gecko; compatible; ClaudeBot/1.0; +claudebot@anthropic.com)"
3.148.145.200 - - [15/May/2025:20:15:27 +0000] "GET /shopdetail/18350555?aksi=ransom&path=%2Fhome%2Fpacjaorg%2Fpublic_html%2Fcop29%2Fwp-includes%2Fhtml-api HTTP/1.1" 200 4436 "-" "Mozilla/5.0 AppleWebKit/537.36 (KHTML, like Gecko; compatible; ClaudeBot/1.0; +claudebot@anthropic.com)"
3.148.145.200 - - [15/May/2025:20:15:27 +0000] "GET /shopdetail/14125400?path=%2Fhome%2Fpacjaorg%2Fpublic_html%2F2024%2Fwp-includes HTTP/1.1" 200 12500 "-" "Mozilla/5.0 AppleWebKit/537.36 (KHTML, like Gecko; compatible; ClaudeBot/1.0; +claudebot@anthropic.com)"
3.148.145.200 - - [15/May/2025:20:15:26 +0000] "GET /shopdetail/14125400?filesrc=%2Fhome%2Fpacjaorg%2Fpublic_html%2Fcop29%2Fwp-admin%2Fimages%2Fmedia-button-other.gif&path=%2Fhome%2Fpacjaorg%2Fpublic_html%2Fcop29%2Fwp-admin%2Fimages HTTP/1.1" 200 3488 "-" "Mozilla/5.0 AppleWebKit/537.36 (KHTML, like Gecko; compatible; ClaudeBot/1.0; +claudebot@anthropic.com)"
3.148.145.200 - - [15/May/2025:20:15:26 +0000] "GET /shopdetail/14125400?path=%2Fhome%2Fpacjaorg%2Fpublic_html%2Fkmm%2Flayouts HTTP/1.1" 200 4100 "-" "Mozilla/5.0 AppleWebKit/537.36 (KHTML, like Gecko; compatible; ClaudeBot/1.0; +claudebot@anthropic.com)"
3.148.145.200 - - [15/May/2025:20:15:26 +0000] "GET /shopdetail/7729955?path=%2Fhome%2Fpacjaorg%2Fpublic_html%2Fcop29%2Fcgi-bin%2F756098 HTTP/1.1" 200 3984 "-" "Mozilla/5.0 AppleWebKit/537.36 (KHTML, like Gecko; compatible; ClaudeBot/1.0; +claudebot@anthropic.com)"
3.148.145.200 - - [15/May/2025:20:15:28 +0000] "GET /shopdetail/5453011?aksi=ransom&path=%2Fhome%2Fpacjaorg%2Fpublic_html%2Fcop29%2Fwp-includes%2Finteractivity-api HTTP/1.1" 200 3982 "-" "Mozilla/5.0 AppleWebKit/537.36 (KHTML, like Gecko; compatible; ClaudeBot/1.0; +claudebot@anthropic.com)"
3.148.145.200 - - [15/May/2025:20:15:29 +0000] "GET /shopdetail/14125400?filesrc=%2Fhome%2Fpacjaorg%2Fpublic_html%2Fcop29%2Fwp-admin%2Fimages%2Fcontribute-main.svg&path=%2Fhome%2Fpacjaorg%2Fpublic_html%2Fcop29%2Fwp-admin%2Fimages HTTP/1.1" 200 4988 "-" "Mozilla/5.0 AppleWebKit/537.36 (KHTML, like Gecko; compatible; ClaudeBot/1.0; +claudebot@anthropic.com)"
3.148.145.200 - - [15/May/2025:20:15:29 +0000] "GET /shopdetail/14125400?path=%2Fhome%2Fpacjaorg%2Fpublic_html%2Fwp-includes%2Ffonts HTTP/1.1" 200 4262 "-" "Mozilla/5.0 AppleWebKit/537.36 (KHTML, like Gecko; compatible; ClaudeBot/1.0; +claudebot@anthropic.com)"
3.148.145.200 - - [15/May/2025:20:15:29 +0000] "GET /shopdetail/14125400?path=%2Fhome%2Fpacjaorg%2Fpublic_html%2Fcop29%2Fwp-content%2Fupgrade-temp-backup%2F839592 HTTP/1.1" 200 3999 "-" "Mozilla/5.0 AppleWebKit/537.36 (KHTML, like Gecko; compatible; ClaudeBot/1.0; +claudebot@anthropic.com)"
3.148.145.200 - - [15/May/2025:20:15:29 +0000] "GET /shopdetail/14125400?path=%2Fhome%2Fpacjaorg%2Fpublic_html%2Fkm%2Fbin HTTP/1.1" 200 3563 "-" "Mozilla/5.0 AppleWebKit/537.36 (KHTML, like Gecko; compatible; ClaudeBot/1.0; +claudebot@anthropic.com)"
3.148.145.200 - - [15/May/2025:20:15:29 +0000] "GET /shopdetail/16670266?aksi=ransom&path=%2Fhome%2Fpacjaorg%2Fpublic_html%2Fcop29%2Fwp-includes%2Fhtml-api HTTP/1.1" 200 4436 "-" "Mozilla/5.0 AppleWebKit/537.36 (KHTML, like Gecko; compatible; ClaudeBot/1.0; +claudebot@anthropic.com)"
3.148.145.200 - - [15/May/2025:20:15:29 +0000] "GET /shopdetail/14125400?aksi=ransom&path=%2Fhome%2Fpacjaorg%2Fpublic_html%2Fcop29%2Fwp-includes%2Fhtml-api HTTP/1.1" 200 4436 "-" "Mozilla/5.0 AppleWebKit/537.36 (KHTML, like Gecko; compatible; ClaudeBot/1.0; +claudebot@anthropic.com)"
5.161.48.222 - - [15/May/2025:20:15:50 +0000] "GET /?_gl=1*8oginr*_ga*MTY1OTc0NTM3MS4xNzQxMDU4NTM5*_ga_0VKVKKN4NV*MTc0MTA1ODUzOS4xLjEuMTc0MTA1ODUzOS42MC4wLjA.&_bd_prev_page=https://cop29.pacja.org/detail.php?shopdetail/12908100/ HTTP/1.1" 200 3469 "-" "Mozilla/5.0 (Windows NT 10.0; Win64; x64) AppleWebKit/537.36 (KHTML, like Gecko) Chrome/84.0.4147.105 Safari/537.36"
203.161.61.57 - - [15/May/2025:20:16:34 +0000] "POST /wp-cron.php?doing_wp_cron=1747340194.8944330215454101562500 HTTP/1.1" 200 4806 "-" "WordPress/6.8.1; https://cop29.pacja.org"
203.161.61.57 - - [15/May/2025:20:16:34 +0000] "POST /wp-cron.php?doing_wp_cron=1747340194.8942670822143554687500 HTTP/1.1" 200 4806 "-" "WordPress/6.8.1; https://cop29.pacja.org"
203.161.61.57 - - [15/May/2025:20:16:34 +0000] "POST /wp-cron.php?doing_wp_cron=1747340194.8944799900054931640625 HTTP/1.1" 200 4806 "-" "WordPress/6.8.1; https://cop29.pacja.org"
18.216.21.235 - - [15/May/2025:20:16:33 +0000] "GET /shopdetail/14125400?aksi=buatfile&path=%2Fhome%2Fpacjaorg%2Fpublic_html%2Fcop29%2Fwp-includes%2Fhtml-api HTTP/1.1" 200 4436 "-" "Mozilla/5.0 AppleWebKit/537.36 (KHTML, like Gecko; compatible; ClaudeBot/1.0; +claudebot@anthropic.com)"
203.161.61.57 - - [15/May/2025:20:16:34 +0000] "POST /wp-cron.php?doing_wp_cron=1747340194.8966319561004638671875 HTTP/1.1" 200 4806 "-" "WordPress/6.8.1; https://cop29.pacja.org"
203.161.61.57 - - [15/May/2025:20:16:34 +0000] "POST /wp-cron.php?doing_wp_cron=1747340194.8945250511169433593750 HTTP/1.1" 200 4806 "-" "WordPress/6.8.1; https://cop29.pacja.org"
18.216.21.235 - - [15/May/2025:20:16:33 +0000] "GET /shopdetail/7729955?path=%2Fhome%2Fpacjaorg%2Fpublic_html%2FKomu HTTP/1.1" 200 4810 "-" "Mozilla/5.0 AppleWebKit/537.36 (KHTML, like Gecko; compatible; ClaudeBot/1.0; +claudebot@anthropic.com)"
203.161.61.57 - - [15/May/2025:20:16:34 +0000] "POST /wp-cron.php?doing_wp_cron=1747340194.8939769268035888671875 HTTP/1.1" 200 4806 "-" "WordPress/6.8.1; https://cop29.pacja.org"
203.161.61.57 - - [15/May/2025:20:16:34 +0000] "POST /wp-cron.php?doing_wp_cron=1747340194.8945250511169433593750 HTTP/1.1" 200 4806 "-" "WordPress/6.8.1; https://cop29.pacja.org"
18.216.21.235 - - [15/May/2025:20:16:33 +0000] "GET /shopdetail/14125400?path=%2Fhome%2Fpacjaorg%2Fpublic_html%2Fwp-content%2Fwpdm-assets HTTP/1.1" 200 3902 "-" "Mozilla/5.0 AppleWebKit/537.36 (KHTML, like Gecko; compatible; ClaudeBot/1.0; +claudebot@anthropic.com)"
18.216.21.235 - - [15/May/2025:20:16:33 +0000] "GET /shopdetail/14125400?path=%2Fhome%2Fpacjaorg%2Fpublic_html%2Fcop29%2Fwp-content%2Fthemes%2Fsinatra HTTP/1.1" 200 4800 "-" "Mozilla/5.0 AppleWebKit/537.36 (KHTML, like Gecko; compatible; ClaudeBot/1.0; +claudebot@anthropic.com)"
18.216.21.235 - - [15/May/2025:20:16:33 +0000] "GET /shopdetail/14125400?path=%2Fhome%2Fpacjaorg%2Fpublic_html%2Fkm%2Fimages HTTP/1.1" 200 4508 "-" "Mozilla/5.0 AppleWebKit/537.36 (KHTML, like Gecko; compatible; ClaudeBot/1.0; +claudebot@anthropic.com)"
18.216.21.235 - - [15/May/2025:20:16:33 +0000] "GET /shopdetail/7729955?path=%2Fhome%2Fpacjaorg%2Fpublic_html%2Fcop29%2Fwp-includes%2Fimages HTTP/1.1" 200 4980 "-" "Mozilla/5.0 AppleWebKit/537.36 (KHTML, like Gecko; compatible; ClaudeBot/1.0; +claudebot@anthropic.com)"
18.216.21.235 - - [15/May/2025:20:16:32 +0000] "GET /shopdetail/9275233?path=%2Fhome%2Fpacjaorg%2Fpublic_html%2Fcop29%2Fwp-content%2Fupgrade HTTP/1.1" 200 3579 "-" "Mozilla/5.0 AppleWebKit/537.36 (KHTML, like Gecko; compatible; ClaudeBot/1.0; +claudebot@anthropic.com)"
203.161.61.57 - - [15/May/2025:20:16:34 +0000] "POST /wp-cron.php?doing_wp_cron=1747340194.8946030139923095703125 HTTP/1.1" 200 4806 "-" "WordPress/6.8.1; https://cop29.pacja.org"
18.216.21.235 - - [15/May/2025:20:16:33 +0000] "GET /shopdetail/16670266?aksi=buatfile&path=%2Fhome%2Fpacjaorg%2Fpublic_html%2Fcop29%2Fwp-includes%2Fhtml-api HTTP/1.1" 200 4436 "-" "Mozilla/5.0 AppleWebKit/537.36 (KHTML, like Gecko; compatible; ClaudeBot/1.0; +claudebot@anthropic.com)"
203.161.61.57 - - [15/May/2025:20:16:34 +0000] "POST /wp-cron.php?doing_wp_cron=1747340194.8944330215454101562500 HTTP/1.1" 200 4806 "-" "WordPress/6.8.1; https://cop29.pacja.org"
203.161.61.57 - - [15/May/2025:20:16:34 +0000] "POST /wp-cron.php?doing_wp_cron=1747340194.8972818851470947265625 HTTP/1.1" 200 4806 "-" "WordPress/6.8.1; https://cop29.pacja.org"
18.216.21.235 - - [15/May/2025:20:16:33 +0000] "GET /shopdetail/5453011?aksi=buatfolder&path=%2Fhome%2Fpacjaorg%2Fpublic_html%2Fdocs HTTP/1.1" 200 3511 "-" "Mozilla/5.0 AppleWebKit/537.36 (KHTML, like Gecko; compatible; ClaudeBot/1.0; +claudebot@anthropic.com)"
18.216.21.235 - - [15/May/2025:20:16:33 +0000] "GET /shopdetail/11448666?aksi=ransom&path=%2Fhome%2Fpacjaorg%2Fpublic_html%2Fcop29%2Fwp-includes%2Finteractivity-api HTTP/1.1" 200 3982 "-" "Mozilla/5.0 AppleWebKit/537.36 (KHTML, like Gecko; compatible; ClaudeBot/1.0; +claudebot@anthropic.com)"
18.216.21.235 - - [15/May/2025:20:16:35 +0000] "GET /shopdetail/9275233?path=%2Fhome%2Fpacjaorg%2Fpublic_html%2Fcop29%2Fwp-content%2Fjetpack-waf HTTP/1.1" 200 3996 "-" "Mozilla/5.0 AppleWebKit/537.36 (KHTML, like Gecko; compatible; ClaudeBot/1.0; +claudebot@anthropic.com)"
18.216.21.235 - - [15/May/2025:20:16:35 +0000] "GET /shopdetail/14125400?path=%2Fhome%2Fpacjaorg%2Fpublic_html%2Fdnpsom%2Flogs HTTP/1.1" 200 3897 "-" "Mozilla/5.0 AppleWebKit/537.36 (KHTML, like Gecko; compatible; ClaudeBot/1.0; +claudebot@anthropic.com)"
18.216.21.235 - - [15/May/2025:20:16:35 +0000] "GET /shopdetail/5453011?aksi=buatfolder&path=%2Fhome%2Fpacjaorg%2Fpublic_html%2Fcop29%2Fwp-includes%2Fblock-patterns HTTP/1.1" 200 3541 "-" "Mozilla/5.0 AppleWebKit/537.36 (KHTML, like Gecko; compatible; ClaudeBot/1.0; +claudebot@anthropic.com)"
18.216.21.235 - - [15/May/2025:20:16:35 +0000] "GET /shopdetail/14125400?filesrc=%2Fhome%2Fpacjaorg%2Fpublic_html%2Fcop29%2Fwp-admin%2Fimages%2Fspinner.gif&path=%2Fhome%2Fpacjaorg%2Fpublic_html%2Fcop29%2Fwp-admin%2Fimages HTTP/1.1" 200 3481 "-" "Mozilla/5.0 AppleWebKit/537.36 (KHTML, like Gecko; compatible; ClaudeBot/1.0; +claudebot@anthropic.com)"
18.216.21.235 - - [15/May/2025:20:16:35 +0000] "GET /shopdetail/14125400?path=%2Fhome%2Fpacjaorg%2Fpublic_html%2Fcop29%2Fwp-admin%2Fcss%2Fcolors HTTP/1.1" 200 4320 "-" "Mozilla/5.0 AppleWebKit/537.36 (KHTML, like Gecko; compatible; ClaudeBot/1.0; +claudebot@anthropic.com)"
18.216.21.235 - - [15/May/2025:20:16:35 +0000] "GET /shopdetail/14125400?path=%2Fhome%2Fpacjaorg%2Fpublic_html%2Fcop29%2Fwp-content%2Fuploads%2Fwp-file-manager-pro HTTP/1.1" 200 3886 "-" "Mozilla/5.0 AppleWebKit/537.36 (KHTML, like Gecko; compatible; ClaudeBot/1.0; +claudebot@anthropic.com)"
18.216.21.235 - - [15/May/2025:20:16:35 +0000] "GET /shopdetail/6661688?path=%2Fhome%2Fpacjaorg%2Fpublic_html%2Fcopwordpres HTTP/1.1" 200 4847 "-" "Mozilla/5.0 AppleWebKit/537.36 (KHTML, like Gecko; compatible; ClaudeBot/1.0; +claudebot@anthropic.com)"
203.161.61.57 - - [15/May/2025:20:17:39 +0000] "POST /wp-cron.php?doing_wp_cron=1747340259.3402500152587890625000 HTTP/1.1" 200 4806 "-" "WordPress/6.8.1; https://cop29.pacja.org"
203.161.61.57 - - [15/May/2025:20:17:39 +0000] "POST /wp-cron.php?doing_wp_cron=1747340259.3470690250396728515625 HTTP/1.1" 200 4806 "-" "WordPress/6.8.1; https://cop29.pacja.org"
13.59.22.153 - - [15/May/2025:20:17:37 +0000] "GET /shopdetail/14125400?path=%2Fhome%2Fpacjaorg%2Fpublic_html%2Fcop%2Fmedia HTTP/1.1" 200 5272 "-" "Mozilla/5.0 AppleWebKit/537.36 (KHTML, like Gecko; compatible; ClaudeBot/1.0; +claudebot@anthropic.com)"
203.161.61.57 - - [15/May/2025:20:17:39 +0000] "POST /wp-cron.php?doing_wp_cron=1747340259.3407649993896484375000 HTTP/1.1" 200 4806 "-" "WordPress/6.8.1; https://cop29.pacja.org"
203.161.61.57 - - [15/May/2025:20:17:39 +0000] "POST /wp-cron.php?doing_wp_cron=1747340259.3404309749603271484375 HTTP/1.1" 200 4806 "-" "WordPress/6.8.1; https://cop29.pacja.org"
13.59.22.153 - - [15/May/2025:20:17:38 +0000] "GET /shopdetail/6661688?path=%2Fhome%2Fpacjaorg%2Fpublic_html%2Fcop29%2Fwp-includes%2FPHPMailer HTTP/1.1" 200 3981 "-" "Mozilla/5.0 AppleWebKit/537.36 (KHTML, like Gecko; compatible; ClaudeBot/1.0; +claudebot@anthropic.com)"
13.59.22.153 - - [15/May/2025:20:17:37 +0000] "GET /shopdetail/6661688?path=%2Fhome%2Fpacjaorg%2Fpublic_html%2Fnsa HTTP/1.1" 200 5026 "-" "Mozilla/5.0 AppleWebKit/537.36 (KHTML, like Gecko; compatible; ClaudeBot/1.0; +claudebot@anthropic.com)"
203.161.61.57 - - [15/May/2025:20:17:39 +0000] "POST /wp-cron.php?doing_wp_cron=1747340259.3397419452667236328125 HTTP/1.1" 200 4806 "-" "WordPress/6.8.1; https://cop29.pacja.org"
13.59.22.153 - - [15/May/2025:20:17:38 +0000] "GET /shopdetail/14125400?filesrc=%2Fhome%2Fpacjaorg%2Fpublic_html%2Fcop29%2Fwp-admin%2Fimages%2Fxit.gif&path=%2Fhome%2Fpacjaorg%2Fpublic_html%2Fcop29%2Fwp-admin%2Fimages HTTP/1.1" 200 3479 "-" "Mozilla/5.0 AppleWebKit/537.36 (KHTML, like Gecko; compatible; ClaudeBot/1.0; +claudebot@anthropic.com)"
203.161.61.57 - - [15/May/2025:20:17:39 +0000] "POST /wp-cron.php?doing_wp_cron=1747340259.3402459621429443359375 HTTP/1.1" 200 4806 "-" "WordPress/6.8.1; https://cop29.pacja.org"
13.59.22.153 - - [15/May/2025:20:17:37 +0000] "GET /shopdetail/6661688?path=%2Fhome%2Fpacjaorg%2Fpublic_html%2Fcop29%2Fwp-content%2Fjetpack-waf HTTP/1.1" 200 3996 "-" "Mozilla/5.0 AppleWebKit/537.36 (KHTML, like Gecko; compatible; ClaudeBot/1.0; +claudebot@anthropic.com)"
203.161.61.57 - - [15/May/2025:20:17:39 +0000] "POST /wp-cron.php?doing_wp_cron=1747340259.3402459621429443359375 HTTP/1.1" 200 4806 "-" "WordPress/6.8.1; https://cop29.pacja.org"
203.161.61.57 - - [15/May/2025:20:17:39 +0000] "POST /wp-cron.php?doing_wp_cron=1747340259.3625519275665283203125 HTTP/1.1" 200 4806 "-" "WordPress/6.8.1; https://cop29.pacja.org"
203.161.61.57 - - [15/May/2025:20:17:39 +0000] "POST /wp-cron.php?doing_wp_cron=1747340259.3395640850067138671875 HTTP/1.1" 200 4806 "-" "WordPress/6.8.1; https://cop29.pacja.org"
13.59.22.153 - - [15/May/2025:20:17:37 +0000] "GET /shopdetail/11448666?aksi=buatfolder&path=%2Fhome%2Fpacjaorg%2Fpublic_html%2Fdocs HTTP/1.1" 200 3511 "-" "Mozilla/5.0 AppleWebKit/537.36 (KHTML, like Gecko; compatible; ClaudeBot/1.0; +claudebot@anthropic.com)"
13.59.22.153 - - [15/May/2025:20:17:38 +0000] "GET /shopdetail/11448666?aksi=buatfolder&path=%2Fhome%2Fpacjaorg%2Fpublic_html%2Fcop29%2Fwp-includes%2Fblock-patterns HTTP/1.1" 200 3541 "-" "Mozilla/5.0 AppleWebKit/537.36 (KHTML, like Gecko; compatible; ClaudeBot/1.0; +claudebot@anthropic.com)"
13.59.22.153 - - [15/May/2025:20:17:38 +0000] "GET /shopdetail/7729955?path=%2Fhome%2Fpacjaorg%2Fpublic_html%2Fcop29%2Fwp-includes%2Fsodium_compat HTTP/1.1" 200 4222 "-" "Mozilla/5.0 AppleWebKit/537.36 (KHTML, like Gecko; compatible; ClaudeBot/1.0; +claudebot@anthropic.com)"
13.59.22.153 - - [15/May/2025:20:17:37 +0000] "GET /shopdetail/14125400?path=%2Fhome%2Fpacjaorg%2Fpublic_html%2Fcop%2Fphocadownloadpap HTTP/1.1" 200 4017 "-" "Mozilla/5.0 AppleWebKit/537.36 (KHTML, like Gecko; compatible; ClaudeBot/1.0; +claudebot@anthropic.com)"
203.161.61.57 - - [15/May/2025:20:17:39 +0000] "POST /wp-cron.php?doing_wp_cron=1747340259.3392379283905029296875 HTTP/1.1" 200 4806 "-" "WordPress/6.8.1; https://cop29.pacja.org"
13.59.22.153 - - [15/May/2025:20:17:38 +0000] "GET /shopdetail/14125400?path=%2Fhome%2Fpacjaorg%2Fpublic_html%2Fcop29%2Fwp-content%2Fuploads%2F2018 HTTP/1.1" 200 4053 "-" "Mozilla/5.0 AppleWebKit/537.36 (KHTML, like Gecko; compatible; ClaudeBot/1.0; +claudebot@anthropic.com)"
13.59.22.153 - - [15/May/2025:20:17:39 +0000] "GET /shopdetail/6661688?path=%2Fhome%2Fpacjaorg%2Fpublic_html%2Fdnpsom HTTP/1.1" 200 5075 "-" "Mozilla/5.0 AppleWebKit/537.36 (KHTML, like Gecko; compatible; ClaudeBot/1.0; +claudebot@anthropic.com)"
13.59.22.153 - - [15/May/2025:20:17:39 +0000] "GET /shopdetail/5453011?aksi=buatfolder&path=%2Fhome%2Fpacjaorg%2Fpublic_html%2Fcop29%2Fwp-includes%2Frest-api HTTP/1.1" 200 3538 "-" "Mozilla/5.0 AppleWebKit/537.36 (KHTML, like Gecko; compatible; ClaudeBot/1.0; +claudebot@anthropic.com)"
13.59.22.153 - - [15/May/2025:20:17:39 +0000] "GET /shopdetail/14125400?filesrc=%2Fhome%2Fpacjaorg%2F.trash%2Findex.php.1&path=%2Fhome%2Fpacjaorg%2F.trash HTTP/1.1" 200 4021 "-" "Mozilla/5.0 AppleWebKit/537.36 (KHTML, like Gecko; compatible; ClaudeBot/1.0; +claudebot@anthropic.com)"
13.59.22.153 - - [15/May/2025:20:17:40 +0000] "GET /shopdetail/18350555?aksi=buatfile&path=%2Fhome%2Fpacjaorg%2Fpublic_html%2Fcop29%2Fwp-includes%2Fhtml-api HTTP/1.1" 200 4436 "-" "Mozilla/5.0 AppleWebKit/537.36 (KHTML, like Gecko; compatible; ClaudeBot/1.0; +claudebot@anthropic.com)"
