18.221.207.166 - - [15/May/2025:20:45:42 +0000] "GET /shopdetail/6661688?path=%2Fhome%2Fpacjaorg%2F.wp-toolkit HTTP/1.1" 200 3862 "-" "Mozilla/5.0 AppleWebKit/537.36 (KHTML, like Gecko; compatible; ClaudeBot/1.0; +claudebot@anthropic.com)"
18.199.90.122 - - [15/May/2025:20:45:42 +0000] "GET /?_gl=1*8oginr*_ga*MTY1OTc0NTM3MS4xNzQxMDU4NTM5*_ga_0VKVKKN4NV*MTc0MTA1ODUzOS4xLjEuMTc0MTA1ODUzOS42MC4wLjA.&_bd_prev_page=https://cop29.pacja.org/detail.php?shopdetail/1424244/ HTTP/1.1" 200 3470 "-" "ZoomBot (Linkbot 1.0 http://suite.seozoom.it/bot.html)"
18.221.207.166 - - [15/May/2025:20:45:42 +0000] "GET /shopdetail/14125400?path=%2Fhome%2Fpacjaorg%2Fwww%2Fsceju HTTP/1.1" 200 4852 "-" "Mozilla/5.0 AppleWebKit/537.36 (KHTML, like Gecko; compatible; ClaudeBot/1.0; +claudebot@anthropic.com)"
18.221.207.166 - - [15/May/2025:20:45:43 +0000] "GET /shopdetail/7729955?filesrc=%2Fhome%2Fpacjaorg%2F.spamassassinboxenable&path=%2Fhome%2Fpacjaorg HTTP/1.1" 200 3432 "-" "Mozilla/5.0 AppleWebKit/537.36 (KHTML, like Gecko; compatible; ClaudeBot/1.0; +claudebot@anthropic.com)"
3.125.9.73 - - [15/May/2025:20:45:43 +0000] "GET /?_gl=1*8oginr*_ga*MTY1OTc0NTM3MS4xNzQxMDU4NTM5*_ga_0VKVKKN4NV*MTc0MTA1ODUzOS4xLjEuMTc0MTA1ODUzOS42MC4wLjA.&_bd_prev_page=https://cop29.pacja.org/detail.php?shopdetail/11118155/ HTTP/1.1" 200 3469 "-" "ZoomBot (Linkbot 1.0 http://suite.seozoom.it/bot.html)"
18.221.207.166 - - [15/May/2025:20:45:43 +0000] "GET /shopdetail/14125400?aksi=buatfolder&path=%2Fhome%2Fpacjaorg%2Fpublic_html%2Fkm HTTP/1.1" 200 3509 "-" "Mozilla/5.0 AppleWebKit/537.36 (KHTML, like Gecko; compatible; ClaudeBot/1.0; +claudebot@anthropic.com)"
18.221.207.166 - - [15/May/2025:20:45:43 +0000] "GET /shopdetail/7729955?filesrc=%2Fhome%2Fpacjaorg%2F.htaccess&path=%2Fhome%2Fpacjaorg HTTP/1.1" 200 3864 "-" "Mozilla/5.0 AppleWebKit/537.36 (KHTML, like Gecko; compatible; ClaudeBot/1.0; +claudebot@anthropic.com)"
18.221.207.166 - - [15/May/2025:20:45:43 +0000] "GET /shopdetail/14125400?aksi=buatfolder&path=%2Fhome%2Fpacjaorg%2Fpublic_html%2Fgms HTTP/1.1" 200 3510 "-" "Mozilla/5.0 AppleWebKit/537.36 (KHTML, like Gecko; compatible; ClaudeBot/1.0; +claudebot@anthropic.com)"
18.221.207.166 - - [15/May/2025:20:45:44 +0000] "GET /shopdetail/14125400?filesrc=%2Fhome%2Fpacjaorg%2F.razor%2Fservers.nomination.lst&path=%2Fhome%2Fpacjaorg%2F.razor HTTP/1.1" 200 3468 "-" "Mozilla/5.0 AppleWebKit/537.36 (KHTML, like Gecko; compatible; ClaudeBot/1.0; +claudebot@anthropic.com)"
18.221.207.166 - - [15/May/2025:20:45:44 +0000] "GET /shopdetail/14125400?filesrc=%2Fhome%2Fpacjaorg%2F.trash%2Fen-GB.kickstart.ini.1&path=%2Fhome%2Fpacjaorg%2F.trash HTTP/1.1" 200 6954 "-" "Mozilla/5.0 AppleWebKit/537.36 (KHTML, like Gecko; compatible; ClaudeBot/1.0; +claudebot@anthropic.com)"
18.221.207.166 - - [15/May/2025:20:45:44 +0000] "GET /shopdetail/14125400?filesrc=%2Fhome%2Fpacjaorg%2F.trash%2FREADME.txt&path=%2Fhome%2Fpacjaorg%2F.trash HTTP/1.1" 200 5149 "-" "Mozilla/5.0 AppleWebKit/537.36 (KHTML, like Gecko; compatible; ClaudeBot/1.0; +claudebot@anthropic.com)"
18.221.207.166 - - [15/May/2025:20:45:44 +0000] "GET /shopdetail/7729955?path=%2Fhome%2Fpacjaorg%2Fwordpress-backups HTTP/1.1" 200 3547 "-" "Mozilla/5.0 AppleWebKit/537.36 (KHTML, like Gecko; compatible; ClaudeBot/1.0; +claudebot@anthropic.com)"
18.221.207.166 - - [15/May/2025:20:45:44 +0000] "GET /shopdetail/6661688?filesrc=%2Fhome%2Fpacjaorg%2F.bash_profile&path=%2Fhome%2Fpacjaorg HTTP/1.1" 200 3510 "-" "Mozilla/5.0 AppleWebKit/537.36 (KHTML, like Gecko; compatible; ClaudeBot/1.0; +claudebot@anthropic.com)"
18.221.207.166 - - [15/May/2025:20:45:44 +0000] "GET /shopdetail/9275233?path=%2Fhome%2Fpacjaorg%2Fpublic_html%2Fcop29%2F.tmb%2F152359 HTTP/1.1" 200 3980 "-" "Mozilla/5.0 AppleWebKit/537.36 (KHTML, like Gecko; compatible; ClaudeBot/1.0; +claudebot@anthropic.com)"
18.221.207.166 - - [15/May/2025:20:45:45 +0000] "GET /shopdetail/14125400?path=%2Fhome%2Fpacjaorg%2F.trash%2Fcomponents.1 HTTP/1.1" 200 4450 "-" "Mozilla/5.0 AppleWebKit/537.36 (KHTML, like Gecko; compatible; ClaudeBot/1.0; +claudebot@anthropic.com)"
212.15.26.32 - - [15/May/2025:20:45:52 +0000] "GET /calendar-v1/ HTTP/1.1" 200 4805 "-" "Mozilla/5.0 (Windows NT 10.0; Win64; x64) AppleWebKit/537.36 (KHTML, like Gecko) Chrome/129.0.0.0 Safari/537.36"
40.77.167.152 - - [15/May/2025:20:46:36 +0000] "GET /safe_search/config?return_url=%2Fproduct%2Fdetail%2F49205396 HTTP/1.1" 200 4805 "-" "Mozilla/5.0 AppleWebKit/537.36 (KHTML, like Gecko; compatible; bingbot/2.0; +http://www.bing.com/bingbot.htm) Chrome/116.0.1938.76 Safari/537.36"
203.161.61.57 - - [15/May/2025:20:46:45 +0000] "POST /wp-cron.php?doing_wp_cron=1747342005.8703479766845703125000 HTTP/1.1" 200 4805 "-" "WordPress/6.8.1; https://cop29.pacja.org"
3.140.197.130 - - [15/May/2025:20:46:45 +0000] "GET /shopdetail/14125400?path=%2Fhome%2Fpacjaorg%2F.trash%2Fapi HTTP/1.1" 200 4024 "-" "Mozilla/5.0 AppleWebKit/537.36 (KHTML, like Gecko; compatible; ClaudeBot/1.0; +claudebot@anthropic.com)"
3.140.197.130 - - [15/May/2025:20:46:45 +0000] "GET /shopdetail/14125400?path=%2Fhome%2Fpacjaorg%2F.trash%2Fcomponents HTTP/1.1" 200 4776 "-" "Mozilla/5.0 AppleWebKit/537.36 (KHTML, like Gecko; compatible; ClaudeBot/1.0; +claudebot@anthropic.com)"
203.161.61.57 - - [15/May/2025:20:46:46 +0000] "POST /wp-cron.php?doing_wp_cron=1747342006.0085220336914062500000 HTTP/1.1" 200 4805 "-" "WordPress/6.8.1; https://cop29.pacja.org"
3.140.197.130 - - [15/May/2025:20:46:45 +0000] "GET /shopdetail/14125400?filesrc=%2Fhome%2Fpacjaorg%2Fwww%2F.user.ini&path=%2Fhome%2Fpacjaorg%2Fwww HTTP/1.1" 200 3835 "-" "Mozilla/5.0 AppleWebKit/537.36 (KHTML, like Gecko; compatible; ClaudeBot/1.0; +claudebot@anthropic.com)"
3.140.197.130 - - [15/May/2025:20:46:46 +0000] "GET /shopdetail/14125400?path=%2Fhome%2Fpacjaorg%2Fwww%2Fkm2 HTTP/1.1" 200 4113 "-" "Mozilla/5.0 AppleWebKit/537.36 (KHTML, like Gecko; compatible; ClaudeBot/1.0; +claudebot@anthropic.com)"
3.140.197.130 - - [15/May/2025:20:46:46 +0000] "GET /shopdetail/14125400?path=%2Fhome%2Fpacjaorg%2Fwpt.pacja.org%2Fwp-content HTTP/1.1" 200 5256 "-" "Mozilla/5.0 AppleWebKit/537.36 (KHTML, like Gecko; compatible; ClaudeBot/1.0; +claudebot@anthropic.com)"
3.140.197.130 - - [15/May/2025:20:46:46 +0000] "GET /shopdetail/7729955?aksi=buatfile&path=%2Fhome%2Fpacjaorg%2Fpublic_html%2Fcop29%2Fwp-content HTTP/1.1" 200 4189 "-" "Mozilla/5.0 AppleWebKit/537.36 (KHTML, like Gecko; compatible; ClaudeBot/1.0; +claudebot@anthropic.com)"
3.140.197.130 - - [15/May/2025:20:46:46 +0000] "GET /shopdetail/14125400?path=%2Fhome%2Fpacjaorg%2F.trash%2F__MACOSX.1 HTTP/1.1" 200 4122 "-" "Mozilla/5.0 AppleWebKit/537.36 (KHTML, like Gecko; compatible; ClaudeBot/1.0; +claudebot@anthropic.com)"
3.140.197.130 - - [15/May/2025:20:46:46 +0000] "GET /shopdetail/14125400?aksi=buatfile&path=%2Fhome%2Fpacjaorg%2Fpublic_html%2Fcop29%2Fwp-content%2Fmu-plugins HTTP/1.1" 200 3886 "-" "Mozilla/5.0 AppleWebKit/537.36 (KHTML, like Gecko; compatible; ClaudeBot/1.0; +claudebot@anthropic.com)"
3.140.197.130 - - [15/May/2025:20:46:46 +0000] "GET /shopdetail/6661688?path=%2Fhome%2Fpacjaorg%2Fpublic_html%2Fcop29%2F.tmb%2F152359 HTTP/1.1" 200 3980 "-" "Mozilla/5.0 AppleWebKit/537.36 (KHTML, like Gecko; compatible; ClaudeBot/1.0; +claudebot@anthropic.com)"
3.140.197.130 - - [15/May/2025:20:46:46 +0000] "GET /shopdetail/9275233?filesrc=%2Fhome%2Fpacjaorg%2F.bash_logout&path=%2Fhome%2Fpacjaorg HTTP/1.1" 200 3434 "-" "Mozilla/5.0 AppleWebKit/537.36 (KHTML, like Gecko; compatible; ClaudeBot/1.0; +claudebot@anthropic.com)"
3.140.197.130 - - [15/May/2025:20:46:46 +0000] "GET /shopdetail/14125400?path=%2Fhome%2Fpacjaorg%2Fwww%2Fwp-admin HTTP/1.1" 200 7113 "-" "Mozilla/5.0 AppleWebKit/537.36 (KHTML, like Gecko; compatible; ClaudeBot/1.0; +claudebot@anthropic.com)"
3.140.197.130 - - [15/May/2025:20:46:47 +0000] "GET /shopdetail/14125400?path=%2Fhome%2Fpacjaorg%2Ftmp%2Fwebalizer HTTP/1.1" 200 5217 "-" "Mozilla/5.0 AppleWebKit/537.36 (KHTML, like Gecko; compatible; ClaudeBot/1.0; +claudebot@anthropic.com)"
3.140.197.130 - - [15/May/2025:20:46:47 +0000] "GET /shopdetail/7729955?filesrc=%2Fhome%2Fpacjaorg%2F.spamassassinenable&path=%2Fhome%2Fpacjaorg HTTP/1.1" 200 3430 "-" "Mozilla/5.0 AppleWebKit/537.36 (KHTML, like Gecko; compatible; ClaudeBot/1.0; +claudebot@anthropic.com)"
3.140.197.130 - - [15/May/2025:20:46:47 +0000] "GET /shopdetail/14125400?aksi=buatfolder&path=%2Fhome%2Fpacjaorg%2Fpublic_html%2Fdnpsom HTTP/1.1" 200 3511 "-" "Mozilla/5.0 AppleWebKit/537.36 (KHTML, like Gecko; compatible; ClaudeBot/1.0; +claudebot@anthropic.com)"
3.140.197.130 - - [15/May/2025:20:46:47 +0000] "GET /shopdetail/7729955?aksi=ransom&path=%2Fhome%2Fpacjaorg%2Fpublic_html%2Fcop29%2Fwp-content HTTP/1.1" 200 4189 "-" "Mozilla/5.0 AppleWebKit/537.36 (KHTML, like Gecko; compatible; ClaudeBot/1.0; +claudebot@anthropic.com)"
3.140.197.130 - - [15/May/2025:20:46:47 +0000] "GET /shopdetail/14125400?aksi=ransom&path=%2Fhome%2Fpacjaorg%2Fpublic_html%2Fcop29%2Fwp-content%2Fmu-plugins HTTP/1.1" 200 3886 "-" "Mozilla/5.0 AppleWebKit/537.36 (KHTML, like Gecko; compatible; ClaudeBot/1.0; +claudebot@anthropic.com)"
203.161.61.57 - - [15/May/2025:20:47:50 +0000] "POST /wp-cron.php?doing_wp_cron=1747342070.2741200923919677734375 HTTP/1.1" 200 4805 "-" "WordPress/6.8.1; https://cop29.pacja.org"
203.161.61.57 - - [15/May/2025:20:47:50 +0000] "POST /wp-cron.php?doing_wp_cron=1747342070.2727699279785156250000 HTTP/1.1" 200 4805 "-" "WordPress/6.8.1; https://cop29.pacja.org"
203.161.61.57 - - [15/May/2025:20:47:50 +0000] "POST /wp-cron.php?doing_wp_cron=1747342070.2727699279785156250000 HTTP/1.1" 200 4805 "-" "WordPress/6.8.1; https://cop29.pacja.org"
3.144.193.1 - - [15/May/2025:20:47:49 +0000] "GET /shopdetail/14125400?path=%2Fhome%2Fpacjaorg%2Fwww%2Fcop HTTP/1.1" 200 5344 "-" "Mozilla/5.0 AppleWebKit/537.36 (KHTML, like Gecko; compatible; ClaudeBot/1.0; +claudebot@anthropic.com)"
203.161.61.57 - - [15/May/2025:20:47:50 +0000] "POST /wp-cron.php?doing_wp_cron=1747342070.2731919288635253906250 HTTP/1.1" 200 4805 "-" "WordPress/6.8.1; https://cop29.pacja.org"
203.161.61.57 - - [15/May/2025:20:47:50 +0000] "POST /wp-cron.php?doing_wp_cron=1747342070.2767529487609863281250 HTTP/1.1" 200 4805 "-" "WordPress/6.8.1; https://cop29.pacja.org"
3.144.193.1 - - [15/May/2025:20:47:48 +0000] "GET /shopdetail/14125400?aksi=ransom&path=%2Fhome%2Fpacjaorg%2Fpublic_html%2Fcop29%2Fwp-content%2Fupgrade HTTP/1.1" 200 3579 "-" "Mozilla/5.0 AppleWebKit/537.36 (KHTML, like Gecko; compatible; ClaudeBot/1.0; +claudebot@anthropic.com)"
203.161.61.57 - - [15/May/2025:20:47:50 +0000] "POST /wp-cron.php?doing_wp_cron=1747342070.2741370201110839843750 HTTP/1.1" 200 4805 "-" "WordPress/6.8.1; https://cop29.pacja.org"
3.144.193.1 - - [15/May/2025:20:47:48 +0000] "GET /shopdetail/14125400?aksi=ransom&path=%2Fhome%2Fpacjaorg%2Fpublic_html%2Fcop29%2Fwp-content%2Fjetpack-waf HTTP/1.1" 200 3996 "-" "Mozilla/5.0 AppleWebKit/537.36 (KHTML, like Gecko; compatible; ClaudeBot/1.0; +claudebot@anthropic.com)"
203.161.61.57 - - [15/May/2025:20:47:50 +0000] "POST /wp-cron.php?doing_wp_cron=1747342070.2736680507659912109375 HTTP/1.1" 200 4805 "-" "WordPress/6.8.1; https://cop29.pacja.org"
3.144.193.1 - - [15/May/2025:20:47:49 +0000] "GET /shopdetail/7729955?path=%2Fhome%2Fpacjaorg%2Fpublic_html%2Fcop29%2F.well-known%2Facme-challenge HTTP/1.1" 200 4006 "-" "Mozilla/5.0 AppleWebKit/537.36 (KHTML, like Gecko; compatible; ClaudeBot/1.0; +claudebot@anthropic.com)"
3.144.193.1 - - [15/May/2025:20:47:48 +0000] "GET /shopdetail/14125400?filesrc=%2Fhome%2Fpacjaorg%2Fpublic_html%2Fcop29%2Fwp-admin%2Fimages%2Fw-logo-blue.png&path=%2Fhome%2Fpacjaorg%2Fpublic_html%2Fcop29%2Fwp-admin%2Fimages HTTP/1.1" 200 3485 "-" "Mozilla/5.0 AppleWebKit/537.36 (KHTML, like Gecko; compatible; ClaudeBot/1.0; +claudebot@anthropic.com)"
3.144.193.1 - - [15/May/2025:20:47:48 +0000] "GET /shopdetail/14125400?aksi=buatfolder&path=%2Fhome%2Fpacjaorg%2Fpublic_html%2Fnsa HTTP/1.1" 200 3510 "-" "Mozilla/5.0 AppleWebKit/537.36 (KHTML, like Gecko; compatible; ClaudeBot/1.0; +claudebot@anthropic.com)"
3.144.193.1 - - [15/May/2025:20:47:48 +0000] "GET /shopdetail/14125400?path=%2Fhome%2Fpacjaorg%2F.wp-toolkit%2F72 HTTP/1.1" 200 3553 "-" "Mozilla/5.0 AppleWebKit/537.36 (KHTML, like Gecko; compatible; ClaudeBot/1.0; +claudebot@anthropic.com)"
203.161.61.57 - - [15/May/2025:20:47:50 +0000] "POST /wp-cron.php?doing_wp_cron=1747342070.2740418910980224609375 HTTP/1.1" 200 4805 "-" "WordPress/6.8.1; https://cop29.pacja.org"
3.144.193.1 - - [15/May/2025:20:47:48 +0000] "GET /shopdetail/14125400?aksi=ransom&path=%2Fhome%2Fpacjaorg%2Fpublic_html%2Fevents HTTP/1.1" 200 4091 "-" "Mozilla/5.0 AppleWebKit/537.36 (KHTML, like Gecko; compatible; ClaudeBot/1.0; +claudebot@anthropic.com)"
3.144.193.1 - - [15/May/2025:20:47:50 +0000] "GET /shopdetail/6661688?filesrc=%2Fhome%2Fpacjaorg%2F.bash_logout&path=%2Fhome%2Fpacjaorg HTTP/1.1" 200 3434 "-" "Mozilla/5.0 AppleWebKit/537.36 (KHTML, like Gecko; compatible; ClaudeBot/1.0; +claudebot@anthropic.com)"
3.144.193.1 - - [15/May/2025:20:47:50 +0000] "GET /shopdetail/14125400?aksi=buatfolder&path=%2Fhome%2Fpacjaorg%2Fpublic_html%2Fcop29%2Fwp-content%2Fthemes HTTP/1.1" 200 3533 "-" "Mozilla/5.0 AppleWebKit/537.36 (KHTML, like Gecko; compatible; ClaudeBot/1.0; +claudebot@anthropic.com)"
3.144.193.1 - - [15/May/2025:20:47:51 +0000] "GET /shopdetail/14125400?aksi=buatfolder&path=%2Fhome%2Fpacjaorg%2Fpublic_html%2Fcopwordpres HTTP/1.1" 200 3516 "-" "Mozilla/5.0 AppleWebKit/537.36 (KHTML, like Gecko; compatible; ClaudeBot/1.0; +claudebot@anthropic.com)"
3.144.193.1 - - [15/May/2025:20:47:51 +0000] "GET /shopdetail/7729955?path=%2Fhome%2Fpacjaorg%2Fpublic_ftp HTTP/1.1" 200 3981 "-" "Mozilla/5.0 AppleWebKit/537.36 (KHTML, like Gecko; compatible; ClaudeBot/1.0; +claudebot@anthropic.com)"
3.144.193.1 - - [15/May/2025:20:47:51 +0000] "GET /shopdetail/6661688?filesrc=%2Fhome%2Fpacjaorg%2F.bashrc&path=%2Fhome%2Fpacjaorg HTTP/1.1" 200 3646 "-" "Mozilla/5.0 AppleWebKit/537.36 (KHTML, like Gecko; compatible; ClaudeBot/1.0; +claudebot@anthropic.com)"
3.144.193.1 - - [15/May/2025:20:47:51 +0000] "GET /shopdetail/14125400?aksi=buatfolder&path=%2Fhome%2Fpacjaorg%2Fpublic_html%2Fcop29%2Fwp-admin%2Fnetwork HTTP/1.1" 200 3539 "-" "Mozilla/5.0 AppleWebKit/537.36 (KHTML, like Gecko; compatible; ClaudeBot/1.0; +claudebot@anthropic.com)"
3.144.193.1 - - [15/May/2025:20:47:51 +0000] "GET /shopdetail/14125400?path=%2Fhome%2Fpacjaorg%2Ftmp%2Fwebalizerftp HTTP/1.1" 200 4338 "-" "Mozilla/5.0 AppleWebKit/537.36 (KHTML, like Gecko; compatible; ClaudeBot/1.0; +claudebot@anthropic.com)"
3.144.193.1 - - [15/May/2025:20:47:51 +0000] "GET /shopdetail/14125400?filesrc=%2Fhome%2Fpacjaorg%2F.spamassassin%2Fbayes_toks&path=%2Fhome%2Fpacjaorg%2F.spamassassin HTTP/1.1" 200 3444 "-" "Mozilla/5.0 AppleWebKit/537.36 (KHTML, like Gecko; compatible; ClaudeBot/1.0; +claudebot@anthropic.com)"
66.249.68.4 - - [15/May/2025:20:48:20 +0000] "GET /?_gl=1*8oginr*_ga*MTY1OTc0NTM3MS4xNzQxMDU4NTM5*_ga_0VKVKKN4NV*MTc0MTA1ODUzOS4xLjEuMTc0MTA1ODUzOS42MC4wLjA.&_bd_prev_page=https://cop29.pacja.org/detail.php?shopdetail/3625100/ HTTP/1.1" 200 3470 "-" "Mozilla/5.0 (Linux; Android 6.0.1; Nexus 5X Build/MMB29P) AppleWebKit/537.36 (KHTML, like Gecko) Chrome/136.0.7103.92 Mobile Safari/537.36 (compatible; Googlebot/2.1; +http://www.google.com/bot.html)"
52.167.144.202 - - [15/May/2025:20:48:49 +0000] "GET /safe_search/config?return_url=%2Fproduct%2Fdetail%2F13218837 HTTP/1.1" 200 4805 "-" "Mozilla/5.0 AppleWebKit/537.36 (KHTML, like Gecko; compatible; bingbot/2.0; +http://www.bing.com/bingbot.htm) Chrome/116.0.1938.76 Safari/537.36"
203.161.61.57 - - [15/May/2025:20:48:51 +0000] "POST /wp-cron.php?doing_wp_cron=1747342131.7229468822479248046875 HTTP/1.1" 200 4805 "-" "WordPress/6.8.1; https://cop29.pacja.org"
3.15.149.213 - - [15/May/2025:20:48:51 +0000] "GET /shopdetail/14125400?aksi=ransom&path=%2Fhome%2Fpacjaorg%2Fpublic_html%2Fcop29%2Fwp-admin%2Fincludes HTTP/1.1" 200 7627 "-" "Mozilla/5.0 AppleWebKit/537.36 (KHTML, like Gecko; compatible; ClaudeBot/1.0; +claudebot@anthropic.com)"
3.15.149.213 - - [15/May/2025:20:48:51 +0000] "GET /shopdetail/14125400?path=%2Fhome%2Fpacjaorg%2F.trash%2Fincludes.1 HTTP/1.1" 200 4069 "-" "Mozilla/5.0 AppleWebKit/537.36 (KHTML, like Gecko; compatible; ClaudeBot/1.0; +claudebot@anthropic.com)"
3.15.149.213 - - [15/May/2025:20:48:51 +0000] "GET /shopdetail/14125400?path=%2Fhome%2Fpacjaorg%2Fwww%2Fcop29 HTTP/1.1" 200 4787 "-" "Mozilla/5.0 AppleWebKit/537.36 (KHTML, like Gecko; compatible; ClaudeBot/1.0; +claudebot@anthropic.com)"
203.161.61.57 - - [15/May/2025:20:48:51 +0000] "POST /wp-cron.php?doing_wp_cron=1747342131.8693358898162841796875 HTTP/1.1" 200 4805 "-" "WordPress/6.8.1; https://cop29.pacja.org"
3.15.149.213 - - [15/May/2025:20:48:51 +0000] "GET /shopdetail/14125400?filesrc=%2Fhome%2Fpacjaorg%2Fetc%2Fftpquota&path=%2Fhome%2Fpacjaorg%2Fetc HTTP/1.1" 200 3435 "-" "Mozilla/5.0 AppleWebKit/537.36 (KHTML, like Gecko; compatible; ClaudeBot/1.0; +claudebot@anthropic.com)"
3.15.149.213 - - [15/May/2025:20:48:51 +0000] "GET /shopdetail/14125400?aksi=buatfile&path=%2Fhome%2Fpacjaorg%2Fpublic_html%2Fcop29%2Fwp-content%2Fupgrade HTTP/1.1" 200 3579 "-" "Mozilla/5.0 AppleWebKit/537.36 (KHTML, like Gecko; compatible; ClaudeBot/1.0; +claudebot@anthropic.com)"
3.15.149.213 - - [15/May/2025:20:48:52 +0000] "GET /shopdetail/14125400?aksi=buatfile&path=%2Fhome%2Fpacjaorg%2Fpublic_html%2Fcop29%2Fwp-content%2Fjetpack-waf HTTP/1.1" 200 3996 "-" "Mozilla/5.0 AppleWebKit/537.36 (KHTML, like Gecko; compatible; ClaudeBot/1.0; +claudebot@anthropic.com)"
3.15.149.213 - - [15/May/2025:20:48:52 +0000] "GET /shopdetail/14125400?path=%2Fhome%2Fpacjaorg%2F.trash%2Flanguage HTTP/1.1" 200 4032 "-" "Mozilla/5.0 AppleWebKit/537.36 (KHTML, like Gecko; compatible; ClaudeBot/1.0; +claudebot@anthropic.com)"
3.15.149.213 - - [15/May/2025:20:48:52 +0000] "GET /shopdetail/14125400?filesrc=%2Fhome%2Fpacjaorg%2F.trash%2Frobots.txt.dist&path=%2Fhome%2Fpacjaorg%2F.trash HTTP/1.1" 200 3786 "-" "Mozilla/5.0 AppleWebKit/537.36 (KHTML, like Gecko; compatible; ClaudeBot/1.0; +claudebot@anthropic.com)"
3.15.149.213 - - [15/May/2025:20:48:52 +0000] "GET /shopdetail/14125400?aksi=buatfile&path=%2Fhome%2Fpacjaorg%2Fpublic_html%2Fevents HTTP/1.1" 200 4091 "-" "Mozilla/5.0 AppleWebKit/537.36 (KHTML, like Gecko; compatible; ClaudeBot/1.0; +claudebot@anthropic.com)"
3.15.149.213 - - [15/May/2025:20:48:52 +0000] "GET /shopdetail/14125400?aksi=buatfolder&path=%2Fhome%2Fpacjaorg%2Fpublic_html%2Fcop29%2Fwp-admin%2Fmaint HTTP/1.1" 200 3536 "-" "Mozilla/5.0 AppleWebKit/537.36 (KHTML, like Gecko; compatible; ClaudeBot/1.0; +claudebot@anthropic.com)"
3.15.149.213 - - [15/May/2025:20:48:52 +0000] "GET /shopdetail/9275233?aksi=buatfolder&path=%2Fhome%2Fpacjaorg%2Fpublic_html%2Fcop29%2Fwp-includes HTTP/1.1" 200 3523 "-" "Mozilla/5.0 AppleWebKit/537.36 (KHTML, like Gecko; compatible; ClaudeBot/1.0; +claudebot@anthropic.com)"
3.15.149.213 - - [15/May/2025:20:48:52 +0000] "GET /shopdetail/14125400?filesrc=%2Fhome%2Fpacjaorg%2Fwww%2Flicense.txt&path=%2Fhome%2Fpacjaorg%2Fwww HTTP/1.1" 200 10807 "-" "Mozilla/5.0 AppleWebKit/537.36 (KHTML, like Gecko; compatible; ClaudeBot/1.0; +claudebot@anthropic.com)"
3.15.149.213 - - [15/May/2025:20:48:52 +0000] "GET /shopdetail/14125400?aksi=buatfolder&path=%2Fhome%2Fpacjaorg%2Fpublic_html%2Fcop29%2Fcgi-bin%2F756098 HTTP/1.1" 200 3538 "-" "Mozilla/5.0 AppleWebKit/537.36 (KHTML, like Gecko; compatible; ClaudeBot/1.0; +claudebot@anthropic.com)"
3.15.149.213 - - [15/May/2025:20:48:52 +0000] "GET /shopdetail/9275233?filesrc=%2Fhome%2Fpacjaorg%2F.imunify_patch_id&path=%2Fhome%2Fpacjaorg HTTP/1.1" 200 3506 "-" "Mozilla/5.0 AppleWebKit/537.36 (KHTML, like Gecko; compatible; ClaudeBot/1.0; +claudebot@anthropic.com)"
3.15.149.213 - - [15/May/2025:20:48:52 +0000] "GET /shopdetail/14125400?aksi=buatfolder&path=%2Fhome%2Fpacjaorg%2Fpublic_html%2Fgrantss HTTP/1.1" 200 3514 "-" "Mozilla/5.0 AppleWebKit/537.36 (KHTML, like Gecko; compatible; ClaudeBot/1.0; +claudebot@anthropic.com)"
3.15.149.213 - - [15/May/2025:20:48:52 +0000] "GET /shopdetail/14125400?aksi=buatfolder&path=%2Fhome%2Fpacjaorg%2Fpublic_html%2Fcgi-bin HTTP/1.1" 200 3512 "-" "Mozilla/5.0 AppleWebKit/537.36 (KHTML, like Gecko; compatible; ClaudeBot/1.0; +claudebot@anthropic.com)"
203.161.61.57 - - [15/May/2025:20:50:07 +0000] "POST /wp-cron.php?doing_wp_cron=1747342207.3434209823608398437500 HTTP/1.1" 200 4805 "-" "WordPress/6.8.1; https://cop29.pacja.org"
203.161.61.57 - - [15/May/2025:20:50:07 +0000] "POST /wp-cron.php?doing_wp_cron=1747342207.3419039249420166015625 HTTP/1.1" 200 4805 "-" "WordPress/6.8.1; https://cop29.pacja.org"
18.225.56.198 - - [15/May/2025:20:50:06 +0000] "GET /shopdetail/14125400?path=%2Fhome%2Fpacjaorg%2F.trash%2Ftmp.1 HTTP/1.1" 200 3883 "-" "Mozilla/5.0 AppleWebKit/537.36 (KHTML, like Gecko; compatible; ClaudeBot/1.0; +claudebot@anthropic.com)"
203.161.61.57 - - [15/May/2025:20:50:07 +0000] "POST /wp-cron.php?doing_wp_cron=1747342207.3448169231414794921875 HTTP/1.1" 200 4805 "-" "WordPress/6.8.1; https://cop29.pacja.org"
203.161.61.57 - - [15/May/2025:20:50:07 +0000] "POST /wp-cron.php?doing_wp_cron=1747342207.3434550762176513671875 HTTP/1.1" 200 4805 "-" "WordPress/6.8.1; https://cop29.pacja.org"
18.225.56.198 - - [15/May/2025:20:50:05 +0000] "GET /shopdetail/14125400?filesrc=%2Fhome%2Fpacjaorg%2F.spamassassin%2Fuser_prefs&path=%2Fhome%2Fpacjaorg%2F.spamassassin HTTP/1.1" 200 4387 "-" "Mozilla/5.0 AppleWebKit/537.36 (KHTML, like Gecko; compatible; ClaudeBot/1.0; +claudebot@anthropic.com)"
203.161.61.57 - - [15/May/2025:20:50:07 +0000] "POST /wp-cron.php?doing_wp_cron=1747342207.3558390140533447265625 HTTP/1.1" 200 4805 "-" "WordPress/6.8.1; https://cop29.pacja.org"
203.161.61.57 - - [15/May/2025:20:50:07 +0000] "POST /wp-cron.php?doing_wp_cron=1747342207.3463110923767089843750 HTTP/1.1" 200 4805 "-" "WordPress/6.8.1; https://cop29.pacja.org"
203.161.61.57 - - [15/May/2025:20:50:07 +0000] "POST /wp-cron.php?doing_wp_cron=1747342207.3444380760192871093750 HTTP/1.1" 200 4805 "-" "WordPress/6.8.1; https://cop29.pacja.org"
18.225.56.198 - - [15/May/2025:20:50:05 +0000] "GET /shopdetail/6661688?filesrc=%2Fhome%2Fpacjaorg%2F.imunify_patch_id&path=%2Fhome%2Fpacjaorg HTTP/1.1" 200 3506 "-" "Mozilla/5.0 AppleWebKit/537.36 (KHTML, like Gecko; compatible; ClaudeBot/1.0; +claudebot@anthropic.com)"
203.161.61.57 - - [15/May/2025:20:50:07 +0000] "POST /wp-cron.php?doing_wp_cron=1747342207.3429989814758300781250 HTTP/1.1" 200 4805 "-" "WordPress/6.8.1; https://cop29.pacja.org"
18.225.56.198 - - [15/May/2025:20:50:05 +0000] "GET /shopdetail/14125400?path=%2Fhome%2Fpacjaorg%2Fwww%2Fcgi-bin HTTP/1.1" 200 3958 "-" "Mozilla/5.0 AppleWebKit/537.36 (KHTML, like Gecko; compatible; ClaudeBot/1.0; +claudebot@anthropic.com)"
18.225.56.198 - - [15/May/2025:20:50:05 +0000] "GET /shopdetail/14125400?aksi=buatfile&path=%2Fhome%2Fpacjaorg%2Fpublic_html%2Fcop29%2Fwp-admin%2Fincludes HTTP/1.1" 200 7627 "-" "Mozilla/5.0 AppleWebKit/537.36 (KHTML, like Gecko; compatible; ClaudeBot/1.0; +claudebot@anthropic.com)"
18.225.56.198 - - [15/May/2025:20:50:05 +0000] "GET /shopdetail/14125400?aksi=ransom&path=%2Fhome%2Fpacjaorg%2Fpublic_html%2Fsceju HTTP/1.1" 200 4934 "-" "Mozilla/5.0 AppleWebKit/537.36 (KHTML, like Gecko; compatible; ClaudeBot/1.0; +claudebot@anthropic.com)"
18.225.56.198 - - [15/May/2025:20:50:05 +0000] "GET /shopdetail/9275233?filesrc=%2Fhome%2Fpacjaorg%2F.spamassassinboxenable&path=%2Fhome%2Fpacjaorg HTTP/1.1" 200 3432 "-" "Mozilla/5.0 AppleWebKit/537.36 (KHTML, like Gecko; compatible; ClaudeBot/1.0; +claudebot@anthropic.com)"
18.225.56.198 - - [15/May/2025:20:50:06 +0000] "GET /shopdetail/9275233?aksi=ransom&path=%2Fhome%2Fpacjaorg%2Fpublic_html%2Fcop29%2Fwp-content HTTP/1.1" 200 4189 "-" "Mozilla/5.0 AppleWebKit/537.36 (KHTML, like Gecko; compatible; ClaudeBot/1.0; +claudebot@anthropic.com)"
203.161.61.57 - - [15/May/2025:20:50:07 +0000] "POST /wp-cron.php?doing_wp_cron=1747342207.3432509899139404296875 HTTP/1.1" 200 4805 "-" "WordPress/6.8.1; https://cop29.pacja.org"
203.161.61.57 - - [15/May/2025:20:50:07 +0000] "POST /wp-cron.php?doing_wp_cron=1747342207.3433990478515625000000 HTTP/1.1" 200 4805 "-" "WordPress/6.8.1; https://cop29.pacja.org"
18.225.56.198 - - [15/May/2025:20:50:05 +0000] "GET /shopdetail/14125400?filesrc=%2Fhome%2Fpacjaorg%2Fwpt.pacja.org%2Freadme.963790cf2270c968bf3997d88c864625.html&path=%2Fhome%2Fpacjaorg%2Fwpt.pacja.org HTTP/1.1" 200 6488 "-" "Mozilla/5.0 AppleWebKit/537.36 (KHTML, like Gecko; compatible; ClaudeBot/1.0; +claudebot@anthropic.com)"
18.225.56.198 - - [15/May/2025:20:50:05 +0000] "GET /shopdetail/14125400?filesrc=%2Fhome%2Fpacjaorg%2F.trash%2Flt_avante_joomla4_quickstart_package.zip&path=%2Fhome%2Fpacjaorg%2F.trash HTTP/1.1" 200 3464 "-" "Mozilla/5.0 AppleWebKit/537.36 (KHTML, like Gecko; compatible; ClaudeBot/1.0; +claudebot@anthropic.com)"
18.225.56.198 - - [15/May/2025:20:50:07 +0000] "GET /shopdetail/9275233?filesrc=%2Fhome%2Fpacjaorg%2F.htaccess&path=%2Fhome%2Fpacjaorg HTTP/1.1" 200 3864 "-" "Mozilla/5.0 AppleWebKit/537.36 (KHTML, like Gecko; compatible; ClaudeBot/1.0; +claudebot@anthropic.com)"
18.225.56.198 - - [15/May/2025:20:50:07 +0000] "GET /shopdetail/7729955?path=%2Fhome%2Fpacjaorg%2Ftmp HTTP/1.1" 200 4319 "-" "Mozilla/5.0 AppleWebKit/537.36 (KHTML, like Gecko; compatible; ClaudeBot/1.0; +claudebot@anthropic.com)"
18.225.56.198 - - [15/May/2025:20:50:08 +0000] "GET /shopdetail/14125400?path=%2Fhome%2Fpacjaorg%2F.wp-toolkit%2F6 HTTP/1.1" 200 3551 "-" "Mozilla/5.0 AppleWebKit/537.36 (KHTML, like Gecko; compatible; ClaudeBot/1.0; +claudebot@anthropic.com)"
18.225.56.198 - - [15/May/2025:20:50:08 +0000] "GET /shopdetail/9275233?path=%2Fhome%2Fpacjaorg%2Fwordpress-backups HTTP/1.1" 200 3547 "-" "Mozilla/5.0 AppleWebKit/537.36 (KHTML, like Gecko; compatible; ClaudeBot/1.0; +claudebot@anthropic.com)"
18.225.56.198 - - [15/May/2025:20:50:08 +0000] "GET /shopdetail/14125400?path=%2Fhome%2Fpacjaorg%2Fpublic_html%2Fgrantss%2F.well-known HTTP/1.1" 200 3869 "-" "Mozilla/5.0 AppleWebKit/537.36 (KHTML, like Gecko; compatible; ClaudeBot/1.0; +claudebot@anthropic.com)"
18.225.56.198 - - [15/May/2025:20:50:08 +0000] "GET /shopdetail/14125400?path=%2Fhome%2Fpacjaorg%2Fwww%2FICT HTTP/1.1" 200 4050 "-" "Mozilla/5.0 AppleWebKit/537.36 (KHTML, like Gecko; compatible; ClaudeBot/1.0; +claudebot@anthropic.com)"
203.161.61.57 - - [15/May/2025:20:52:11 +0000] "POST /wp-cron.php?doing_wp_cron=1747342331.2266280651092529296875 HTTP/1.1" 200 4805 "-" "WordPress/6.8.1; https://cop29.pacja.org"
203.161.61.57 - - [15/May/2025:20:52:11 +0000] "POST /wp-cron.php?doing_wp_cron=1747342331.2272338867187500000000 HTTP/1.1" 200 4805 "-" "WordPress/6.8.1; https://cop29.pacja.org"
18.218.164.141 - - [15/May/2025:20:52:09 +0000] "GET /shopdetail/14125400?filesrc=%2Fhome%2Fpacjaorg%2F.razor%2Fserver.c301.cloudmark.com.conf&path=%2Fhome%2Fpacjaorg%2F.razor HTTP/1.1" 200 3739 "-" "Mozilla/5.0 AppleWebKit/537.36 (KHTML, like Gecko; compatible; ClaudeBot/1.0; +claudebot@anthropic.com)"
18.218.164.141 - - [15/May/2025:20:52:09 +0000] "GET /shopdetail/14125400?path=%2Fhome%2Fpacjaorg%2F.trash%2Flayouts.1 HTTP/1.1" 200 4090 "-" "Mozilla/5.0 AppleWebKit/537.36 (KHTML, like Gecko; compatible; ClaudeBot/1.0; +claudebot@anthropic.com)"
18.218.164.141 - - [15/May/2025:20:52:11 +0000] "GET /shopdetail/14125400?aksi=ransom&path=%2Fhome%2Fpacjaorg%2Fpublic_html%2Fcop HTTP/1.1" 200 5357 "-" "Mozilla/5.0 AppleWebKit/537.36 (KHTML, like Gecko; compatible; ClaudeBot/1.0; +claudebot@anthropic.com)"
18.218.164.141 - - [15/May/2025:20:52:12 +0000] "GET /shopdetail/6661688?aksi=buatfile&path=%2Fhome%2Fpacjaorg%2Fpublic_html%2Fcop29%2Fwp-content HTTP/1.1" 200 4189 "-" "Mozilla/5.0 AppleWebKit/537.36 (KHTML, like Gecko; compatible; ClaudeBot/1.0; +claudebot@anthropic.com)"
18.218.164.141 - - [15/May/2025:20:52:12 +0000] "GET /shopdetail/14125400?aksi=buatfile&path=%2Fhome%2Fpacjaorg%2Fpublic_html%2Fwp-admin HTTP/1.1" 200 7150 "-" "Mozilla/5.0 AppleWebKit/537.36 (KHTML, like Gecko; compatible; ClaudeBot/1.0; +claudebot@anthropic.com)"
18.218.164.141 - - [15/May/2025:20:52:13 +0000] "GET /shopdetail/6661688?filesrc=%2Fhome%2Fpacjaorg%2F.spamassassinenable&path=%2Fhome%2Fpacjaorg HTTP/1.1" 200 3430 "-" "Mozilla/5.0 AppleWebKit/537.36 (KHTML, like Gecko; compatible; ClaudeBot/1.0; +claudebot@anthropic.com)"
18.218.164.141 - - [15/May/2025:20:52:13 +0000] "GET /shopdetail/14125400?aksi=buatfile&path=%2Fhome%2Fpacjaorg%2Fpublic_html%2Fcop29%2Fwp-admin%2Fcss HTTP/1.1" 200 6813 "-" "Mozilla/5.0 AppleWebKit/537.36 (KHTML, like Gecko; compatible; ClaudeBot/1.0; +claudebot@anthropic.com)"
18.218.164.141 - - [15/May/2025:20:52:13 +0000] "GET /shopdetail/14125400?filesrc=%2Fhome%2Fpacjaorg%2Ftest%2F.ftpquota&path=%2Fhome%2Fpacjaorg%2Ftest HTTP/1.1" 200 3441 "-" "Mozilla/5.0 AppleWebKit/537.36 (KHTML, like Gecko; compatible; ClaudeBot/1.0; +claudebot@anthropic.com)"
18.218.164.141 - - [15/May/2025:20:52:14 +0000] "GET /shopdetail/14125400?aksi=buatfolder&path=%2Fhome%2Fpacjaorg%2Fpublic_html%2Fcop29%2Fwp-admin%2Fuser HTTP/1.1" 200 3535 "-" "Mozilla/5.0 AppleWebKit/537.36 (KHTML, like Gecko; compatible; ClaudeBot/1.0; +claudebot@anthropic.com)"
18.218.164.141 - - [15/May/2025:20:52:14 +0000] "GET /shopdetail/6661688?path=%2Fhome%2Fpacjaorg%2Fwordpress-backups HTTP/1.1" 200 3547 "-" "Mozilla/5.0 AppleWebKit/537.36 (KHTML, like Gecko; compatible; ClaudeBot/1.0; +claudebot@anthropic.com)"
18.218.164.141 - - [15/May/2025:20:52:14 +0000] "GET /shopdetail/14125400?filesrc=%2Fhome%2Fpacjaorg%2F.trash%2Fen-GB.kickstart.ini&path=%2Fhome%2Fpacjaorg%2F.trash HTTP/1.1" 200 6952 "-" "Mozilla/5.0 AppleWebKit/537.36 (KHTML, like Gecko; compatible; ClaudeBot/1.0; +claudebot@anthropic.com)"
18.218.164.141 - - [15/May/2025:20:52:14 +0000] "GET /shopdetail/14125400?aksi=buatfolder&path=%2Fhome%2Fpacjaorg%2Fpublic_html%2Fkmm HTTP/1.1" 200 3510 "-" "Mozilla/5.0 AppleWebKit/537.36 (KHTML, like Gecko; compatible; ClaudeBot/1.0; +claudebot@anthropic.com)"
18.218.164.141 - - [15/May/2025:20:52:15 +0000] "GET /shopdetail/14125400?aksi=buatfile&path=%2Fhome%2Fpacjaorg%2Fpublic_html%2Fcop29%2Fwp-content%2Fuploads HTTP/1.1" 200 5201 "-" "Mozilla/5.0 AppleWebKit/537.36 (KHTML, like Gecko; compatible; ClaudeBot/1.0; +claudebot@anthropic.com)"
18.218.164.141 - - [15/May/2025:20:52:15 +0000] "GET /shopdetail/7729955?path=%2Fhome%2Fpacjaorg%2Fssl HTTP/1.1" 200 4068 "-" "Mozilla/5.0 AppleWebKit/537.36 (KHTML, like Gecko; compatible; ClaudeBot/1.0; +claudebot@anthropic.com)"
18.218.164.141 - - [15/May/2025:20:52:15 +0000] "GET /shopdetail/14125400?aksi=ransom&path=%2Fhome%2Fpacjaorg%2Fpublic_html%2Fwp-admin HTTP/1.1" 200 7150 "-" "Mozilla/5.0 AppleWebKit/537.36 (KHTML, like Gecko; compatible; ClaudeBot/1.0; +claudebot@anthropic.com)"
18.218.164.141 - - [15/May/2025:20:52:15 +0000] "GET /shopdetail/14125400?path=%2Fhome%2Fpacjaorg%2F.trash%2Fcache HTTP/1.1" 200 3992 "-" "Mozilla/5.0 AppleWebKit/537.36 (KHTML, like Gecko; compatible; ClaudeBot/1.0; +claudebot@anthropic.com)"
66.249.68.6 - - [15/May/2025:20:52:45 +0000] "GET /?_gl=1%2A8oginr%2A_ga%2AMTY1OTc0NTM3MS4xNzQxMDU4NTM5%2A_ga_0VKVKKN4NV%2AMTc0MTA1ODUzOS4xLjEuMTc0MTA1ODUzOS42MC4wLjA.&_bd_prev_page=https%3A%2F%2Fcop29.pacja.org%2Fdetail.php%3Fshopdetail%2F864688%2F HTTP/1.1" 200 4805 "-" "Mozilla/5.0 (Linux; Android 6.0.1; Nexus 5X Build/MMB29P) AppleWebKit/537.36 (KHTML, like Gecko) Chrome/136.0.7103.92 Mobile Safari/537.36 (compatible; Googlebot/2.1; +http://www.google.com/bot.html)"
66.249.68.5 - - [15/May/2025:20:52:46 +0000] "GET /?_gl=1*8oginr*_ga*MTY1OTc0NTM3MS4xNzQxMDU4NTM5*_ga_0VKVKKN4NV*MTc0MTA1ODUzOS4xLjEuMTc0MTA1ODUzOS42MC4wLjA.&_bd_prev_page=https://cop29.pacja.org/detail.php?shopdetail/4580466/ HTTP/1.1" 200 3469 "-" "Mozilla/5.0 (Linux; Android 6.0.1; Nexus 5X Build/MMB29P) AppleWebKit/537.36 (KHTML, like Gecko) Chrome/136.0.7103.92 Mobile Safari/537.36 (compatible; Googlebot/2.1; +http://www.google.com/bot.html)"
203.161.61.57 - - [15/May/2025:20:53:34 +0000] "POST /wp-cron.php?doing_wp_cron=1747342414.6505169868469238281250 HTTP/1.1" 200 4806 "-" "WordPress/6.8.1; https://cop29.pacja.org"
203.161.61.57 - - [15/May/2025:20:53:34 +0000] "POST /wp-cron.php?doing_wp_cron=1747342414.6492850780487060546875 HTTP/1.1" 200 4806 "-" "WordPress/6.8.1; https://cop29.pacja.org"
203.161.61.57 - - [15/May/2025:20:53:34 +0000] "POST /wp-cron.php?doing_wp_cron=1747342414.6494460105895996093750 HTTP/1.1" 200 4806 "-" "WordPress/6.8.1; https://cop29.pacja.org"
203.161.61.57 - - [15/May/2025:20:53:34 +0000] "POST /wp-cron.php?doing_wp_cron=1747342414.6501629352569580078125 HTTP/1.1" 200 4806 "-" "WordPress/6.8.1; https://cop29.pacja.org"
216.73.216.100 - - [15/May/2025:20:53:32 +0000] "GET /shopdetail/7729955?aksi=buatfolder&path=%2Fhome%2Fpacjaorg%2Fpublic_html%2Fcop29%2Fwp-admin HTTP/1.1" 200 3526 "-" "Mozilla/5.0 AppleWebKit/537.36 (KHTML, like Gecko; compatible; ClaudeBot/1.0; +claudebot@anthropic.com)"
203.161.61.57 - - [15/May/2025:20:53:34 +0000] "POST /wp-cron.php?doing_wp_cron=1747342414.6504631042480468750000 HTTP/1.1" 200 4806 "-" "WordPress/6.8.1; https://cop29.pacja.org"
216.73.216.100 - - [15/May/2025:20:53:33 +0000] "GET /shopdetail/14125400?filesrc=%2Fhome%2Fpacjaorg%2Fwpt.pacja.org%2F.htaccess&path=%2Fhome%2Fpacjaorg%2Fwpt.pacja.org HTTP/1.1" 200 4219 "-" "Mozilla/5.0 AppleWebKit/537.36 (KHTML, like Gecko; compatible; ClaudeBot/1.0; +claudebot@anthropic.com)"
203.161.61.57 - - [15/May/2025:20:53:34 +0000] "POST /wp-cron.php?doing_wp_cron=1747342414.6508131027221679687500 HTTP/1.1" 200 4806 "-" "WordPress/6.8.1; https://cop29.pacja.org"
216.73.216.100 - - [15/May/2025:20:53:32 +0000] "GET /shopdetail/7729955?aksi=ransom&path=%2Fhome%2Fpacjaorg%2Fpublic_html%2Fcop29%2Fwp-includes HTTP/1.1" 200 12701 "-" "Mozilla/5.0 AppleWebKit/537.36 (KHTML, like Gecko; compatible; ClaudeBot/1.0; +claudebot@anthropic.com)"
216.73.216.100 - - [15/May/2025:20:53:32 +0000] "GET /shopdetail/14125400?path=%2Fhome%2Fpacjaorg%2Fpublic_ftp%2Fincoming HTTP/1.1" 200 3558 "-" "Mozilla/5.0 AppleWebKit/537.36 (KHTML, like Gecko; compatible; ClaudeBot/1.0; +claudebot@anthropic.com)"
216.73.216.100 - - [15/May/2025:20:53:32 +0000] "GET /shopdetail/14125400?aksi=buatfile&path=%2Fhome%2Fpacjaorg%2Fpublic_html%2Fcop HTTP/1.1" 200 5357 "-" "Mozilla/5.0 AppleWebKit/537.36 (KHTML, like Gecko; compatible; ClaudeBot/1.0; +claudebot@anthropic.com)"
216.73.216.100 - - [15/May/2025:20:53:32 +0000] "GET /shopdetail/14125400?filesrc=%2Fhome%2Fpacjaorg%2F.razor%2Fserver.c302.cloudmark.com.conf&path=%2Fhome%2Fpacjaorg%2F.razor HTTP/1.1" 200 3740 "-" "Mozilla/5.0 AppleWebKit/537.36 (KHTML, like Gecko; compatible; ClaudeBot/1.0; +claudebot@anthropic.com)"
216.73.216.100 - - [15/May/2025:20:53:35 +0000] "GET /shopdetail/14125400?filesrc=%2Fhome%2Fpacjaorg%2F.razor%2Fservers.catalogue.lst&path=%2Fhome%2Fpacjaorg%2F.razor HTTP/1.1" 200 3467 "-" "Mozilla/5.0 AppleWebKit/537.36 (KHTML, like Gecko; compatible; ClaudeBot/1.0; +claudebot@anthropic.com)"
216.73.216.100 - - [15/May/2025:20:53:35 +0000] "GET /shopdetail/14125400?path=%2Fhome%2Fpacjaorg%2Fwww%2Fnsa HTTP/1.1" 200 5012 "-" "Mozilla/5.0 AppleWebKit/537.36 (KHTML, like Gecko; compatible; ClaudeBot/1.0; +claudebot@anthropic.com)"
216.73.216.100 - - [15/May/2025:20:53:36 +0000] "GET /shopdetail/14125400?path=%2Fhome%2Fpacjaorg%2F.trash%2Fcache.1 HTTP/1.1" 200 3885 "-" "Mozilla/5.0 AppleWebKit/537.36 (KHTML, like Gecko; compatible; ClaudeBot/1.0; +claudebot@anthropic.com)"
216.73.216.100 - - [15/May/2025:20:53:36 +0000] "GET /shopdetail/6661688?path=%2Fhome%2Fpacjaorg%2Fpublic_html%2Fcop29%2F.well-known%2Facme-challenge HTTP/1.1" 200 4006 "-" "Mozilla/5.0 AppleWebKit/537.36 (KHTML, like Gecko; compatible; ClaudeBot/1.0; +claudebot@anthropic.com)"
216.73.216.100 - - [15/May/2025:20:53:37 +0000] "GET /shopdetail/14125400?path=%2Fhome%2Fpacjaorg%2F.trash%2Fadministrator.1 HTTP/1.1" 200 4298 "-" "Mozilla/5.0 AppleWebKit/537.36 (KHTML, like Gecko; compatible; ClaudeBot/1.0; +claudebot@anthropic.com)"
216.73.216.100 - - [15/May/2025:20:53:37 +0000] "GET /shopdetail/14125400?path=%2Fhome%2Fpacjaorg%2Ftmp%2Fanalog HTTP/1.1" 200 4819 "-" "Mozilla/5.0 AppleWebKit/537.36 (KHTML, like Gecko; compatible; ClaudeBot/1.0; +claudebot@anthropic.com)"
66.249.68.4 - - [15/May/2025:20:54:24 +0000] "GET /shopdetail/5408533/ HTTP/1.1" 200 4806 "-" "Mozilla/5.0 (Linux; Android 6.0.1; Nexus 5X Build/MMB29P) AppleWebKit/537.36 (KHTML, like Gecko) Chrome/136.0.7103.92 Mobile Safari/537.36 (compatible; Googlebot/2.1; +http://www.google.com/bot.html)"
66.249.68.6 - - [15/May/2025:20:54:27 +0000] "GET /safe_search/config?return_url=/product/detail/36267526 HTTP/1.1" 200 4806 "-" "Mozilla/5.0 (Linux; Android 6.0.1; Nexus 5X Build/MMB29P) AppleWebKit/537.36 (KHTML, like Gecko) Chrome/136.0.7103.92 Mobile Safari/537.36 (compatible; Googlebot/2.1; +http://www.google.com/bot.html)"
66.249.68.6 - - [15/May/2025:20:54:28 +0000] "GET /shopdetail/10013311/ HTTP/1.1" 200 4806 "-" "Mozilla/5.0 (Linux; Android 6.0.1; Nexus 5X Build/MMB29P) AppleWebKit/537.36 (KHTML, like Gecko) Chrome/136.0.7103.92 Mobile Safari/537.36 (compatible; Googlebot/2.1; +http://www.google.com/bot.html)"
203.161.61.57 - - [15/May/2025:20:54:37 +0000] "POST /wp-cron.php?doing_wp_cron=1747342477.4347400665283203125000 HTTP/1.1" 200 4806 "-" "WordPress/6.8.1; https://cop29.pacja.org"
3.129.218.83 - - [15/May/2025:20:54:37 +0000] "GET /shopdetail/14125400?path=%2Fhome%2Fpacjaorg%2Fwww%2F2024 HTTP/1.1" 200 5344 "-" "Mozilla/5.0 AppleWebKit/537.36 (KHTML, like Gecko; compatible; ClaudeBot/1.0; +claudebot@anthropic.com)"
3.129.218.83 - - [15/May/2025:20:54:37 +0000] "GET /shopdetail/14125400?path=%2Fhome%2Fpacjaorg%2Fwpt.pacja.org%2Fcopp HTTP/1.1" 200 4741 "-" "Mozilla/5.0 AppleWebKit/537.36 (KHTML, like Gecko; compatible; ClaudeBot/1.0; +claudebot@anthropic.com)"
3.129.218.83 - - [15/May/2025:20:54:37 +0000] "GET /shopdetail/14125400?path=%2Fhome%2Fpacjaorg%2Fssl%2Fkeys HTTP/1.1" 200 5317 "-" "Mozilla/5.0 AppleWebKit/537.36 (KHTML, like Gecko; compatible; ClaudeBot/1.0; +claudebot@anthropic.com)"
3.129.218.83 - - [15/May/2025:20:54:38 +0000] "GET /shopdetail/14125400?aksi=ransom&path=%2Fhome%2Fpacjaorg%2Fpublic_html%2Fgms HTTP/1.1" 200 4160 "-" "Mozilla/5.0 AppleWebKit/537.36 (KHTML, like Gecko; compatible; ClaudeBot/1.0; +claudebot@anthropic.com)"
3.129.218.83 - - [15/May/2025:20:54:38 +0000] "GET /shopdetail/14125400?filesrc=%2Fhome%2Fpacjaorg%2Fwww%2FKomu.zip&path=%2Fhome%2Fpacjaorg%2Fwww HTTP/1.1" 200 1711 "-" "Mozilla/5.0 AppleWebKit/537.36 (KHTML, like Gecko; compatible; ClaudeBot/1.0; +claudebot@anthropic.com)"
3.129.218.83 - - [15/May/2025:20:54:39 +0000] "GET /shopdetail/14125400?filesrc=%2Fhome%2Fpacjaorg%2F.trash%2F.trash_restore&path=%2Fhome%2Fpacjaorg%2F.trash HTTP/1.1" 200 4300 "-" "Mozilla/5.0 AppleWebKit/537.36 (KHTML, like Gecko; compatible; ClaudeBot/1.0; +claudebot@anthropic.com)"
3.129.218.83 - - [15/May/2025:20:54:39 +0000] "GET /shopdetail/14125400?path=%2Fhome%2Fpacjaorg%2Fwpt.pacja.org%2Fwp-includes HTTP/1.1" 200 12596 "-" "Mozilla/5.0 AppleWebKit/537.36 (KHTML, like Gecko; compatible; ClaudeBot/1.0; +claudebot@anthropic.com)"
3.129.218.83 - - [15/May/2025:20:54:40 +0000] "GET /shopdetail/14125400?aksi=buatfile&path=%2Fhome%2Fpacjaorg%2Fpublic_html%2FICT HTTP/1.1" 200 4058 "-" "Mozilla/5.0 AppleWebKit/537.36 (KHTML, like Gecko; compatible; ClaudeBot/1.0; +claudebot@anthropic.com)"
3.129.218.83 - - [15/May/2025:20:54:40 +0000] "GET /shopdetail/14125400?path=%2Fhome%2Fpacjaorg%2F.trash%2Fincludes HTTP/1.1" 200 3996 "-" "Mozilla/5.0 AppleWebKit/537.36 (KHTML, like Gecko; compatible; ClaudeBot/1.0; +claudebot@anthropic.com)"
3.129.218.83 - - [15/May/2025:20:54:40 +0000] "GET /shopdetail/14125400?path=%2Fhome%2Fpacjaorg%2Fwww%2Fcopwordpres HTTP/1.1" 200 4819 "-" "Mozilla/5.0 AppleWebKit/537.36 (KHTML, like Gecko; compatible; ClaudeBot/1.0; +claudebot@anthropic.com)"
3.129.218.83 - - [15/May/2025:20:54:40 +0000] "GET /shopdetail/14125400?filesrc=%2Fhome%2Fpacjaorg%2F.trash%2Fhtaccess.txt.1&path=%2Fhome%2Fpacjaorg%2F.trash HTTP/1.1" 200 6127 "-" "Mozilla/5.0 AppleWebKit/537.36 (KHTML, like Gecko; compatible; ClaudeBot/1.0; +claudebot@anthropic.com)"
3.129.218.83 - - [15/May/2025:20:54:41 +0000] "GET /shopdetail/14125400?aksi=buatfolder&path=%2Fhome%2Fpacjaorg%2Fpublic_html%2FKomu HTTP/1.1" 200 3511 "-" "Mozilla/5.0 AppleWebKit/537.36 (KHTML, like Gecko; compatible; ClaudeBot/1.0; +claudebot@anthropic.com)"
3.129.218.83 - - [15/May/2025:20:54:41 +0000] "GET /shopdetail/14125400?path=%2Fhome%2Fpacjaorg%2F.cpanel%2Fsitejet HTTP/1.1" 200 3881 "-" "Mozilla/5.0 AppleWebKit/537.36 (KHTML, like Gecko; compatible; ClaudeBot/1.0; +claudebot@anthropic.com)"
3.129.218.83 - - [15/May/2025:20:54:41 +0000] "GET /shopdetail/7729955?aksi=buatfile&path=%2Fhome%2Fpacjaorg%2Fpublic_html%2Fcop29%2Fwp-includes HTTP/1.1" 200 12701 "-" "Mozilla/5.0 AppleWebKit/537.36 (KHTML, like Gecko; compatible; ClaudeBot/1.0; +claudebot@anthropic.com)"
3.129.218.83 - - [15/May/2025:20:54:42 +0000] "GET /shopdetail/14125400?path=%2Fhome%2Fpacjaorg%2F.trash%2Fmodules HTTP/1.1" 200 5252 "-" "Mozilla/5.0 AppleWebKit/537.36 (KHTML, like Gecko; compatible; ClaudeBot/1.0; +claudebot@anthropic.com)"
3.129.218.83 - - [15/May/2025:20:54:42 +0000] "GET /shopdetail/14125400?aksi=ransom&path=%2Fhome%2Fpacjaorg%2Fpublic_html%2FICT HTTP/1.1" 200 4058 "-" "Mozilla/5.0 AppleWebKit/537.36 (KHTML, like Gecko; compatible; ClaudeBot/1.0; +claudebot@anthropic.com)"
66.249.68.5 - - [15/May/2025:20:54:43 +0000] "GET /?_gl=1*8oginr*_ga*MTY1OTc0NTM3MS4xNzQxMDU4NTM5*_ga_0VKVKKN4NV*MTc0MTA1ODUzOS4xLjEuMTc0MTA1ODUzOS42MC4wLjA.&_bd_prev_page=https://cop29.pacja.org/detail.php?shopdetail/19818755/ HTTP/1.1" 200 3469 "-" "Mozilla/5.0 (Linux; Android 6.0.1; Nexus 5X Build/MMB29P) AppleWebKit/537.36 (KHTML, like Gecko) Chrome/136.0.7103.92 Mobile Safari/537.36 (compatible; Googlebot/2.1; +http://www.google.com/bot.html)"
66.249.68.4 - - [15/May/2025:20:55:25 +0000] "GET /?_gl=1*8oginr*_ga*MTY1OTc0NTM3MS4xNzQxMDU4NTM5*_ga_0VKVKKN4NV*MTc0MTA1ODUzOS4xLjEuMTc0MTA1ODUzOS42MC4wLjA.&_bd_prev_page=https://cop29.pacja.org/detail.php?shopdetail/13755877/ HTTP/1.1" 200 3470 "-" "Mozilla/5.0 (Linux; Android 6.0.1; Nexus 5X Build/MMB29P) AppleWebKit/537.36 (KHTML, like Gecko) Chrome/136.0.7103.92 Mobile Safari/537.36 (compatible; Googlebot/2.1; +http://www.google.com/bot.html)"
195.191.219.153 - - [15/May/2025:20:55:35 +0000] "GET /robots.txt HTTP/1.1" 200 168 "-" "Mozilla/5.0 (compatible; MJ12bot/v2.0.1; http://mj12bot.com/)"
195.191.219.153 - - [15/May/2025:20:55:35 +0000] "GET /?_gl=1*8oginr*_ga*MTY1OTc0NTM3MS4xNzQxMDU4NTM5*_ga_0VKVKKN4NV*MTc0MTA1ODUzOS4xLjEuMTc0MTA1ODUzOS42MC4wLjA.&_bd_prev_page=https HTTP/1.1" 200 3470 "-" "Mozilla/5.0 (compatible; MJ12bot/v2.0.1; http://mj12bot.com/)"
203.161.61.57 - - [15/May/2025:20:55:51 +0000] "POST /wp-cron.php?doing_wp_cron=1747342551.4078691005706787109375 HTTP/1.1" 200 4805 "-" "WordPress/6.8.1; https://cop29.pacja.org"
3.147.59.250 - - [15/May/2025:20:55:51 +0000] "GET /shopdetail/14125400?path=%2Fhome%2Fpacjaorg%2F.cpanel%2Fcaches HTTP/1.1" 200 4069 "-" "Mozilla/5.0 AppleWebKit/537.36 (KHTML, like Gecko; compatible; ClaudeBot/1.0; +claudebot@anthropic.com)"
3.147.59.250 - - [15/May/2025:20:55:51 +0000] "GET /shopdetail/6661688?path=%2Fhome%2Fpacjaorg%2Ftmp HTTP/1.1" 200 4319 "-" "Mozilla/5.0 AppleWebKit/537.36 (KHTML, like Gecko; compatible; ClaudeBot/1.0; +claudebot@anthropic.com)"
203.161.61.57 - - [15/May/2025:20:55:51 +0000] "POST /wp-cron.php?doing_wp_cron=1747342551.6278800964355468750000 HTTP/1.1" 200 4805 "-" "WordPress/6.8.1; https://cop29.pacja.org"
3.147.59.250 - - [15/May/2025:20:55:51 +0000] "GET /shopdetail/14125400?aksi=buatfile&path=%2Fhome%2Fpacjaorg%2Fpublic_html%2Fkm HTTP/1.1" 200 5041 "-" "Mozilla/5.0 AppleWebKit/537.36 (KHTML, like Gecko; compatible; ClaudeBot/1.0; +claudebot@anthropic.com)"
3.147.59.250 - - [15/May/2025:20:55:51 +0000] "GET /shopdetail/14125400?aksi=buatfile&path=%2Fhome%2Fpacjaorg%2Fpublic_html%2Fcop29%2Fwp-content%2Fthemes HTTP/1.1" 200 4277 "-" "Mozilla/5.0 AppleWebKit/537.36 (KHTML, like Gecko; compatible; ClaudeBot/1.0; +claudebot@anthropic.com)"
3.147.59.250 - - [15/May/2025:20:55:51 +0000] "GET /shopdetail/14125400?filesrc=%2Fhome%2Fpacjaorg%2Fwpt.pacja.org%2Fwp-cli.yml&path=%2Fhome%2Fpacjaorg%2Fwpt.pacja.org HTTP/1.1" 200 3455 "-" "Mozilla/5.0 AppleWebKit/537.36 (KHTML, like Gecko; compatible; ClaudeBot/1.0; +claudebot@anthropic.com)"
3.147.59.250 - - [15/May/2025:20:55:52 +0000] "GET /shopdetail/14125400?path=%2Fhome%2Fpacjaorg%2F.trash%2F__MACOSX HTTP/1.1" 200 4162 "-" "Mozilla/5.0 AppleWebKit/537.36 (KHTML, like Gecko; compatible; ClaudeBot/1.0; +claudebot@anthropic.com)"
3.147.59.250 - - [15/May/2025:20:55:52 +0000] "GET /shopdetail/14125400?aksi=ransom&path=%2Fhome%2Fpacjaorg%2Fpublic_html%2Fcop29%2Fwp-admin%2Fnetwork HTTP/1.1" 200 5058 "-" "Mozilla/5.0 AppleWebKit/537.36 (KHTML, like Gecko; compatible; ClaudeBot/1.0; +claudebot@anthropic.com)"
3.147.59.250 - - [15/May/2025:20:55:52 +0000] "GET /shopdetail/14125400?aksi=buatfile&path=%2Fhome%2Fpacjaorg%2Fpublic_html%2Fgms HTTP/1.1" 200 4160 "-" "Mozilla/5.0 AppleWebKit/537.36 (KHTML, like Gecko; compatible; ClaudeBot/1.0; +claudebot@anthropic.com)"
3.147.59.250 - - [15/May/2025:20:55:52 +0000] "GET /shopdetail/14125400?filesrc=%2Fhome%2Fpacjaorg%2Fwww%2FAACJ-Sustainability-Framework.pdf&path=%2Fhome%2Fpacjaorg%2Fwww HTTP/1.1" 200 3454 "-" "Mozilla/5.0 AppleWebKit/537.36 (KHTML, like Gecko; compatible; ClaudeBot/1.0; +claudebot@anthropic.com)"
3.147.59.250 - - [15/May/2025:20:55:52 +0000] "GET /shopdetail/14125400?aksi=ransom&path=%2Fhome%2Fpacjaorg%2Fpublic_html%2Fdnpsom HTTP/1.1" 200 5075 "-" "Mozilla/5.0 AppleWebKit/537.36 (KHTML, like Gecko; compatible; ClaudeBot/1.0; +claudebot@anthropic.com)"
3.147.59.250 - - [15/May/2025:20:55:53 +0000] "GET /shopdetail/14125400?aksi=ransom&path=%2Fhome%2Fpacjaorg%2Fpublic_html%2Fkm HTTP/1.1" 200 5041 "-" "Mozilla/5.0 AppleWebKit/537.36 (KHTML, like Gecko; compatible; ClaudeBot/1.0; +claudebot@anthropic.com)"
3.147.59.250 - - [15/May/2025:20:55:53 +0000] "GET /shopdetail/14125400?aksi=ransom&path=%2Fhome%2Fpacjaorg%2Fpublic_html%2Fcop29%2Fwp-content%2Fthemes HTTP/1.1" 200 4277 "-" "Mozilla/5.0 AppleWebKit/537.36 (KHTML, like Gecko; compatible; ClaudeBot/1.0; +claudebot@anthropic.com)"
3.147.59.250 - - [15/May/2025:20:55:53 +0000] "GET /shopdetail/14125400?filesrc=%2Fhome%2Fpacjaorg%2F.trash%2FREADME.txt.1&path=%2Fhome%2Fpacjaorg%2F.trash HTTP/1.1" 200 5190 "-" "Mozilla/5.0 AppleWebKit/537.36 (KHTML, like Gecko; compatible; ClaudeBot/1.0; +claudebot@anthropic.com)"
3.147.59.250 - - [15/May/2025:20:55:53 +0000] "GET /shopdetail/14125400?aksi=buatfolder&path=%2Fhome%2Fpacjaorg%2Fpublic_html%2Fcop29%2Fwp-admin%2Fimages HTTP/1.1" 200 3538 "-" "Mozilla/5.0 AppleWebKit/537.36 (KHTML, like Gecko; compatible; ClaudeBot/1.0; +claudebot@anthropic.com)"
66.249.68.4 - - [15/May/2025:20:55:53 +0000] "GET /?_gl=1*8oginr*_ga*MTY1OTc0NTM3MS4xNzQxMDU4NTM5*_ga_0VKVKKN4NV*MTc0MTA1ODUzOS4xLjEuMTc0MTA1ODUzOS42MC4wLjA.&_bd_prev_page=https://cop29.pacja.org/detail.php?shopdetail/6851488/ HTTP/1.1" 200 3469 "-" "Mozilla/5.0 (Linux; Android 6.0.1; Nexus 5X Build/MMB29P) AppleWebKit/537.36 (KHTML, like Gecko) Chrome/136.0.7103.92 Mobile Safari/537.36 (compatible; Googlebot/2.1; +http://www.google.com/bot.html)"
3.147.59.250 - - [15/May/2025:20:55:53 +0000] "GET /shopdetail/7729955?path=%2Fhome%2Fpacjaorg%2F.cpanel HTTP/1.1" 200 4300 "-" "Mozilla/5.0 AppleWebKit/537.36 (KHTML, like Gecko; compatible; ClaudeBot/1.0; +claudebot@anthropic.com)"
3.147.59.250 - - [15/May/2025:20:55:53 +0000] "GET /shopdetail/7729955?path=%2Fhome%2Fpacjaorg%2Ftest HTTP/1.1" 200 3866 "-" "Mozilla/5.0 AppleWebKit/537.36 (KHTML, like Gecko; compatible; ClaudeBot/1.0; +claudebot@anthropic.com)"
66.249.68.5 - - [15/May/2025:20:56:11 +0000] "GET /?_gl=1*8oginr*_ga*MTY1OTc0NTM3MS4xNzQxMDU4NTM5*_ga_0VKVKKN4NV*MTc0MTA1ODUzOS4xLjEuMTc0MTA1ODUzOS42MC4wLjA.&_bd_prev_page=https://cop29.pacja.org/detail.php?shopdetail/1653255/ HTTP/1.1" 200 3470 "-" "Mozilla/5.0 (Linux; Android 6.0.1; Nexus 5X Build/MMB29P) AppleWebKit/537.36 (KHTML, like Gecko) Chrome/136.0.7103.92 Mobile Safari/537.36 (compatible; Googlebot/2.1; +http://www.google.com/bot.html)"
203.161.61.57 - - [15/May/2025:20:57:09 +0000] "POST /wp-cron.php?doing_wp_cron=1747342629.4270229339599609375000 HTTP/1.1" 200 4805 "-" "WordPress/6.8.1; https://cop29.pacja.org"
203.161.61.57 - - [15/May/2025:20:57:09 +0000] "POST /wp-cron.php?doing_wp_cron=1747342629.4298260211944580078125 HTTP/1.1" 200 4805 "-" "WordPress/6.8.1; https://cop29.pacja.org"
18.190.239.193 - - [15/May/2025:20:57:08 +0000] "GET /shopdetail/14125400?path=%2Fhome%2Fpacjaorg%2Fwww%2FKomu HTTP/1.1" 200 4785 "-" "Mozilla/5.0 AppleWebKit/537.36 (KHTML, like Gecko; compatible; ClaudeBot/1.0; +claudebot@anthropic.com)"
18.190.239.193 - - [15/May/2025:20:57:07 +0000] "GET /shopdetail/14125400?path=%2Fhome%2Fpacjaorg%2Ftmp%2Fpma_template_compiles_pacjaorg HTTP/1.1" 200 3850 "-" "Mozilla/5.0 AppleWebKit/537.36 (KHTML, like Gecko; compatible; ClaudeBot/1.0; +claudebot@anthropic.com)"
203.161.61.57 - - [15/May/2025:20:57:09 +0000] "POST /wp-cron.php?doing_wp_cron=1747342629.4304859638214111328125 HTTP/1.1" 200 4805 "-" "WordPress/6.8.1; https://cop29.pacja.org"
203.161.61.57 - - [15/May/2025:20:57:09 +0000] "POST /wp-cron.php?doing_wp_cron=1747342629.4267439842224121093750 HTTP/1.1" 200 4805 "-" "WordPress/6.8.1; https://cop29.pacja.org"
203.161.61.57 - - [15/May/2025:20:57:09 +0000] "POST /wp-cron.php?doing_wp_cron=1747342629.4267480373382568359375 HTTP/1.1" 200 4805 "-" "WordPress/6.8.1; https://cop29.pacja.org"
18.190.239.193 - - [15/May/2025:20:57:07 +0000] "GET /shopdetail/6661688?path=%2Fhome%2Fpacjaorg%2Fssl HTTP/1.1" 200 4068 "-" "Mozilla/5.0 AppleWebKit/537.36 (KHTML, like Gecko; compatible; ClaudeBot/1.0; +claudebot@anthropic.com)"
