203.161.61.57 - - [15/May/2025:19:16:21 +0000] "POST /wp-cron.php?doing_wp_cron=1747336581.3076300621032714843750 HTTP/1.1" 200 4804 "-" "WordPress/6.8.1; https://cop29.pacja.org"
203.161.61.57 - - [15/May/2025:19:16:21 +0000] "POST /wp-cron.php?doing_wp_cron=1747336581.3066821098327636718750 HTTP/1.1" 200 4804 "-" "WordPress/6.8.1; https://cop29.pacja.org"
203.161.61.57 - - [15/May/2025:19:16:21 +0000] "POST /wp-cron.php?doing_wp_cron=1747336581.3079969882965087890625 HTTP/1.1" 200 4804 "-" "WordPress/6.8.1; https://cop29.pacja.org"
203.161.61.57 - - [15/May/2025:19:16:21 +0000] "POST /wp-cron.php?doing_wp_cron=1747336581.3083879947662353515625 HTTP/1.1" 200 4804 "-" "WordPress/6.8.1; https://cop29.pacja.org"
216.73.216.152 - - [15/May/2025:19:16:20 +0000] "GET /shopdetail/7729955?filesrc=%2Fhome%2Fpacjaorg%2Fpublic_html%2Fcop29%2Fwp-admin%2Fcomment.php&path=%2Fhome%2Fpacjaorg%2Fpublic_html%2Fcop29%2Fwp-admin HTTP/1.1" 200 6742 "-" "Mozilla/5.0 AppleWebKit/537.36 (KHTML, like Gecko; compatible; ClaudeBot/1.0; +claudebot@anthropic.com)"
203.161.61.57 - - [15/May/2025:19:16:21 +0000] "POST /wp-cron.php?doing_wp_cron=1747336581.3066840171813964843750 HTTP/1.1" 200 4804 "-" "WordPress/6.8.1; https://cop29.pacja.org"
216.73.216.152 - - [15/May/2025:19:16:20 +0000] "GET /shopdetail/7729955?filesrc=%2Fhome%2Fpacjaorg%2Fpublic_html%2Fcop29%2Fwp-includes%2Ftheme-previews.php&path=%2Fhome%2Fpacjaorg%2Fpublic_html%2Fcop29%2Fwp-includes HTTP/1.1" 200 4549 "-" "Mozilla/5.0 AppleWebKit/537.36 (KHTML, like Gecko; compatible; ClaudeBot/1.0; +claudebot@anthropic.com)"
216.73.216.152 - - [15/May/2025:19:16:19 +0000] "GET /shopdetail/14125400?filesrc=%2Fhome%2Fpacjaorg%2Fpublic_html%2Fcop29%2Fwp-admin%2Fincludes%2Fupgrade.php&path=%2Fhome%2Fpacjaorg%2Fpublic_html%2Fcop29%2Fwp-admin%2Fincludes HTTP/1.1" 200 30993 "-" "Mozilla/5.0 AppleWebKit/537.36 (KHTML, like Gecko; compatible; ClaudeBot/1.0; +claudebot@anthropic.com)"
216.73.216.152 - - [15/May/2025:19:16:20 +0000] "GET /shopdetail/6661688?filesrc=%2Fhome%2Fpacjaorg%2Fpublic_html%2Fcop29%2Fwp-admin%2Fedit-comments.php&path=%2Fhome%2Fpacjaorg%2Fpublic_html%2Fcop29%2Fwp-admin HTTP/1.1" 200 7554 "-" "Mozilla/5.0 AppleWebKit/537.36 (KHTML, like Gecko; compatible; ClaudeBot/1.0; +claudebot@anthropic.com)"
216.73.216.152 - - [15/May/2025:19:16:20 +0000] "GET /shopdetail/7729955?filesrc=%2Fhome%2Fpacjaorg%2Fpublic_html%2Fcop29%2Fwp-admin%2Fadmin-footer.php&path=%2Fhome%2Fpacjaorg%2Fpublic_html%2Fcop29%2Fwp-admin HTTP/1.1" 200 4494 "-" "Mozilla/5.0 AppleWebKit/537.36 (KHTML, like Gecko; compatible; ClaudeBot/1.0; +claudebot@anthropic.com)"
216.73.216.152 - - [15/May/2025:19:16:19 +0000] "GET /shopdetail/9275233?filesrc=%2Fhome%2Fpacjaorg%2Fpublic_html%2Fcop29%2Fwp-includes%2Fcomment-template.php&path=%2Fhome%2Fpacjaorg%2Fpublic_html%2Fcop29%2Fwp-includes HTTP/1.1" 200 24139 "-" "Mozilla/5.0 AppleWebKit/537.36 (KHTML, like Gecko; compatible; ClaudeBot/1.0; +claudebot@anthropic.com)"
216.73.216.152 - - [15/May/2025:19:16:21 +0000] "GET /shopdetail/14125400?filesrc=%2Fhome%2Fpacjaorg%2Fpublic_html%2Fcopwordpres%2Fwp-comments-post.php&path=%2Fhome%2Fpacjaorg%2Fpublic_html%2Fcopwordpres HTTP/1.1" 200 4493 "-" "Mozilla/5.0 AppleWebKit/537.36 (KHTML, like Gecko; compatible; ClaudeBot/1.0; +claudebot@anthropic.com)"
216.73.216.152 - - [15/May/2025:19:16:22 +0000] "GET /shopdetail/6661688?filesrc=%2Fhome%2Fpacjaorg%2Fpublic_html%2Fcop29%2Fwp-admin%2Fuser-edit.php&path=%2Fhome%2Fpacjaorg%2Fpublic_html%2Fcop29%2Fwp-admin HTTP/1.1" 200 13930 "-" "Mozilla/5.0 AppleWebKit/537.36 (KHTML, like Gecko; compatible; ClaudeBot/1.0; +claudebot@anthropic.com)"
216.73.216.152 - - [15/May/2025:19:16:22 +0000] "GET /shopdetail/6661688?filesrc=%2Fhome%2Fpacjaorg%2Fpublic_html%2Fcop29%2Fwp-admin%2Fsetup-config.php&path=%2Fhome%2Fpacjaorg%2Fpublic_html%2Fcop29%2Fwp-admin HTTP/1.1" 200 9281 "-" "Mozilla/5.0 AppleWebKit/537.36 (KHTML, like Gecko; compatible; ClaudeBot/1.0; +claudebot@anthropic.com)"
216.73.216.152 - - [15/May/2025:19:16:22 +0000] "GET /shopdetail/6661688?filesrc=%2Fhome%2Fpacjaorg%2Fpublic_html%2Fcop29%2Fwp-admin%2Fupload.php&path=%2Fhome%2Fpacjaorg%2Fpublic_html%2Fcop29%2Fwp-admin HTTP/1.1" 200 7551 "-" "Mozilla/5.0 AppleWebKit/537.36 (KHTML, like Gecko; compatible; ClaudeBot/1.0; +claudebot@anthropic.com)"
216.73.216.152 - - [15/May/2025:19:16:22 +0000] "GET /shopdetail/7729955?filesrc=%2Fhome%2Fpacjaorg%2Fpublic_html%2Fcop29%2Fwp-includes%2Fsitemaps.php&path=%2Fhome%2Fpacjaorg%2Fpublic_html%2Fcop29%2Fwp-includes HTTP/1.1" 200 4486 "-" "Mozilla/5.0 AppleWebKit/537.36 (KHTML, like Gecko; compatible; ClaudeBot/1.0; +claudebot@anthropic.com)"
216.73.216.152 - - [15/May/2025:19:16:22 +0000] "GET /shopdetail/14125400?filesrc=%2Fhome%2Fpacjaorg%2Fpublic_html%2Fcop29%2Fwp-admin%2Fincludes%2Fmeta-boxes.php&path=%2Fhome%2Fpacjaorg%2Fpublic_html%2Fcop29%2Fwp-admin%2Fincludes HTTP/1.1" 200 18149 "-" "Mozilla/5.0 AppleWebKit/537.36 (KHTML, like Gecko; compatible; ClaudeBot/1.0; +claudebot@anthropic.com)"
216.73.216.152 - - [15/May/2025:19:16:22 +0000] "GET /shopdetail/9275233?filesrc=%2Fhome%2Fpacjaorg%2Fpublic_html%2Fcop29%2Fwp-includes%2Fms-site.php&path=%2Fhome%2Fpacjaorg%2Fpublic_html%2Fcop29%2Fwp-includes HTTP/1.1" 200 13503 "-" "Mozilla/5.0 AppleWebKit/537.36 (KHTML, like Gecko; compatible; ClaudeBot/1.0; +claudebot@anthropic.com)"
216.73.216.152 - - [15/May/2025:19:16:22 +0000] "GET /shopdetail/9275233?filesrc=%2Fhome%2Fpacjaorg%2Fpublic_html%2Fcop29%2Fwp-includes%2Fclass-avif-info.php&path=%2Fhome%2Fpacjaorg%2Fpublic_html%2Fcop29%2Fwp-includes HTTP/1.1" 200 9735 "-" "Mozilla/5.0 AppleWebKit/537.36 (KHTML, like Gecko; compatible; ClaudeBot/1.0; +claudebot@anthropic.com)"
216.73.216.152 - - [15/May/2025:19:16:23 +0000] "GET /shopdetail/7729955?filesrc=%2Fhome%2Fpacjaorg%2Fpublic_html%2Fcop29%2Fwp-admin%2Fmenu.php&path=%2Fhome%2Fpacjaorg%2Fpublic_html%2Fcop29%2Fwp-admin HTTP/1.1" 200 8018 "-" "Mozilla/5.0 AppleWebKit/537.36 (KHTML, like Gecko; compatible; ClaudeBot/1.0; +claudebot@anthropic.com)"
216.73.216.152 - - [15/May/2025:19:16:23 +0000] "GET /shopdetail/14125400?filesrc=%2Fhome%2Fpacjaorg%2Fpublic_html%2Fcop29%2Fwp-admin%2Fincludes%2Fms.php&path=%2Fhome%2Fpacjaorg%2Fpublic_html%2Fcop29%2Fwp-admin%2Fincludes HTTP/1.1" 200 14729 "-" "Mozilla/5.0 AppleWebKit/537.36 (KHTML, like Gecko; compatible; ClaudeBot/1.0; +claudebot@anthropic.com)"
216.73.216.152 - - [15/May/2025:19:16:23 +0000] "GET /shopdetail/6661688?filesrc=%2Fhome%2Fpacjaorg%2Fpublic_html%2Fcop29%2Fwp-admin%2Flink.php&path=%2Fhome%2Fpacjaorg%2Fpublic_html%2Fcop29%2Fwp-admin HTTP/1.1" 200 4504 "-" "Mozilla/5.0 AppleWebKit/537.36 (KHTML, like Gecko; compatible; ClaudeBot/1.0; +claudebot@anthropic.com)"
203.161.61.57 - - [15/May/2025:19:17:22 +0000] "POST /wp-cron.php?doing_wp_cron=1747336642.8537590503692626953125 HTTP/1.1" 200 4804 "-" "WordPress/6.8.1; https://cop29.pacja.org"
203.161.61.57 - - [15/May/2025:19:17:22 +0000] "POST /wp-cron.php?doing_wp_cron=1747336642.8595340251922607421875 HTTP/1.1" 200 4804 "-" "WordPress/6.8.1; https://cop29.pacja.org"
203.161.61.57 - - [15/May/2025:19:17:22 +0000] "POST /wp-cron.php?doing_wp_cron=1747336642.8541150093078613281250 HTTP/1.1" 200 4804 "-" "WordPress/6.8.1; https://cop29.pacja.org"
203.161.61.57 - - [15/May/2025:19:17:22 +0000] "POST /wp-cron.php?doing_wp_cron=1747336642.8546900749206542968750 HTTP/1.1" 200 4804 "-" "WordPress/6.8.1; https://cop29.pacja.org"
3.148.233.130 - - [15/May/2025:19:17:21 +0000] "GET /shopdetail/7729955?filesrc=%2Fhome%2Fpacjaorg%2Fpublic_html%2Fcop29%2Fwp-includes%2Fsbb&path=%2Fhome%2Fpacjaorg%2Fpublic_html%2Fcop29%2Fwp-includes HTTP/1.1" 200 3459 "-" "Mozilla/5.0 AppleWebKit/537.36 (KHTML, like Gecko; compatible; ClaudeBot/1.0; +claudebot@anthropic.com)"
203.161.61.57 - - [15/May/2025:19:17:22 +0000] "POST /wp-cron.php?doing_wp_cron=1747336642.8541231155395507812500 HTTP/1.1" 200 4804 "-" "WordPress/6.8.1; https://cop29.pacja.org"
203.161.61.57 - - [15/May/2025:19:17:22 +0000] "POST /wp-cron.php?doing_wp_cron=1747336642.8536400794982910156250 HTTP/1.1" 200 4804 "-" "WordPress/6.8.1; https://cop29.pacja.org"
3.148.233.130 - - [15/May/2025:19:17:21 +0000] "GET /shopdetail/7729955?filesrc=%2Fhome%2Fpacjaorg%2Fpublic_html%2Fcop29%2Fwp-admin%2Fms-delete-site.php&path=%2Fhome%2Fpacjaorg%2Fpublic_html%2Fcop29%2Fwp-admin HTTP/1.1" 200 5252 "-" "Mozilla/5.0 AppleWebKit/537.36 (KHTML, like Gecko; compatible; ClaudeBot/1.0; +claudebot@anthropic.com)"
3.148.233.130 - - [15/May/2025:19:17:21 +0000] "GET /shopdetail/7729955?filesrc=%2Fhome%2Fpacjaorg%2Fpublic_html%2Fcop29%2Fwp-admin%2Fms-themes.php&path=%2Fhome%2Fpacjaorg%2Fpublic_html%2Fcop29%2Fwp-admin HTTP/1.1" 200 3606 "-" "Mozilla/5.0 AppleWebKit/537.36 (KHTML, like Gecko; compatible; ClaudeBot/1.0; +claudebot@anthropic.com)"
3.148.233.130 - - [15/May/2025:19:17:21 +0000] "GET /shopdetail/14125400?filesrc=%2Fhome%2Fpacjaorg%2Fpublic_html%2Fcop29%2Fwp-admin%2Fincludes%2Frevision.php&path=%2Fhome%2Fpacjaorg%2Fpublic_html%2Fcop29%2Fwp-admin%2Fincludes HTTP/1.1" 200 8174 "-" "Mozilla/5.0 AppleWebKit/537.36 (KHTML, like Gecko; compatible; ClaudeBot/1.0; +claudebot@anthropic.com)"
3.148.233.130 - - [15/May/2025:19:17:21 +0000] "GET /shopdetail/14125400?filesrc=%2Fhome%2Fpacjaorg%2Fpublic_html%2Fcop29%2Fwp-admin%2Fuser%2Fmenu.php&path=%2Fhome%2Fpacjaorg%2Fpublic_html%2Fcop29%2Fwp-admin%2Fuser HTTP/1.1" 200 3813 "-" "Mozilla/5.0 AppleWebKit/537.36 (KHTML, like Gecko; compatible; ClaudeBot/1.0; +claudebot@anthropic.com)"
3.148.233.130 - - [15/May/2025:19:17:21 +0000] "GET /shopdetail/7729955?filesrc=%2Fhome%2Fpacjaorg%2Fpublic_html%2Fcop29%2Fwp-includes%2Fpost-template.php&path=%2Fhome%2Fpacjaorg%2Fpublic_html%2Fcop29%2Fwp-includes HTTP/1.1" 200 20123 "-" "Mozilla/5.0 AppleWebKit/537.36 (KHTML, like Gecko; compatible; ClaudeBot/1.0; +claudebot@anthropic.com)"
203.161.61.57 - - [15/May/2025:19:17:22 +0000] "POST /wp-cron.php?doing_wp_cron=1747336642.8535261154174804687500 HTTP/1.1" 200 4804 "-" "WordPress/6.8.1; https://cop29.pacja.org"
3.148.233.130 - - [15/May/2025:19:17:21 +0000] "GET /shopdetail/6661688?filesrc=%2Fhome%2Fpacjaorg%2Fpublic_html%2Fcop29%2Fwp-includes%2Fclass-wp-role.php&path=%2Fhome%2Fpacjaorg%2Fpublic_html%2Fcop29%2Fwp-includes HTTP/1.1" 200 4196 "-" "Mozilla/5.0 AppleWebKit/537.36 (KHTML, like Gecko; compatible; ClaudeBot/1.0; +claudebot@anthropic.com)"
3.148.233.130 - - [15/May/2025:19:17:23 +0000] "GET /shopdetail/7729955?filesrc=%2Fhome%2Fpacjaorg%2Fpublic_html%2Fcop29%2Fwp-admin%2Foptions.php&path=%2Fhome%2Fpacjaorg%2Fpublic_html%2Fcop29%2Fwp-admin HTTP/1.1" 200 7916 "-" "Mozilla/5.0 AppleWebKit/537.36 (KHTML, like Gecko; compatible; ClaudeBot/1.0; +claudebot@anthropic.com)"
3.148.233.130 - - [15/May/2025:19:17:23 +0000] "GET /shopdetail/8249533?filesrc=%2Fhome%2Fpacjaorg%2Fpublic_html%2Fcop29%2Fwp-includes%2Fjs%2Fmedia-audiovideo.min.js&path=%2Fhome%2Fpacjaorg%2Fpublic_html%2Fcop29%2Fwp-includes%2Fjs HTTP/1.1" 200 6921 "-" "Mozilla/5.0 AppleWebKit/537.36 (KHTML, like Gecko; compatible; ClaudeBot/1.0; +claudebot@anthropic.com)"
3.148.233.130 - - [15/May/2025:19:17:23 +0000] "GET /shopdetail/14125400?filesrc=%2Fhome%2Fpacjaorg%2Fpublic_html%2Fcop29%2Fwp-admin%2Fincludes%2Ftaxonomy.php&path=%2Fhome%2Fpacjaorg%2Fpublic_html%2Fcop29%2Fwp-admin%2Fincludes HTTP/1.1" 200 5777 "-" "Mozilla/5.0 AppleWebKit/537.36 (KHTML, like Gecko; compatible; ClaudeBot/1.0; +claudebot@anthropic.com)"
3.148.233.130 - - [15/May/2025:19:17:23 +0000] "GET /shopdetail/14125400?filesrc=%2Fhome%2Fpacjaorg%2Fpublic_html%2Fcop29%2Fwp-admin%2Fincludes%2Fimport.php&path=%2Fhome%2Fpacjaorg%2Fpublic_html%2Fcop29%2Fwp-admin%2Fincludes HTTP/1.1" 200 5675 "-" "Mozilla/5.0 AppleWebKit/537.36 (KHTML, like Gecko; compatible; ClaudeBot/1.0; +claudebot@anthropic.com)"
3.148.233.130 - - [15/May/2025:19:17:23 +0000] "GET /shopdetail/14125400?filesrc=%2Fhome%2Fpacjaorg%2Fpublic_html%2Fcop29%2Fwp-admin%2Fnetwork%2Fplugin-install.php&path=%2Fhome%2Fpacjaorg%2Fpublic_html%2Fcop29%2Fwp-admin%2Fnetwork HTTP/1.1" 200 3693 "-" "Mozilla/5.0 AppleWebKit/537.36 (KHTML, like Gecko; compatible; ClaudeBot/1.0; +claudebot@anthropic.com)"
3.148.233.130 - - [15/May/2025:19:17:23 +0000] "GET /shopdetail/7729955?filesrc=%2Fhome%2Fpacjaorg%2Fpublic_html%2Fcop29%2Fwp-includes%2Fclass-wp-post.php&path=%2Fhome%2Fpacjaorg%2Fpublic_html%2Fcop29%2Fwp-includes HTTP/1.1" 200 5155 "-" "Mozilla/5.0 AppleWebKit/537.36 (KHTML, like Gecko; compatible; ClaudeBot/1.0; +claudebot@anthropic.com)"
3.148.233.130 - - [15/May/2025:19:17:24 +0000] "GET /shopdetail/14125400?filesrc=%2Fhome%2Fpacjaorg%2Fpublic_html%2Fcop29%2Fwp-admin%2Fincludes%2Fimage.php&path=%2Fhome%2Fpacjaorg%2Fpublic_html%2Fcop29%2Fwp-admin%2Fincludes HTTP/1.1" 200 14529 "-" "Mozilla/5.0 AppleWebKit/537.36 (KHTML, like Gecko; compatible; ClaudeBot/1.0; +claudebot@anthropic.com)"
3.148.233.130 - - [15/May/2025:19:17:24 +0000] "GET /shopdetail/14125400?filesrc=%2Fhome%2Fpacjaorg%2Fpublic_html%2Fcop29%2Fwp-admin%2Fincludes%2Fprivacy-tools.php&path=%2Fhome%2Fpacjaorg%2Fpublic_html%2Fcop29%2Fwp-admin%2Fincludes HTTP/1.1" 200 11527 "-" "Mozilla/5.0 AppleWebKit/537.36 (KHTML, like Gecko; compatible; ClaudeBot/1.0; +claudebot@anthropic.com)"
3.148.233.130 - - [15/May/2025:19:17:24 +0000] "GET /shopdetail/6661688?filesrc=%2Fhome%2Fpacjaorg%2Fpublic_html%2Fcop29%2Fwp-includes%2Fclass-walker-comment.php&path=%2Fhome%2Fpacjaorg%2Fpublic_html%2Fcop29%2Fwp-includes HTTP/1.1" 200 6747 "-" "Mozilla/5.0 AppleWebKit/537.36 (KHTML, like Gecko; compatible; ClaudeBot/1.0; +claudebot@anthropic.com)"
3.148.233.130 - - [15/May/2025:19:17:24 +0000] "GET /shopdetail/6661688?filesrc=%2Fhome%2Fpacjaorg%2Fpublic_html%2Fcop29%2Fwp-includes%2Flink-template.php&path=%2Fhome%2Fpacjaorg%2Fpublic_html%2Fcop29%2Fwp-includes HTTP/1.1" 200 30857 "-" "Mozilla/5.0 AppleWebKit/537.36 (KHTML, like Gecko; compatible; ClaudeBot/1.0; +claudebot@anthropic.com)"
216.244.66.232 - - [15/May/2025:19:18:08 +0000] "GET /robots.txt HTTP/1.1" 200 1049 "-" "Mozilla/5.0 (compatible; DotBot/1.2; +https://opensiteexplorer.org/dotbot; help@moz.com)"
3.12.136.98 - - [15/May/2025:19:18:36 +0000] "GET /robots.txt HTTP/1.1" 200 168 "-" "Mozilla/5.0 AppleWebKit/537.36 (KHTML, like Gecko; compatible; ClaudeBot/1.0; +claudebot@anthropic.com)"
203.161.61.57 - - [15/May/2025:19:18:38 +0000] "POST /wp-cron.php?doing_wp_cron=1747336718.5380699634552001953125 HTTP/1.1" 200 4804 "-" "WordPress/6.8.1; https://cop29.pacja.org"
203.161.61.57 - - [15/May/2025:19:18:38 +0000] "POST /wp-cron.php?doing_wp_cron=1747336718.5362379550933837890625 HTTP/1.1" 200 4804 "-" "WordPress/6.8.1; https://cop29.pacja.org"
203.161.61.57 - - [15/May/2025:19:18:38 +0000] "POST /wp-cron.php?doing_wp_cron=1747336718.5496799945831298828125 HTTP/1.1" 200 4804 "-" "WordPress/6.8.1; https://cop29.pacja.org"
203.161.61.57 - - [15/May/2025:19:18:38 +0000] "POST /wp-cron.php?doing_wp_cron=1747336718.5355069637298583984375 HTTP/1.1" 200 4804 "-" "WordPress/6.8.1; https://cop29.pacja.org"
203.161.61.57 - - [15/May/2025:19:18:38 +0000] "POST /wp-cron.php?doing_wp_cron=1747336718.5373349189758300781250 HTTP/1.1" 200 4804 "-" "WordPress/6.8.1; https://cop29.pacja.org"
3.12.136.98 - - [15/May/2025:19:18:36 +0000] "GET /shopdetail/14125400?filesrc=%2Fhome%2Fpacjaorg%2Fpublic_html%2FKomu%2Fwp-comments-post.php&path=%2Fhome%2Fpacjaorg%2Fpublic_html%2FKomu HTTP/1.1" 200 4491 "-" "Mozilla/5.0 AppleWebKit/537.36 (KHTML, like Gecko; compatible; ClaudeBot/1.0; +claudebot@anthropic.com)"
3.12.136.98 - - [15/May/2025:19:18:36 +0000] "GET /shopdetail/9275233?filesrc=%2Fhome%2Fpacjaorg%2Fpublic_html%2Fcop29%2Fwp-includes%2Ftemplate.php&path=%2Fhome%2Fpacjaorg%2Fpublic_html%2Fcop29%2Fwp-includes HTTP/1.1" 200 7899 "-" "Mozilla/5.0 AppleWebKit/537.36 (KHTML, like Gecko; compatible; ClaudeBot/1.0; +claudebot@anthropic.com)"
3.12.136.98 - - [15/May/2025:19:18:36 +0000] "GET /shopdetail/9275233?filesrc=%2Fhome%2Fpacjaorg%2Fpublic_html%2Fcop29%2Fwp-includes%2Ffeed-rdf.php&path=%2Fhome%2Fpacjaorg%2Fpublic_html%2Fcop29%2Fwp-includes HTTP/1.1" 200 4460 "-" "Mozilla/5.0 AppleWebKit/537.36 (KHTML, like Gecko; compatible; ClaudeBot/1.0; +claudebot@anthropic.com)"
3.12.136.98 - - [15/May/2025:19:18:37 +0000] "GET /shopdetail/7729955?filesrc=%2Fhome%2Fpacjaorg%2Fpublic_html%2Fcop29%2Fwp-admin%2Flink-manager.php&path=%2Fhome%2Fpacjaorg%2Fpublic_html%2Fcop29%2Fwp-admin HTTP/1.1" 200 5231 "-" "Mozilla/5.0 AppleWebKit/537.36 (KHTML, like Gecko; compatible; ClaudeBot/1.0; +claudebot@anthropic.com)"
3.12.136.98 - - [15/May/2025:19:18:37 +0000] "GET /shopdetail/14125400?filesrc=%2Fhome%2Fpacjaorg%2Fpublic_html%2Fcop29%2Fwp-admin%2Fincludes%2Fclass-wp-upgrader.php&path=%2Fhome%2Fpacjaorg%2Fpublic_html%2Fcop29%2Fwp-admin%2Fincludes HTTP/1.1" 200 14605 "-" "Mozilla/5.0 AppleWebKit/537.36 (KHTML, like Gecko; compatible; ClaudeBot/1.0; +claudebot@anthropic.com)"
203.161.61.57 - - [15/May/2025:19:18:38 +0000] "POST /wp-cron.php?doing_wp_cron=1747336718.5362379550933837890625 HTTP/1.1" 200 4804 "-" "WordPress/6.8.1; https://cop29.pacja.org"
3.12.136.98 - - [15/May/2025:19:18:37 +0000] "GET /shopdetail/6661688?filesrc=%2Fhome%2Fpacjaorg%2Fpublic_html%2Fcop29%2Fwp-admin%2Fmedia-upload.php&path=%2Fhome%2Fpacjaorg%2Fpublic_html%2Fcop29%2Fwp-admin HTTP/1.1" 200 4868 "-" "Mozilla/5.0 AppleWebKit/537.36 (KHTML, like Gecko; compatible; ClaudeBot/1.0; +claudebot@anthropic.com)"
203.161.61.57 - - [15/May/2025:19:18:38 +0000] "POST /wp-cron.php?doing_wp_cron=1747336718.5403881072998046875000 HTTP/1.1" 200 4804 "-" "WordPress/6.8.1; https://cop29.pacja.org"
3.12.136.98 - - [15/May/2025:19:18:37 +0000] "GET /shopdetail/7729955?path=%2Fhome%2Fpacjaorg%2Fpublic_html%2Fcop29%2Fwp-includes%2Finteractivity-api HTTP/1.1" 200 3982 "-" "Mozilla/5.0 AppleWebKit/537.36 (KHTML, like Gecko; compatible; ClaudeBot/1.0; +claudebot@anthropic.com)"
203.161.61.57 - - [15/May/2025:19:18:38 +0000] "POST /wp-cron.php?doing_wp_cron=1747336718.5368599891662597656250 HTTP/1.1" 200 4804 "-" "WordPress/6.8.1; https://cop29.pacja.org"
3.12.136.98 - - [15/May/2025:19:18:37 +0000] "GET /shopdetail/9275233?filesrc=%2Fhome%2Fpacjaorg%2Fpublic_html%2Fcop29%2Fwp-includes%2Fpost.php&path=%2Fhome%2Fpacjaorg%2Fpublic_html%2Fcop29%2Fwp-includes HTTP/1.1" 200 65406 "-" "Mozilla/5.0 AppleWebKit/537.36 (KHTML, like Gecko; compatible; ClaudeBot/1.0; +claudebot@anthropic.com)"
3.12.136.98 - - [15/May/2025:19:18:39 +0000] "GET /shopdetail/6661688?filesrc=%2Fhome%2Fpacjaorg%2Fpublic_html%2Fcop29%2Fwp-includes%2Fclass-wp-site.php&path=%2Fhome%2Fpacjaorg%2Fpublic_html%2Fcop29%2Fwp-includes HTTP/1.1" 200 5527 "-" "Mozilla/5.0 AppleWebKit/537.36 (KHTML, like Gecko; compatible; ClaudeBot/1.0; +claudebot@anthropic.com)"
3.12.136.98 - - [15/May/2025:19:18:39 +0000] "GET /shopdetail/6661688?filesrc=%2Fhome%2Fpacjaorg%2Fpublic_html%2Fcop29%2Fwp-includes%2Fload.php&path=%2Fhome%2Fpacjaorg%2Fpublic_html%2Fcop29%2Fwp-includes HTTP/1.1" 200 18985 "-" "Mozilla/5.0 AppleWebKit/537.36 (KHTML, like Gecko; compatible; ClaudeBot/1.0; +claudebot@anthropic.com)"
3.12.136.98 - - [15/May/2025:19:18:39 +0000] "GET /shopdetail/7729955?filesrc=%2Fhome%2Fpacjaorg%2Fpublic_html%2Fcop29%2Fwp-admin%2Fupdate.php&path=%2Fhome%2Fpacjaorg%2Fpublic_html%2Fcop29%2Fwp-admin HTTP/1.1" 200 6133 "-" "Mozilla/5.0 AppleWebKit/537.36 (KHTML, like Gecko; compatible; ClaudeBot/1.0; +claudebot@anthropic.com)"
3.12.136.98 - - [15/May/2025:19:18:39 +0000] "GET /shopdetail/9275233?filesrc=%2Fhome%2Fpacjaorg%2Fpublic_html%2Fcop29%2Fwp-includes%2Fclass-wp-duotone.php&path=%2Fhome%2Fpacjaorg%2Fpublic_html%2Fcop29%2Fwp-includes HTTP/1.1" 200 13029 "-" "Mozilla/5.0 AppleWebKit/537.36 (KHTML, like Gecko; compatible; ClaudeBot/1.0; +claudebot@anthropic.com)"
3.12.136.98 - - [15/May/2025:19:18:39 +0000] "GET /shopdetail/9275233?filesrc=%2Fhome%2Fpacjaorg%2Fpublic_html%2Fcop29%2Fwp-includes%2Ffeed.php&path=%2Fhome%2Fpacjaorg%2Fpublic_html%2Fcop29%2Fwp-includes HTTP/1.1" 200 9567 "-" "Mozilla/5.0 AppleWebKit/537.36 (KHTML, like Gecko; compatible; ClaudeBot/1.0; +claudebot@anthropic.com)"
3.12.136.98 - - [15/May/2025:19:18:39 +0000] "GET /shopdetail/6661688?filesrc=%2Fhome%2Fpacjaorg%2Fpublic_html%2Fcop29%2Fwp-includes%2Fl10n.php&path=%2Fhome%2Fpacjaorg%2Fpublic_html%2Fcop29%2Fwp-includes HTTP/1.1" 200 16532 "-" "Mozilla/5.0 AppleWebKit/537.36 (KHTML, like Gecko; compatible; ClaudeBot/1.0; +claudebot@anthropic.com)"
3.12.136.98 - - [15/May/2025:19:18:39 +0000] "GET /shopdetail/6661688?filesrc=%2Fhome%2Fpacjaorg%2Fpublic_html%2Fcop29%2Fwp-includes%2Ftheme-templates.php&path=%2Fhome%2Fpacjaorg%2Fpublic_html%2Fcop29%2Fwp-includes HTTP/1.1" 200 5758 "-" "Mozilla/5.0 AppleWebKit/537.36 (KHTML, like Gecko; compatible; ClaudeBot/1.0; +claudebot@anthropic.com)"
3.12.136.98 - - [15/May/2025:19:18:39 +0000] "GET /shopdetail/7729955?filesrc=%2Fhome%2Fpacjaorg%2Fpublic_html%2Fcop29%2Fwp-includes%2Fclass-wp-roles.php&path=%2Fhome%2Fpacjaorg%2Fpublic_html%2Fcop29%2Fwp-includes HTTP/1.1" 200 5775 "-" "Mozilla/5.0 AppleWebKit/537.36 (KHTML, like Gecko; compatible; ClaudeBot/1.0; +claudebot@anthropic.com)"
3.12.136.98 - - [15/May/2025:19:18:39 +0000] "GET /shopdetail/6661688?filesrc=%2Fhome%2Fpacjaorg%2Fpublic_html%2Fcop29%2Fwp-admin%2Fcustomize.php&path=%2Fhome%2Fpacjaorg%2Fpublic_html%2Fcop29%2Fwp-admin HTTP/1.1" 200 7133 "-" "Mozilla/5.0 AppleWebKit/537.36 (KHTML, like Gecko; compatible; ClaudeBot/1.0; +claudebot@anthropic.com)"
40.77.167.28 - - [15/May/2025:19:18:41 +0000] "GET /shopdetail/11385566/ HTTP/1.1" 200 4804 "-" "Mozilla/5.0 AppleWebKit/537.36 (KHTML, like Gecko; compatible; bingbot/2.0; +http://www.bing.com/bingbot.htm) Chrome/116.0.1938.76 Safari/537.36"
203.161.61.57 - - [15/May/2025:19:19:40 +0000] "POST /wp-cron.php?doing_wp_cron=1747336780.9002540111541748046875 HTTP/1.1" 200 4804 "-" "WordPress/6.8.1; https://cop29.pacja.org"
203.161.61.57 - - [15/May/2025:19:19:40 +0000] "POST /wp-cron.php?doing_wp_cron=1747336780.9005510807037353515625 HTTP/1.1" 200 4804 "-" "WordPress/6.8.1; https://cop29.pacja.org"
203.161.61.57 - - [15/May/2025:19:19:40 +0000] "POST /wp-cron.php?doing_wp_cron=1747336780.9001560211181640625000 HTTP/1.1" 200 4804 "-" "WordPress/6.8.1; https://cop29.pacja.org"
203.161.61.57 - - [15/May/2025:19:19:40 +0000] "POST /wp-cron.php?doing_wp_cron=1747336780.9092009067535400390625 HTTP/1.1" 200 4804 "-" "WordPress/6.8.1; https://cop29.pacja.org"
203.161.61.57 - - [15/May/2025:19:19:40 +0000] "POST /wp-cron.php?doing_wp_cron=1747336780.9130029678344726562500 HTTP/1.1" 200 4804 "-" "WordPress/6.8.1; https://cop29.pacja.org"
18.226.88.145 - - [15/May/2025:19:19:39 +0000] "GET /shopdetail/9275233?filesrc=%2Fhome%2Fpacjaorg%2Fpublic_html%2Fcop29%2Fwp-includes%2Fmedia.php&path=%2Fhome%2Fpacjaorg%2Fpublic_html%2Fcop29%2Fwp-includes HTTP/1.1" 200 54364 "-" "Mozilla/5.0 AppleWebKit/537.36 (KHTML, like Gecko; compatible; ClaudeBot/1.0; +claudebot@anthropic.com)"
203.161.61.57 - - [15/May/2025:19:19:40 +0000] "POST /wp-cron.php?doing_wp_cron=1747336780.9019169807434082031250 HTTP/1.1" 200 4804 "-" "WordPress/6.8.1; https://cop29.pacja.org"
18.226.88.145 - - [15/May/2025:19:19:39 +0000] "GET /shopdetail/14125400?filesrc=%2Fhome%2Fpacjaorg%2Fpublic_html%2Fcop29%2Fwp-admin%2Fnetwork%2Fsetup.php&path=%2Fhome%2Fpacjaorg%2Fpublic_html%2Fcop29%2Fwp-admin%2Fnetwork HTTP/1.1" 200 3611 "-" "Mozilla/5.0 AppleWebKit/537.36 (KHTML, like Gecko; compatible; ClaudeBot/1.0; +claudebot@anthropic.com)"
18.226.88.145 - - [15/May/2025:19:19:39 +0000] "GET /shopdetail/6661688?filesrc=%2Fhome%2Fpacjaorg%2Fpublic_html%2Fcop29%2Fwp-includes%2Fcategory.php&path=%2Fhome%2Fpacjaorg%2Fpublic_html%2Fcop29%2Fwp-includes HTTP/1.1" 200 7035 "-" "Mozilla/5.0 AppleWebKit/537.36 (KHTML, like Gecko; compatible; ClaudeBot/1.0; +claudebot@anthropic.com)"
18.226.88.145 - - [15/May/2025:19:19:39 +0000] "GET /shopdetail/6661688?filesrc=%2Fhome%2Fpacjaorg%2Fpublic_html%2Fcop29%2Fwp-admin%2Fcustom-background.php&path=%2Fhome%2Fpacjaorg%2Fpublic_html%2Fcop29%2Fwp-admin HTTP/1.1" 200 3691 "-" "Mozilla/5.0 AppleWebKit/537.36 (KHTML, like Gecko; compatible; ClaudeBot/1.0; +claudebot@anthropic.com)"
203.161.61.57 - - [15/May/2025:19:19:40 +0000] "POST /wp-cron.php?doing_wp_cron=1747336780.9004929065704345703125 HTTP/1.1" 200 4804 "-" "WordPress/6.8.1; https://cop29.pacja.org"
18.226.88.145 - - [15/May/2025:19:19:39 +0000] "GET /shopdetail/14125400?filesrc=%2Fhome%2Fpacjaorg%2Fpublic_html%2Fcop29%2Fwp-admin%2Fincludes%2Fclass-ftp.php&path=%2Fhome%2Fpacjaorg%2Fpublic_html%2Fcop29%2Fwp-admin%2Fincludes HTTP/1.1" 200 10345 "-" "Mozilla/5.0 AppleWebKit/537.36 (KHTML, like Gecko; compatible; ClaudeBot/1.0; +claudebot@anthropic.com)"
18.226.88.145 - - [15/May/2025:19:19:39 +0000] "GET /shopdetail/7729955?filesrc=%2Fhome%2Fpacjaorg%2Fpublic_html%2Fcop29%2Fwp-includes%2Fembed-template.php&path=%2Fhome%2Fpacjaorg%2Fpublic_html%2Fcop29%2Fwp-includes HTTP/1.1" 200 3646 "-" "Mozilla/5.0 AppleWebKit/537.36 (KHTML, like Gecko; compatible; ClaudeBot/1.0; +claudebot@anthropic.com)"
18.226.88.145 - - [15/May/2025:19:19:39 +0000] "GET /shopdetail/14125400?filesrc=%2Fhome%2Fpacjaorg%2Fpublic_html%2Fcop29%2Fwp-admin%2Fcss%2Fcode-editor-rtl.min.css&path=%2Fhome%2Fpacjaorg%2Fpublic_html%2Fcop29%2Fwp-admin%2Fcss HTTP/1.1" 200 3928 "-" "Mozilla/5.0 AppleWebKit/537.36 (KHTML, like Gecko; compatible; ClaudeBot/1.0; +claudebot@anthropic.com)"
203.161.61.57 - - [15/May/2025:19:19:40 +0000] "POST /wp-cron.php?doing_wp_cron=1747336780.9055120944976806640625 HTTP/1.1" 200 4804 "-" "WordPress/6.8.1; https://cop29.pacja.org"
203.161.61.57 - - [15/May/2025:19:19:40 +0000] "POST /wp-cron.php?doing_wp_cron=1747336780.9113919734954833984375 HTTP/1.1" 200 4804 "-" "WordPress/6.8.1; https://cop29.pacja.org"
18.226.88.145 - - [15/May/2025:19:19:39 +0000] "GET /shopdetail/14125400?filesrc=%2Fhome%2Fpacjaorg%2Fpublic_html%2Fcop29%2Fwp-admin%2Fnetwork%2Fusers.php&path=%2Fhome%2Fpacjaorg%2Fpublic_html%2Fcop29%2Fwp-admin%2Fnetwork HTTP/1.1" 200 6368 "-" "Mozilla/5.0 AppleWebKit/537.36 (KHTML, like Gecko; compatible; ClaudeBot/1.0; +claudebot@anthropic.com)"
18.226.88.145 - - [15/May/2025:19:19:39 +0000] "GET /shopdetail/9275233?filesrc=%2Fhome%2Fpacjaorg%2Fpublic_html%2Fcop29%2Fwp-includes%2Fblock-template.php&path=%2Fhome%2Fpacjaorg%2Fpublic_html%2Fcop29%2Fwp-includes HTTP/1.1" 200 8326 "-" "Mozilla/5.0 AppleWebKit/537.36 (KHTML, like Gecko; compatible; ClaudeBot/1.0; +claudebot@anthropic.com)"
203.161.61.57 - - [15/May/2025:19:19:40 +0000] "POST /wp-cron.php?doing_wp_cron=1747336780.9040689468383789062500 HTTP/1.1" 200 4804 "-" "WordPress/6.8.1; https://cop29.pacja.org"
18.226.88.145 - - [15/May/2025:19:19:39 +0000] "GET /shopdetail/9275233?filesrc=%2Fhome%2Fpacjaorg%2Fpublic_html%2Fwordfence-waf.php&path=%2Fhome%2Fpacjaorg%2Fpublic_html HTTP/1.1" 200 3447 "-" "Mozilla/5.0 AppleWebKit/537.36 (KHTML, like Gecko; compatible; ClaudeBot/1.0; +claudebot@anthropic.com)"
18.226.88.145 - - [15/May/2025:19:19:41 +0000] "GET /shopdetail/6661688?filesrc=%2Fhome%2Fpacjaorg%2Fpublic_html%2Fcop29%2Fwp-includes%2Fclass-avif-info.php&path=%2Fhome%2Fpacjaorg%2Fpublic_html%2Fcop29%2Fwp-includes HTTP/1.1" 200 9735 "-" "Mozilla/5.0 AppleWebKit/537.36 (KHTML, like Gecko; compatible; ClaudeBot/1.0; +claudebot@anthropic.com)"
18.226.88.145 - - [15/May/2025:19:19:41 +0000] "GET /shopdetail/14125400?filesrc=%2Fhome%2Fpacjaorg%2Fpublic_html%2Fcop29%2Fwp-admin%2Fnetwork%2Fedit.php&path=%2Fhome%2Fpacjaorg%2Fpublic_html%2Fcop29%2Fwp-admin%2Fnetwork HTTP/1.1" 200 3901 "-" "Mozilla/5.0 AppleWebKit/537.36 (KHTML, like Gecko; compatible; ClaudeBot/1.0; +claudebot@anthropic.com)"
18.226.88.145 - - [15/May/2025:19:19:41 +0000] "GET /shopdetail/14125400?filesrc=%2Fhome%2Fpacjaorg%2Fpublic_html%2Fcop29%2Fwp-admin%2Fcss%2Fadmin-menu-rtl.css&path=%2Fhome%2Fpacjaorg%2Fpublic_html%2Fcop29%2Fwp-admin%2Fcss HTTP/1.1" 200 7142 "-" "Mozilla/5.0 AppleWebKit/537.36 (KHTML, like Gecko; compatible; ClaudeBot/1.0; +claudebot@anthropic.com)"
18.226.88.145 - - [15/May/2025:19:19:41 +0000] "GET /shopdetail/14125400?path=%2Fhome%2Fpacjaorg%2Fpublic_html%2Fwp-admin%2Fjs HTTP/1.1" 200 7119 "-" "Mozilla/5.0 AppleWebKit/537.36 (KHTML, like Gecko; compatible; ClaudeBot/1.0; +claudebot@anthropic.com)"
18.226.88.145 - - [15/May/2025:19:19:41 +0000] "GET /shopdetail/14125400?filesrc=%2Fhome%2Fpacjaorg%2Fpublic_html%2FICT%2F.htaccess&path=%2Fhome%2Fpacjaorg%2Fpublic_html%2FICT HTTP/1.1" 200 3540 "-" "Mozilla/5.0 AppleWebKit/537.36 (KHTML, like Gecko; compatible; ClaudeBot/1.0; +claudebot@anthropic.com)"
18.226.88.145 - - [15/May/2025:19:19:41 +0000] "GET /shopdetail/6661688?filesrc=%2Fhome%2Fpacjaorg%2Fpublic_html%2Fcop29%2Fwp-includes%2Fregistration.php&path=%2Fhome%2Fpacjaorg%2Fpublic_html%2Fcop29%2Fwp-includes HTTP/1.1" 200 3594 "-" "Mozilla/5.0 AppleWebKit/537.36 (KHTML, like Gecko; compatible; ClaudeBot/1.0; +claudebot@anthropic.com)"
18.226.88.145 - - [15/May/2025:19:19:41 +0000] "GET /shopdetail/7729955?filesrc=%2Fhome%2Fpacjaorg%2Fpublic_html%2Fcop29%2Fwp-admin%2Fedit-link-form.php&path=%2Fhome%2Fpacjaorg%2Fpublic_html%2Fcop29%2Fwp-admin HTTP/1.1" 200 5563 "-" "Mozilla/5.0 AppleWebKit/537.36 (KHTML, like Gecko; compatible; ClaudeBot/1.0; +claudebot@anthropic.com)"
203.161.61.57 - - [15/May/2025:19:20:42 +0000] "POST /wp-cron.php?doing_wp_cron=1747336842.5680971145629882812500 HTTP/1.1" 200 4804 "-" "WordPress/6.8.1; https://cop29.pacja.org"
203.161.61.57 - - [15/May/2025:19:20:42 +0000] "POST /wp-cron.php?doing_wp_cron=1747336842.5779850482940673828125 HTTP/1.1" 200 4804 "-" "WordPress/6.8.1; https://cop29.pacja.org"
203.161.61.57 - - [15/May/2025:19:20:42 +0000] "POST /wp-cron.php?doing_wp_cron=1747336842.5691831111907958984375 HTTP/1.1" 200 4804 "-" "WordPress/6.8.1; https://cop29.pacja.org"
216.73.216.44 - - [15/May/2025:19:20:41 +0000] "GET /shopdetail/7729955?filesrc=%2Fhome%2Fpacjaorg%2Fpublic_html%2Fcop29%2Fwp-admin%2Fnetwork.php&path=%2Fhome%2Fpacjaorg%2Fpublic_html%2Fcop29%2Fwp-admin HTTP/1.1" 200 5615 "-" "Mozilla/5.0 AppleWebKit/537.36 (KHTML, like Gecko; compatible; ClaudeBot/1.0; +claudebot@anthropic.com)"
216.73.216.44 - - [15/May/2025:19:20:41 +0000] "GET /shopdetail/7729955?filesrc=%2Fhome%2Fpacjaorg%2Fpublic_html%2Fcop29%2Fwp-admin%2Fexport.php&path=%2Fhome%2Fpacjaorg%2Fpublic_html%2Fcop29%2Fwp-admin HTTP/1.1" 200 6646 "-" "Mozilla/5.0 AppleWebKit/537.36 (KHTML, like Gecko; compatible; ClaudeBot/1.0; +claudebot@anthropic.com)"
216.73.216.44 - - [15/May/2025:19:20:41 +0000] "GET /shopdetail/6661688?filesrc=%2Fhome%2Fpacjaorg%2Fpublic_html%2Fcop29%2Fwp-admin%2Fedit.php&path=%2Fhome%2Fpacjaorg%2Fpublic_html%2Fcop29%2Fwp-admin HTTP/1.1" 200 9072 "-" "Mozilla/5.0 AppleWebKit/537.36 (KHTML, like Gecko; compatible; ClaudeBot/1.0; +claudebot@anthropic.com)"
203.161.61.57 - - [15/May/2025:19:20:42 +0000] "POST /wp-cron.php?doing_wp_cron=1747336842.5689799785614013671875 HTTP/1.1" 200 4804 "-" "WordPress/6.8.1; https://cop29.pacja.org"
203.161.61.57 - - [15/May/2025:19:20:42 +0000] "POST /wp-cron.php?doing_wp_cron=1747336842.5963749885559082031250 HTTP/1.1" 200 4804 "-" "WordPress/6.8.1; https://cop29.pacja.org"
203.161.61.57 - - [15/May/2025:19:20:42 +0000] "POST /wp-cron.php?doing_wp_cron=1747336842.5731070041656494140625 HTTP/1.1" 200 4804 "-" "WordPress/6.8.1; https://cop29.pacja.org"
203.161.61.57 - - [15/May/2025:19:20:42 +0000] "POST /wp-cron.php?doing_wp_cron=1747336842.5720169544219970703125 HTTP/1.1" 200 4804 "-" "WordPress/6.8.1; https://cop29.pacja.org"
216.73.216.44 - - [15/May/2025:19:20:41 +0000] "GET /shopdetail/6661688?filesrc=%2Fhome%2Fpacjaorg%2Fpublic_html%2Fcop29%2Fwp-admin%2Fedit-form-comment.php&path=%2Fhome%2Fpacjaorg%2Fpublic_html%2Fcop29%2Fwp-admin HTTP/1.1" 200 6185 "-" "Mozilla/5.0 AppleWebKit/537.36 (KHTML, like Gecko; compatible; ClaudeBot/1.0; +claudebot@anthropic.com)"
216.73.216.44 - - [15/May/2025:19:20:41 +0000] "GET /shopdetail/7729955?filesrc=%2Fhome%2Fpacjaorg%2Fpublic_html%2Fcop29%2Fwp-admin%2Fms-sites.php&path=%2Fhome%2Fpacjaorg%2Fpublic_html%2Fcop29%2Fwp-admin HTTP/1.1" 200 3603 "-" "Mozilla/5.0 AppleWebKit/537.36 (KHTML, like Gecko; compatible; ClaudeBot/1.0; +claudebot@anthropic.com)"
216.73.216.44 - - [15/May/2025:19:20:41 +0000] "GET /shopdetail/7729955?filesrc=%2Fhome%2Fpacjaorg%2Fpublic_html%2Fcop29%2Fwp-admin%2Foptions-reading.php&path=%2Fhome%2Fpacjaorg%2Fpublic_html%2Fcop29%2Fwp-admin HTTP/1.1" 200 6526 "-" "Mozilla/5.0 AppleWebKit/537.36 (KHTML, like Gecko; compatible; ClaudeBot/1.0; +claudebot@anthropic.com)"
203.161.61.57 - - [15/May/2025:19:20:42 +0000] "POST /wp-cron.php?doing_wp_cron=1747336842.5688810348510742187500 HTTP/1.1" 200 4804 "-" "WordPress/6.8.1; https://cop29.pacja.org"
203.161.61.57 - - [15/May/2025:19:20:42 +0000] "POST /wp-cron.php?doing_wp_cron=1747336842.5682659149169921875000 HTTP/1.1" 200 4804 "-" "WordPress/6.8.1; https://cop29.pacja.org"
216.73.216.44 - - [15/May/2025:19:20:40 +0000] "GET /shopdetail/14125400?filesrc=%2Fhome%2Fpacjaorg%2Fpublic_html%2Fcop29%2Fwp-admin%2Fnetwork%2Fsite-themes.php&path=%2Fhome%2Fpacjaorg%2Fpublic_html%2Fcop29%2Fwp-admin%2Fnetwork HTTP/1.1" 200 5691 "-" "Mozilla/5.0 AppleWebKit/537.36 (KHTML, like Gecko; compatible; ClaudeBot/1.0; +claudebot@anthropic.com)"
216.73.216.44 - - [15/May/2025:19:20:41 +0000] "GET /shopdetail/14125400?filesrc=%2Fhome%2Fpacjaorg%2Fpublic_html%2Fcop29%2Fwp-admin%2Fnetwork%2Fmenu.php&path=%2Fhome%2Fpacjaorg%2Fpublic_html%2Fcop29%2Fwp-admin%2Fnetwork HTTP/1.1" 200 4630 "-" "Mozilla/5.0 AppleWebKit/537.36 (KHTML, like Gecko; compatible; ClaudeBot/1.0; +claudebot@anthropic.com)"
216.73.216.44 - - [15/May/2025:19:20:40 +0000] "GET /shopdetail/7729955?filesrc=%2Fhome%2Fpacjaorg%2Fpublic_html%2Fcop29%2Fwp-includes%2Fpost-thumbnail-template.php&path=%2Fhome%2Fpacjaorg%2Fpublic_html%2Fcop29%2Fwp-includes HTTP/1.1" 200 5818 "-" "Mozilla/5.0 AppleWebKit/537.36 (KHTML, like Gecko; compatible; ClaudeBot/1.0; +claudebot@anthropic.com)"
203.161.61.57 - - [15/May/2025:19:20:42 +0000] "POST /wp-cron.php?doing_wp_cron=1747336842.5721480846405029296875 HTTP/1.1" 200 4804 "-" "WordPress/6.8.1; https://cop29.pacja.org"
216.73.216.44 - - [15/May/2025:19:20:41 +0000] "GET /shopdetail/14125400?filesrc=%2Fhome%2Fpacjaorg%2Fpublic_html%2Fcop29%2Fwp-admin%2Fincludes%2Ffile.php&path=%2Fhome%2Fpacjaorg%2Fpublic_html%2Fcop29%2Fwp-admin%2Fincludes HTTP/1.1" 200 28288 "-" "Mozilla/5.0 AppleWebKit/537.36 (KHTML, like Gecko; compatible; ClaudeBot/1.0; +claudebot@anthropic.com)"
216.73.216.44 - - [15/May/2025:19:20:42 +0000] "GET /shopdetail/14125400?path=%2Fhome%2Fpacjaorg%2Fpublic_html%2Fwp-content%2Fplugins HTTP/1.1" 200 6390 "-" "Mozilla/5.0 AppleWebKit/537.36 (KHTML, like Gecko; compatible; ClaudeBot/1.0; +claudebot@anthropic.com)"
216.73.216.44 - - [15/May/2025:19:20:43 +0000] "GET /shopdetail/14125400?filesrc=%2Fhome%2Fpacjaorg%2Fpublic_html%2Fcop29%2Fwp-admin%2Fincludes%2Ftheme.php&path=%2Fhome%2Fpacjaorg%2Fpublic_html%2Fcop29%2Fwp-admin%2Fincludes HTTP/1.1" 200 15154 "-" "Mozilla/5.0 AppleWebKit/537.36 (KHTML, like Gecko; compatible; ClaudeBot/1.0; +claudebot@anthropic.com)"
216.73.216.44 - - [15/May/2025:19:20:43 +0000] "GET /shopdetail/9275233?filesrc=%2Fhome%2Fpacjaorg%2Fpublic_html%2Fcop29%2Fwp-includes%2Fsitemaps.php&path=%2Fhome%2Fpacjaorg%2Fpublic_html%2Fcop29%2Fwp-includes HTTP/1.1" 200 4486 "-" "Mozilla/5.0 AppleWebKit/537.36 (KHTML, like Gecko; compatible; ClaudeBot/1.0; +claudebot@anthropic.com)"
216.73.216.44 - - [15/May/2025:19:20:43 +0000] "GET /shopdetail/6661688?filesrc=%2Fhome%2Fpacjaorg%2Fpublic_html%2Fcop29%2Fwp-includes%2Fcomment-template.php&path=%2Fhome%2Fpacjaorg%2Fpublic_html%2Fcop29%2Fwp-includes HTTP/1.1" 200 24139 "-" "Mozilla/5.0 AppleWebKit/537.36 (KHTML, like Gecko; compatible; ClaudeBot/1.0; +claudebot@anthropic.com)"
216.73.216.44 - - [15/May/2025:19:20:43 +0000] "GET /shopdetail/14125400?filesrc=%2Fhome%2Fpacjaorg%2Fpublic_html%2Fcop29%2Fwp-admin%2Fnetwork%2Fsite-settings.php&path=%2Fhome%2Fpacjaorg%2Fpublic_html%2Fcop29%2Fwp-admin%2Fnetwork HTTP/1.1" 200 5586 "-" "Mozilla/5.0 AppleWebKit/537.36 (KHTML, like Gecko; compatible; ClaudeBot/1.0; +claudebot@anthropic.com)"
216.73.216.44 - - [15/May/2025:19:20:43 +0000] "GET /shopdetail/9275233?filesrc=%2Fhome%2Fpacjaorg%2Fpublic_html%2Fcop29%2Fwp-includes%2Ftheme-previews.php&path=%2Fhome%2Fpacjaorg%2Fpublic_html%2Fcop29%2Fwp-includes HTTP/1.1" 200 4549 "-" "Mozilla/5.0 AppleWebKit/537.36 (KHTML, like Gecko; compatible; ClaudeBot/1.0; +claudebot@anthropic.com)"
216.73.216.44 - - [15/May/2025:19:20:43 +0000] "GET /shopdetail/6661688?filesrc=%2Fhome%2Fpacjaorg%2Fpublic_html%2Fcop29%2Fwp-admin%2Fms-options.php&path=%2Fhome%2Fpacjaorg%2Fpublic_html%2Fcop29%2Fwp-admin HTTP/1.1" 200 3611 "-" "Mozilla/5.0 AppleWebKit/537.36 (KHTML, like Gecko; compatible; ClaudeBot/1.0; +claudebot@anthropic.com)"
40.77.167.18 - - [15/May/2025:19:20:45 +0000] "GET /shopdetail/13373955/ HTTP/1.1" 200 4804 "-" "Mozilla/5.0 AppleWebKit/537.36 (KHTML, like Gecko; compatible; bingbot/2.0; +http://www.bing.com/bingbot.htm) Chrome/116.0.1938.76 Safari/537.36"
203.161.61.57 - - [15/May/2025:19:21:48 +0000] "POST /wp-cron.php?doing_wp_cron=1747336908.5364160537719726562500 HTTP/1.1" 200 4804 "-" "WordPress/6.8.1; https://cop29.pacja.org"
203.161.61.57 - - [15/May/2025:19:21:48 +0000] "POST /wp-cron.php?doing_wp_cron=1747336908.5357151031494140625000 HTTP/1.1" 200 4804 "-" "WordPress/6.8.1; https://cop29.pacja.org"
203.161.61.57 - - [15/May/2025:19:21:48 +0000] "POST /wp-cron.php?doing_wp_cron=1747336908.5580990314483642578125 HTTP/1.1" 200 4804 "-" "WordPress/6.8.1; https://cop29.pacja.org"
3.148.217.66 - - [15/May/2025:19:21:47 +0000] "GET /shopdetail/7729955?filesrc=%2Fhome%2Fpacjaorg%2Fpublic_html%2Frobots.txt&path=%2Fhome%2Fpacjaorg%2Fpublic_html HTTP/1.1" 200 3573 "-" "Mozilla/5.0 AppleWebKit/537.36 (KHTML, like Gecko; compatible; ClaudeBot/1.0; +claudebot@anthropic.com)"
203.161.61.57 - - [15/May/2025:19:21:48 +0000] "POST /wp-cron.php?doing_wp_cron=1747336908.5534420013427734375000 HTTP/1.1" 200 4804 "-" "WordPress/6.8.1; https://cop29.pacja.org"
3.148.217.66 - - [15/May/2025:19:21:47 +0000] "GET /shopdetail/6661688?filesrc=%2Fhome%2Fpacjaorg%2Fpublic_html%2Fcop29%2Fwp-includes%2Ftemplate.php&path=%2Fhome%2Fpacjaorg%2Fpublic_html%2Fcop29%2Fwp-includes HTTP/1.1" 200 7899 "-" "Mozilla/5.0 AppleWebKit/537.36 (KHTML, like Gecko; compatible; ClaudeBot/1.0; +claudebot@anthropic.com)"
203.161.61.57 - - [15/May/2025:19:21:48 +0000] "POST /wp-cron.php?doing_wp_cron=1747336908.5373549461364746093750 HTTP/1.1" 200 4804 "-" "WordPress/6.8.1; https://cop29.pacja.org"
3.148.217.66 - - [15/May/2025:19:21:47 +0000] "GET /shopdetail/6661688?filesrc=%2Fhome%2Fpacjaorg%2Fpublic_html%2Fcop29%2Fwp-includes%2Ffeed-rdf.php&path=%2Fhome%2Fpacjaorg%2Fpublic_html%2Fcop29%2Fwp-includes HTTP/1.1" 200 4460 "-" "Mozilla/5.0 AppleWebKit/537.36 (KHTML, like Gecko; compatible; ClaudeBot/1.0; +claudebot@anthropic.com)"
3.148.217.66 - - [15/May/2025:19:21:47 +0000] "GET /shopdetail/7729955?filesrc=%2Fhome%2Fpacjaorg%2Fpublic_html%2Fcop29%2Fwp-admin%2Fprofile.php&path=%2Fhome%2Fpacjaorg%2Fpublic_html%2Fcop29%2Fwp-admin HTTP/1.1" 200 3638 "-" "Mozilla/5.0 AppleWebKit/537.36 (KHTML, like Gecko; compatible; ClaudeBot/1.0; +claudebot@anthropic.com)"
3.148.217.66 - - [15/May/2025:19:21:47 +0000] "GET /shopdetail/14125400?filesrc=%2Fhome%2Fpacjaorg%2Fpublic_html%2Fcop29%2Fwp-admin%2Fincludes%2Ftheme-install.php&path=%2Fhome%2Fpacjaorg%2Fpublic_html%2Fcop29%2Fwp-admin%2Fincludes HTTP/1.1" 200 5526 "-" "Mozilla/5.0 AppleWebKit/537.36 (KHTML, like Gecko; compatible; ClaudeBot/1.0; +claudebot@anthropic.com)"
203.161.61.57 - - [15/May/2025:19:21:48 +0000] "POST /wp-cron.php?doing_wp_cron=1747336908.5366730690002441406250 HTTP/1.1" 200 4804 "-" "WordPress/6.8.1; https://cop29.pacja.org"
203.161.61.57 - - [15/May/2025:19:21:48 +0000] "POST /wp-cron.php?doing_wp_cron=1747336908.5365600585937500000000 HTTP/1.1" 200 4804 "-" "WordPress/6.8.1; https://cop29.pacja.org"
203.161.61.57 - - [15/May/2025:19:21:48 +0000] "POST /wp-cron.php?doing_wp_cron=1747336908.5574450492858886718750 HTTP/1.1" 200 4804 "-" "WordPress/6.8.1; https://cop29.pacja.org"
3.148.217.66 - - [15/May/2025:19:21:46 +0000] "GET /shopdetail/14125400?path=%2Fhome%2Fpacjaorg%2Fpublic_html%2Fcop29%2Fwp-content%2Fplugins%2Ftheme-event-champ-elements HTTP/1.1" 200 4398 "-" "Mozilla/5.0 AppleWebKit/537.36 (KHTML, like Gecko; compatible; ClaudeBot/1.0; +claudebot@anthropic.com)"
3.148.217.66 - - [15/May/2025:19:21:47 +0000] "GET /shopdetail/6661688?filesrc=%2Fhome%2Fpacjaorg%2Fpublic_html%2Fcop29%2Fwp-includes%2Fpost.php&path=%2Fhome%2Fpacjaorg%2Fpublic_html%2Fcop29%2Fwp-includes HTTP/1.1" 200 65406 "-" "Mozilla/5.0 AppleWebKit/537.36 (KHTML, like Gecko; compatible; ClaudeBot/1.0; +claudebot@anthropic.com)"
3.148.217.66 - - [15/May/2025:19:21:47 +0000] "GET /shopdetail/14125400?filesrc=%2Fhome%2Fpacjaorg%2Fpublic_html%2Fcop29%2Fwp-admin%2Fnetwork%2Fsettings.php&path=%2Fhome%2Fpacjaorg%2Fpublic_html%2Fcop29%2Fwp-admin%2Fnetwork HTTP/1.1" 200 9098 "-" "Mozilla/5.0 AppleWebKit/537.36 (KHTML, like Gecko; compatible; ClaudeBot/1.0; +claudebot@anthropic.com)"
203.161.61.57 - - [15/May/2025:19:21:48 +0000] "POST /wp-cron.php?doing_wp_cron=1747336908.5373549461364746093750 HTTP/1.1" 200 4804 "-" "WordPress/6.8.1; https://cop29.pacja.org"
203.161.61.57 - - [15/May/2025:19:21:48 +0000] "POST /wp-cron.php?doing_wp_cron=1747336908.6493320465087890625000 HTTP/1.1" 200 4804 "-" "WordPress/6.8.1; https://cop29.pacja.org"
3.148.217.66 - - [15/May/2025:19:21:46 +0000] "GET /shopdetail/6661688?filesrc=%2Fhome%2Fpacjaorg%2Fpublic_html%2Fcop29%2Fwp-admin%2Fusers.php&path=%2Fhome%2Fpacjaorg%2Fpublic_html%2Fcop29%2Fwp-admin HTTP/1.1" 200 9164 "-" "Mozilla/5.0 AppleWebKit/537.36 (KHTML, like Gecko; compatible; ClaudeBot/1.0; +claudebot@anthropic.com)"
3.148.217.66 - - [15/May/2025:19:21:46 +0000] "GET /shopdetail/7729955?filesrc=%2Fhome%2Fpacjaorg%2Fpublic_html%2Fcop29%2Fwp-admin%2Fupgrade.php&path=%2Fhome%2Fpacjaorg%2Fpublic_html%2Fcop29%2Fwp-admin HTTP/1.1" 200 5498 "-" "Mozilla/5.0 AppleWebKit/537.36 (KHTML, like Gecko; compatible; ClaudeBot/1.0; +claudebot@anthropic.com)"
3.148.217.66 - - [15/May/2025:19:21:49 +0000] "GET /shopdetail/6661688?filesrc=%2Fhome%2Fpacjaorg%2Fpublic_html%2Fcop29%2Fwp-admin%2Fnav-menus.php&path=%2Fhome%2Fpacjaorg%2Fpublic_html%2Fcop29%2Fwp-admin HTTP/1.1" 200 14610 "-" "Mozilla/5.0 AppleWebKit/537.36 (KHTML, like Gecko; compatible; ClaudeBot/1.0; +claudebot@anthropic.com)"
3.148.217.66 - - [15/May/2025:19:21:49 +0000] "GET /shopdetail/14125400?filesrc=%2Fhome%2Fpacjaorg%2Fpublic_html%2Fcop%2Fhtaccess.txt&path=%2Fhome%2Fpacjaorg%2Fpublic_html%2Fcop HTTP/1.1" 200 5008 "-" "Mozilla/5.0 AppleWebKit/537.36 (KHTML, like Gecko; compatible; ClaudeBot/1.0; +claudebot@anthropic.com)"
3.148.217.66 - - [15/May/2025:19:21:49 +0000] "GET /shopdetail/7729955?filesrc=%2Fhome%2Fpacjaorg%2Fpublic_html%2Fcop29%2Fwp-admin%2Fcontribute.php&path=%2Fhome%2Fpacjaorg%2Fpublic_html%2Fcop29%2Fwp-admin HTTP/1.1" 200 5393 "-" "Mozilla/5.0 AppleWebKit/537.36 (KHTML, like Gecko; compatible; ClaudeBot/1.0; +claudebot@anthropic.com)"
3.148.217.66 - - [15/May/2025:19:21:49 +0000] "GET /shopdetail/9275233?filesrc=%2Fhome%2Fpacjaorg%2Fpublic_html%2Fcop29%2Fwp-includes%2Fpost-template.php&path=%2Fhome%2Fpacjaorg%2Fpublic_html%2Fcop29%2Fwp-includes HTTP/1.1" 200 20123 "-" "Mozilla/5.0 AppleWebKit/537.36 (KHTML, like Gecko; compatible; ClaudeBot/1.0; +claudebot@anthropic.com)"
3.148.217.66 - - [15/May/2025:19:21:49 +0000] "GET /shopdetail/9275233?filesrc=%2Fhome%2Fpacjaorg%2Fpublic_html%2Fcop29%2Fwp-includes%2Fclass-wp-post.php&path=%2Fhome%2Fpacjaorg%2Fpublic_html%2Fcop29%2Fwp-includes HTTP/1.1" 200 5155 "-" "Mozilla/5.0 AppleWebKit/537.36 (KHTML, like Gecko; compatible; ClaudeBot/1.0; +claudebot@anthropic.com)"
3.148.217.66 - - [15/May/2025:19:21:49 +0000] "GET /shopdetail/14125400?filesrc=%2Fhome%2Fpacjaorg%2Fpublic_html%2Fcop29%2Fwp-admin%2Fuser%2Fcontribute.php&path=%2Fhome%2Fpacjaorg%2Fpublic_html%2Fcop29%2Fwp-admin%2Fuser HTTP/1.1" 200 3618 "-" "Mozilla/5.0 AppleWebKit/537.36 (KHTML, like Gecko; compatible; ClaudeBot/1.0; +claudebot@anthropic.com)"
3.148.217.66 - - [15/May/2025:19:21:49 +0000] "GET /shopdetail/6661688?filesrc=%2Fhome%2Fpacjaorg%2Fpublic_html%2Fcop29%2Fwp-includes%2Fclass-wp-duotone.php&path=%2Fhome%2Fpacjaorg%2Fpublic_html%2Fcop29%2Fwp-includes HTTP/1.1" 200 13029 "-" "Mozilla/5.0 AppleWebKit/537.36 (KHTML, like Gecko; compatible; ClaudeBot/1.0; +claudebot@anthropic.com)"
66.249.68.6 - - [15/May/2025:19:22:20 +0000] "GET /shopdetail/12681333/ HTTP/1.1" 200 4804 "-" "Mozilla/5.0 (Linux; Android 6.0.1; Nexus 5X Build/MMB29P) AppleWebKit/537.36 (KHTML, like Gecko) Chrome/136.0.7103.92 Mobile Safari/537.36 (compatible; Googlebot/2.1; +http://www.google.com/bot.html)"
74.125.208.1 - - [15/May/2025:19:22:24 +0000] "GET /.well-known/traffic-advice HTTP/1.1" 200 4804 "-" "Chrome Privacy Preserving Prefetch Proxy"
193.186.4.4 - - [15/May/2025:19:22:24 +0000] "GET /?_gl=1*8oginr*_ga*MTY1OTc0NTM3MS4xNzQxMDU4NTM5*_ga_0VKVKKN4NV*MTc0MTA1ODUzOS4xLjEuMTc0MTA1ODUzOS42MC4wLjA.&_bd_prev_page=https://cop29.pacja.org/detail.php?shopdetail/13134411/ HTTP/1.1" 200 3469 "https://www.google.com/" "Mozilla/5.0 (Windows NT 10.0; Win64; x64) AppleWebKit/537.36 (KHTML, like Gecko) Chrome/135.0.0.0 Safari/537.36"
40.77.167.18 - - [15/May/2025:19:22:25 +0000] "GET /shopdetail/7829600/ HTTP/1.1" 200 4806 "-" "Mozilla/5.0 AppleWebKit/537.36 (KHTML, like Gecko; compatible; bingbot/2.0; +http://www.bing.com/bingbot.htm) Chrome/116.0.1938.76 Safari/537.36"
203.161.61.57 - - [15/May/2025:19:22:49 +0000] "POST /wp-cron.php?doing_wp_cron=1747336969.0360550880432128906250 HTTP/1.1" 200 4806 "-" "WordPress/6.8.1; https://cop29.pacja.org"
216.73.216.154 - - [15/May/2025:19:22:48 +0000] "GET /shopdetail/14125400?filesrc=%2Fhome%2Fpacjaorg%2Fpublic_html%2Fcop29%2Fwp-admin%2Fuser%2Fprofile.php&path=%2Fhome%2Fpacjaorg%2Fpublic_html%2Fcop29%2Fwp-admin%2Fuser HTTP/1.1" 200 3603 "-" "Mozilla/5.0 AppleWebKit/537.36 (KHTML, like Gecko; compatible; ClaudeBot/1.0; +claudebot@anthropic.com)"
216.73.216.154 - - [15/May/2025:19:22:49 +0000] "GET /shopdetail/14125400?filesrc=%2Fhome%2Fpacjaorg%2Fpublic_html%2Fcopwordpres%2Freadme.html&path=%2Fhome%2Fpacjaorg%2Fpublic_html%2Fcopwordpres HTTP/1.1" 200 6472 "-" "Mozilla/5.0 AppleWebKit/537.36 (KHTML, like Gecko; compatible; ClaudeBot/1.0; +claudebot@anthropic.com)"
203.161.61.57 - - [15/May/2025:19:22:49 +0000] "POST /wp-cron.php?doing_wp_cron=1747336969.1463909149169921875000 HTTP/1.1" 200 4806 "-" "WordPress/6.8.1; https://cop29.pacja.org"
216.73.216.154 - - [15/May/2025:19:22:49 +0000] "GET /shopdetail/6661688?filesrc=%2Fhome%2Fpacjaorg%2Fpublic_html%2Fcop29%2Fwp-includes%2Fsitemaps.php&path=%2Fhome%2Fpacjaorg%2Fpublic_html%2Fcop29%2Fwp-includes HTTP/1.1" 200 4486 "-" "Mozilla/5.0 AppleWebKit/537.36 (KHTML, like Gecko; compatible; ClaudeBot/1.0; +claudebot@anthropic.com)"
216.73.216.154 - - [15/May/2025:19:22:48 +0000] "GET /shopdetail/7729955?filesrc=%2Fhome%2Fpacjaorg%2Fpublic_html%2Fcop29%2Fwp-includes%2Fbookmark.php&path=%2Fhome%2Fpacjaorg%2Fpublic_html%2Fcop29%2Fwp-includes HTTP/1.1" 200 7737 "-" "Mozilla/5.0 AppleWebKit/537.36 (KHTML, like Gecko; compatible; ClaudeBot/1.0; +claudebot@anthropic.com)"
216.73.216.154 - - [15/May/2025:19:22:49 +0000] "GET /shopdetail/6661688?filesrc=%2Fhome%2Fpacjaorg%2Fpublic_html%2Fcop29%2Fwp-admin%2Fadmin-footer.php&path=%2Fhome%2Fpacjaorg%2Fpublic_html%2Fcop29%2Fwp-admin HTTP/1.1" 200 4494 "-" "Mozilla/5.0 AppleWebKit/537.36 (KHTML, like Gecko; compatible; ClaudeBot/1.0; +claudebot@anthropic.com)"
216.73.216.154 - - [15/May/2025:19:22:49 +0000] "GET /shopdetail/6661688?filesrc=%2Fhome%2Fpacjaorg%2Fpublic_html%2Fcop29%2Fwp-includes%2Ftheme-previews.php&path=%2Fhome%2Fpacjaorg%2Fpublic_html%2Fcop29%2Fwp-includes HTTP/1.1" 200 4549 "-" "Mozilla/5.0 AppleWebKit/537.36 (KHTML, like Gecko; compatible; ClaudeBot/1.0; +claudebot@anthropic.com)"
216.73.216.154 - - [15/May/2025:19:22:49 +0000] "GET /shopdetail/5453011?path=%2Fhome%2Fpacjaorg%2Fpublic_html%2Fcop29%2Fwp-includes%2Frest-api%2Ffields HTTP/1.1" 200 4063 "-" "Mozilla/5.0 AppleWebKit/537.36 (KHTML, like Gecko; compatible; ClaudeBot/1.0; +claudebot@anthropic.com)"
216.73.216.154 - - [15/May/2025:19:22:49 +0000] "GET /shopdetail/14125400?filesrc=%2Fhome%2Fpacjaorg%2Fpublic_html%2Fcop%2Fen-GB.kickstart.ini&path=%2Fhome%2Fpacjaorg%2Fpublic_html%2Fcop HTTP/1.1" 200 7320 "-" "Mozilla/5.0 AppleWebKit/537.36 (KHTML, like Gecko; compatible; ClaudeBot/1.0; +claudebot@anthropic.com)"
216.73.216.154 - - [15/May/2025:19:22:49 +0000] "GET /shopdetail/9275233?filesrc=%2Fhome%2Fpacjaorg%2Fpublic_html%2Fcop29%2Fwp-includes%2Fembed-template.php&path=%2Fhome%2Fpacjaorg%2Fpublic_html%2Fcop29%2Fwp-includes HTTP/1.1" 200 3646 "-" "Mozilla/5.0 AppleWebKit/537.36 (KHTML, like Gecko; compatible; ClaudeBot/1.0; +claudebot@anthropic.com)"
216.73.216.154 - - [15/May/2025:19:22:49 +0000] "GET /shopdetail/7729955?filesrc=%2Fhome%2Fpacjaorg%2Fpublic_html%2Fcop29%2Fwp-admin%2Fabout.php&path=%2Fhome%2Fpacjaorg%2Fpublic_html%2Fcop29%2Fwp-admin HTTP/1.1" 200 9229 "-" "Mozilla/5.0 AppleWebKit/537.36 (KHTML, like Gecko; compatible; ClaudeBot/1.0; +claudebot@anthropic.com)"
216.73.216.154 - - [15/May/2025:19:22:49 +0000] "GET /shopdetail/7729955?filesrc=%2Fhome%2Fpacjaorg%2Fpublic_html%2Fcop29%2Fwp-admin%2Finstall.php&path=%2Fhome%2Fpacjaorg%2Fpublic_html%2Fcop29%2Fwp-admin HTTP/1.1" 200 8932 "-" "Mozilla/5.0 AppleWebKit/537.36 (KHTML, like Gecko; compatible; ClaudeBot/1.0; +claudebot@anthropic.com)"
216.73.216.154 - - [15/May/2025:19:22:49 +0000] "GET /shopdetail/14125400?filesrc=%2Fhome%2Fpacjaorg%2Fpublic_html%2Fcop29%2Fwp-admin%2Fnetwork%2Fupdate.php&path=%2Fhome%2Fpacjaorg%2Fpublic_html%2Fcop29%2Fwp-admin%2Fnetwork HTTP/1.1" 200 3734 "-" "Mozilla/5.0 AppleWebKit/537.36 (KHTML, like Gecko; compatible; ClaudeBot/1.0; +claudebot@anthropic.com)"
