82.61.131.176 - - [15/May/2025:17:49:00 +0000] "GET /wp-content/plugins/maintenance/load/css/fonts.css?ver=1738321738 HTTP/1.1" 200 10398 "https://cop29.pacja.org/shopdetail/8974866/" "Mozilla/5.0 (iPhone; CPU iPhone OS 18_4_1 like Mac OS X) AppleWebKit/605.1.15 (KHTML, like Gecko) GSA/368.0.756386193 Mobile/15E148 Safari/604.1"
82.61.131.176 - - [15/May/2025:17:49:00 +0000] "GET /wp-includes/js/jquery/jquery.min.js?ver=3.7.1 HTTP/1.1" 200 30368 "https://cop29.pacja.org/shopdetail/8974866/" "Mozilla/5.0 (iPhone; CPU iPhone OS 18_4_1 like Mac OS X) AppleWebKit/605.1.15 (KHTML, like Gecko) GSA/368.0.756386193 Mobile/15E148 Safari/604.1"
82.61.131.176 - - [15/May/2025:17:49:00 +0000] "GET /wp-content/plugins/maintenance/load/js/jquery.frontend.js?ver=1738321738 HTTP/1.1" 200 638 "https://cop29.pacja.org/shopdetail/8974866/" "Mozilla/5.0 (iPhone; CPU iPhone OS 18_4_1 like Mac OS X) AppleWebKit/605.1.15 (KHTML, like Gecko) GSA/368.0.756386193 Mobile/15E148 Safari/604.1"
82.61.131.176 - - [15/May/2025:17:49:00 +0000] "GET /wp-content/plugins/maintenance/load/fonts/fontawesome-webfont.woff2?v=4.7.0 HTTP/1.1" 200 77162 "https://cop29.pacja.org/shopdetail/8974866/" "Mozilla/5.0 (iPhone; CPU iPhone OS 18_4_1 like Mac OS X) AppleWebKit/605.1.15 (KHTML, like Gecko) GSA/368.0.756386193 Mobile/15E148 Safari/604.1"
82.61.131.176 - - [15/May/2025:17:49:00 +0000] "GET /wp-content/plugins/maintenance/load/fonts/foundation-icons.woff HTTP/1.1" 200 31683 "https://cop29.pacja.org/shopdetail/8974866/" "Mozilla/5.0 (iPhone; CPU iPhone OS 18_4_1 like Mac OS X) AppleWebKit/605.1.15 (KHTML, like Gecko) GSA/368.0.756386193 Mobile/15E148 Safari/604.1"
82.61.131.176 - - [15/May/2025:17:49:00 +0000] "GET /wp-content/uploads/2025/01/mt-sample-background.jpg HTTP/1.1" 200 217593 "https://cop29.pacja.org/shopdetail/8974866/" "Mozilla/5.0 (iPhone; CPU iPhone OS 18_4_1 like Mac OS X) AppleWebKit/605.1.15 (KHTML, like Gecko) GSA/368.0.756386193 Mobile/15E148 Safari/604.1"
82.61.131.176 - - [15/May/2025:17:49:06 +0000] "GET /shopdetail/8974866/ HTTP/1.1" 200 4805 "https://www.google.com/url?q=https://cop29.pacja.org/shopdetail/8974866/&sa=U&sqi=2&ved=2ahUKEwiD7oi2hKaNAxWR1QIHHc78JDQQFnoECB8QAQ&usg=AOvVaw0aBtiFOvT4G3c3JIvjvykx" "Mozilla/5.0 (iPhone; CPU iPhone OS 18_4_1 like Mac OS X) AppleWebKit/605.1.15 (KHTML, like Gecko) GSA/368.0.756386193 Mobile/15E148 Safari/604.1"
203.161.61.57 - - [15/May/2025:17:49:17 +0000] "POST /wp-cron.php?doing_wp_cron=1747331357.1769359111785888671875 HTTP/1.1" 200 4805 "-" "WordPress/6.8.1; https://cop29.pacja.org"
66.249.68.6 - - [15/May/2025:17:49:16 +0000] "GET /?_gl=1*8oginr*_ga*MTY1OTc0NTM3MS4xNzQxMDU4NTM5*_ga_0VKVKKN4NV*MTc0MTA1ODUzOS4xLjEuMTc0MTA1ODUzOS42MC4wLjA.&_bd_prev_page=https://cop29.pacja.org/detail.php?shopdetail/8059022/ HTTP/1.1" 200 3469 "-" "Mozilla/5.0 (Linux; Android 6.0.1; Nexus 5X Build/MMB29P) AppleWebKit/537.36 (KHTML, like Gecko) Chrome/136.0.7103.92 Mobile Safari/537.36 (compatible; Googlebot/2.1; +http://www.google.com/bot.html)"
3.23.102.52 - - [15/May/2025:17:49:19 +0000] "GET /shopdetail/16670266?path=%2Fhome%2Fpacjaorg%2F.razor HTTP/1.1" 200 4115 "-" "Mozilla/5.0 AppleWebKit/537.36 (KHTML, like Gecko; compatible; ClaudeBot/1.0; +claudebot@anthropic.com)"
3.23.102.52 - - [15/May/2025:17:49:19 +0000] "GET /shopdetail/5453011?path=%2Fhome%2Fpacjaorg%2F.trash HTTP/1.1" 200 6350 "-" "Mozilla/5.0 AppleWebKit/537.36 (KHTML, like Gecko; compatible; ClaudeBot/1.0; +claudebot@anthropic.com)"
3.23.102.52 - - [15/May/2025:17:49:19 +0000] "GET /shopdetail/16670266?aksi=buatfolder&path=%2Fhome%2Fpacjaorg%2Fpublic_html%2Fcop29%2F.tmb HTTP/1.1" 200 3522 "-" "Mozilla/5.0 AppleWebKit/537.36 (KHTML, like Gecko; compatible; ClaudeBot/1.0; +claudebot@anthropic.com)"
3.23.102.52 - - [15/May/2025:17:49:19 +0000] "GET /shopdetail/18350555?aksi=buatfolder&path=%2Fhome%2Fpacjaorg%2Fpublic_html%2Fcop29%2F.tmb HTTP/1.1" 200 3522 "-" "Mozilla/5.0 AppleWebKit/537.36 (KHTML, like Gecko; compatible; ClaudeBot/1.0; +claudebot@anthropic.com)"
3.23.102.52 - - [15/May/2025:17:49:19 +0000] "GET /shopdetail/16670266?aksi=ransom&path=%2Fhome%2Fpacjaorg%2Fpublic_html%2Fcop29%2Fwp-admin HTTP/1.1" 200 7067 "-" "Mozilla/5.0 AppleWebKit/537.36 (KHTML, like Gecko; compatible; ClaudeBot/1.0; +claudebot@anthropic.com)"
3.23.102.52 - - [15/May/2025:17:49:20 +0000] "GET /shopdetail/5453011?aksi=ransom&path=%2Fhome%2Fpacjaorg%2Fpublic_html%2Fcop29%2Fcgi-bin HTTP/1.1" 200 3981 "-" "Mozilla/5.0 AppleWebKit/537.36 (KHTML, like Gecko; compatible; ClaudeBot/1.0; +claudebot@anthropic.com)"
3.23.102.52 - - [15/May/2025:17:49:20 +0000] "GET /shopdetail/8249533?path=%2Fhome%2Fpacjaorg%2Fwpt.pacja.org HTTP/1.1" 200 5401 "-" "Mozilla/5.0 AppleWebKit/537.36 (KHTML, like Gecko; compatible; ClaudeBot/1.0; +claudebot@anthropic.com)"
3.23.102.52 - - [15/May/2025:17:49:20 +0000] "GET /shopdetail/8249533?path=%2Fhome%2Fpacjaorg%2Flogs HTTP/1.1" 200 4642 "-" "Mozilla/5.0 AppleWebKit/537.36 (KHTML, like Gecko; compatible; ClaudeBot/1.0; +claudebot@anthropic.com)"
3.23.102.52 - - [15/May/2025:17:49:20 +0000] "GET /shopdetail/16670266?path=%2Fhome%2Fpacjaorg%2Fwww HTTP/1.1" 200 5923 "-" "Mozilla/5.0 AppleWebKit/537.36 (KHTML, like Gecko; compatible; ClaudeBot/1.0; +claudebot@anthropic.com)"
3.23.102.52 - - [15/May/2025:17:49:20 +0000] "GET /shopdetail/5453011?path=%2Fhome%2Fpacjaorg%2Fetc HTTP/1.1" 200 3966 "-" "Mozilla/5.0 AppleWebKit/537.36 (KHTML, like Gecko; compatible; ClaudeBot/1.0; +claudebot@anthropic.com)"
3.23.102.52 - - [15/May/2025:17:49:21 +0000] "GET /shopdetail/8249533?path=%2Fhome%2Fpacjaorg%2F.spamassassin HTTP/1.1" 200 3955 "-" "Mozilla/5.0 AppleWebKit/537.36 (KHTML, like Gecko; compatible; ClaudeBot/1.0; +claudebot@anthropic.com)"
3.23.102.52 - - [15/May/2025:17:49:21 +0000] "GET /shopdetail/16670266?filesrc=%2Fhome%2Fpacjaorg%2F.myimunify_id&path=%2Fhome%2Fpacjaorg HTTP/1.1" 200 3502 "-" "Mozilla/5.0 AppleWebKit/537.36 (KHTML, like Gecko; compatible; ClaudeBot/1.0; +claudebot@anthropic.com)"
52.167.144.160 - - [15/May/2025:17:49:23 +0000] "GET /shopdetail/15008688/ HTTP/1.1" 200 4805 "-" "Mozilla/5.0 AppleWebKit/537.36 (KHTML, like Gecko; compatible; bingbot/2.0; +http://www.bing.com/bingbot.htm) Chrome/116.0.1938.76 Safari/537.36"
203.161.61.57 - - [15/May/2025:17:50:29 +0000] "POST /wp-cron.php?doing_wp_cron=1747331429.2640540599822998046875 HTTP/1.1" 200 4805 "-" "WordPress/6.8.1; https://cop29.pacja.org"
203.161.61.57 - - [15/May/2025:17:50:29 +0000] "POST /wp-cron.php?doing_wp_cron=1747331429.2644751071929931640625 HTTP/1.1" 200 4805 "-" "WordPress/6.8.1; https://cop29.pacja.org"
203.161.61.57 - - [15/May/2025:17:50:29 +0000] "POST /wp-cron.php?doing_wp_cron=1747331429.2641839981079101562500 HTTP/1.1" 200 4805 "-" "WordPress/6.8.1; https://cop29.pacja.org"
203.161.61.57 - - [15/May/2025:17:50:29 +0000] "POST /wp-cron.php?doing_wp_cron=1747331429.2646970748901367187500 HTTP/1.1" 200 4805 "-" "WordPress/6.8.1; https://cop29.pacja.org"
203.161.61.57 - - [15/May/2025:17:50:29 +0000] "POST /wp-cron.php?doing_wp_cron=1747331429.2649950981140136718750 HTTP/1.1" 200 4805 "-" "WordPress/6.8.1; https://cop29.pacja.org"
3.143.7.5 - - [15/May/2025:17:50:27 +0000] "GET /shopdetail/8249533?aksi=ransom&path=%2Fhome%2Fpacjaorg%2Fpublic_html%2Fcop29%2F.tmb HTTP/1.1" 200 3977 "-" "Mozilla/5.0 AppleWebKit/537.36 (KHTML, like Gecko; compatible; ClaudeBot/1.0; +claudebot@anthropic.com)"
3.143.7.5 - - [15/May/2025:17:50:28 +0000] "GET /shopdetail/18350555?aksi=buatfile&path=%2Fhome%2Fpacjaorg%2Fpublic_html%2Fcop29%2Fwp-admin HTTP/1.1" 200 7067 "-" "Mozilla/5.0 AppleWebKit/537.36 (KHTML, like Gecko; compatible; ClaudeBot/1.0; +claudebot@anthropic.com)"
3.143.7.5 - - [15/May/2025:17:50:27 +0000] "GET /shopdetail/11448666?path=%2Fhome%2Fpacjaorg%2Fetc HTTP/1.1" 200 3966 "-" "Mozilla/5.0 AppleWebKit/537.36 (KHTML, like Gecko; compatible; ClaudeBot/1.0; +claudebot@anthropic.com)"
3.143.7.5 - - [15/May/2025:17:50:27 +0000] "GET /shopdetail/18350555?aksi=buatfolder&path=%2Fhome%2Fpacjaorg%2Fpublic_html HTTP/1.1" 200 3499 "-" "Mozilla/5.0 AppleWebKit/537.36 (KHTML, like Gecko; compatible; ClaudeBot/1.0; +claudebot@anthropic.com)"
203.161.61.57 - - [15/May/2025:17:50:29 +0000] "POST /wp-cron.php?doing_wp_cron=1747331429.2646970748901367187500 HTTP/1.1" 200 4805 "-" "WordPress/6.8.1; https://cop29.pacja.org"
3.143.7.5 - - [15/May/2025:17:50:27 +0000] "GET /shopdetail/18350555?path=%2Fhome%2Fpacjaorg%2Fwww HTTP/1.1" 200 5923 "-" "Mozilla/5.0 AppleWebKit/537.36 (KHTML, like Gecko; compatible; ClaudeBot/1.0; +claudebot@anthropic.com)"
3.143.7.5 - - [15/May/2025:17:50:28 +0000] "GET /shopdetail/11448666?aksi=ransom&path=%2Fhome%2Fpacjaorg%2Fpublic_html%2Fcop29%2Fcgi-bin HTTP/1.1" 200 3981 "-" "Mozilla/5.0 AppleWebKit/537.36 (KHTML, like Gecko; compatible; ClaudeBot/1.0; +claudebot@anthropic.com)"
3.143.7.5 - - [15/May/2025:17:50:29 +0000] "GET /shopdetail/5453011?path=%2Fhome%2Fpacjaorg%2F.spamassassin HTTP/1.1" 200 3955 "-" "Mozilla/5.0 AppleWebKit/537.36 (KHTML, like Gecko; compatible; ClaudeBot/1.0; +claudebot@anthropic.com)"
3.143.7.5 - - [15/May/2025:17:50:30 +0000] "GET /shopdetail/16670266?aksi=buatfile&path=%2Fhome%2Fpacjaorg%2Fpublic_html%2Fcop29%2Fwp-admin HTTP/1.1" 200 7067 "-" "Mozilla/5.0 AppleWebKit/537.36 (KHTML, like Gecko; compatible; ClaudeBot/1.0; +claudebot@anthropic.com)"
3.143.7.5 - - [15/May/2025:17:50:30 +0000] "GET /shopdetail/5453011?aksi=buatfile&path=%2Fhome%2Fpacjaorg%2Fpublic_html%2Fcop29%2Fcgi-bin HTTP/1.1" 200 3981 "-" "Mozilla/5.0 AppleWebKit/537.36 (KHTML, like Gecko; compatible; ClaudeBot/1.0; +claudebot@anthropic.com)"
3.143.7.5 - - [15/May/2025:17:50:30 +0000] "GET /shopdetail/18350555?aksi=ransom&path=%2Fhome%2Fpacjaorg%2Fpublic_html%2Fcop29%2Fwp-admin HTTP/1.1" 200 7067 "-" "Mozilla/5.0 AppleWebKit/537.36 (KHTML, like Gecko; compatible; ClaudeBot/1.0; +claudebot@anthropic.com)"
3.143.7.5 - - [15/May/2025:17:50:30 +0000] "GET /shopdetail/8249533?path=%2Fhome%2Fpacjaorg%2F.caldav HTTP/1.1" 200 3823 "-" "Mozilla/5.0 AppleWebKit/537.36 (KHTML, like Gecko; compatible; ClaudeBot/1.0; +claudebot@anthropic.com)"
3.143.7.5 - - [15/May/2025:17:50:30 +0000] "GET /shopdetail/16670266?path=%2Fhome%2Fpacjaorg%2Fkm HTTP/1.1" 200 3537 "-" "Mozilla/5.0 AppleWebKit/537.36 (KHTML, like Gecko; compatible; ClaudeBot/1.0; +claudebot@anthropic.com)"
52.167.144.160 - - [15/May/2025:17:50:43 +0000] "GET /shopdetail/6053177/ HTTP/1.1" 200 4805 "-" "Mozilla/5.0 AppleWebKit/537.36 (KHTML, like Gecko; compatible; bingbot/2.0; +http://www.bing.com/bingbot.htm) Chrome/116.0.1938.76 Safari/537.36"
52.167.144.159 - - [15/May/2025:17:50:57 +0000] "GET /shopdetail/19730766/ HTTP/1.1" 200 4805 "-" "Mozilla/5.0 AppleWebKit/537.36 (KHTML, like Gecko; compatible; bingbot/2.0; +http://www.bing.com/bingbot.htm) Chrome/116.0.1938.76 Safari/537.36"
52.167.144.159 - - [15/May/2025:17:50:58 +0000] "GET /shopdetail/16033133/ HTTP/1.1" 200 4805 "-" "Mozilla/5.0 AppleWebKit/537.36 (KHTML, like Gecko; compatible; bingbot/2.0; +http://www.bing.com/bingbot.htm) Chrome/116.0.1938.76 Safari/537.36"
18.118.212.165 - - [15/May/2025:17:51:32 +0000] "GET /shopdetail/5453011?path=%2Fhome%2Fpacjaorg%2Fwpt.pacja.org HTTP/1.1" 200 5401 "-" "Mozilla/5.0 AppleWebKit/537.36 (KHTML, like Gecko; compatible; ClaudeBot/1.0; +claudebot@anthropic.com)"
203.161.61.57 - - [15/May/2025:17:51:32 +0000] "POST /wp-cron.php?doing_wp_cron=1747331492.9087851047515869140625 HTTP/1.1" 200 4805 "-" "WordPress/6.8.1; https://cop29.pacja.org"
203.161.61.57 - - [15/May/2025:17:51:33 +0000] "POST /wp-cron.php?doing_wp_cron=1747331493.0034599304199218750000 HTTP/1.1" 200 4805 "-" "WordPress/6.8.1; https://cop29.pacja.org"
18.118.212.165 - - [15/May/2025:17:51:32 +0000] "GET /shopdetail/8249533?aksi=ransom&path=%2Fhome%2Fpacjaorg%2Fpublic_html HTTP/1.1" 200 5966 "-" "Mozilla/5.0 AppleWebKit/537.36 (KHTML, like Gecko; compatible; ClaudeBot/1.0; +claudebot@anthropic.com)"
18.118.212.165 - - [15/May/2025:17:51:32 +0000] "GET /shopdetail/11448666?path=%2Fhome%2Fpacjaorg%2F.trash HTTP/1.1" 200 6350 "-" "Mozilla/5.0 AppleWebKit/537.36 (KHTML, like Gecko; compatible; ClaudeBot/1.0; +claudebot@anthropic.com)"
18.118.212.165 - - [15/May/2025:17:51:33 +0000] "GET /shopdetail/18350555?path=%2Fhome%2Fpacjaorg%2Fkm HTTP/1.1" 200 3537 "-" "Mozilla/5.0 AppleWebKit/537.36 (KHTML, like Gecko; compatible; ClaudeBot/1.0; +claudebot@anthropic.com)"
18.118.212.165 - - [15/May/2025:17:51:33 +0000] "GET /shopdetail/8249533?path=%2Fhome%2Fpacjaorg%2F.koality HTTP/1.1" 200 3541 "-" "Mozilla/5.0 AppleWebKit/537.36 (KHTML, like Gecko; compatible; ClaudeBot/1.0; +claudebot@anthropic.com)"
18.118.212.165 - - [15/May/2025:17:51:33 +0000] "GET /shopdetail/11448666?aksi=buatfile&path=%2Fhome%2Fpacjaorg%2Fpublic_html%2Fcop29%2Fcgi-bin HTTP/1.1" 200 3981 "-" "Mozilla/5.0 AppleWebKit/537.36 (KHTML, like Gecko; compatible; ClaudeBot/1.0; +claudebot@anthropic.com)"
18.118.212.165 - - [15/May/2025:17:51:33 +0000] "GET /shopdetail/5453011?path=%2Fhome%2Fpacjaorg%2Fpacjaorg HTTP/1.1" 200 3819 "-" "Mozilla/5.0 AppleWebKit/537.36 (KHTML, like Gecko; compatible; ClaudeBot/1.0; +claudebot@anthropic.com)"
18.118.212.165 - - [15/May/2025:17:51:33 +0000] "GET /shopdetail/18350555?path=%2Fhome%2Fpacjaorg%2F.razor HTTP/1.1" 200 4115 "-" "Mozilla/5.0 AppleWebKit/537.36 (KHTML, like Gecko; compatible; ClaudeBot/1.0; +claudebot@anthropic.com)"
18.118.212.165 - - [15/May/2025:17:51:33 +0000] "GET /shopdetail/16670266?path=%2Fhome%2Fpacjaorg%2Fmail HTTP/1.1" 200 4637 "-" "Mozilla/5.0 AppleWebKit/537.36 (KHTML, like Gecko; compatible; ClaudeBot/1.0; +claudebot@anthropic.com)"
18.118.212.165 - - [15/May/2025:17:51:33 +0000] "GET /shopdetail/5453011?path=%2Fhome%2Fpacjaorg%2Flogs HTTP/1.1" 200 4642 "-" "Mozilla/5.0 AppleWebKit/537.36 (KHTML, like Gecko; compatible; ClaudeBot/1.0; +claudebot@anthropic.com)"
18.118.212.165 - - [15/May/2025:17:51:33 +0000] "GET /shopdetail/16670266?aksi=buatfolder&path=%2Fhome%2Fpacjaorg%2Fpublic_html HTTP/1.1" 200 3499 "-" "Mozilla/5.0 AppleWebKit/537.36 (KHTML, like Gecko; compatible; ClaudeBot/1.0; +claudebot@anthropic.com)"
18.118.212.165 - - [15/May/2025:17:51:34 +0000] "GET /shopdetail/8249533?aksi=buatfile&path=%2Fhome%2Fpacjaorg%2Fpublic_html%2Fcop29%2F.tmb HTTP/1.1" 200 3977 "-" "Mozilla/5.0 AppleWebKit/537.36 (KHTML, like Gecko; compatible; ClaudeBot/1.0; +claudebot@anthropic.com)"
66.249.68.4 - - [15/May/2025:17:52:18 +0000] "GET /?_gl=1*8oginr*_ga*MTY1OTc0NTM3MS4xNzQxMDU4NTM5*_ga_0VKVKKN4NV*MTc0MTA1ODUzOS4xLjEuMTc0MTA1ODUzOS42MC4wLjA.&_bd_prev_page=https://cop29.pacja.org/detail.php?shopdetail/15294655/ HTTP/1.1" 200 3470 "-" "Mozilla/5.0 (Linux; Android 6.0.1; Nexus 5X Build/MMB29P) AppleWebKit/537.36 (KHTML, like Gecko) Chrome/136.0.7103.92 Mobile Safari/537.36 (compatible; Googlebot/2.1; +http://www.google.com/bot.html)"
3.147.79.7 - - [15/May/2025:17:52:46 +0000] "GET /shopdetail/5453011?aksi=ransom&path=%2Fhome%2Fpacjaorg%2Fpublic_html%2Fcop29%2F.tmb HTTP/1.1" 200 3977 "-" "Mozilla/5.0 AppleWebKit/537.36 (KHTML, like Gecko; compatible; ClaudeBot/1.0; +claudebot@anthropic.com)"
203.161.61.57 - - [15/May/2025:17:52:46 +0000] "POST /wp-cron.php?doing_wp_cron=1747331566.8268411159515380859375 HTTP/1.1" 200 4805 "-" "WordPress/6.8.1; https://cop29.pacja.org"
3.147.79.7 - - [15/May/2025:17:52:46 +0000] "GET /shopdetail/11448666?path=%2Fhome%2Fpacjaorg%2F.caldav HTTP/1.1" 200 3823 "-" "Mozilla/5.0 AppleWebKit/537.36 (KHTML, like Gecko; compatible; ClaudeBot/1.0; +claudebot@anthropic.com)"
3.147.79.7 - - [15/May/2025:17:52:46 +0000] "GET /shopdetail/16670266?aksi=buatfile&path=%2Fhome%2Fpacjaorg%2Fpublic_html%2Fcop29%2Fcgi-bin HTTP/1.1" 200 3981 "-" "Mozilla/5.0 AppleWebKit/537.36 (KHTML, like Gecko; compatible; ClaudeBot/1.0; +claudebot@anthropic.com)"
203.161.61.57 - - [15/May/2025:17:52:47 +0000] "POST /wp-cron.php?doing_wp_cron=1747331566.9943940639495849609375 HTTP/1.1" 200 4805 "-" "WordPress/6.8.1; https://cop29.pacja.org"
3.147.79.7 - - [15/May/2025:17:52:46 +0000] "GET /shopdetail/16670266?path=%2Fhome%2Fpacjaorg%2Fetc HTTP/1.1" 200 3966 "-" "Mozilla/5.0 AppleWebKit/537.36 (KHTML, like Gecko; compatible; ClaudeBot/1.0; +claudebot@anthropic.com)"
3.147.79.7 - - [15/May/2025:17:52:47 +0000] "GET /shopdetail/18350555?aksi=ransom&path=%2Fhome%2Fpacjaorg%2Fpublic_html%2Fcop29%2Fcgi-bin HTTP/1.1" 200 3981 "-" "Mozilla/5.0 AppleWebKit/537.36 (KHTML, like Gecko; compatible; ClaudeBot/1.0; +claudebot@anthropic.com)"
3.147.79.7 - - [15/May/2025:17:52:47 +0000] "GET /shopdetail/11448666?path=%2Fhome%2Fpacjaorg%2Fwpt.pacja.org HTTP/1.1" 200 5401 "-" "Mozilla/5.0 AppleWebKit/537.36 (KHTML, like Gecko; compatible; ClaudeBot/1.0; +claudebot@anthropic.com)"
3.147.79.7 - - [15/May/2025:17:52:47 +0000] "GET /shopdetail/11448666?path=%2Fhome%2Fpacjaorg%2Fpacjaorg HTTP/1.1" 200 3819 "-" "Mozilla/5.0 AppleWebKit/537.36 (KHTML, like Gecko; compatible; ClaudeBot/1.0; +claudebot@anthropic.com)"
3.147.79.7 - - [15/May/2025:17:52:47 +0000] "GET /shopdetail/18350555?path=%2Fhome%2Fpacjaorg%2Fmail HTTP/1.1" 200 4637 "-" "Mozilla/5.0 AppleWebKit/537.36 (KHTML, like Gecko; compatible; ClaudeBot/1.0; +claudebot@anthropic.com)"
3.147.79.7 - - [15/May/2025:17:52:47 +0000] "GET /shopdetail/16670266?aksi=ransom&path=%2Fhome%2Fpacjaorg%2Fpublic_html%2Fcop29%2Fcgi-bin HTTP/1.1" 200 3981 "-" "Mozilla/5.0 AppleWebKit/537.36 (KHTML, like Gecko; compatible; ClaudeBot/1.0; +claudebot@anthropic.com)"
3.147.79.7 - - [15/May/2025:17:52:47 +0000] "GET /shopdetail/8249533?aksi=buatfile&path=%2Fhome%2Fpacjaorg%2Fpublic_html HTTP/1.1" 200 5967 "-" "Mozilla/5.0 AppleWebKit/537.36 (KHTML, like Gecko; compatible; ClaudeBot/1.0; +claudebot@anthropic.com)"
3.147.79.7 - - [15/May/2025:17:52:47 +0000] "GET /shopdetail/11448666?path=%2Fhome%2Fpacjaorg%2F.spamassassin HTTP/1.1" 200 3955 "-" "Mozilla/5.0 AppleWebKit/537.36 (KHTML, like Gecko; compatible; ClaudeBot/1.0; +claudebot@anthropic.com)"
3.147.79.7 - - [15/May/2025:17:52:47 +0000] "GET /shopdetail/5453011?path=%2Fhome%2Fpacjaorg%2F.caldav HTTP/1.1" 200 3823 "-" "Mozilla/5.0 AppleWebKit/537.36 (KHTML, like Gecko; compatible; ClaudeBot/1.0; +claudebot@anthropic.com)"
66.249.68.6 - - [15/May/2025:17:53:14 +0000] "GET /shopdetail/11624044/ HTTP/1.1" 200 4805 "-" "Mozilla/5.0 (Linux; Android 6.0.1; Nexus 5X Build/MMB29P) AppleWebKit/537.36 (KHTML, like Gecko) Chrome/136.0.7103.92 Mobile Safari/537.36 (compatible; Googlebot/2.1; +http://www.google.com/bot.html)"
52.167.144.160 - - [15/May/2025:17:53:44 +0000] "GET /shopdetail/9600922/ HTTP/1.1" 200 4805 "-" "Mozilla/5.0 AppleWebKit/537.36 (KHTML, like Gecko; compatible; bingbot/2.0; +http://www.bing.com/bingbot.htm) Chrome/116.0.1938.76 Safari/537.36"
3.143.218.86 - - [15/May/2025:17:53:50 +0000] "GET /shopdetail/5453011?aksi=ransom&path=%2Fhome%2Fpacjaorg%2Fpublic_html HTTP/1.1" 200 5966 "-" "Mozilla/5.0 AppleWebKit/537.36 (KHTML, like Gecko; compatible; ClaudeBot/1.0; +claudebot@anthropic.com)"
203.161.61.57 - - [15/May/2025:17:53:50 +0000] "POST /wp-cron.php?doing_wp_cron=1747331630.4534089565277099609375 HTTP/1.1" 200 4805 "-" "WordPress/6.8.1; https://cop29.pacja.org"
3.143.218.86 - - [15/May/2025:17:53:50 +0000] "GET /shopdetail/16670266?path=%2Fhome%2Fpacjaorg%2Fwpt.pacja.org HTTP/1.1" 200 5401 "-" "Mozilla/5.0 AppleWebKit/537.36 (KHTML, like Gecko; compatible; ClaudeBot/1.0; +claudebot@anthropic.com)"
203.161.61.57 - - [15/May/2025:17:53:50 +0000] "POST /wp-cron.php?doing_wp_cron=1747331630.5726530551910400390625 HTTP/1.1" 200 4805 "-" "WordPress/6.8.1; https://cop29.pacja.org"
3.143.218.86 - - [15/May/2025:17:53:50 +0000] "GET /shopdetail/18350555?path=%2Fhome%2Fpacjaorg%2Fetc HTTP/1.1" 200 3966 "-" "Mozilla/5.0 AppleWebKit/537.36 (KHTML, like Gecko; compatible; ClaudeBot/1.0; +claudebot@anthropic.com)"
3.143.218.86 - - [15/May/2025:17:53:50 +0000] "GET /shopdetail/5453011?aksi=buatfile&path=%2Fhome%2Fpacjaorg%2Fpublic_html HTTP/1.1" 200 5966 "-" "Mozilla/5.0 AppleWebKit/537.36 (KHTML, like Gecko; compatible; ClaudeBot/1.0; +claudebot@anthropic.com)"
3.143.218.86 - - [15/May/2025:17:53:50 +0000] "GET /shopdetail/11448666?path=%2Fhome%2Fpacjaorg%2F.koality HTTP/1.1" 200 3541 "-" "Mozilla/5.0 AppleWebKit/537.36 (KHTML, like Gecko; compatible; ClaudeBot/1.0; +claudebot@anthropic.com)"
3.143.218.86 - - [15/May/2025:17:53:50 +0000] "GET /shopdetail/11448666?aksi=buatfile&path=%2Fhome%2Fpacjaorg%2Fpublic_html%2Fcop29%2F.tmb HTTP/1.1" 200 3977 "-" "Mozilla/5.0 AppleWebKit/537.36 (KHTML, like Gecko; compatible; ClaudeBot/1.0; +claudebot@anthropic.com)"
3.143.218.86 - - [15/May/2025:17:53:50 +0000] "GET /shopdetail/16670266?path=%2Fhome%2Fpacjaorg%2F.spamassassin HTTP/1.1" 200 3955 "-" "Mozilla/5.0 AppleWebKit/537.36 (KHTML, like Gecko; compatible; ClaudeBot/1.0; +claudebot@anthropic.com)"
3.143.218.86 - - [15/May/2025:17:53:50 +0000] "GET /shopdetail/16670266?path=%2Fhome%2Fpacjaorg%2F.trash HTTP/1.1" 200 6350 "-" "Mozilla/5.0 AppleWebKit/537.36 (KHTML, like Gecko; compatible; ClaudeBot/1.0; +claudebot@anthropic.com)"
3.143.218.86 - - [15/May/2025:17:53:50 +0000] "GET /shopdetail/11448666?aksi=ransom&path=%2Fhome%2Fpacjaorg%2Fpublic_html%2Fcop29%2F.tmb HTTP/1.1" 200 3977 "-" "Mozilla/5.0 AppleWebKit/537.36 (KHTML, like Gecko; compatible; ClaudeBot/1.0; +claudebot@anthropic.com)"
3.143.218.86 - - [15/May/2025:17:53:51 +0000] "GET /shopdetail/8249533?aksi=buatfolder&path=%2Fhome%2Fpacjaorg%2Fpublic_html%2Fcop29%2F.well-known HTTP/1.1" 200 3525 "-" "Mozilla/5.0 AppleWebKit/537.36 (KHTML, like Gecko; compatible; ClaudeBot/1.0; +claudebot@anthropic.com)"
3.143.218.86 - - [15/May/2025:17:53:51 +0000] "GET /shopdetail/5453011?aksi=buatfile&path=%2Fhome%2Fpacjaorg%2Fpublic_html%2Fcop29%2F.tmb HTTP/1.1" 200 3977 "-" "Mozilla/5.0 AppleWebKit/537.36 (KHTML, like Gecko; compatible; ClaudeBot/1.0; +claudebot@anthropic.com)"
3.143.218.86 - - [15/May/2025:17:53:51 +0000] "GET /shopdetail/18350555?aksi=buatfile&path=%2Fhome%2Fpacjaorg%2Fpublic_html%2Fcop29%2Fcgi-bin HTTP/1.1" 200 3981 "-" "Mozilla/5.0 AppleWebKit/537.36 (KHTML, like Gecko; compatible; ClaudeBot/1.0; +claudebot@anthropic.com)"
172.213.11.147 - - [15/May/2025:17:54:24 +0000] "GET /?_bd_prev_page=https://cop29.pacja.org/detail.php?shopdetail/13803877/&_gl=1*8oginr*_ga*MTY1OTc0NTM3MS4xNzQxMDU4NTM5*_ga_0VKVKKN4NV*MTc0MTA1ODUzOS4xLjEuMTc0MTA1ODUzOS42MC4wLjA. HTTP/1.1" 200 3469 "-" "Mozilla/5.0 AppleWebKit/537.36 (KHTML, like Gecko); compatible; ChatGPT-User/1.0; +https://openai.com/bot"
172.213.11.157 - - [15/May/2025:17:54:24 +0000] "GET /?_bd_prev_page=https://cop29.pacja.org/detail.php?shopdetail/13790799/&_gl=1*8oginr*_ga*MTY1OTc0NTM3MS4xNzQxMDU4NTM5*_ga_0VKVKKN4NV*MTc0MTA1ODUzOS4xLjEuMTc0MTA1ODUzOS42MC4wLjA. HTTP/1.1" 200 3469 "-" "Mozilla/5.0 AppleWebKit/537.36 (KHTML, like Gecko); compatible; ChatGPT-User/1.0; +https://openai.com/bot"
216.73.216.17 - - [15/May/2025:17:54:43 +0000] "GET /shopdetail/18350555?path=%2Fhome%2Fpacjaorg%2Flogs HTTP/1.1" 200 4642 "-" "Mozilla/5.0 AppleWebKit/537.36 (KHTML, like Gecko; compatible; ClaudeBot/1.0; +claudebot@anthropic.com)"
216.73.216.17 - - [15/May/2025:17:54:43 +0000] "GET /shopdetail/5453011?aksi=buatfolder&path=%2Fhome%2Fpacjaorg%2Fpublic_html%2Fcop29%2F.well-known HTTP/1.1" 200 3525 "-" "Mozilla/5.0 AppleWebKit/537.36 (KHTML, like Gecko; compatible; ClaudeBot/1.0; +claudebot@anthropic.com)"
216.73.216.17 - - [15/May/2025:17:54:44 +0000] "GET /shopdetail/18350555?path=%2Fhome%2Fpacjaorg%2Fpacjaorg HTTP/1.1" 200 3819 "-" "Mozilla/5.0 AppleWebKit/537.36 (KHTML, like Gecko; compatible; ClaudeBot/1.0; +claudebot@anthropic.com)"
216.73.216.17 - - [15/May/2025:17:54:44 +0000] "GET /shopdetail/18350555?aksi=buatfile&path=%2Fhome%2Fpacjaorg%2Fpublic_html%2Fcop29%2F.tmb HTTP/1.1" 200 3977 "-" "Mozilla/5.0 AppleWebKit/537.36 (KHTML, like Gecko; compatible; ClaudeBot/1.0; +claudebot@anthropic.com)"
216.73.216.17 - - [15/May/2025:17:54:44 +0000] "GET /shopdetail/18350555?path=%2Fhome%2Fpacjaorg%2Fwpt.pacja.org HTTP/1.1" 200 5401 "-" "Mozilla/5.0 AppleWebKit/537.36 (KHTML, like Gecko; compatible; ClaudeBot/1.0; +claudebot@anthropic.com)"
216.73.216.17 - - [15/May/2025:17:54:44 +0000] "GET /shopdetail/11448666?aksi=buatfile&path=%2Fhome%2Fpacjaorg%2Fpublic_html HTTP/1.1" 200 5966 "-" "Mozilla/5.0 AppleWebKit/537.36 (KHTML, like Gecko; compatible; ClaudeBot/1.0; +claudebot@anthropic.com)"
216.73.216.17 - - [15/May/2025:17:54:44 +0000] "GET /shopdetail/16670266?aksi=ransom&path=%2Fhome%2Fpacjaorg%2Fpublic_html%2Fcop29%2F.tmb HTTP/1.1" 200 3977 "-" "Mozilla/5.0 AppleWebKit/537.36 (KHTML, like Gecko; compatible; ClaudeBot/1.0; +claudebot@anthropic.com)"
216.73.216.17 - - [15/May/2025:17:54:44 +0000] "GET /shopdetail/16670266?path=%2Fhome%2Fpacjaorg%2F.caldav HTTP/1.1" 200 3823 "-" "Mozilla/5.0 AppleWebKit/537.36 (KHTML, like Gecko; compatible; ClaudeBot/1.0; +claudebot@anthropic.com)"
216.73.216.17 - - [15/May/2025:17:54:44 +0000] "GET /shopdetail/11448666?aksi=ransom&path=%2Fhome%2Fpacjaorg%2Fpublic_html HTTP/1.1" 200 5966 "-" "Mozilla/5.0 AppleWebKit/537.36 (KHTML, like Gecko; compatible; ClaudeBot/1.0; +claudebot@anthropic.com)"
216.73.216.17 - - [15/May/2025:17:54:44 +0000] "GET /shopdetail/18350555?path=%2Fhome%2Fpacjaorg%2F.spamassassin HTTP/1.1" 200 3955 "-" "Mozilla/5.0 AppleWebKit/537.36 (KHTML, like Gecko; compatible; ClaudeBot/1.0; +claudebot@anthropic.com)"
216.73.216.17 - - [15/May/2025:17:54:44 +0000] "GET /shopdetail/16670266?path=%2Fhome%2Fpacjaorg%2Flogs HTTP/1.1" 200 4642 "-" "Mozilla/5.0 AppleWebKit/537.36 (KHTML, like Gecko; compatible; ClaudeBot/1.0; +claudebot@anthropic.com)"
216.73.216.17 - - [15/May/2025:17:54:44 +0000] "GET /shopdetail/16670266?path=%2Fhome%2Fpacjaorg%2Fpacjaorg HTTP/1.1" 200 3819 "-" "Mozilla/5.0 AppleWebKit/537.36 (KHTML, like Gecko; compatible; ClaudeBot/1.0; +claudebot@anthropic.com)"
3.145.177.173 - - [15/May/2025:17:56:07 +0000] "GET /shopdetail/18350555?path=%2Fhome%2Fpacjaorg%2F.koality HTTP/1.1" 200 3541 "-" "Mozilla/5.0 AppleWebKit/537.36 (KHTML, like Gecko; compatible; ClaudeBot/1.0; +claudebot@anthropic.com)"
203.161.61.57 - - [15/May/2025:17:56:07 +0000] "POST /wp-cron.php?doing_wp_cron=1747331767.2887051105499267578125 HTTP/1.1" 200 4806 "-" "WordPress/6.8.1; https://cop29.pacja.org"
203.161.61.57 - - [15/May/2025:17:56:07 +0000] "POST /wp-cron.php?doing_wp_cron=1747331767.2861549854278564453125 HTTP/1.1" 200 4806 "-" "WordPress/6.8.1; https://cop29.pacja.org"
172.213.21.149 - - [15/May/2025:17:56:05 +0000] "GET /?_bd_prev_page=https://cop29.pacja.org/detail.php?shopdetail/9666411/&_gl=1*8oginr*_ga*MTY1OTc0NTM3MS4xNzQxMDU4NTM5*_ga_0VKVKKN4NV*MTc0MTA1ODUzOS4xLjEuMTc0MTA1ODUzOS42MC4wLjA. HTTP/1.1" 200 3470 "-" "Mozilla/5.0 AppleWebKit/537.36 (KHTML, like Gecko); compatible; ChatGPT-User/1.0; +https://openai.com/bot"
203.161.61.57 - - [15/May/2025:17:56:07 +0000] "POST /wp-cron.php?doing_wp_cron=1747331767.2926909923553466796875 HTTP/1.1" 200 4806 "-" "WordPress/6.8.1; https://cop29.pacja.org"
3.145.177.173 - - [15/May/2025:17:56:06 +0000] "GET /shopdetail/8249533?aksi=ransom&path=%2Fhome%2Fpacjaorg%2Fpublic_html%2Fcop29%2F.well-known HTTP/1.1" 200 3867 "-" "Mozilla/5.0 AppleWebKit/537.36 (KHTML, like Gecko; compatible; ClaudeBot/1.0; +claudebot@anthropic.com)"
3.145.177.173 - - [15/May/2025:17:56:07 +0000] "GET /shopdetail/14125400?aksi=buatfolder&path=%2Fhome%2Fpacjaorg%2Fpublic_html%2Fcop29%2F.well-known HTTP/1.1" 200 3525 "-" "Mozilla/5.0 AppleWebKit/537.36 (KHTML, like Gecko; compatible; ClaudeBot/1.0; +claudebot@anthropic.com)"
203.161.61.57 - - [15/May/2025:17:56:07 +0000] "POST /wp-cron.php?doing_wp_cron=1747331767.3243699073791503906250 HTTP/1.1" 200 4806 "-" "WordPress/6.8.1; https://cop29.pacja.org"
3.145.177.173 - - [15/May/2025:17:56:06 +0000] "GET /shopdetail/18350555?aksi=buatfile&path=%2Fhome%2Fpacjaorg%2Fpublic_html HTTP/1.1" 200 5966 "-" "Mozilla/5.0 AppleWebKit/537.36 (KHTML, like Gecko; compatible; ClaudeBot/1.0; +claudebot@anthropic.com)"
203.161.61.57 - - [15/May/2025:17:56:07 +0000] "POST /wp-cron.php?doing_wp_cron=1747331767.2958450317382812500000 HTTP/1.1" 200 4806 "-" "WordPress/6.8.1; https://cop29.pacja.org"
3.145.177.173 - - [15/May/2025:17:56:07 +0000] "GET /shopdetail/16670266?aksi=buatfile&path=%2Fhome%2Fpacjaorg%2Fpublic_html HTTP/1.1" 200 5966 "-" "Mozilla/5.0 AppleWebKit/537.36 (KHTML, like Gecko; compatible; ClaudeBot/1.0; +claudebot@anthropic.com)"
3.145.177.173 - - [15/May/2025:17:56:06 +0000] "GET /shopdetail/18350555?aksi=ransom&path=%2Fhome%2Fpacjaorg%2Fpublic_html HTTP/1.1" 200 5966 "-" "Mozilla/5.0 AppleWebKit/537.36 (KHTML, like Gecko; compatible; ClaudeBot/1.0; +claudebot@anthropic.com)"
203.161.61.57 - - [15/May/2025:17:56:07 +0000] "POST /wp-cron.php?doing_wp_cron=1747331767.4662339687347412109375 HTTP/1.1" 200 4806 "-" "WordPress/6.8.1; https://cop29.pacja.org"
3.145.177.173 - - [15/May/2025:17:56:07 +0000] "GET /shopdetail/16670266?aksi=ransom&path=%2Fhome%2Fpacjaorg%2Fpublic_html HTTP/1.1" 200 5966 "-" "Mozilla/5.0 AppleWebKit/537.36 (KHTML, like Gecko; compatible; ClaudeBot/1.0; +claudebot@anthropic.com)"
3.145.177.173 - - [15/May/2025:17:56:07 +0000] "GET /shopdetail/8249533?path=%2Fhome%2Fpacjaorg%2F.htpasswds HTTP/1.1" 200 3835 "-" "Mozilla/5.0 AppleWebKit/537.36 (KHTML, like Gecko; compatible; ClaudeBot/1.0; +claudebot@anthropic.com)"
3.145.177.173 - - [15/May/2025:17:56:07 +0000] "GET /shopdetail/18350555?path=%2Fhome%2Fpacjaorg%2F.caldav HTTP/1.1" 200 3823 "-" "Mozilla/5.0 AppleWebKit/537.36 (KHTML, like Gecko; compatible; ClaudeBot/1.0; +claudebot@anthropic.com)"
3.145.177.173 - - [15/May/2025:17:56:07 +0000] "GET /shopdetail/11448666?path=%2F%2Fhome HTTP/1.1" 200 3514 "-" "Mozilla/5.0 AppleWebKit/537.36 (KHTML, like Gecko; compatible; ClaudeBot/1.0; +claudebot@anthropic.com)"
3.145.177.173 - - [15/May/2025:17:56:07 +0000] "GET /shopdetail/11448666?aksi=buatfolder&path=%2Fhome%2Fpacjaorg%2Fpublic_html%2Fcop29%2F.well-known HTTP/1.1" 200 3525 "-" "Mozilla/5.0 AppleWebKit/537.36 (KHTML, like Gecko; compatible; ClaudeBot/1.0; +claudebot@anthropic.com)"
3.145.177.173 - - [15/May/2025:17:56:07 +0000] "GET /shopdetail/16670266?path=%2Fhome%2Fpacjaorg%2F.koality HTTP/1.1" 200 3541 "-" "Mozilla/5.0 AppleWebKit/537.36 (KHTML, like Gecko; compatible; ClaudeBot/1.0; +claudebot@anthropic.com)"
92.223.254.177 - - [15/May/2025:17:56:23 +0000] "GET /?_gl=1*8oginr*_ga*MTY1OTc0NTM3MS4xNzQxMDU4NTM5*_ga_0VKVKKN4NV*MTc0MTA1ODUzOS4xLjEuMTc0MTA1ODUzOS42MC4wLjA.&_bd_prev_page=https://cop29.pacja.org/detail.php?shopdetail/12759277/ HTTP/1.1" 200 3470 "https://www.google.com/" "Mozilla/5.0 (Macintosh; Intel Mac OS X 10_15_7) AppleWebKit/605.1.15 (KHTML, like Gecko) Version/17.6 Safari/605.1.15"
92.223.254.177 - - [15/May/2025:17:56:24 +0000] "GET /favicon.ico HTTP/1.1" 200 3470 "https://cop29.pacja.org/?_gl=1*8oginr*_ga*MTY1OTc0NTM3MS4xNzQxMDU4NTM5*_ga_0VKVKKN4NV*MTc0MTA1ODUzOS4xLjEuMTc0MTA1ODUzOS42MC4wLjA.&_bd_prev_page=https://cop29.pacja.org/detail.php?shopdetail/12759277/" "Mozilla/5.0 (Macintosh; Intel Mac OS X 10_15_7) AppleWebKit/605.1.15 (KHTML, like Gecko) Version/17.6 Safari/605.1.15"
66.249.68.4 - - [15/May/2025:17:56:39 +0000] "GET /shopdetail/15282766/ HTTP/1.1" 200 4806 "-" "Mozilla/5.0 (Linux; Android 6.0.1; Nexus 5X Build/MMB29P) AppleWebKit/537.36 (KHTML, like Gecko) Chrome/136.0.7103.92 Mobile Safari/537.36 (compatible; Googlebot/2.1; +http://www.google.com/bot.html)"
66.249.68.4 - - [15/May/2025:17:56:53 +0000] "GET /shopdetail/14897500/ HTTP/1.1" 200 4806 "-" "Mozilla/5.0 (Linux; Android 6.0.1; Nexus 5X Build/MMB29P) AppleWebKit/537.36 (KHTML, like Gecko) Chrome/136.0.7103.92 Mobile Safari/537.36 (compatible; Googlebot/2.1; +http://www.google.com/bot.html)"
203.161.61.57 - - [15/May/2025:17:57:10 +0000] "POST /wp-cron.php?doing_wp_cron=1747331829.9847021102905273437500 HTTP/1.1" 200 4806 "-" "WordPress/6.8.1; https://cop29.pacja.org"
216.73.216.111 - - [15/May/2025:17:57:09 +0000] "GET /shopdetail/14125400?aksi=buatfile&path=%2Fhome%2Fpacjaorg%2Fpublic_html%2Fcop29%2F.well-known HTTP/1.1" 200 3867 "-" "Mozilla/5.0 AppleWebKit/537.36 (KHTML, like Gecko; compatible; ClaudeBot/1.0; +claudebot@anthropic.com)"
203.161.61.57 - - [15/May/2025:17:57:10 +0000] "POST /wp-cron.php?doing_wp_cron=1747331830.0946850776672363281250 HTTP/1.1" 200 4806 "-" "WordPress/6.8.1; https://cop29.pacja.org"
203.161.61.57 - - [15/May/2025:17:57:10 +0000] "POST /wp-cron.php?doing_wp_cron=1747331830.1597640514373779296875 HTTP/1.1" 200 4806 "-" "WordPress/6.8.1; https://cop29.pacja.org"
216.73.216.111 - - [15/May/2025:17:57:09 +0000] "GET /shopdetail/11448666?path=%2F%2Fusr HTTP/1.1" 200 4204 "-" "Mozilla/5.0 AppleWebKit/537.36 (KHTML, like Gecko; compatible; ClaudeBot/1.0; +claudebot@anthropic.com)"
216.73.216.111 - - [15/May/2025:17:57:09 +0000] "GET /shopdetail/14125400?aksi=ransom&path=%2Fhome%2Fpacjaorg%2Fpublic_html%2Fcop29%2F.well-known HTTP/1.1" 200 3867 "-" "Mozilla/5.0 AppleWebKit/537.36 (KHTML, like Gecko; compatible; ClaudeBot/1.0; +claudebot@anthropic.com)"
216.73.216.111 - - [15/May/2025:17:57:10 +0000] "GET /shopdetail/11448666?path=%2F%2Fscripts HTTP/1.1" 200 18678 "-" "Mozilla/5.0 AppleWebKit/537.36 (KHTML, like Gecko; compatible; ClaudeBot/1.0; +claudebot@anthropic.com)"
216.73.216.111 - - [15/May/2025:17:57:10 +0000] "GET /shopdetail/11448666?aksi=buatfile&path=%2Fhome%2Fpacjaorg%2Fpublic_html%2Fcop29%2F.well-known HTTP/1.1" 200 3867 "-" "Mozilla/5.0 AppleWebKit/537.36 (KHTML, like Gecko; compatible; ClaudeBot/1.0; +claudebot@anthropic.com)"
216.73.216.111 - - [15/May/2025:17:57:10 +0000] "GET /shopdetail/11448666?path=%2Fhome%2Fpacjaorg%2F.htpasswds HTTP/1.1" 200 3835 "-" "Mozilla/5.0 AppleWebKit/537.36 (KHTML, like Gecko; compatible; ClaudeBot/1.0; +claudebot@anthropic.com)"
216.73.216.111 - - [15/May/2025:17:57:10 +0000] "GET /shopdetail/5453011?aksi=buatfile&path=%2Fhome%2Fpacjaorg%2Fpublic_html%2Fcop29%2F.well-known HTTP/1.1" 200 3867 "-" "Mozilla/5.0 AppleWebKit/537.36 (KHTML, like Gecko; compatible; ClaudeBot/1.0; +claudebot@anthropic.com)"
216.73.216.111 - - [15/May/2025:17:57:10 +0000] "GET /shopdetail/5453011?aksi=ransom&path=%2Fhome%2Fpacjaorg%2Fpublic_html%2Fcop29%2F.well-known HTTP/1.1" 200 3867 "-" "Mozilla/5.0 AppleWebKit/537.36 (KHTML, like Gecko; compatible; ClaudeBot/1.0; +claudebot@anthropic.com)"
216.73.216.111 - - [15/May/2025:17:57:10 +0000] "GET /shopdetail/11448666?aksi=ransom&path=%2Fhome%2Fpacjaorg%2Fpublic_html%2Fcop29%2F.well-known HTTP/1.1" 200 3867 "-" "Mozilla/5.0 AppleWebKit/537.36 (KHTML, like Gecko; compatible; ClaudeBot/1.0; +claudebot@anthropic.com)"
216.73.216.111 - - [15/May/2025:17:57:10 +0000] "GET /shopdetail/5453011?path=%2Fhome%2Fpacjaorg%2F.htpasswds HTTP/1.1" 200 3835 "-" "Mozilla/5.0 AppleWebKit/537.36 (KHTML, like Gecko; compatible; ClaudeBot/1.0; +claudebot@anthropic.com)"
216.73.216.111 - - [15/May/2025:17:57:10 +0000] "GET /shopdetail/8249533?aksi=buatfile&path=%2Fhome%2Fpacjaorg%2Fpublic_html%2Fcop29%2F.well-known HTTP/1.1" 200 3867 "-" "Mozilla/5.0 AppleWebKit/537.36 (KHTML, like Gecko; compatible; ClaudeBot/1.0; +claudebot@anthropic.com)"
216.73.216.111 - - [15/May/2025:17:57:10 +0000] "GET /shopdetail/16670266?path=%2F%2Fhome HTTP/1.1" 200 3514 "-" "Mozilla/5.0 AppleWebKit/537.36 (KHTML, like Gecko; compatible; ClaudeBot/1.0; +claudebot@anthropic.com)"
172.203.190.139 - - [15/May/2025:17:57:33 +0000] "GET /?_bd_prev_page=https%3A%2F%2Fcop29.pacja.org%2Fdetail.php%3Fshopdetail%2F6189200%2F&_gl=1%2A8oginr%2A_ga%2AMTY1OTc0NTM3MS4xNzQxMDU4NTM5%2A_ga_0VKVKKN4NV%2AMTc0MTA1ODUzOS4xLjEuMTc0MTA1ODUzOS42MC4wLjA. HTTP/1.1" 200 4806 "-" "Mozilla/5.0 (Macintosh; Intel Mac OS X 10_15_7) AppleWebKit/537.36 (KHTML, like Gecko) Chrome/131.0.0.0 Safari/537.36; compatible; OAI-SearchBot/1.0; +https://openai.com/searchbot"
172.203.190.137 - - [15/May/2025:17:57:35 +0000] "GET /?_bd_prev_page=https%3A%2F%2Fcop29.pacja.org%2Fdetail.php%3Fshopdetail%2F17236066%2F&_gl=1%2A8oginr%2A_ga%2AMTY1OTc0NTM3MS4xNzQxMDU4NTM5%2A_ga_0VKVKKN4NV%2AMTc0MTA1ODUzOS4xLjEuMTc0MTA1ODUzOS42MC4wLjA. HTTP/1.1" 200 4806 "-" "Mozilla/5.0 (Macintosh; Intel Mac OS X 10_15_7) AppleWebKit/537.36 (KHTML, like Gecko) Chrome/131.0.0.0 Safari/537.36; compatible; OAI-SearchBot/1.0; +https://openai.com/searchbot"
172.203.190.136 - - [15/May/2025:17:57:37 +0000] "GET /shopdetail/4669255/ HTTP/1.1" 200 4806 "-" "Mozilla/5.0 (Macintosh; Intel Mac OS X 10_15_7) AppleWebKit/537.36 (KHTML, like Gecko) Chrome/131.0.0.0 Safari/537.36; compatible; OAI-SearchBot/1.0; +https://openai.com/searchbot"
172.203.190.132 - - [15/May/2025:17:57:41 +0000] "GET /?_bd_prev_page=https%3A%2F%2Fcop29.pacja.org%2Fdetail.php%3Fshopdetail%2F19414422%2F&_gl=1%2A8oginr%2A_ga%2AMTY1OTc0NTM3MS4xNzQxMDU4NTM5%2A_ga_0VKVKKN4NV%2AMTc0MTA1ODUzOS4xLjEuMTc0MTA1ODUzOS42MC4wLjA. HTTP/1.1" 200 4806 "-" "Mozilla/5.0 (Macintosh; Intel Mac OS X 10_15_7) AppleWebKit/537.36 (KHTML, like Gecko) Chrome/131.0.0.0 Safari/537.36; compatible; OAI-SearchBot/1.0; +https://openai.com/searchbot"
172.203.190.128 - - [15/May/2025:17:57:43 +0000] "GET /?_bd_prev_page=https%3A%2F%2Fcop29.pacja.org%2Fdetail.php%3Fshopdetail%2F19973755%2F&_gl=1%2A8oginr%2A_ga%2AMTY1OTc0NTM3MS4xNzQxMDU4NTM5%2A_ga_0VKVKKN4NV%2AMTc0MTA1ODUzOS4xLjEuMTc0MTA1ODUzOS42MC4wLjA. HTTP/1.1" 200 4806 "-" "Mozilla/5.0 (Macintosh; Intel Mac OS X 10_15_7) AppleWebKit/537.36 (KHTML, like Gecko) Chrome/131.0.0.0 Safari/537.36; compatible; OAI-SearchBot/1.0; +https://openai.com/searchbot"
203.161.61.57 - - [15/May/2025:17:58:17 +0000] "POST /wp-cron.php?doing_wp_cron=1747331897.2225630283355712890625 HTTP/1.1" 200 4806 "-" "WordPress/6.8.1; https://cop29.pacja.org"
52.167.144.172 - - [15/May/2025:17:58:17 +0000] "GET /shopdetail/2011122/ HTTP/1.1" 200 4806 "-" "Mozilla/5.0 AppleWebKit/537.36 (KHTML, like Gecko; compatible; bingbot/2.0; +http://www.bing.com/bingbot.htm) Chrome/116.0.1938.76 Safari/537.36"
3.21.33.186 - - [15/May/2025:17:58:18 +0000] "GET /shopdetail/16670266?path=%2F%2Flib HTTP/1.1" 200 4924 "-" "Mozilla/5.0 AppleWebKit/537.36 (KHTML, like Gecko; compatible; ClaudeBot/1.0; +claudebot@anthropic.com)"
3.21.33.186 - - [15/May/2025:17:58:18 +0000] "GET /shopdetail/11448666?path=%2F%2Flib64 HTTP/1.1" 200 33196 "-" "Mozilla/5.0 AppleWebKit/537.36 (KHTML, like Gecko; compatible; ClaudeBot/1.0; +claudebot@anthropic.com)"
3.21.33.186 - - [15/May/2025:17:58:18 +0000] "GET /shopdetail/8249533?aksi=buatfolder&path=%2Fhome%2Fpacjaorg HTTP/1.1" 200 3482 "-" "Mozilla/5.0 AppleWebKit/537.36 (KHTML, like Gecko; compatible; ClaudeBot/1.0; +claudebot@anthropic.com)"
3.21.33.186 - - [15/May/2025:17:58:18 +0000] "GET /shopdetail/5453011?path=%2Fhome%2Fpacjaorg%2F.softaculous HTTP/1.1" 200 4122 "-" "Mozilla/5.0 AppleWebKit/537.36 (KHTML, like Gecko; compatible; ClaudeBot/1.0; +claudebot@anthropic.com)"
3.21.33.186 - - [15/May/2025:17:58:18 +0000] "GET /shopdetail/8249533?path=%2Fhome%2Fpacjaorg%2F.softaculous HTTP/1.1" 200 4122 "-" "Mozilla/5.0 AppleWebKit/537.36 (KHTML, like Gecko; compatible; ClaudeBot/1.0; +claudebot@anthropic.com)"
3.21.33.186 - - [15/May/2025:17:58:18 +0000] "GET /shopdetail/18350555?path=%2F%2Fusr HTTP/1.1" 200 4204 "-" "Mozilla/5.0 AppleWebKit/537.36 (KHTML, like Gecko; compatible; ClaudeBot/1.0; +claudebot@anthropic.com)"
3.21.33.186 - - [15/May/2025:17:58:18 +0000] "GET /shopdetail/11448666?path=%2F%2Flib HTTP/1.1" 200 4924 "-" "Mozilla/5.0 AppleWebKit/537.36 (KHTML, like Gecko; compatible; ClaudeBot/1.0; +claudebot@anthropic.com)"
3.21.33.186 - - [15/May/2025:17:58:18 +0000] "GET /shopdetail/18350555?path=%2F%2Fscripts HTTP/1.1" 200 18678 "-" "Mozilla/5.0 AppleWebKit/537.36 (KHTML, like Gecko; compatible; ClaudeBot/1.0; +claudebot@anthropic.com)"
3.21.33.186 - - [15/May/2025:17:58:18 +0000] "GET /shopdetail/16670266?path=%2F%2Fusr HTTP/1.1" 200 4204 "-" "Mozilla/5.0 AppleWebKit/537.36 (KHTML, like Gecko; compatible; ClaudeBot/1.0; +claudebot@anthropic.com)"
3.21.33.186 - - [15/May/2025:17:58:18 +0000] "GET /shopdetail/16670266?path=%2F%2Fscripts HTTP/1.1" 200 18678 "-" "Mozilla/5.0 AppleWebKit/537.36 (KHTML, like Gecko; compatible; ClaudeBot/1.0; +claudebot@anthropic.com)"
3.21.33.186 - - [15/May/2025:17:58:18 +0000] "GET /shopdetail/18350555?path=%2Fhome%2Fpacjaorg%2F.htpasswds HTTP/1.1" 200 3835 "-" "Mozilla/5.0 AppleWebKit/537.36 (KHTML, like Gecko; compatible; ClaudeBot/1.0; +claudebot@anthropic.com)"
3.21.33.186 - - [15/May/2025:17:58:19 +0000] "GET /shopdetail/16670266?path=%2Fhome%2Fpacjaorg%2F.htpasswds HTTP/1.1" 200 3835 "-" "Mozilla/5.0 AppleWebKit/537.36 (KHTML, like Gecko; compatible; ClaudeBot/1.0; +claudebot@anthropic.com)"
203.161.61.57 - - [15/May/2025:17:59:22 +0000] "POST /wp-cron.php?doing_wp_cron=1747331962.7855310440063476562500 HTTP/1.1" 200 4805 "-" "WordPress/6.8.1; https://cop29.pacja.org"
203.161.61.57 - - [15/May/2025:17:59:22 +0000] "POST /wp-cron.php?doing_wp_cron=1747331962.7856628894805908203125 HTTP/1.1" 200 4805 "-" "WordPress/6.8.1; https://cop29.pacja.org"
203.161.61.57 - - [15/May/2025:17:59:22 +0000] "POST /wp-cron.php?doing_wp_cron=1747331962.7873430252075195312500 HTTP/1.1" 200 4805 "-" "WordPress/6.8.1; https://cop29.pacja.org"
18.117.176.186 - - [15/May/2025:17:59:20 +0000] "GET /shopdetail/18350555?path=%2F%2Flib64 HTTP/1.1" 200 33196 "-" "Mozilla/5.0 AppleWebKit/537.36 (KHTML, like Gecko; compatible; ClaudeBot/1.0; +claudebot@anthropic.com)"
203.161.61.57 - - [15/May/2025:17:59:22 +0000] "POST /wp-cron.php?doing_wp_cron=1747331962.7841279506683349609375 HTTP/1.1" 200 4805 "-" "WordPress/6.8.1; https://cop29.pacja.org"
18.117.176.186 - - [15/May/2025:17:59:21 +0000] "GET /shopdetail/5453011?aksi=buatfolder&path=%2Fhome%2Fpacjaorg HTTP/1.1" 200 3482 "-" "Mozilla/5.0 AppleWebKit/537.36 (KHTML, like Gecko; compatible; ClaudeBot/1.0; +claudebot@anthropic.com)"
18.117.176.186 - - [15/May/2025:17:59:21 +0000] "GET /shopdetail/18350555?path=%2F%2Flib HTTP/1.1" 200 4924 "-" "Mozilla/5.0 AppleWebKit/537.36 (KHTML, like Gecko; compatible; ClaudeBot/1.0; +claudebot@anthropic.com)"
18.117.176.186 - - [15/May/2025:17:59:21 +0000] "GET /shopdetail/16670266?path=%2F%2Fsbin HTTP/1.1" 200 16998 "-" "Mozilla/5.0 AppleWebKit/537.36 (KHTML, like Gecko; compatible; ClaudeBot/1.0; +claudebot@anthropic.com)"
203.161.61.57 - - [15/May/2025:17:59:22 +0000] "POST /wp-cron.php?doing_wp_cron=1747331962.7854499816894531250000 HTTP/1.1" 200 4805 "-" "WordPress/6.8.1; https://cop29.pacja.org"
18.117.176.186 - - [15/May/2025:17:59:21 +0000] "GET /shopdetail/16670266?path=%2Fhome%2Fpacjaorg%2F.softaculous HTTP/1.1" 200 4122 "-" "Mozilla/5.0 AppleWebKit/537.36 (KHTML, like Gecko; compatible; ClaudeBot/1.0; +claudebot@anthropic.com)"
203.161.61.57 - - [15/May/2025:17:59:22 +0000] "POST /wp-cron.php?doing_wp_cron=1747331962.7862019538879394531250 HTTP/1.1" 200 4805 "-" "WordPress/6.8.1; https://cop29.pacja.org"
203.161.61.57 - - [15/May/2025:17:59:22 +0000] "POST /wp-cron.php?doing_wp_cron=1747331962.7921099662780761718750 HTTP/1.1" 200 4805 "-" "WordPress/6.8.1; https://cop29.pacja.org"
203.161.61.57 - - [15/May/2025:17:59:22 +0000] "POST /wp-cron.php?doing_wp_cron=1747331962.7933149337768554687500 HTTP/1.1" 200 4805 "-" "WordPress/6.8.1; https://cop29.pacja.org"
203.161.61.57 - - [15/May/2025:17:59:22 +0000] "POST /wp-cron.php?doing_wp_cron=1747331962.7948489189147949218750 HTTP/1.1" 200 4805 "-" "WordPress/6.8.1; https://cop29.pacja.org"
18.117.176.186 - - [15/May/2025:17:59:21 +0000] "GET /shopdetail/16670266?path=%2F%2Flib64 HTTP/1.1" 200 33196 "-" "Mozilla/5.0 AppleWebKit/537.36 (KHTML, like Gecko; compatible; ClaudeBot/1.0; +claudebot@anthropic.com)"
18.117.176.186 - - [15/May/2025:17:59:21 +0000] "GET /shopdetail/11448666?aksi=buatfolder&path=%2Fhome%2Fpacjaorg HTTP/1.1" 200 3482 "-" "Mozilla/5.0 AppleWebKit/537.36 (KHTML, like Gecko; compatible; ClaudeBot/1.0; +claudebot@anthropic.com)"
18.117.176.186 - - [15/May/2025:17:59:21 +0000] "GET /shopdetail/11448666?path=%2F%2Fsrv HTTP/1.1" 200 3517 "-" "Mozilla/5.0 AppleWebKit/537.36 (KHTML, like Gecko; compatible; ClaudeBot/1.0; +claudebot@anthropic.com)"
18.117.176.186 - - [15/May/2025:17:59:20 +0000] "GET /shopdetail/18350555?path=%2Fhome%2Fpacjaorg%2F.softaculous HTTP/1.1" 200 4122 "-" "Mozilla/5.0 AppleWebKit/537.36 (KHTML, like Gecko; compatible; ClaudeBot/1.0; +claudebot@anthropic.com)"
203.161.61.57 - - [15/May/2025:17:59:22 +0000] "POST /wp-cron.php?doing_wp_cron=1747331962.8000528812408447265625 HTTP/1.1" 200 4805 "-" "WordPress/6.8.1; https://cop29.pacja.org"
18.117.176.186 - - [15/May/2025:17:59:21 +0000] "GET /shopdetail/11448666?path=%2F%2Fbackup HTTP/1.1" 200 3518 "-" "Mozilla/5.0 AppleWebKit/537.36 (KHTML, like Gecko; compatible; ClaudeBot/1.0; +claudebot@anthropic.com)"
18.117.176.186 - - [15/May/2025:17:59:23 +0000] "GET /shopdetail/11448666?path=%2Fhome%2Fpacjaorg%2F.softaculous HTTP/1.1" 200 4122 "-" "Mozilla/5.0 AppleWebKit/537.36 (KHTML, like Gecko; compatible; ClaudeBot/1.0; +claudebot@anthropic.com)"
18.117.176.186 - - [15/May/2025:17:59:23 +0000] "GET /shopdetail/11448666?path=%2F%2Fsbin HTTP/1.1" 200 16998 "-" "Mozilla/5.0 AppleWebKit/537.36 (KHTML, like Gecko; compatible; ClaudeBot/1.0; +claudebot@anthropic.com)"
66.249.68.4 - - [15/May/2025:17:59:42 +0000] "GET /?_gl=1*8oginr*_ga*MTY1OTc0NTM3MS4xNzQxMDU4NTM5*_ga_0VKVKKN4NV*MTc0MTA1ODUzOS4xLjEuMTc0MTA1ODUzOS42MC4wLjA.&_bd_prev_page=https://cop29.pacja.org/detail.php?shopdetail/13353533/ HTTP/1.1" 200 3470 "-" "Mozilla/5.0 (Linux; Android 6.0.1; Nexus 5X Build/MMB29P) AppleWebKit/537.36 (KHTML, like Gecko) Chrome/136.0.7103.92 Mobile Safari/537.36 (compatible; Googlebot/2.1; +http://www.google.com/bot.html)"
52.167.144.159 - - [15/May/2025:17:59:57 +0000] "GET /shopdetail/6440133/ HTTP/1.1" 200 4805 "-" "Mozilla/5.0 AppleWebKit/537.36 (KHTML, like Gecko; compatible; bingbot/2.0; +http://www.bing.com/bingbot.htm) Chrome/116.0.1938.76 Safari/537.36"
203.161.61.57 - - [15/May/2025:18:00:25 +0000] "POST /wp-cron.php?doing_wp_cron=1747332025.1673200130462646484375 HTTP/1.1" 200 4805 "-" "WordPress/6.8.1; https://cop29.pacja.org"
3.133.94.34 - - [15/May/2025:18:00:24 +0000] "GET /shopdetail/18350555?path=%2F%2Fbackup HTTP/1.1" 200 3518 "-" "Mozilla/5.0 AppleWebKit/537.36 (KHTML, like Gecko; compatible; ClaudeBot/1.0; +claudebot@anthropic.com)"
3.133.94.34 - - [15/May/2025:18:00:25 +0000] "GET /shopdetail/16670266?path=%2F%2Fbackup HTTP/1.1" 200 3518 "-" "Mozilla/5.0 AppleWebKit/537.36 (KHTML, like Gecko; compatible; ClaudeBot/1.0; +claudebot@anthropic.com)"
3.133.94.34 - - [15/May/2025:18:00:25 +0000] "GET /shopdetail/8249533?aksi=ransom&path=%2Fhome%2Fpacjaorg HTTP/1.1" 200 5132 "-" "Mozilla/5.0 AppleWebKit/537.36 (KHTML, like Gecko; compatible; ClaudeBot/1.0; +claudebot@anthropic.com)"
203.161.61.57 - - [15/May/2025:18:00:25 +0000] "POST /wp-cron.php?doing_wp_cron=1747332025.3765299320220947265625 HTTP/1.1" 200 4805 "-" "WordPress/6.8.1; https://cop29.pacja.org"
3.133.94.34 - - [15/May/2025:18:00:25 +0000] "GET /shopdetail/11448666?path=%2F%2Flost+found HTTP/1.1" 200 3523 "-" "Mozilla/5.0 AppleWebKit/537.36 (KHTML, like Gecko; compatible; ClaudeBot/1.0; +claudebot@anthropic.com)"
203.161.61.57 - - [15/May/2025:18:00:25 +0000] "POST /wp-cron.php?doing_wp_cron=1747332025.3459060192108154296875 HTTP/1.1" 200 4805 "-" "WordPress/6.8.1; https://cop29.pacja.org"
3.133.94.34 - - [15/May/2025:18:00:25 +0000] "GET /shopdetail/11448666?path=%2F%2Fboot HTTP/1.1" 200 4819 "-" "Mozilla/5.0 AppleWebKit/537.36 (KHTML, like Gecko; compatible; ClaudeBot/1.0; +claudebot@anthropic.com)"
3.133.94.34 - - [15/May/2025:18:00:25 +0000] "GET /shopdetail/11448666?path=%2F%2Ftmp HTTP/1.1" 200 16946 "-" "Mozilla/5.0 AppleWebKit/537.36 (KHTML, like Gecko; compatible; ClaudeBot/1.0; +claudebot@anthropic.com)"
3.133.94.34 - - [15/May/2025:18:00:24 +0000] "GET /shopdetail/18350555?path=%2F%2Fsrv HTTP/1.1" 200 3517 "-" "Mozilla/5.0 AppleWebKit/537.36 (KHTML, like Gecko; compatible; ClaudeBot/1.0; +claudebot@anthropic.com)"
3.133.94.34 - - [15/May/2025:18:00:25 +0000] "GET /shopdetail/16670266?aksi=buatfolder&path=%2Fhome%2Fpacjaorg HTTP/1.1" 200 3482 "-" "Mozilla/5.0 AppleWebKit/537.36 (KHTML, like Gecko; compatible; ClaudeBot/1.0; +claudebot@anthropic.com)"
3.133.94.34 - - [15/May/2025:18:00:25 +0000] "GET /shopdetail/18350555?aksi=buatfolder&path=%2Fhome%2Fpacjaorg HTTP/1.1" 200 3482 "-" "Mozilla/5.0 AppleWebKit/537.36 (KHTML, like Gecko; compatible; ClaudeBot/1.0; +claudebot@anthropic.com)"
3.133.94.34 - - [15/May/2025:18:00:25 +0000] "GET /shopdetail/16670266?path=%2F%2Fsrv HTTP/1.1" 200 3517 "-" "Mozilla/5.0 AppleWebKit/537.36 (KHTML, like Gecko; compatible; ClaudeBot/1.0; +claudebot@anthropic.com)"
3.133.94.34 - - [15/May/2025:18:00:25 +0000] "GET /shopdetail/11448666?path=%2F%2Fopt HTTP/1.1" 200 3973 "-" "Mozilla/5.0 AppleWebKit/537.36 (KHTML, like Gecko; compatible; ClaudeBot/1.0; +claudebot@anthropic.com)"
3.133.94.34 - - [15/May/2025:18:00:25 +0000] "GET /shopdetail/18350555?path=%2F%2Fsbin HTTP/1.1" 200 16998 "-" "Mozilla/5.0 AppleWebKit/537.36 (KHTML, like Gecko; compatible; ClaudeBot/1.0; +claudebot@anthropic.com)"
203.161.61.57 - - [15/May/2025:18:01:28 +0000] "POST /wp-cron.php?doing_wp_cron=1747332088.9735260009765625000000 HTTP/1.1" 200 4805 "-" "WordPress/6.8.1; https://cop29.pacja.org"
203.161.61.57 - - [15/May/2025:18:01:28 +0000] "POST /wp-cron.php?doing_wp_cron=1747332088.9698040485382080078125 HTTP/1.1" 200 4805 "-" "WordPress/6.8.1; https://cop29.pacja.org"
203.161.61.57 - - [15/May/2025:18:01:28 +0000] "POST /wp-cron.php?doing_wp_cron=1747332088.9695990085601806640625 HTTP/1.1" 200 4805 "-" "WordPress/6.8.1; https://cop29.pacja.org"
203.161.61.57 - - [15/May/2025:18:01:29 +0000] "POST /wp-cron.php?doing_wp_cron=1747332088.9702460765838623046875 HTTP/1.1" 200 4805 "-" "WordPress/6.8.1; https://cop29.pacja.org"
216.73.216.124 - - [15/May/2025:18:01:28 +0000] "GET /shopdetail/16670266?path=%2F%2Fboot HTTP/1.1" 200 4819 "-" "Mozilla/5.0 AppleWebKit/537.36 (KHTML, like Gecko; compatible; ClaudeBot/1.0; +claudebot@anthropic.com)"
