13.59.22.153 - - [15/May/2025:20:17:40 +0000] "GET /shopdetail/7729955?path=%2Fhome%2Fpacjaorg%2Fpublic_html%2Fcop29%2Fwp-content%2Fthemes HTTP/1.1" 200 4277 "-" "Mozilla/5.0 AppleWebKit/537.36 (KHTML, like Gecko; compatible; ClaudeBot/1.0; +claudebot@anthropic.com)"
13.59.22.153 - - [15/May/2025:20:17:40 +0000] "GET /shopdetail/7729955?path=%2Fhome%2Fpacjaorg%2Fpublic_html%2Fcop29%2Fwp-admin%2Fmaint HTTP/1.1" 200 3878 "-" "Mozilla/5.0 AppleWebKit/537.36 (KHTML, like Gecko; compatible; ClaudeBot/1.0; +claudebot@anthropic.com)"
13.59.22.153 - - [15/May/2025:20:17:40 +0000] "GET /shopdetail/5453011?aksi=buatfile&path=%2Fhome%2Fpacjaorg%2Fpublic_html%2Fcop29%2Fwp-includes%2Finteractivity-api HTTP/1.1" 200 3982 "-" "Mozilla/5.0 AppleWebKit/537.36 (KHTML, like Gecko; compatible; ClaudeBot/1.0; +claudebot@anthropic.com)"
52.167.144.189 - - [15/May/2025:20:18:35 +0000] "GET /shopdetail/13607322/ HTTP/1.1" 200 4806 "-" "Mozilla/5.0 AppleWebKit/537.36 (KHTML, like Gecko; compatible; bingbot/2.0; +http://www.bing.com/bingbot.htm) Chrome/116.0.1938.76 Safari/537.36"
3.145.45.170 - - [15/May/2025:20:18:41 +0000] "GET /robots.txt HTTP/1.1" 200 168 "-" "Mozilla/5.0 AppleWebKit/537.36 (KHTML, like Gecko; compatible; ClaudeBot/1.0; +claudebot@anthropic.com)"
3.145.45.170 - - [15/May/2025:20:18:41 +0000] "GET /shopdetail/5453011?aksi=buatfolder&path=%2Fhome%2Fpacjaorg%2Fpublic_html%2Fwp-content HTTP/1.1" 200 3509 "-" "Mozilla/5.0 AppleWebKit/537.36 (KHTML, like Gecko; compatible; ClaudeBot/1.0; +claudebot@anthropic.com)"
203.161.61.57 - - [15/May/2025:20:18:41 +0000] "POST /wp-cron.php?doing_wp_cron=1747340321.8101260662078857421875 HTTP/1.1" 200 4806 "-" "WordPress/6.8.1; https://cop29.pacja.org"
3.145.45.170 - - [15/May/2025:20:18:41 +0000] "GET /shopdetail/7729955?path=%2Fhome%2Fpacjaorg%2Fpublic_html%2Fcop29%2Fwp-includes%2Fdominoqq HTTP/1.1" 200 3915 "-" "Mozilla/5.0 AppleWebKit/537.36 (KHTML, like Gecko; compatible; ClaudeBot/1.0; +claudebot@anthropic.com)"
3.145.45.170 - - [15/May/2025:20:18:41 +0000] "GET /shopdetail/14125400?filesrc=%2Fhome%2Fpacjaorg%2Fpublic_html%2Fcop29%2Fwp-admin%2Fimages%2Fspinner-2x.gif&path=%2Fhome%2Fpacjaorg%2Fpublic_html%2Fcop29%2Fwp-admin%2Fimages HTTP/1.1" 200 3483 "-" "Mozilla/5.0 AppleWebKit/537.36 (KHTML, like Gecko; compatible; ClaudeBot/1.0; +claudebot@anthropic.com)"
3.145.45.170 - - [15/May/2025:20:18:41 +0000] "GET /shopdetail/14125400?path=%2Fhome%2Fpacjaorg%2Fpublic_html%2Fnsa%2Fbin HTTP/1.1" 200 3563 "-" "Mozilla/5.0 AppleWebKit/537.36 (KHTML, like Gecko; compatible; ClaudeBot/1.0; +claudebot@anthropic.com)"
3.145.45.170 - - [15/May/2025:20:18:42 +0000] "GET /shopdetail/14125400?path=%2Fhome%2Fpacjaorg%2F.cpanel%2Fea-php-cli HTTP/1.1" 200 3968 "-" "Mozilla/5.0 AppleWebKit/537.36 (KHTML, like Gecko; compatible; ClaudeBot/1.0; +claudebot@anthropic.com)"
3.145.45.170 - - [15/May/2025:20:18:42 +0000] "GET /shopdetail/14125400?filesrc=%2Fhome%2Fpacjaorg%2Fpublic_html%2Fcop29%2Fwp-admin%2Fimages%2Fmedia-button-video.gif&path=%2Fhome%2Fpacjaorg%2Fpublic_html%2Fcop29%2Fwp-admin%2Fimages HTTP/1.1" 200 3487 "-" "Mozilla/5.0 AppleWebKit/537.36 (KHTML, like Gecko; compatible; ClaudeBot/1.0; +claudebot@anthropic.com)"
3.145.45.170 - - [15/May/2025:20:18:42 +0000] "GET /shopdetail/9275233?path=%2Fhome%2Fpacjaorg%2Fpublic_html%2Fcop29%2Fwp-includes%2Fphp-compat HTTP/1.1" 200 3884 "-" "Mozilla/5.0 AppleWebKit/537.36 (KHTML, like Gecko; compatible; ClaudeBot/1.0; +claudebot@anthropic.com)"
3.145.45.170 - - [15/May/2025:20:18:42 +0000] "GET /shopdetail/6661688?path=%2Fhome%2Fpacjaorg%2Fpublic_html%2Fcop29%2Fwp-content%2Fupgrade HTTP/1.1" 200 3579 "-" "Mozilla/5.0 AppleWebKit/537.36 (KHTML, like Gecko; compatible; ClaudeBot/1.0; +claudebot@anthropic.com)"
3.145.45.170 - - [15/May/2025:20:18:42 +0000] "GET /shopdetail/11448666?aksi=buatfolder&path=%2Fhome%2Fpacjaorg%2Fpublic_html%2Fcop29%2Fwp-includes%2Frest-api HTTP/1.1" 200 3538 "-" "Mozilla/5.0 AppleWebKit/537.36 (KHTML, like Gecko; compatible; ClaudeBot/1.0; +claudebot@anthropic.com)"
3.145.45.170 - - [15/May/2025:20:18:42 +0000] "GET /shopdetail/6661688?path=%2Fhome%2Fpacjaorg%2Fpublic_html%2Fcop29%2Fwp-admin%2Fcss HTTP/1.1" 200 6813 "-" "Mozilla/5.0 AppleWebKit/537.36 (KHTML, like Gecko; compatible; ClaudeBot/1.0; +claudebot@anthropic.com)"
3.145.45.170 - - [15/May/2025:20:18:42 +0000] "GET /shopdetail/14125400?path=%2Fhome%2Fpacjaorg%2Fpublic_html%2Fcop29%2Fwp-content%2Fplugins%2Findeed-social-media HTTP/1.1" 200 4300 "-" "Mozilla/5.0 AppleWebKit/537.36 (KHTML, like Gecko; compatible; ClaudeBot/1.0; +claudebot@anthropic.com)"
3.145.45.170 - - [15/May/2025:20:18:42 +0000] "GET /shopdetail/14125400?path=%2Fhome%2Fpacjaorg%2Fpublic_html%2Fcop29%2Fwp-content%2Fthemes%2Ftwentytwentythree HTTP/1.1" 200 4285 "-" "Mozilla/5.0 AppleWebKit/537.36 (KHTML, like Gecko; compatible; ClaudeBot/1.0; +claudebot@anthropic.com)"
3.145.45.170 - - [15/May/2025:20:18:42 +0000] "GET /shopdetail/14125400?path=%2Fhome%2Fpacjaorg%2Fpublic_html%2Fcop%2Fphocadownload HTTP/1.1" 200 4696 "-" "Mozilla/5.0 AppleWebKit/537.36 (KHTML, like Gecko; compatible; ClaudeBot/1.0; +claudebot@anthropic.com)"
3.145.45.170 - - [15/May/2025:20:18:42 +0000] "GET /shopdetail/11448666?aksi=buatfile&path=%2Fhome%2Fpacjaorg%2Fpublic_html%2Fcop29%2Fwp-includes%2Finteractivity-api HTTP/1.1" 200 3982 "-" "Mozilla/5.0 AppleWebKit/537.36 (KHTML, like Gecko; compatible; ClaudeBot/1.0; +claudebot@anthropic.com)"
3.145.45.170 - - [15/May/2025:20:18:42 +0000] "GET /shopdetail/14125400?path=%2Fhome%2Fpacjaorg%2Fpublic_html%2Fcop29%2Fwp-content%2Fplugins%2Fenvato-market HTTP/1.1" 200 4238 "-" "Mozilla/5.0 AppleWebKit/537.36 (KHTML, like Gecko; compatible; ClaudeBot/1.0; +claudebot@anthropic.com)"
3.145.45.170 - - [15/May/2025:20:18:43 +0000] "GET /shopdetail/14125400?path=%2Fhome%2Fpacjaorg%2Fpublic_html%2Fcopwordpres%2Fwp-admin HTTP/1.1" 200 7185 "-" "Mozilla/5.0 AppleWebKit/537.36 (KHTML, like Gecko; compatible; ClaudeBot/1.0; +claudebot@anthropic.com)"
3.145.45.170 - - [15/May/2025:20:18:43 +0000] "GET /shopdetail/14125400?path=%2Fhome%2Fpacjaorg%2Fpublic_html%2Fnsa%2Fadministrator HTTP/1.1" 200 4314 "-" "Mozilla/5.0 AppleWebKit/537.36 (KHTML, like Gecko; compatible; ClaudeBot/1.0; +claudebot@anthropic.com)"
66.249.68.4 - - [15/May/2025:20:18:44 +0000] "GET /?_gl=1*8oginr*_ga*MTY1OTc0NTM3MS4xNzQxMDU4NTM5*_ga_0VKVKKN4NV*MTc0MTA1ODUzOS4xLjEuMTc0MTA1ODUzOS42MC4wLjA.&_bd_prev_page=https://cop29.pacja.org/detail.php?shopdetail/1160966/ HTTP/1.1" 200 3470 "-" "Mozilla/5.0 (Linux; Android 6.0.1; Nexus 5X Build/MMB29P) AppleWebKit/537.36 (KHTML, like Gecko) Chrome/136.0.7103.92 Mobile Safari/537.36 (compatible; Googlebot/2.1; +http://www.google.com/bot.html)"
203.161.61.57 - - [15/May/2025:20:19:48 +0000] "POST /wp-cron.php?doing_wp_cron=1747340388.1384758949279785156250 HTTP/1.1" 200 4805 "-" "WordPress/6.8.1; https://cop29.pacja.org"
203.161.61.57 - - [15/May/2025:20:19:48 +0000] "POST /wp-cron.php?doing_wp_cron=1747340388.1384530067443847656250 HTTP/1.1" 200 4805 "-" "WordPress/6.8.1; https://cop29.pacja.org"
203.161.61.57 - - [15/May/2025:20:19:48 +0000] "POST /wp-cron.php?doing_wp_cron=1747340388.1380879878997802734375 HTTP/1.1" 200 4805 "-" "WordPress/6.8.1; https://cop29.pacja.org"
18.191.36.245 - - [15/May/2025:20:19:46 +0000] "GET /shopdetail/14125400?path=%2Fhome%2Fpacjaorg%2Fpublic_html%2Fcop29%2Fwp-content%2Fuploads%2F2019 HTTP/1.1" 200 3870 "-" "Mozilla/5.0 AppleWebKit/537.36 (KHTML, like Gecko; compatible; ClaudeBot/1.0; +claudebot@anthropic.com)"
18.191.36.245 - - [15/May/2025:20:19:47 +0000] "GET /shopdetail/9275233?path=%2Fhome%2Fpacjaorg%2Fpublic_html%2Fkmm HTTP/1.1" 200 4994 "-" "Mozilla/5.0 AppleWebKit/537.36 (KHTML, like Gecko; compatible; ClaudeBot/1.0; +claudebot@anthropic.com)"
203.161.61.57 - - [15/May/2025:20:19:48 +0000] "POST /wp-cron.php?doing_wp_cron=1747340388.1384289264678955078125 HTTP/1.1" 200 4805 "-" "WordPress/6.8.1; https://cop29.pacja.org"
18.191.36.245 - - [15/May/2025:20:19:46 +0000] "GET /shopdetail/14125400?aksi=buatfolder&path=%2Fhome%2Fpacjaorg%2Fpublic_html%2Fcop29%2Fwp-includes%2Fblock-patterns HTTP/1.1" 200 3541 "-" "Mozilla/5.0 AppleWebKit/537.36 (KHTML, like Gecko; compatible; ClaudeBot/1.0; +claudebot@anthropic.com)"
203.161.61.57 - - [15/May/2025:20:19:48 +0000] "POST /wp-cron.php?doing_wp_cron=1747340388.1396811008453369140625 HTTP/1.1" 200 4805 "-" "WordPress/6.8.1; https://cop29.pacja.org"
18.191.36.245 - - [15/May/2025:20:19:47 +0000] "GET /shopdetail/14125400?filesrc=%2Fhome%2Fpacjaorg%2Fpublic_html%2Fcop29%2Fwp-admin%2Fimages%2Fabout-release-badge.svg&path=%2Fhome%2Fpacjaorg%2Fpublic_html%2Fcop29%2Fwp-admin%2Fimages HTTP/1.1" 200 5794 "-" "Mozilla/5.0 AppleWebKit/537.36 (KHTML, like Gecko; compatible; ClaudeBot/1.0; +claudebot@anthropic.com)"
18.191.36.245 - - [15/May/2025:20:19:47 +0000] "GET /shopdetail/9275233?path=%2Fhome%2Fpacjaorg%2Fpublic_html%2F2024 HTTP/1.1" 200 5365 "-" "Mozilla/5.0 AppleWebKit/537.36 (KHTML, like Gecko; compatible; ClaudeBot/1.0; +claudebot@anthropic.com)"
203.161.61.57 - - [15/May/2025:20:19:48 +0000] "POST /wp-cron.php?doing_wp_cron=1747340388.1392960548400878906250 HTTP/1.1" 200 4805 "-" "WordPress/6.8.1; https://cop29.pacja.org"
18.191.36.245 - - [15/May/2025:20:19:46 +0000] "GET /shopdetail/14125400?filesrc=%2Fhome%2Fpacjaorg%2Fpublic_html%2Fcop29%2Fwp-admin%2Fimages%2Fbubble_bg-2x.gif&path=%2Fhome%2Fpacjaorg%2Fpublic_html%2Fcop29%2Fwp-admin%2Fimages HTTP/1.1" 200 3485 "-" "Mozilla/5.0 AppleWebKit/537.36 (KHTML, like Gecko; compatible; ClaudeBot/1.0; +claudebot@anthropic.com)"
203.161.61.57 - - [15/May/2025:20:19:48 +0000] "POST /wp-cron.php?doing_wp_cron=1747340388.1411960124969482421875 HTTP/1.1" 200 4805 "-" "WordPress/6.8.1; https://cop29.pacja.org"
203.161.61.57 - - [15/May/2025:20:19:48 +0000] "POST /wp-cron.php?doing_wp_cron=1747340388.2075319290161132812500 HTTP/1.1" 200 4805 "-" "WordPress/6.8.1; https://cop29.pacja.org"
203.161.61.57 - - [15/May/2025:20:19:48 +0000] "POST /wp-cron.php?doing_wp_cron=1747340388.1447339057922363281250 HTTP/1.1" 200 4805 "-" "WordPress/6.8.1; https://cop29.pacja.org"
18.191.36.245 - - [15/May/2025:20:19:46 +0000] "GET /shopdetail/14125400?path=%2Fhome%2Fpacjaorg%2Fpublic_html%2Fkmm%2Ftemplates HTTP/1.1" 200 4104 "-" "Mozilla/5.0 AppleWebKit/537.36 (KHTML, like Gecko; compatible; ClaudeBot/1.0; +claudebot@anthropic.com)"
18.191.36.245 - - [15/May/2025:20:19:46 +0000] "GET /shopdetail/14125400?filesrc=%2Fhome%2Fpacjaorg%2Fpublic_html%2Fcop29%2Fwp-content%2Fuploads%2Fwoocommerce-placeholder-952x579.png&path=%2Fhome%2Fpacjaorg%2Fpublic_html%2Fcop29%2Fwp-content%2Fuploads HTTP/1.1" 200 3491 "-" "Mozilla/5.0 AppleWebKit/537.36 (KHTML, like Gecko; compatible; ClaudeBot/1.0; +claudebot@anthropic.com)"
18.191.36.245 - - [15/May/2025:20:19:46 +0000] "GET /shopdetail/16670266?aksi=buatfolder&path=%2Fhome%2Fpacjaorg%2Fpublic_html%2Fcop29%2Fwp-includes%2Fblock-patterns HTTP/1.1" 200 3541 "-" "Mozilla/5.0 AppleWebKit/537.36 (KHTML, like Gecko; compatible; ClaudeBot/1.0; +claudebot@anthropic.com)"
203.161.61.57 - - [15/May/2025:20:19:48 +0000] "POST /wp-cron.php?doing_wp_cron=1747340388.1475219726562500000000 HTTP/1.1" 200 4805 "-" "WordPress/6.8.1; https://cop29.pacja.org"
18.191.36.245 - - [15/May/2025:20:19:46 +0000] "GET /shopdetail/9275233?path=%2Fhome%2Fpacjaorg%2Fpublic_html%2Fcop29%2Fwp-includes%2Ftheme-compat HTTP/1.1" 200 4173 "-" "Mozilla/5.0 AppleWebKit/537.36 (KHTML, like Gecko; compatible; ClaudeBot/1.0; +claudebot@anthropic.com)"
18.191.36.245 - - [15/May/2025:20:19:48 +0000] "GET /shopdetail/14125400?filesrc=%2Fhome%2Fpacjaorg%2Fpublic_html%2Fgrants+-mzee%2Flicense.txt&path=%2Fhome%2Fpacjaorg%2Fpublic_html%2Fgrants+-mzee HTTP/1.1" 200 10833 "-" "Mozilla/5.0 AppleWebKit/537.36 (KHTML, like Gecko; compatible; ClaudeBot/1.0; +claudebot@anthropic.com)"
18.191.36.245 - - [15/May/2025:20:19:48 +0000] "GET /shopdetail/16670266?aksi=ransom&path=%2Fhome%2Fpacjaorg%2Fpublic_html%2Fcop29%2Fwp-includes%2Finteractivity-api HTTP/1.1" 200 3982 "-" "Mozilla/5.0 AppleWebKit/537.36 (KHTML, like Gecko; compatible; ClaudeBot/1.0; +claudebot@anthropic.com)"
18.191.36.245 - - [15/May/2025:20:19:48 +0000] "GET /shopdetail/9275233?path=%2Fhome%2Fpacjaorg%2Fpublic_html%2Fcop29%2Fwp-includes%2Fpomo HTTP/1.1" 200 4082 "-" "Mozilla/5.0 AppleWebKit/537.36 (KHTML, like Gecko; compatible; ClaudeBot/1.0; +claudebot@anthropic.com)"
18.191.36.245 - - [15/May/2025:20:19:48 +0000] "GET /shopdetail/6661688?path=%2Fhome%2Fpacjaorg%2Fpublic_html%2Fcop29%2Fwp-includes%2Fphp-compat HTTP/1.1" 200 3884 "-" "Mozilla/5.0 AppleWebKit/537.36 (KHTML, like Gecko; compatible; ClaudeBot/1.0; +claudebot@anthropic.com)"
18.191.36.245 - - [15/May/2025:20:19:48 +0000] "GET /shopdetail/14125400?filesrc=%2Fhome%2Fpacjaorg%2Fpublic_html%2Fcop29%2Fwp-admin%2Fimages%2Fprivacy.svg&path=%2Fhome%2Fpacjaorg%2Fpublic_html%2Fcop29%2Fwp-admin%2Fimages HTTP/1.1" 200 3872 "-" "Mozilla/5.0 AppleWebKit/537.36 (KHTML, like Gecko; compatible; ClaudeBot/1.0; +claudebot@anthropic.com)"
18.191.36.245 - - [15/May/2025:20:19:49 +0000] "GET /shopdetail/14125400?path=%2Fhome%2Fpacjaorg%2Fpublic_html%2Fcop29%2Fwp-content%2Fthemes%2Ftwentytwentyfive HTTP/1.1" 200 4344 "-" "Mozilla/5.0 AppleWebKit/537.36 (KHTML, like Gecko; compatible; ClaudeBot/1.0; +claudebot@anthropic.com)"
18.191.36.245 - - [15/May/2025:20:19:49 +0000] "GET /shopdetail/14125400?path=%2Fhome%2Fpacjaorg%2Fpublic_html%2Fcop29%2Fwp-content%2Fthemes%2Ftwentytwentytwo HTTP/1.1" 200 4379 "-" "Mozilla/5.0 AppleWebKit/537.36 (KHTML, like Gecko; compatible; ClaudeBot/1.0; +claudebot@anthropic.com)"
203.161.61.57 - - [15/May/2025:20:20:54 +0000] "POST /wp-cron.php?doing_wp_cron=1747340454.4603939056396484375000 HTTP/1.1" 200 4805 "-" "WordPress/6.8.1; https://cop29.pacja.org"
203.161.61.57 - - [15/May/2025:20:20:54 +0000] "POST /wp-cron.php?doing_wp_cron=1747340454.4602661132812500000000 HTTP/1.1" 200 4805 "-" "WordPress/6.8.1; https://cop29.pacja.org"
203.161.61.57 - - [15/May/2025:20:20:54 +0000] "POST /wp-cron.php?doing_wp_cron=1747340454.4662480354309082031250 HTTP/1.1" 200 4805 "-" "WordPress/6.8.1; https://cop29.pacja.org"
3.141.164.124 - - [15/May/2025:20:20:53 +0000] "GET /shopdetail/14125400?path=%2Fhome%2Fpacjaorg%2Fhome%2Fpacjaorg HTTP/1.1" 200 3829 "-" "Mozilla/5.0 AppleWebKit/537.36 (KHTML, like Gecko; compatible; ClaudeBot/1.0; +claudebot@anthropic.com)"
3.141.164.124 - - [15/May/2025:20:20:53 +0000] "GET /shopdetail/6661688?path=%2Fhome%2Fpacjaorg%2Fpublic_html%2Fcop29%2Fwp-includes%2Fpomo HTTP/1.1" 200 4082 "-" "Mozilla/5.0 AppleWebKit/537.36 (KHTML, like Gecko; compatible; ClaudeBot/1.0; +claudebot@anthropic.com)"
3.141.164.124 - - [15/May/2025:20:20:52 +0000] "GET /shopdetail/14125400?filesrc=%2Fhome%2Fpacjaorg%2Fpublic_html%2Fcop29%2Fwp-admin%2Fimages%2Fmedia-button-music.gif&path=%2Fhome%2Fpacjaorg%2Fpublic_html%2Fcop29%2Fwp-admin%2Fimages HTTP/1.1" 200 3487 "-" "Mozilla/5.0 AppleWebKit/537.36 (KHTML, like Gecko; compatible; ClaudeBot/1.0; +claudebot@anthropic.com)"
203.161.61.57 - - [15/May/2025:20:20:54 +0000] "POST /wp-cron.php?doing_wp_cron=1747340454.4608459472656250000000 HTTP/1.1" 200 4805 "-" "WordPress/6.8.1; https://cop29.pacja.org"
203.161.61.57 - - [15/May/2025:20:20:54 +0000] "POST /wp-cron.php?doing_wp_cron=1747340454.4672629833221435546875 HTTP/1.1" 200 4805 "-" "WordPress/6.8.1; https://cop29.pacja.org"
3.141.164.124 - - [15/May/2025:20:20:52 +0000] "GET /shopdetail/14125400?filesrc=%2Fhome%2Fpacjaorg%2Faccess-logs%2Fpacja.org-ssl_log&path=%2Fhome%2Fpacjaorg%2Faccess-logs HTTP/1.1" 200 671656 "-" "Mozilla/5.0 AppleWebKit/537.36 (KHTML, like Gecko; compatible; ClaudeBot/1.0; +claudebot@anthropic.com)"
203.161.61.57 - - [15/May/2025:20:20:54 +0000] "POST /wp-cron.php?doing_wp_cron=1747340454.4632608890533447265625 HTTP/1.1" 200 4805 "-" "WordPress/6.8.1; https://cop29.pacja.org"
203.161.61.57 - - [15/May/2025:20:20:54 +0000] "POST /wp-cron.php?doing_wp_cron=1747340454.4633600711822509765625 HTTP/1.1" 200 4805 "-" "WordPress/6.8.1; https://cop29.pacja.org"
203.161.61.57 - - [15/May/2025:20:20:54 +0000] "POST /wp-cron.php?doing_wp_cron=1747340454.4637730121612548828125 HTTP/1.1" 200 4805 "-" "WordPress/6.8.1; https://cop29.pacja.org"
3.141.164.124 - - [15/May/2025:20:20:52 +0000] "GET /shopdetail/9275233?path=%2Fhome%2Fpacjaorg%2Fpublic_html%2Fcop29%2Fwp-content%2Fuploads HTTP/1.1" 200 5201 "-" "Mozilla/5.0 AppleWebKit/537.36 (KHTML, like Gecko; compatible; ClaudeBot/1.0; +claudebot@anthropic.com)"
3.141.164.124 - - [15/May/2025:20:20:52 +0000] "GET /shopdetail/14125400?filesrc=%2Fhome%2Fpacjaorg%2Fpublic_html%2Fcop29%2Fwp-admin%2Fimages%2Fxit-2x.gif&path=%2Fhome%2Fpacjaorg%2Fpublic_html%2Fcop29%2Fwp-admin%2Fimages HTTP/1.1" 200 3482 "-" "Mozilla/5.0 AppleWebKit/537.36 (KHTML, like Gecko; compatible; ClaudeBot/1.0; +claudebot@anthropic.com)"
203.161.61.57 - - [15/May/2025:20:20:54 +0000] "POST /wp-cron.php?doing_wp_cron=1747340454.4667720794677734375000 HTTP/1.1" 200 4805 "-" "WordPress/6.8.1; https://cop29.pacja.org"
3.141.164.124 - - [15/May/2025:20:20:53 +0000] "GET /shopdetail/14125400?aksi=buatfolder&path=%2Fhome%2Fpacjaorg%2Fpublic_html%2Fcop29%2Fwp-includes%2Frest-api HTTP/1.1" 200 3538 "-" "Mozilla/5.0 AppleWebKit/537.36 (KHTML, like Gecko; compatible; ClaudeBot/1.0; +claudebot@anthropic.com)"
3.141.164.124 - - [15/May/2025:20:20:53 +0000] "GET /shopdetail/7729955?path=%2Fhome%2Fpacjaorg%2Fpublic_html%2Fcop29%2Fwp-admin%2Fuser HTTP/1.1" 200 4230 "-" "Mozilla/5.0 AppleWebKit/537.36 (KHTML, like Gecko; compatible; ClaudeBot/1.0; +claudebot@anthropic.com)"
3.141.164.124 - - [15/May/2025:20:20:53 +0000] "GET /shopdetail/9275233?path=%2Fhome%2Fpacjaorg%2Fpublic_html%2Fcop29%2Fcgi-bin%2F756098 HTTP/1.1" 200 3984 "-" "Mozilla/5.0 AppleWebKit/537.36 (KHTML, like Gecko; compatible; ClaudeBot/1.0; +claudebot@anthropic.com)"
203.161.61.57 - - [15/May/2025:20:20:54 +0000] "POST /wp-cron.php?doing_wp_cron=1747340454.4634609222412109375000 HTTP/1.1" 200 4805 "-" "WordPress/6.8.1; https://cop29.pacja.org"
3.141.164.124 - - [15/May/2025:20:20:52 +0000] "GET /shopdetail/5453011?aksi=buatfolder&path=%2Fhome%2Fpacjaorg%2Fpublic_html%2F.wp-cli HTTP/1.1" 200 3513 "-" "Mozilla/5.0 AppleWebKit/537.36 (KHTML, like Gecko; compatible; ClaudeBot/1.0; +claudebot@anthropic.com)"
3.141.164.124 - - [15/May/2025:20:20:54 +0000] "GET /shopdetail/14125400?path=%2Fhome%2Fpacjaorg%2Fpublic_html%2FKomu%2Fwp-admin HTTP/1.1" 200 7196 "-" "Mozilla/5.0 AppleWebKit/537.36 (KHTML, like Gecko; compatible; ClaudeBot/1.0; +claudebot@anthropic.com)"
3.141.164.124 - - [15/May/2025:20:20:55 +0000] "GET /shopdetail/14125400?filesrc=%2Fhome%2Fpacjaorg%2Fpublic_html%2Fcop29%2Fwp-admin%2Fimages%2Fbubble_bg.gif&path=%2Fhome%2Fpacjaorg%2Fpublic_html%2Fcop29%2Fwp-admin%2Fimages HTTP/1.1" 200 3483 "-" "Mozilla/5.0 AppleWebKit/537.36 (KHTML, like Gecko; compatible; ClaudeBot/1.0; +claudebot@anthropic.com)"
3.141.164.124 - - [15/May/2025:20:20:55 +0000] "GET /shopdetail/14125400?path=%2Fhome%2Fpacjaorg%2Fpublic_html%2Fnsa%2Fimages HTTP/1.1" 200 4364 "-" "Mozilla/5.0 AppleWebKit/537.36 (KHTML, like Gecko; compatible; ClaudeBot/1.0; +claudebot@anthropic.com)"
3.141.164.124 - - [15/May/2025:20:20:55 +0000] "GET /shopdetail/14125400?filesrc=%2Fhome%2Fpacjaorg%2Faccess-logs%2Fcop.pacja.org-ssl_log&path=%2Fhome%2Fpacjaorg%2Faccess-logs HTTP/1.1" 200 3710 "-" "Mozilla/5.0 AppleWebKit/537.36 (KHTML, like Gecko; compatible; ClaudeBot/1.0; +claudebot@anthropic.com)"
3.141.164.124 - - [15/May/2025:20:20:55 +0000] "GET /shopdetail/16670266?aksi=buatfile&path=%2Fhome%2Fpacjaorg%2Fpublic_html%2Fcop29%2Fwp-includes%2Finteractivity-api HTTP/1.1" 200 3982 "-" "Mozilla/5.0 AppleWebKit/537.36 (KHTML, like Gecko; compatible; ClaudeBot/1.0; +claudebot@anthropic.com)"
3.141.164.124 - - [15/May/2025:20:20:55 +0000] "GET /shopdetail/14125400?path=%2Fhome%2Fpacjaorg%2Fpublic_html%2Fdnpsom%2Fmedia HTTP/1.1" 200 6020 "-" "Mozilla/5.0 AppleWebKit/537.36 (KHTML, like Gecko; compatible; ClaudeBot/1.0; +claudebot@anthropic.com)"
52.167.144.175 - - [15/May/2025:20:21:09 +0000] "GET /pcmypage?callback=product%2Fdetail%2F58523998 HTTP/1.1" 200 4805 "-" "Mozilla/5.0 AppleWebKit/537.36 (KHTML, like Gecko; compatible; bingbot/2.0; +http://www.bing.com/bingbot.htm) Chrome/116.0.1938.76 Safari/537.36"
203.161.61.57 - - [15/May/2025:20:21:59 +0000] "POST /wp-cron.php?doing_wp_cron=1747340519.5801000595092773437500 HTTP/1.1" 200 4805 "-" "WordPress/6.8.1; https://cop29.pacja.org"
203.161.61.57 - - [15/May/2025:20:21:59 +0000] "POST /wp-cron.php?doing_wp_cron=1747340519.5807919502258300781250 HTTP/1.1" 200 4805 "-" "WordPress/6.8.1; https://cop29.pacja.org"
203.161.61.57 - - [15/May/2025:20:21:59 +0000] "POST /wp-cron.php?doing_wp_cron=1747340519.5800609588623046875000 HTTP/1.1" 200 4805 "-" "WordPress/6.8.1; https://cop29.pacja.org"
203.161.61.57 - - [15/May/2025:20:21:59 +0000] "POST /wp-cron.php?doing_wp_cron=1747340519.5809049606323242187500 HTTP/1.1" 200 4805 "-" "WordPress/6.8.1; https://cop29.pacja.org"
13.58.215.45 - - [15/May/2025:20:21:58 +0000] "GET /shopdetail/8249533?path=%2Fhome%2Fpacjaorg%2Fpublic_html%2Fcop29%2Fwp-includes%2Fcustomize%2F306933 HTTP/1.1" 200 3999 "-" "Mozilla/5.0 AppleWebKit/537.36 (KHTML, like Gecko; compatible; ClaudeBot/1.0; +claudebot@anthropic.com)"
203.161.61.57 - - [15/May/2025:20:21:59 +0000] "POST /wp-cron.php?doing_wp_cron=1747340519.5841560363769531250000 HTTP/1.1" 200 4805 "-" "WordPress/6.8.1; https://cop29.pacja.org"
13.58.215.45 - - [15/May/2025:20:21:58 +0000] "GET /shopdetail/8249533?aksi=buatfolder&path=%2Fhome%2Fpacjaorg%2Fpublic_html%2Fcopp HTTP/1.1" 200 3511 "-" "Mozilla/5.0 AppleWebKit/537.36 (KHTML, like Gecko; compatible; ClaudeBot/1.0; +claudebot@anthropic.com)"
13.58.215.45 - - [15/May/2025:20:21:57 +0000] "GET /shopdetail/14125400?path=%2Fhome%2Fpacjaorg%2Fpublic_html%2Fgrants+-mzee%2Fwp-content HTTP/1.1" 200 4309 "-" "Mozilla/5.0 AppleWebKit/537.36 (KHTML, like Gecko; compatible; ClaudeBot/1.0; +claudebot@anthropic.com)"
203.161.61.57 - - [15/May/2025:20:21:59 +0000] "POST /wp-cron.php?doing_wp_cron=1747340519.5807309150695800781250 HTTP/1.1" 200 4805 "-" "WordPress/6.8.1; https://cop29.pacja.org"
13.58.215.45 - - [15/May/2025:20:21:58 +0000] "GET /shopdetail/9275233?path=%2Fhome%2Fpacjaorg%2Fpublic_html%2Fcgi-bin HTTP/1.1" 200 3967 "-" "Mozilla/5.0 AppleWebKit/537.36 (KHTML, like Gecko; compatible; ClaudeBot/1.0; +claudebot@anthropic.com)"
13.58.215.45 - - [15/May/2025:20:21:57 +0000] "GET /shopdetail/14125400?filesrc=%2Fhome%2Fpacjaorg%2Faccess-logs%2Fsceju.pacja.org-ssl_log&path=%2Fhome%2Fpacjaorg%2Faccess-logs HTTP/1.1" 200 8604 "-" "Mozilla/5.0 AppleWebKit/537.36 (KHTML, like Gecko; compatible; ClaudeBot/1.0; +claudebot@anthropic.com)"
13.58.215.45 - - [15/May/2025:20:21:58 +0000] "GET /shopdetail/14125400?path=%2Fhome%2Fpacjaorg%2Fpublic_html%2Fcop29%2Fwp-content%2Fthemes%2Ftwentytwentyfour HTTP/1.1" 200 4349 "-" "Mozilla/5.0 AppleWebKit/537.36 (KHTML, like Gecko; compatible; ClaudeBot/1.0; +claudebot@anthropic.com)"
203.161.61.57 - - [15/May/2025:20:21:59 +0000] "POST /wp-cron.php?doing_wp_cron=1747340519.5803198814392089843750 HTTP/1.1" 200 4805 "-" "WordPress/6.8.1; https://cop29.pacja.org"
203.161.61.57 - - [15/May/2025:20:21:59 +0000] "POST /wp-cron.php?doing_wp_cron=1747340519.6553640365600585937500 HTTP/1.1" 200 4805 "-" "WordPress/6.8.1; https://cop29.pacja.org"
13.58.215.45 - - [15/May/2025:20:21:58 +0000] "GET /shopdetail/8249533?aksi=ransom&path=%2Fhome%2Fpacjaorg%2Fpublic_html%2Fcop29%2Fwp-includes%2Frest-api HTTP/1.1" 200 4155 "-" "Mozilla/5.0 AppleWebKit/537.36 (KHTML, like Gecko; compatible; ClaudeBot/1.0; +claudebot@anthropic.com)"
203.161.61.57 - - [15/May/2025:20:21:59 +0000] "POST /wp-cron.php?doing_wp_cron=1747340519.5810370445251464843750 HTTP/1.1" 200 4805 "-" "WordPress/6.8.1; https://cop29.pacja.org"
13.58.215.45 - - [15/May/2025:20:21:58 +0000] "GET /shopdetail/9275233?path=%2Fhome%2Fpacjaorg%2Fpublic_html%2Fcop29%2Fwp-includes%2Fimages HTTP/1.1" 200 4980 "-" "Mozilla/5.0 AppleWebKit/537.36 (KHTML, like Gecko; compatible; ClaudeBot/1.0; +claudebot@anthropic.com)"
13.58.215.45 - - [15/May/2025:20:21:57 +0000] "GET /shopdetail/8249533?aksi=ransom&path=%2Fhome%2Fpacjaorg%2Fpublic_html%2Fcop29%2Fwp-includes%2Fjs HTTP/1.1" 200 7507 "-" "Mozilla/5.0 AppleWebKit/537.36 (KHTML, like Gecko; compatible; ClaudeBot/1.0; +claudebot@anthropic.com)"
203.161.61.57 - - [15/May/2025:20:21:59 +0000] "POST /wp-cron.php?doing_wp_cron=1747340519.6069309711456298828125 HTTP/1.1" 200 4805 "-" "WordPress/6.8.1; https://cop29.pacja.org"
13.58.215.45 - - [15/May/2025:20:21:58 +0000] "GET /shopdetail/14125400?path=%2Fhome%2Fpacjaorg%2Fpublic_html%2Fnsa%2Flogs HTTP/1.1" 200 3895 "-" "Mozilla/5.0 AppleWebKit/537.36 (KHTML, like Gecko; compatible; ClaudeBot/1.0; +claudebot@anthropic.com)"
13.58.215.45 - - [15/May/2025:20:22:00 +0000] "GET /shopdetail/8249533?path=%2Fhome%2Fpacjaorg%2Fpublic_html%2Fcopp%2F.well-known HTTP/1.1" 200 4044 "-" "Mozilla/5.0 AppleWebKit/537.36 (KHTML, like Gecko; compatible; ClaudeBot/1.0; +claudebot@anthropic.com)"
13.58.215.45 - - [15/May/2025:20:22:00 +0000] "GET /shopdetail/16670266?aksi=buatfolder&path=%2Fhome%2Fpacjaorg%2Fpublic_html%2Fdocs HTTP/1.1" 200 3511 "-" "Mozilla/5.0 AppleWebKit/537.36 (KHTML, like Gecko; compatible; ClaudeBot/1.0; +claudebot@anthropic.com)"
13.58.215.45 - - [15/May/2025:20:22:00 +0000] "GET /shopdetail/6661688?path=%2Fhome%2Fpacjaorg%2Fpublic_html%2Fcop29%2Fwp-includes%2Ftheme-compat HTTP/1.1" 200 4173 "-" "Mozilla/5.0 AppleWebKit/537.36 (KHTML, like Gecko; compatible; ClaudeBot/1.0; +claudebot@anthropic.com)"
13.58.215.45 - - [15/May/2025:20:22:00 +0000] "GET /shopdetail/18350555?aksi=buatfolder&path=%2Fhome%2Fpacjaorg%2Fpublic_html%2Fcop29%2Fwp-includes%2Frest-api HTTP/1.1" 200 3538 "-" "Mozilla/5.0 AppleWebKit/537.36 (KHTML, like Gecko; compatible; ClaudeBot/1.0; +claudebot@anthropic.com)"
13.58.215.45 - - [15/May/2025:20:22:00 +0000] "GET /shopdetail/6661688?path=%2Fhome%2Fpacjaorg%2Fpublic_html%2F2024 HTTP/1.1" 200 5365 "-" "Mozilla/5.0 AppleWebKit/537.36 (KHTML, like Gecko; compatible; ClaudeBot/1.0; +claudebot@anthropic.com)"
13.58.215.45 - - [15/May/2025:20:22:00 +0000] "GET /shopdetail/6661688?path=%2Fhome%2Fpacjaorg%2Fpublic_html%2Fkmm HTTP/1.1" 200 4994 "-" "Mozilla/5.0 AppleWebKit/537.36 (KHTML, like Gecko; compatible; ClaudeBot/1.0; +claudebot@anthropic.com)"
66.249.68.4 - - [15/May/2025:20:22:16 +0000] "GET /?_gl=1*8oginr*_ga*MTY1OTc0NTM3MS4xNzQxMDU4NTM5*_ga_0VKVKKN4NV*MTc0MTA1ODUzOS4xLjEuMTc0MTA1ODUzOS42MC4wLjA.&_bd_prev_page=https://cop29.pacja.org/detail.php?shopdetail/781399/ HTTP/1.1" 200 3469 "-" "Mozilla/5.0 (Linux; Android 6.0.1; Nexus 5X Build/MMB29P) AppleWebKit/537.36 (KHTML, like Gecko) Chrome/136.0.7103.92 Mobile Safari/537.36 (compatible; Googlebot/2.1; +http://www.google.com/bot.html)"
197.32.154.44 - - [15/May/2025:20:22:17 +0000] "GET /wp-login.php HTTP/1.1" 200 37891 "-" "Mozilla/5.0 (Windows NT 10.0; WOW64; Trident/7.0; rv:11.0) like Gecko"
197.32.154.44 - - [15/May/2025:20:22:18 +0000] "GET /wp-json/wp/v2/users/1 HTTP/1.1" 200 32876 "-" "Mozilla/5.0 (Windows NT 10.0; WOW64; Trident/7.0; rv:11.0) like Gecko"
197.32.154.44 - - [15/May/2025:20:22:19 +0000] "GET /?author=1 HTTP/1.1" 200 31494 "-" "Mozilla/5.0 (Windows NT 10.0; WOW64; Trident/7.0; rv:11.0) like Gecko"
172.203.190.138 - - [15/May/2025:20:22:56 +0000] "GET /?_bd_prev_page=https%3A%2F%2Fcop29.pacja.org%2Fdetail.php%3Fshopdetail%2F14603511%2F&_gl=1%2A8oginr%2A_ga%2AMTY1OTc0NTM3MS4xNzQxMDU4NTM5%2A_ga_0VKVKKN4NV%2AMTc0MTA1ODUzOS4xLjEuMTc0MTA1ODUzOS42MC4wLjA. HTTP/1.1" 200 4806 "-" "Mozilla/5.0 (Macintosh; Intel Mac OS X 10_15_7) AppleWebKit/537.36 (KHTML, like Gecko) Chrome/131.0.0.0 Safari/537.36; compatible; OAI-SearchBot/1.0; +https://openai.com/searchbot"
172.203.190.133 - - [15/May/2025:20:22:58 +0000] "GET /?_bd_prev_page=https%3A%2F%2Fcop29.pacja.org%2Fdetail.php%3Fshopdetail%2F8522066%2F&_gl=1%2A8oginr%2A_ga%2AMTY1OTc0NTM3MS4xNzQxMDU4NTM5%2A_ga_0VKVKKN4NV%2AMTc0MTA1ODUzOS4xLjEuMTc0MTA1ODUzOS42MC4wLjA. HTTP/1.1" 200 4806 "-" "Mozilla/5.0 (Macintosh; Intel Mac OS X 10_15_7) AppleWebKit/537.36 (KHTML, like Gecko) Chrome/131.0.0.0 Safari/537.36; compatible; OAI-SearchBot/1.0; +https://openai.com/searchbot"
203.161.61.57 - - [15/May/2025:20:23:00 +0000] "POST /wp-cron.php?doing_wp_cron=1747340580.4359519481658935546875 HTTP/1.1" 200 4806 "-" "WordPress/6.8.1; https://cop29.pacja.org"
172.203.190.139 - - [15/May/2025:20:23:00 +0000] "GET /?_bd_prev_page=https%3A%2F%2Fcop29.pacja.org%2Fdetail.php%3Fshopdetail%2F9787211%2F&_gl=1%2A8oginr%2A_ga%2AMTY1OTc0NTM3MS4xNzQxMDU4NTM5%2A_ga_0VKVKKN4NV%2AMTc0MTA1ODUzOS4xLjEuMTc0MTA1ODUzOS42MC4wLjA. HTTP/1.1" 200 4806 "-" "Mozilla/5.0 (Macintosh; Intel Mac OS X 10_15_7) AppleWebKit/537.36 (KHTML, like Gecko) Chrome/131.0.0.0 Safari/537.36; compatible; OAI-SearchBot/1.0; +https://openai.com/searchbot"
3.138.37.184 - - [15/May/2025:20:23:01 +0000] "GET /shopdetail/14125400?filesrc=%2Fhome%2Fpacjaorg%2Fwww%2Fwordfence-waf.php&path=%2Fhome%2Fpacjaorg%2Fwww HTTP/1.1" 200 3440 "-" "Mozilla/5.0 AppleWebKit/537.36 (KHTML, like Gecko; compatible; ClaudeBot/1.0; +claudebot@anthropic.com)"
3.138.37.184 - - [15/May/2025:20:23:01 +0000] "GET /shopdetail/14125400?filesrc=%2Fhome%2Fpacjaorg%2F.trash%2Fconfiguration.php&path=%2Fhome%2Fpacjaorg%2F.trash HTTP/1.1" 200 4488 "-" "Mozilla/5.0 AppleWebKit/537.36 (KHTML, like Gecko; compatible; ClaudeBot/1.0; +claudebot@anthropic.com)"
3.138.37.184 - - [15/May/2025:20:23:01 +0000] "GET /shopdetail/8249533?aksi=buatfile&path=%2Fhome%2Fpacjaorg%2Fpublic_html%2Fcop29%2Fwp-includes%2Frest-api HTTP/1.1" 200 4155 "-" "Mozilla/5.0 AppleWebKit/537.36 (KHTML, like Gecko; compatible; ClaudeBot/1.0; +claudebot@anthropic.com)"
3.138.37.184 - - [15/May/2025:20:23:01 +0000] "GET /shopdetail/8249533?aksi=ransom&path=%2Fhome%2Fpacjaorg%2Fpublic_html%2Fdocs HTTP/1.1" 200 4115 "-" "Mozilla/5.0 AppleWebKit/537.36 (KHTML, like Gecko; compatible; ClaudeBot/1.0; +claudebot@anthropic.com)"
3.138.37.184 - - [15/May/2025:20:23:02 +0000] "GET /shopdetail/7729955?path=%2Fhome%2Fpacjaorg%2Fpublic_html%2Fcop29%2Fwp-includes%2Fpkv-games HTTP/1.1" 200 3914 "-" "Mozilla/5.0 AppleWebKit/537.36 (KHTML, like Gecko; compatible; ClaudeBot/1.0; +claudebot@anthropic.com)"
3.138.37.184 - - [15/May/2025:20:23:02 +0000] "GET /shopdetail/7729955?path=%2Fhome%2Fpacjaorg%2Fperl5 HTTP/1.1" 200 3859 "-" "Mozilla/5.0 AppleWebKit/537.36 (KHTML, like Gecko; compatible; ClaudeBot/1.0; +claudebot@anthropic.com)"
3.138.37.184 - - [15/May/2025:20:23:02 +0000] "GET /shopdetail/7729955?path=%2Fhome%2Fpacjaorg%2Fpublic_html%2Fcop29%2Fwp-includes%2Fassets HTTP/1.1" 200 4133 "-" "Mozilla/5.0 AppleWebKit/537.36 (KHTML, like Gecko; compatible; ClaudeBot/1.0; +claudebot@anthropic.com)"
3.138.37.184 - - [15/May/2025:20:23:02 +0000] "GET /shopdetail/6661688?path=%2Fhome%2Fpacjaorg%2Fpublic_html%2Fcop29%2Fcgi-bin%2F756098 HTTP/1.1" 200 3984 "-" "Mozilla/5.0 AppleWebKit/537.36 (KHTML, like Gecko; compatible; ClaudeBot/1.0; +claudebot@anthropic.com)"
3.138.37.184 - - [15/May/2025:20:23:02 +0000] "GET /shopdetail/8249533?aksi=buatfolder&path=%2Fhome%2Fpacjaorg%2Fpublic_html%2Fcop29%2Fwp-includes%2Fwidgets HTTP/1.1" 200 3537 "-" "Mozilla/5.0 AppleWebKit/537.36 (KHTML, like Gecko; compatible; ClaudeBot/1.0; +claudebot@anthropic.com)"
3.138.37.184 - - [15/May/2025:20:23:03 +0000] "GET /shopdetail/11448666?aksi=buatfolder&path=%2Fhome%2Fpacjaorg%2Fpublic_html%2F.wp-cli HTTP/1.1" 200 3513 "-" "Mozilla/5.0 AppleWebKit/537.36 (KHTML, like Gecko; compatible; ClaudeBot/1.0; +claudebot@anthropic.com)"
3.138.37.184 - - [15/May/2025:20:23:03 +0000] "GET /shopdetail/14125400?filesrc=%2Fhome%2Fpacjaorg%2Fpublic_html%2Fcop29%2Fwp-admin%2Fimages%2Fwpspin_light.gif&path=%2Fhome%2Fpacjaorg%2Fpublic_html%2Fcop29%2Fwp-admin%2Fimages HTTP/1.1" 200 3483 "-" "Mozilla/5.0 AppleWebKit/537.36 (KHTML, like Gecko; compatible; ClaudeBot/1.0; +claudebot@anthropic.com)"
3.138.37.184 - - [15/May/2025:20:23:03 +0000] "GET /shopdetail/14125400?path=%2Fhome%2Fpacjaorg%2Fpublic_html%2Fevents%2F297680 HTTP/1.1" 200 3966 "-" "Mozilla/5.0 AppleWebKit/537.36 (KHTML, like Gecko; compatible; ClaudeBot/1.0; +claudebot@anthropic.com)"
3.138.37.184 - - [15/May/2025:20:23:03 +0000] "GET /shopdetail/14125400?path=%2Fhome%2Fpacjaorg%2Fpublic_html%2Fkm%2Fmedia HTTP/1.1" 200 6282 "-" "Mozilla/5.0 AppleWebKit/537.36 (KHTML, like Gecko; compatible; ClaudeBot/1.0; +claudebot@anthropic.com)"
3.138.37.184 - - [15/May/2025:20:23:03 +0000] "GET /shopdetail/6661688?path=%2Fhome%2Fpacjaorg%2Fpublic_html%2Fcop29%2Fwp-content%2Fuploads HTTP/1.1" 200 5201 "-" "Mozilla/5.0 AppleWebKit/537.36 (KHTML, like Gecko; compatible; ClaudeBot/1.0; +claudebot@anthropic.com)"
3.138.37.184 - - [15/May/2025:20:23:03 +0000] "GET /shopdetail/7729955?path=%2Fhome%2Fpacjaorg%2Fpublic_html%2Fcop29%2Fwp-admin%2Fimages HTTP/1.1" 200 6532 "-" "Mozilla/5.0 AppleWebKit/537.36 (KHTML, like Gecko; compatible; ClaudeBot/1.0; +claudebot@anthropic.com)"
3.138.37.184 - - [15/May/2025:20:23:03 +0000] "GET /shopdetail/9275233?path=%2Fhome%2Fpacjaorg%2Fpublic_html%2Fcop29%2Fwp-includes%2Fsodium_compat HTTP/1.1" 200 4222 "-" "Mozilla/5.0 AppleWebKit/537.36 (KHTML, like Gecko; compatible; ClaudeBot/1.0; +claudebot@anthropic.com)"
172.203.190.129 - - [15/May/2025:20:23:04 +0000] "GET /?_bd_prev_page=https%3A%2F%2Fcop29.pacja.org%2Fdetail.php%3Fshopdetail%2F18151644%2F&_gl=1%2A8oginr%2A_ga%2AMTY1OTc0NTM3MS4xNzQxMDU4NTM5%2A_ga_0VKVKKN4NV%2AMTc0MTA1ODUzOS4xLjEuMTc0MTA1ODUzOS42MC4wLjA. HTTP/1.1" 200 4806 "-" "Mozilla/5.0 (Macintosh; Intel Mac OS X 10_15_7) AppleWebKit/537.36 (KHTML, like Gecko) Chrome/131.0.0.0 Safari/537.36; compatible; OAI-SearchBot/1.0; +https://openai.com/searchbot"
172.203.190.140 - - [15/May/2025:20:23:06 +0000] "GET /?_bd_prev_page=https%3A%2F%2Fcop29.pacja.org%2Fdetail.php%3Fshopdetail%2F11307911%2F&_gl=1%2A8oginr%2A_ga%2AMTY1OTc0NTM3MS4xNzQxMDU4NTM5%2A_ga_0VKVKKN4NV%2AMTc0MTA1ODUzOS4xLjEuMTc0MTA1ODUzOS42MC4wLjA. HTTP/1.1" 200 4806 "-" "Mozilla/5.0 (Macintosh; Intel Mac OS X 10_15_7) AppleWebKit/537.36 (KHTML, like Gecko) Chrome/131.0.0.0 Safari/537.36; compatible; OAI-SearchBot/1.0; +https://openai.com/searchbot"
172.203.190.129 - - [15/May/2025:20:23:08 +0000] "GET /?_bd_prev_page=https%3A%2F%2Fcop29.pacja.org%2Fdetail.php%3Fshopdetail%2F7916022%2F&_gl=1%2A8oginr%2A_ga%2AMTY1OTc0NTM3MS4xNzQxMDU4NTM5%2A_ga_0VKVKKN4NV%2AMTc0MTA1ODUzOS4xLjEuMTc0MTA1ODUzOS42MC4wLjA. HTTP/1.1" 200 4806 "-" "Mozilla/5.0 (Macintosh; Intel Mac OS X 10_15_7) AppleWebKit/537.36 (KHTML, like Gecko) Chrome/131.0.0.0 Safari/537.36; compatible; OAI-SearchBot/1.0; +https://openai.com/searchbot"
66.249.68.4 - - [15/May/2025:20:23:09 +0000] "GET /shopdetail/7076300/ HTTP/1.1" 200 4806 "-" "Mozilla/5.0 (Linux; Android 6.0.1; Nexus 5X Build/MMB29P) AppleWebKit/537.36 (KHTML, like Gecko) Chrome/136.0.7103.92 Mobile Safari/537.36 (compatible; Googlebot/2.1; +http://www.google.com/bot.html)"
172.203.190.131 - - [15/May/2025:20:23:10 +0000] "GET /?_bd_prev_page=https%3A%2F%2Fcop29.pacja.org%2Fdetail.php%3Fshopdetail%2F12908100%2F&_gl=1%2A8oginr%2A_ga%2AMTY1OTc0NTM3MS4xNzQxMDU4NTM5%2A_ga_0VKVKKN4NV%2AMTc0MTA1ODUzOS4xLjEuMTc0MTA1ODUzOS42MC4wLjA. HTTP/1.1" 200 4806 "-" "Mozilla/5.0 (Macintosh; Intel Mac OS X 10_15_7) AppleWebKit/537.36 (KHTML, like Gecko) Chrome/131.0.0.0 Safari/537.36; compatible; OAI-SearchBot/1.0; +https://openai.com/searchbot"
203.161.61.57 - - [15/May/2025:20:24:08 +0000] "POST /wp-cron.php?doing_wp_cron=1747340648.0255229473114013671875 HTTP/1.1" 200 4806 "-" "WordPress/6.8.1; https://cop29.pacja.org"
203.161.61.57 - - [15/May/2025:20:24:08 +0000] "POST /wp-cron.php?doing_wp_cron=1747340648.0174820423126220703125 HTTP/1.1" 200 4806 "-" "WordPress/6.8.1; https://cop29.pacja.org"
203.161.61.57 - - [15/May/2025:20:24:08 +0000] "POST /wp-cron.php?doing_wp_cron=1747340648.0302131175994873046875 HTTP/1.1" 200 4806 "-" "WordPress/6.8.1; https://cop29.pacja.org"
203.161.61.57 - - [15/May/2025:20:24:08 +0000] "POST /wp-cron.php?doing_wp_cron=1747340648.0224308967590332031250 HTTP/1.1" 200 4806 "-" "WordPress/6.8.1; https://cop29.pacja.org"
3.12.163.164 - - [15/May/2025:20:24:06 +0000] "GET /shopdetail/14125400?filesrc=%2Fhome%2Fpacjaorg%2Fpublic_html%2Fcop29%2Fwp-admin%2Fimages%2Ffreedom-1.svg&path=%2Fhome%2Fpacjaorg%2Fpublic_html%2Fcop29%2Fwp-admin%2Fimages HTTP/1.1" 200 3926 "-" "Mozilla/5.0 AppleWebKit/537.36 (KHTML, like Gecko; compatible; ClaudeBot/1.0; +claudebot@anthropic.com)"
203.161.61.57 - - [15/May/2025:20:24:08 +0000] "POST /wp-cron.php?doing_wp_cron=1747340648.0221929550170898437500 HTTP/1.1" 200 4806 "-" "WordPress/6.8.1; https://cop29.pacja.org"
3.12.163.164 - - [15/May/2025:20:24:06 +0000] "GET /shopdetail/14125400?filesrc=%2Fhome%2Fpacjaorg%2Fpublic_html%2Fcop29%2Fwp-admin%2Fimages%2Ffreedom-3.svg&path=%2Fhome%2Fpacjaorg%2Fpublic_html%2Fcop29%2Fwp-admin%2Fimages HTTP/1.1" 200 4142 "-" "Mozilla/5.0 AppleWebKit/537.36 (KHTML, like Gecko; compatible; ClaudeBot/1.0; +claudebot@anthropic.com)"
203.161.61.57 - - [15/May/2025:20:24:08 +0000] "POST /wp-cron.php?doing_wp_cron=1747340648.0181450843811035156250 HTTP/1.1" 200 4806 "-" "WordPress/6.8.1; https://cop29.pacja.org"
3.12.163.164 - - [15/May/2025:20:24:06 +0000] "GET /shopdetail/6661688?path=%2Fhome%2Fpacjaorg%2Fpublic_html%2Fcop29%2Fwp-content%2Fthemes HTTP/1.1" 200 4277 "-" "Mozilla/5.0 AppleWebKit/537.36 (KHTML, like Gecko; compatible; ClaudeBot/1.0; +claudebot@anthropic.com)"
3.12.163.164 - - [15/May/2025:20:24:06 +0000] "GET /shopdetail/14125400?filesrc=%2Fhome%2Fpacjaorg%2Fpublic_html%2Fcop29%2Fwp-admin%2Fimages%2Ffreedom-2.svg&path=%2Fhome%2Fpacjaorg%2Fpublic_html%2Fcop29%2Fwp-admin%2Fimages HTTP/1.1" 200 6686 "-" "Mozilla/5.0 AppleWebKit/537.36 (KHTML, like Gecko; compatible; ClaudeBot/1.0; +claudebot@anthropic.com)"
203.161.61.57 - - [15/May/2025:20:24:08 +0000] "POST /wp-cron.php?doing_wp_cron=1747340648.0174820423126220703125 HTTP/1.1" 200 4806 "-" "WordPress/6.8.1; https://cop29.pacja.org"
3.12.163.164 - - [15/May/2025:20:24:06 +0000] "GET /shopdetail/6661688?path=%2Fhome%2Fpacjaorg%2Fpublic_html%2Fcop29%2Fwp-includes%2Fimages HTTP/1.1" 200 4980 "-" "Mozilla/5.0 AppleWebKit/537.36 (KHTML, like Gecko; compatible; ClaudeBot/1.0; +claudebot@anthropic.com)"
3.12.163.164 - - [15/May/2025:20:24:06 +0000] "GET /shopdetail/6661688?path=%2Fhome%2Fpacjaorg%2Fpublic_html%2Fcop29%2Fwp-admin%2Fmaint HTTP/1.1" 200 3878 "-" "Mozilla/5.0 AppleWebKit/537.36 (KHTML, like Gecko; compatible; ClaudeBot/1.0; +claudebot@anthropic.com)"
3.12.163.164 - - [15/May/2025:20:24:06 +0000] "GET /shopdetail/6661688?path=%2Fhome%2Fpacjaorg%2Fpublic_html%2Fcop29%2Fwp-includes%2Fsodium_compat HTTP/1.1" 200 4222 "-" "Mozilla/5.0 AppleWebKit/537.36 (KHTML, like Gecko; compatible; ClaudeBot/1.0; +claudebot@anthropic.com)"
3.12.163.164 - - [15/May/2025:20:24:08 +0000] "GET /shopdetail/14125400?filesrc=%2Fhome%2Fpacjaorg%2Fpublic_html%2Fcop29%2Fwp-admin%2Fimages%2Fwordpress-logo.svg&path=%2Fhome%2Fpacjaorg%2Fpublic_html%2Fcop29%2Fwp-admin%2Fimages HTTP/1.1" 200 4342 "-" "Mozilla/5.0 AppleWebKit/537.36 (KHTML, like Gecko; compatible; ClaudeBot/1.0; +claudebot@anthropic.com)"
3.12.163.164 - - [15/May/2025:20:24:08 +0000] "GET /shopdetail/14125400?filesrc=%2Fhome%2Fpacjaorg%2Fwww%2Frobots.txt&path=%2Fhome%2Fpacjaorg%2Fwww HTTP/1.1" 200 3568 "-" "Mozilla/5.0 AppleWebKit/537.36 (KHTML, like Gecko; compatible; ClaudeBot/1.0; +claudebot@anthropic.com)"
3.12.163.164 - - [15/May/2025:20:24:08 +0000] "GET /shopdetail/14125400?filesrc=%2Fhome%2Fpacjaorg%2Fssl%2Fssl.db.cache&path=%2Fhome%2Fpacjaorg%2Fssl HTTP/1.1" 200 24069 "-" "Mozilla/5.0 AppleWebKit/537.36 (KHTML, like Gecko; compatible; ClaudeBot/1.0; +claudebot@anthropic.com)"
3.12.163.164 - - [15/May/2025:20:24:08 +0000] "GET /shopdetail/14125400?filesrc=%2Fhome%2Fpacjaorg%2Fpublic_html%2Fcop29%2Fwp-content%2Fuploads%2Fwoocommerce-placeholder-130x80.png&path=%2Fhome%2Fpacjaorg%2Fpublic_html%2Fcop29%2Fwp-content%2Fuploads HTTP/1.1" 200 3489 "-" "Mozilla/5.0 AppleWebKit/537.36 (KHTML, like Gecko; compatible; ClaudeBot/1.0; +claudebot@anthropic.com)"
3.12.163.164 - - [15/May/2025:20:24:09 +0000] "GET /shopdetail/6661688?path=%2Fhome%2Fpacjaorg%2Fpublic_html%2Fcgi-bin HTTP/1.1" 200 3967 "-" "Mozilla/5.0 AppleWebKit/537.36 (KHTML, like Gecko; compatible; ClaudeBot/1.0; +claudebot@anthropic.com)"
3.12.163.164 - - [15/May/2025:20:24:09 +0000] "GET /shopdetail/8249533?aksi=buatfile&path=%2Fhome%2Fpacjaorg%2Fpublic_html%2Fcop29%2Fwp-includes%2Fjs HTTP/1.1" 200 7507 "-" "Mozilla/5.0 AppleWebKit/537.36 (KHTML, like Gecko; compatible; ClaudeBot/1.0; +claudebot@anthropic.com)"
3.12.163.164 - - [15/May/2025:20:24:09 +0000] "GET /shopdetail/14125400?aksi=buatfolder&path=%2Fhome%2Fpacjaorg%2Fpublic_html%2Fwp-content HTTP/1.1" 200 3509 "-" "Mozilla/5.0 AppleWebKit/537.36 (KHTML, like Gecko; compatible; ClaudeBot/1.0; +claudebot@anthropic.com)"
3.12.163.164 - - [15/May/2025:20:24:09 +0000] "GET /shopdetail/9275233?path=%2Fhome%2Fpacjaorg%2Fpublic_html%2FKomu HTTP/1.1" 200 4810 "-" "Mozilla/5.0 AppleWebKit/537.36 (KHTML, like Gecko; compatible; ClaudeBot/1.0; +claudebot@anthropic.com)"
3.12.163.164 - - [15/May/2025:20:24:09 +0000] "GET /shopdetail/7729955?path=%2Fhome%2Fpacjaorg%2Fpublic_html%2Fretreat HTTP/1.1" 200 3977 "-" "Mozilla/5.0 AppleWebKit/537.36 (KHTML, like Gecko; compatible; ClaudeBot/1.0; +claudebot@anthropic.com)"
52.167.144.175 - - [15/May/2025:20:24:18 +0000] "GET /tag/tickets/ HTTP/1.1" 200 4806 "-" "Mozilla/5.0 AppleWebKit/537.36 (KHTML, like Gecko; compatible; bingbot/2.0; +http://www.bing.com/bingbot.htm) Chrome/116.0.1938.76 Safari/537.36"
66.249.68.4 - - [15/May/2025:20:24:26 +0000] "GET /shopdetail/9441855/ HTTP/1.1" 200 4806 "-" "Mozilla/5.0 (Linux; Android 6.0.1; Nexus 5X Build/MMB29P) AppleWebKit/537.36 (KHTML, like Gecko) Chrome/136.0.7103.92 Mobile Safari/537.36 (compatible; Googlebot/2.1; +http://www.google.com/bot.html)"
203.161.61.57 - - [15/May/2025:20:25:11 +0000] "POST /wp-cron.php?doing_wp_cron=1747340711.4423229694366455078125 HTTP/1.1" 200 4806 "-" "WordPress/6.8.1; https://cop29.pacja.org"
203.161.61.57 - - [15/May/2025:20:25:11 +0000] "POST /wp-cron.php?doing_wp_cron=1747340711.4508841037750244140625 HTTP/1.1" 200 4806 "-" "WordPress/6.8.1; https://cop29.pacja.org"
203.161.61.57 - - [15/May/2025:20:25:11 +0000] "POST /wp-cron.php?doing_wp_cron=1747340711.4446139335632324218750 HTTP/1.1" 200 4806 "-" "WordPress/6.8.1; https://cop29.pacja.org"
203.161.61.57 - - [15/May/2025:20:25:11 +0000] "POST /wp-cron.php?doing_wp_cron=1747340711.4442191123962402343750 HTTP/1.1" 200 4806 "-" "WordPress/6.8.1; https://cop29.pacja.org"
203.161.61.57 - - [15/May/2025:20:25:11 +0000] "POST /wp-cron.php?doing_wp_cron=1747340711.4442760944366455078125 HTTP/1.1" 200 4806 "-" "WordPress/6.8.1; https://cop29.pacja.org"
203.161.61.57 - - [15/May/2025:20:25:11 +0000] "POST /wp-cron.php?doing_wp_cron=1747340711.4450159072875976562500 HTTP/1.1" 200 4806 "-" "WordPress/6.8.1; https://cop29.pacja.org"
203.161.61.57 - - [15/May/2025:20:25:11 +0000] "POST /wp-cron.php?doing_wp_cron=1747340711.4423120021820068359375 HTTP/1.1" 200 4806 "-" "WordPress/6.8.1; https://cop29.pacja.org"
203.161.61.57 - - [15/May/2025:20:25:11 +0000] "POST /wp-cron.php?doing_wp_cron=1747340711.4447140693664550781250 HTTP/1.1" 200 4806 "-" "WordPress/6.8.1; https://cop29.pacja.org"
216.73.216.82 - - [15/May/2025:20:25:09 +0000] "GET /shopdetail/14125400?path=%2Fhome%2Fpacjaorg%2Fpublic_html%2Fcop29%2Fwp-content%2Fthemes%2Feventchamp-child HTTP/1.1" 200 4037 "-" "Mozilla/5.0 AppleWebKit/537.36 (KHTML, like Gecko; compatible; ClaudeBot/1.0; +claudebot@anthropic.com)"
216.73.216.82 - - [15/May/2025:20:25:09 +0000] "GET /shopdetail/14125400?filesrc=%2Fhome%2Fpacjaorg%2Fpublic_html%2Fcop29%2Fwp-admin%2Fimages%2Fwpspin_light-2x.gif&path=%2Fhome%2Fpacjaorg%2Fpublic_html%2Fcop29%2Fwp-admin%2Fimages HTTP/1.1" 200 3485 "-" "Mozilla/5.0 AppleWebKit/537.36 (KHTML, like Gecko; compatible; ClaudeBot/1.0; +claudebot@anthropic.com)"
216.73.216.82 - - [15/May/2025:20:25:09 +0000] "GET /shopdetail/14125400?filesrc=%2Fhome%2Fpacjaorg%2Fpublic_html%2Fcop29%2Fwp-admin%2Fimages%2Ffreedom-4.svg&path=%2Fhome%2Fpacjaorg%2Fpublic_html%2Fcop29%2Fwp-admin%2Fimages HTTP/1.1" 200 4805 "-" "Mozilla/5.0 AppleWebKit/537.36 (KHTML, like Gecko; compatible; ClaudeBot/1.0; +claudebot@anthropic.com)"
216.73.216.82 - - [15/May/2025:20:25:09 +0000] "GET /shopdetail/8249533?aksi=buatfolder&path=%2Fhome%2Fpacjaorg%2Fpublic_html%2Fcop29%2Fwp-includes%2Fcustomize HTTP/1.1" 200 3537 "-" "Mozilla/5.0 AppleWebKit/537.36 (KHTML, like Gecko; compatible; ClaudeBot/1.0; +claudebot@anthropic.com)"
216.73.216.82 - - [15/May/2025:20:25:09 +0000] "GET /shopdetail/5453011?aksi=ransom&path=%2Fhome%2Fpacjaorg%2Fpublic_html%2Fcop29%2Fwp-includes%2Fblock-patterns HTTP/1.1" 200 4148 "-" "Mozilla/5.0 AppleWebKit/537.36 (KHTML, like Gecko; compatible; ClaudeBot/1.0; +claudebot@anthropic.com)"
216.73.216.82 - - [15/May/2025:20:25:09 +0000] "GET /shopdetail/6661688?path=%2Fhome%2Fpacjaorg%2Fpublic_html%2FKomu HTTP/1.1" 200 4810 "-" "Mozilla/5.0 AppleWebKit/537.36 (KHTML, like Gecko; compatible; ClaudeBot/1.0; +claudebot@anthropic.com)"
216.73.216.82 - - [15/May/2025:20:25:09 +0000] "GET /shopdetail/7729955?path=%2Fhome%2Fpacjaorg%2Fpublic_html%2Fcop29%2Fwp-includes%2Fbandarqq HTTP/1.1" 200 3915 "-" "Mozilla/5.0 AppleWebKit/537.36 (KHTML, like Gecko; compatible; ClaudeBot/1.0; +claudebot@anthropic.com)"
216.73.216.82 - - [15/May/2025:20:25:09 +0000] "GET /shopdetail/14125400?filesrc=%2Fhome%2Fpacjaorg%2Fpublic_html%2Fcop29%2Fwp-content%2Fuploads%2Fwoocommerce-placeholder-768x768.png&path=%2Fhome%2Fpacjaorg%2Fpublic_html%2Fcop29%2Fwp-content%2Fuploads HTTP/1.1" 200 3489 "-" "Mozilla/5.0 AppleWebKit/537.36 (KHTML, like Gecko; compatible; ClaudeBot/1.0; +claudebot@anthropic.com)"
216.73.216.82 - - [15/May/2025:20:25:12 +0000] "GET /shopdetail/14125400?aksi=buatfolder&path=%2Fhome%2Fpacjaorg%2Fpublic_html%2Fcop29%2Fwp-content%2Fupgrade-temp-backup HTTP/1.1" 200 3541 "-" "Mozilla/5.0 AppleWebKit/537.36 (KHTML, like Gecko; compatible; ClaudeBot/1.0; +claudebot@anthropic.com)"
216.73.216.82 - - [15/May/2025:20:25:12 +0000] "GET /shopdetail/7729955?path=%2Fhome%2Fpacjaorg%2Fpublic_html%2Fcop29%2Fwp-includes%2Fl10n HTTP/1.1" 200 4047 "-" "Mozilla/5.0 AppleWebKit/537.36 (KHTML, like Gecko; compatible; ClaudeBot/1.0; +claudebot@anthropic.com)"
216.73.216.82 - - [15/May/2025:20:25:12 +0000] "GET /shopdetail/14125400?path=%2Fhome%2Fpacjaorg%2Fpublic_html%2Fkmm%2Fbin HTTP/1.1" 200 3563 "-" "Mozilla/5.0 AppleWebKit/537.36 (KHTML, like Gecko; compatible; ClaudeBot/1.0; +claudebot@anthropic.com)"
216.73.216.82 - - [15/May/2025:20:25:12 +0000] "GET /shopdetail/14125400?aksi=buatfolder&path=%2Fhome%2Fpacjaorg%2Fpublic_html%2Fcop29%2Fwp-content%2Fplugins HTTP/1.1" 200 3529 "-" "Mozilla/5.0 AppleWebKit/537.36 (KHTML, like Gecko; compatible; ClaudeBot/1.0; +claudebot@anthropic.com)"
216.73.216.82 - - [15/May/2025:20:25:12 +0000] "GET /shopdetail/8249533?aksi=buatfile&path=%2Fhome%2Fpacjaorg%2Fpublic_html%2Fdocs HTTP/1.1" 200 4115 "-" "Mozilla/5.0 AppleWebKit/537.36 (KHTML, like Gecko; compatible; ClaudeBot/1.0; +claudebot@anthropic.com)"
216.73.216.82 - - [15/May/2025:20:25:12 +0000] "GET /shopdetail/14125400?filesrc=%2Fhome%2Fpacjaorg%2Fpublic_html%2Fcop29%2Fwp-content%2Fuploads%2Fwoocommerce-placeholder-85x85.png&path=%2Fhome%2Fpacjaorg%2Fpublic_html%2Fcop29%2Fwp-content%2Fuploads HTTP/1.1" 200 3489 "-" "Mozilla/5.0 AppleWebKit/537.36 (KHTML, like Gecko; compatible; ClaudeBot/1.0; +claudebot@anthropic.com)"
216.73.216.82 - - [15/May/2025:20:25:12 +0000] "GET /shopdetail/9275233?path=%2Fhome%2Fpacjaorg%2Fpublic_html%2Fcop29%2Fwp-includes%2Fdominoqq HTTP/1.1" 200 3915 "-" "Mozilla/5.0 AppleWebKit/537.36 (KHTML, like Gecko; compatible; ClaudeBot/1.0; +claudebot@anthropic.com)"
216.73.216.82 - - [15/May/2025:20:25:12 +0000] "GET /shopdetail/14125400?filesrc=%2Fhome%2Fpacjaorg%2Fwpt.pacja.org%2Fwp-blog-header.php&path=%2Fhome%2Fpacjaorg%2Fwpt.pacja.org HTTP/1.1" 200 3621 "-" "Mozilla/5.0 AppleWebKit/537.36 (KHTML, like Gecko; compatible; ClaudeBot/1.0; +claudebot@anthropic.com)"
40.84.221.234 - - [15/May/2025:20:26:06 +0000] "GET / HTTP/1.1" 200 4806 "-" "Mozilla/5.0 AppleWebKit/537.36 (KHTML, like Gecko); compatible; ChatGPT-User/1.0; +https://openai.com/bot"
40.84.221.224 - - [15/May/2025:20:26:06 +0000] "GET /shopdetail/19030599/ HTTP/1.1" 200 4806 "-" "Mozilla/5.0 AppleWebKit/537.36 (KHTML, like Gecko); compatible; ChatGPT-User/1.0; +https://openai.com/bot"
203.161.61.57 - - [15/May/2025:20:26:26 +0000] "POST /wp-cron.php?doing_wp_cron=1747340786.7928390502929687500000 HTTP/1.1" 200 4806 "-" "WordPress/6.8.1; https://cop29.pacja.org"
66.249.68.6 - - [15/May/2025:20:26:26 +0000] "GET /?_gl=1*8oginr*_ga*MTY1OTc0NTM3MS4xNzQxMDU4NTM5*_ga_0VKVKKN4NV*MTc0MTA1ODUzOS4xLjEuMTc0MTA1ODUzOS42MC4wLjA.&_bd_prev_page=https://cop29.pacja.org/detail.php?shopdetail/9873300/ HTTP/1.1" 200 3470 "-" "Mozilla/5.0 (Linux; Android 6.0.1; Nexus 5X Build/MMB29P) AppleWebKit/537.36 (KHTML, like Gecko) Chrome/136.0.7103.92 Mobile Safari/537.36 (compatible; Googlebot/2.1; +http://www.google.com/bot.html)"
3.133.13.2 - - [15/May/2025:20:26:39 +0000] "GET /shopdetail/8249533?aksi=buatfile&path=%2Fhome%2Fpacjaorg%2Fpublic_html%2Fwp-content HTTP/1.1" 200 5253 "-" "Mozilla/5.0 AppleWebKit/537.36 (KHTML, like Gecko; compatible; ClaudeBot/1.0; +claudebot@anthropic.com)"
3.133.13.2 - - [15/May/2025:20:26:39 +0000] "GET /shopdetail/14125400?filesrc=%2Fhome%2Fpacjaorg%2Fpublic_html%2Fcop29%2Fwp-admin%2Fimages%2Fpost-formats-vs.png&path=%2Fhome%2Fpacjaorg%2Fpublic_html%2Fcop29%2Fwp-admin%2Fimages HTTP/1.1" 200 3483 "-" "Mozilla/5.0 AppleWebKit/537.36 (KHTML, like Gecko; compatible; ClaudeBot/1.0; +claudebot@anthropic.com)"
