3.148.232.123 - - [15/May/2025:16:51:15 +0000] "GET /shopdetail/16670266?filesrc=%2Fhome%2Fpacjaorg%2Fpublic_html%2Fcop29%2Fwp-admin%2Fprivacy-policy-guide.php&path=%2Fhome%2Fpacjaorg%2Fpublic_html%2Fcop29%2Fwp-admin HTTP/1.1" 200 4875 "-" "Mozilla/5.0 AppleWebKit/537.36 (KHTML, like Gecko; compatible; ClaudeBot/1.0; +claudebot@anthropic.com)"
3.148.232.123 - - [15/May/2025:16:51:15 +0000] "GET /shopdetail/16670266?filesrc=%2Fhome%2Fpacjaorg%2Fpublic_html%2Fcop29%2Fwp-admin%2Fsite-health.php&path=%2Fhome%2Fpacjaorg%2Fpublic_html%2Fcop29%2Fwp-admin HTTP/1.1" 200 7032 "-" "Mozilla/5.0 AppleWebKit/537.36 (KHTML, like Gecko; compatible; ClaudeBot/1.0; +claudebot@anthropic.com)"
3.148.232.123 - - [15/May/2025:16:51:15 +0000] "GET /shopdetail/8249533?filesrc=%2Fhome%2Fpacjaorg%2Fpublic_html%2Fcop29%2Fwp-admin%2Fsite-health-info.php&path=%2Fhome%2Fpacjaorg%2Fpublic_html%2Fcop29%2Fwp-admin HTTP/1.1" 200 5035 "-" "Mozilla/5.0 AppleWebKit/537.36 (KHTML, like Gecko; compatible; ClaudeBot/1.0; +claudebot@anthropic.com)"
3.148.232.123 - - [15/May/2025:16:51:15 +0000] "GET /shopdetail/18350555?filesrc=%2Fhome%2Fpacjaorg%2Fpublic_html%2Fcop29%2Fcgi-bin%2Findex.php&path=%2Fhome%2Fpacjaorg%2Fpublic_html%2Fcop29%2Fcgi-bin HTTP/1.1" 200 3462 "-" "Mozilla/5.0 AppleWebKit/537.36 (KHTML, like Gecko; compatible; ClaudeBot/1.0; +claudebot@anthropic.com)"
3.148.232.123 - - [15/May/2025:16:51:15 +0000] "GET /shopdetail/8249533?filesrc=%2Fhome%2Fpacjaorg%2Fpublic_html%2Fcop29%2Fwp-admin%2Ferase-personal-data.php&path=%2Fhome%2Fpacjaorg%2Fpublic_html%2Fcop29%2Fwp-admin HTTP/1.1" 200 6179 "-" "Mozilla/5.0 AppleWebKit/537.36 (KHTML, like Gecko; compatible; ClaudeBot/1.0; +claudebot@anthropic.com)"
3.148.232.123 - - [15/May/2025:16:51:15 +0000] "GET /shopdetail/8249533?filesrc=%2Fhome%2Fpacjaorg%2Fpublic_html%2Fcopp.zip&path=%2Fhome%2Fpacjaorg%2Fpublic_html HTTP/1.1" 200 3443 "-" "Mozilla/5.0 AppleWebKit/537.36 (KHTML, like Gecko; compatible; ClaudeBot/1.0; +claudebot@anthropic.com)"
66.249.68.5 - - [15/May/2025:16:52:09 +0000] "GET /?_gl=1*8oginr*_ga*MTY1OTc0NTM3MS4xNzQxMDU4NTM5*_ga_0VKVKKN4NV*MTc0MTA1ODUzOS4xLjEuMTc0MTA1ODUzOS42MC4wLjA.&_bd_prev_page=https://cop29.pacja.org/detail.php?shopdetail/4373377/ HTTP/1.1" 200 3470 "-" "Mozilla/5.0 (Linux; Android 6.0.1; Nexus 5X Build/MMB29P) AppleWebKit/537.36 (KHTML, like Gecko) Chrome/136.0.7103.92 Mobile Safari/537.36 (compatible; Googlebot/2.1; +http://www.google.com/bot.html)"
66.249.68.5 - - [15/May/2025:16:52:11 +0000] "GET /shopdetail/8118177/ HTTP/1.1" 200 4805 "-" "Mozilla/5.0 (Linux; Android 6.0.1; Nexus 5X Build/MMB29P) AppleWebKit/537.36 (KHTML, like Gecko) Chrome/136.0.7103.92 Mobile Safari/537.36 (compatible; Googlebot/2.1; +http://www.google.com/bot.html)"
203.161.61.57 - - [15/May/2025:16:52:17 +0000] "POST /wp-cron.php?doing_wp_cron=1747327937.9398019313812255859375 HTTP/1.1" 200 4805 "-" "WordPress/6.8.1; https://cop29.pacja.org"
3.144.216.188 - - [15/May/2025:16:52:17 +0000] "GET /shopdetail/5453011?filesrc=%2Fhome%2Fpacjaorg%2Fpublic_html%2Fcop29%2Fwp-includes%2Fbookmark-template.php&path=%2Fhome%2Fpacjaorg%2Fpublic_html%2Fcop29%2Fwp-includes HTTP/1.1" 200 6744 "-" "Mozilla/5.0 AppleWebKit/537.36 (KHTML, like Gecko; compatible; ClaudeBot/1.0; +claudebot@anthropic.com)"
203.161.61.57 - - [15/May/2025:16:52:18 +0000] "POST /wp-cron.php?doing_wp_cron=1747327938.0888988971710205078125 HTTP/1.1" 200 4805 "-" "WordPress/6.8.1; https://cop29.pacja.org"
203.161.61.57 - - [15/May/2025:16:52:18 +0000] "POST /wp-cron.php?doing_wp_cron=1747327938.0863881111145019531250 HTTP/1.1" 200 4805 "-" "WordPress/6.8.1; https://cop29.pacja.org"
3.144.216.188 - - [15/May/2025:16:52:17 +0000] "GET /shopdetail/8249533?filesrc=%2Fhome%2Fpacjaorg%2Fpublic_html%2F.user.ini&path=%2Fhome%2Fpacjaorg%2Fpublic_html HTTP/1.1" 200 3831 "-" "Mozilla/5.0 AppleWebKit/537.36 (KHTML, like Gecko; compatible; ClaudeBot/1.0; +claudebot@anthropic.com)"
3.144.216.188 - - [15/May/2025:16:52:17 +0000] "GET /shopdetail/18350555?filesrc=%2Fhome%2Fpacjaorg%2Fpublic_html%2Fcop29%2Fwp-admin%2Fprivacy-policy-guide.php&path=%2Fhome%2Fpacjaorg%2Fpublic_html%2Fcop29%2Fwp-admin HTTP/1.1" 200 4875 "-" "Mozilla/5.0 AppleWebKit/537.36 (KHTML, like Gecko; compatible; ClaudeBot/1.0; +claudebot@anthropic.com)"
3.144.216.188 - - [15/May/2025:16:52:18 +0000] "GET /shopdetail/5453011?filesrc=%2Fhome%2Fpacjaorg%2Fpublic_html%2Fcopp.zip&path=%2Fhome%2Fpacjaorg%2Fpublic_html HTTP/1.1" 200 3443 "-" "Mozilla/5.0 AppleWebKit/537.36 (KHTML, like Gecko; compatible; ClaudeBot/1.0; +claudebot@anthropic.com)"
3.144.216.188 - - [15/May/2025:16:52:18 +0000] "GET /shopdetail/18350555?filesrc=%2Fhome%2Fpacjaorg%2Fpublic_html%2Fcop29%2Fwp-admin%2Fsite-health.php&path=%2Fhome%2Fpacjaorg%2Fpublic_html%2Fcop29%2Fwp-admin HTTP/1.1" 200 7032 "-" "Mozilla/5.0 AppleWebKit/537.36 (KHTML, like Gecko; compatible; ClaudeBot/1.0; +claudebot@anthropic.com)"
3.144.216.188 - - [15/May/2025:16:52:18 +0000] "GET /shopdetail/8249533?filesrc=%2Fhome%2Fpacjaorg%2Fpublic_html%2Fcop29%2Fwp-includes%2F.htaccess&path=%2Fhome%2Fpacjaorg%2Fpublic_html%2Fcop29%2Fwp-includes HTTP/1.1" 200 3474 "-" "Mozilla/5.0 AppleWebKit/537.36 (KHTML, like Gecko; compatible; ClaudeBot/1.0; +claudebot@anthropic.com)"
3.144.216.188 - - [15/May/2025:16:52:18 +0000] "GET /shopdetail/18350555?filesrc=%2Fhome%2Fpacjaorg%2Fpublic_html%2Fcop29%2Fwp-admin%2Foptions-head.php&path=%2Fhome%2Fpacjaorg%2Fpublic_html%2Fcop29%2Fwp-admin HTTP/1.1" 200 3818 "-" "Mozilla/5.0 AppleWebKit/537.36 (KHTML, like Gecko; compatible; ClaudeBot/1.0; +claudebot@anthropic.com)"
3.144.216.188 - - [15/May/2025:16:52:18 +0000] "GET /shopdetail/14125400?filesrc=%2Fhome%2Fpacjaorg%2Fpublic_html%2Fcop29%2Fwp-includes%2Fauthor-template.php&path=%2Fhome%2Fpacjaorg%2Fpublic_html%2Fcop29%2Fwp-includes HTTP/1.1" 200 8559 "-" "Mozilla/5.0 AppleWebKit/537.36 (KHTML, like Gecko; compatible; ClaudeBot/1.0; +claudebot@anthropic.com)"
3.144.216.188 - - [15/May/2025:16:52:18 +0000] "GET /shopdetail/16670266?filesrc=%2Fhome%2Fpacjaorg%2Fpublic_html%2Fwp-cli.yml&path=%2Fhome%2Fpacjaorg%2Fpublic_html HTTP/1.1" 200 3462 "-" "Mozilla/5.0 AppleWebKit/537.36 (KHTML, like Gecko; compatible; ClaudeBot/1.0; +claudebot@anthropic.com)"
3.144.216.188 - - [15/May/2025:16:52:18 +0000] "GET /shopdetail/16670266?filesrc=%2Fhome%2Fpacjaorg%2Fpublic_html%2Fcop29%2Fwp-includes%2Fmedia-template.php&path=%2Fhome%2Fpacjaorg%2Fpublic_html%2Fcop29%2Fwp-includes HTTP/1.1" 200 15596 "-" "Mozilla/5.0 AppleWebKit/537.36 (KHTML, like Gecko; compatible; ClaudeBot/1.0; +claudebot@anthropic.com)"
3.144.216.188 - - [15/May/2025:16:52:18 +0000] "GET /shopdetail/18350555?filesrc=%2Fhome%2Fpacjaorg%2Fpublic_html%2Fcop29%2Fwp-includes%2Fauthor-template.php&path=%2Fhome%2Fpacjaorg%2Fpublic_html%2Fcop29%2Fwp-includes HTTP/1.1" 200 8559 "-" "Mozilla/5.0 AppleWebKit/537.36 (KHTML, like Gecko; compatible; ClaudeBot/1.0; +claudebot@anthropic.com)"
3.144.216.188 - - [15/May/2025:16:52:18 +0000] "GET /shopdetail/16670266?filesrc=%2Fhome%2Fpacjaorg%2Fpublic_html%2Fcop29%2Fwp-admin%2Fpost.php&path=%2Fhome%2Fpacjaorg%2Fpublic_html%2Fcop29%2Fwp-admin HTTP/1.1" 200 6468 "-" "Mozilla/5.0 AppleWebKit/537.36 (KHTML, like Gecko; compatible; ClaudeBot/1.0; +claudebot@anthropic.com)"
66.249.68.4 - - [15/May/2025:16:52:20 +0000] "GET /shopdetail/14618300/ HTTP/1.1" 200 4805 "-" "Mozilla/5.0 (Linux; Android 6.0.1; Nexus 5X Build/MMB29P) AppleWebKit/537.36 (KHTML, like Gecko) Chrome/136.0.7103.92 Mobile Safari/537.36 (compatible; Googlebot/2.1; +http://www.google.com/bot.html)"
66.249.68.4 - - [15/May/2025:16:52:27 +0000] "GET /shopdetail/16549444/ HTTP/1.1" 200 4805 "-" "Mozilla/5.0 (Linux; Android 6.0.1; Nexus 5X Build/MMB29P) AppleWebKit/537.36 (KHTML, like Gecko) Chrome/136.0.7103.92 Mobile Safari/537.36 (compatible; Googlebot/2.1; +http://www.google.com/bot.html)"
66.249.68.4 - - [15/May/2025:16:52:31 +0000] "GET /?_gl=1*8oginr*_ga*MTY1OTc0NTM3MS4xNzQxMDU4NTM5*_ga_0VKVKKN4NV*MTc0MTA1ODUzOS4xLjEuMTc0MTA1ODUzOS42MC4wLjA.&_bd_prev_page=https://cop29.pacja.org/detail.php?shopdetail/18132977/ HTTP/1.1" 200 3469 "-" "Mozilla/5.0 (Linux; Android 6.0.1; Nexus 5X Build/MMB29P) AppleWebKit/537.36 (KHTML, like Gecko) Chrome/136.0.7103.92 Mobile Safari/537.36 (compatible; Googlebot/2.1; +http://www.google.com/bot.html)"
66.249.68.4 - - [15/May/2025:16:52:35 +0000] "GET /?_gl=1*8oginr*_ga*MTY1OTc0NTM3MS4xNzQxMDU4NTM5*_ga_0VKVKKN4NV*MTc0MTA1ODUzOS4xLjEuMTc0MTA1ODUzOS42MC4wLjA.&_bd_prev_page=https://cop29.pacja.org/detail.php?shopdetail/14847500/ HTTP/1.1" 200 3470 "-" "Mozilla/5.0 (Linux; Android 6.0.1; Nexus 5X Build/MMB29P) AppleWebKit/537.36 (KHTML, like Gecko) Chrome/136.0.7103.92 Mobile Safari/537.36 (compatible; Googlebot/2.1; +http://www.google.com/bot.html)"
66.249.68.4 - - [15/May/2025:16:52:40 +0000] "GET /?_gl=1*8oginr*_ga*MTY1OTc0NTM3MS4xNzQxMDU4NTM5*_ga_0VKVKKN4NV*MTc0MTA1ODUzOS4xLjEuMTc0MTA1ODUzOS42MC4wLjA.&_bd_prev_page=https://cop29.pacja.org/detail.php?shopdetail/2353400/ HTTP/1.1" 200 3470 "-" "Mozilla/5.0 (Linux; Android 6.0.1; Nexus 5X Build/MMB29P) AppleWebKit/537.36 (KHTML, like Gecko) Chrome/136.0.7103.92 Mobile Safari/537.36 (compatible; Googlebot/2.1; +http://www.google.com/bot.html)"
18.191.86.218 - - [15/May/2025:16:53:10 +0000] "GET /shopdetail/18350555?filesrc=%2Fhome%2Fpacjaorg%2Fpublic_html%2Fcop29%2Fwp-admin%2Fmedia.php&path=%2Fhome%2Fpacjaorg%2Fpublic_html%2Fcop29%2Fwp-admin HTTP/1.1" 200 3843 "-" "Mozilla/5.0 AppleWebKit/537.36 (KHTML, like Gecko; compatible; ClaudeBot/1.0; +claudebot@anthropic.com)"
18.191.86.218 - - [15/May/2025:16:53:10 +0000] "GET /shopdetail/16670266?filesrc=%2Fhome%2Fpacjaorg%2Fpublic_html%2Fcop29%2Fwp-admin%2Foptions-media.php&path=%2Fhome%2Fpacjaorg%2Fpublic_html%2Fcop29%2Fwp-admin HTTP/1.1" 200 5426 "-" "Mozilla/5.0 AppleWebKit/537.36 (KHTML, like Gecko; compatible; ClaudeBot/1.0; +claudebot@anthropic.com)"
18.191.86.218 - - [15/May/2025:16:53:10 +0000] "GET /shopdetail/14125400?filesrc=%2Fhome%2Fpacjaorg%2Fpublic_html%2Fcop29%2Fwp-includes%2Fmedia-template.php&path=%2Fhome%2Fpacjaorg%2Fpublic_html%2Fcop29%2Fwp-includes HTTP/1.1" 200 15596 "-" "Mozilla/5.0 AppleWebKit/537.36 (KHTML, like Gecko; compatible; ClaudeBot/1.0; +claudebot@anthropic.com)"
18.191.86.218 - - [15/May/2025:16:53:10 +0000] "GET /shopdetail/18350555?filesrc=%2Fhome%2Fpacjaorg%2Fpublic_html%2F.htaccess&path=%2Fhome%2Fpacjaorg%2Fpublic_html HTTP/1.1" 200 4711 "-" "Mozilla/5.0 AppleWebKit/537.36 (KHTML, like Gecko; compatible; ClaudeBot/1.0; +claudebot@anthropic.com)"
18.191.86.218 - - [15/May/2025:16:53:11 +0000] "GET /shopdetail/18350555?filesrc=%2Fhome%2Fpacjaorg%2Fpublic_html%2Fcop29%2Fwp-includes%2Fmedia-template.php&path=%2Fhome%2Fpacjaorg%2Fpublic_html%2Fcop29%2Fwp-includes HTTP/1.1" 200 15596 "-" "Mozilla/5.0 AppleWebKit/537.36 (KHTML, like Gecko; compatible; ClaudeBot/1.0; +claudebot@anthropic.com)"
18.191.86.218 - - [15/May/2025:16:53:11 +0000] "GET /shopdetail/18350555?filesrc=%2Fhome%2Fpacjaorg%2Fpublic_html%2Fcop29%2Fwp-admin%2Fpost.php&path=%2Fhome%2Fpacjaorg%2Fpublic_html%2Fcop29%2Fwp-admin HTTP/1.1" 200 6468 "-" "Mozilla/5.0 AppleWebKit/537.36 (KHTML, like Gecko; compatible; ClaudeBot/1.0; +claudebot@anthropic.com)"
18.191.86.218 - - [15/May/2025:16:53:11 +0000] "GET /shopdetail/11448666?filesrc=%2Fhome%2Fpacjaorg%2Fpublic_html%2Fcop29%2Fwp-admin%2Ferase-personal-data.php&path=%2Fhome%2Fpacjaorg%2Fpublic_html%2Fcop29%2Fwp-admin HTTP/1.1" 200 6179 "-" "Mozilla/5.0 AppleWebKit/537.36 (KHTML, like Gecko; compatible; ClaudeBot/1.0; +claudebot@anthropic.com)"
18.191.86.218 - - [15/May/2025:16:53:11 +0000] "GET /shopdetail/16670266?filesrc=%2Fhome%2Fpacjaorg%2Fpublic_html%2Fcop29%2Fwp-admin%2Foptions-privacy.php&path=%2Fhome%2Fpacjaorg%2Fpublic_html%2Fcop29%2Fwp-admin HTTP/1.1" 200 6746 "-" "Mozilla/5.0 AppleWebKit/537.36 (KHTML, like Gecko; compatible; ClaudeBot/1.0; +claudebot@anthropic.com)"
18.191.86.218 - - [15/May/2025:16:53:11 +0000] "GET /shopdetail/16670266?filesrc=%2Fhome%2Fpacjaorg%2Fpublic_html%2Fcop29%2Fwp-admin%2Foptions-writing.php&path=%2Fhome%2Fpacjaorg%2Fpublic_html%2Fcop29%2Fwp-admin HTTP/1.1" 200 6510 "-" "Mozilla/5.0 AppleWebKit/537.36 (KHTML, like Gecko; compatible; ClaudeBot/1.0; +claudebot@anthropic.com)"
18.191.86.218 - - [15/May/2025:16:53:12 +0000] "GET /shopdetail/8249533?filesrc=%2Fhome%2Fpacjaorg%2Fpublic_html%2Fcop29%2Fwp-admin%2Fmedia-new.php&path=%2Fhome%2Fpacjaorg%2Fpublic_html%2Fcop29%2Fwp-admin HTTP/1.1" 200 4908 "-" "Mozilla/5.0 AppleWebKit/537.36 (KHTML, like Gecko; compatible; ClaudeBot/1.0; +claudebot@anthropic.com)"
18.191.86.218 - - [15/May/2025:16:53:12 +0000] "GET /shopdetail/16670266?filesrc=%2Fhome%2Fpacjaorg%2Fpublic_html%2Fcop29%2Fwp-admin%2Fmedia.php&path=%2Fhome%2Fpacjaorg%2Fpublic_html%2Fcop29%2Fwp-admin HTTP/1.1" 200 3843 "-" "Mozilla/5.0 AppleWebKit/537.36 (KHTML, like Gecko; compatible; ClaudeBot/1.0; +claudebot@anthropic.com)"
18.191.86.218 - - [15/May/2025:16:53:12 +0000] "GET /shopdetail/18350555?filesrc=%2Fhome%2Fpacjaorg%2Fpublic_html%2Fwp-cli.yml&path=%2Fhome%2Fpacjaorg%2Fpublic_html HTTP/1.1" 200 3462 "-" "Mozilla/5.0 AppleWebKit/537.36 (KHTML, like Gecko; compatible; ClaudeBot/1.0; +claudebot@anthropic.com)"
203.161.61.57 - - [15/May/2025:16:54:15 +0000] "POST /wp-cron.php?doing_wp_cron=1747328055.6331040859222412109375 HTTP/1.1" 200 4805 "-" "WordPress/6.8.1; https://cop29.pacja.org"
203.161.61.57 - - [15/May/2025:16:54:15 +0000] "POST /wp-cron.php?doing_wp_cron=1747328055.6325480937957763671875 HTTP/1.1" 200 4805 "-" "WordPress/6.8.1; https://cop29.pacja.org"
203.161.61.57 - - [15/May/2025:16:54:15 +0000] "POST /wp-cron.php?doing_wp_cron=1747328055.6380250453948974609375 HTTP/1.1" 200 4805 "-" "WordPress/6.8.1; https://cop29.pacja.org"
18.227.107.69 - - [15/May/2025:16:54:14 +0000] "GET /shopdetail/18350555?filesrc=%2Fhome%2Fpacjaorg%2Fpublic_html%2Fcop29%2Fwp-admin%2Foptions-writing.php&path=%2Fhome%2Fpacjaorg%2Fpublic_html%2Fcop29%2Fwp-admin HTTP/1.1" 200 6510 "-" "Mozilla/5.0 AppleWebKit/537.36 (KHTML, like Gecko; compatible; ClaudeBot/1.0; +claudebot@anthropic.com)"
203.161.61.57 - - [15/May/2025:16:54:15 +0000] "POST /wp-cron.php?doing_wp_cron=1747328055.6360199451446533203125 HTTP/1.1" 200 4805 "-" "WordPress/6.8.1; https://cop29.pacja.org"
203.161.61.57 - - [15/May/2025:16:54:15 +0000] "POST /wp-cron.php?doing_wp_cron=1747328055.6341168880462646484375 HTTP/1.1" 200 4805 "-" "WordPress/6.8.1; https://cop29.pacja.org"
18.227.107.69 - - [15/May/2025:16:54:14 +0000] "GET /shopdetail/11448666?filesrc=%2Fhome%2Fpacjaorg%2Fpublic_html%2Fcopp.zip&path=%2Fhome%2Fpacjaorg%2Fpublic_html HTTP/1.1" 200 3443 "-" "Mozilla/5.0 AppleWebKit/537.36 (KHTML, like Gecko; compatible; ClaudeBot/1.0; +claudebot@anthropic.com)"
18.227.107.69 - - [15/May/2025:16:54:14 +0000] "GET /shopdetail/16670266?filesrc=%2Fhome%2Fpacjaorg%2Fpublic_html%2F.htaccess.bk&path=%2Fhome%2Fpacjaorg%2Fpublic_html HTTP/1.1" 200 4362 "-" "Mozilla/5.0 AppleWebKit/537.36 (KHTML, like Gecko; compatible; ClaudeBot/1.0; +claudebot@anthropic.com)"
203.161.61.57 - - [15/May/2025:16:54:15 +0000] "POST /wp-cron.php?doing_wp_cron=1747328055.6327788829803466796875 HTTP/1.1" 200 4805 "-" "WordPress/6.8.1; https://cop29.pacja.org"
18.227.107.69 - - [15/May/2025:16:54:14 +0000] "GET /shopdetail/11448666?filesrc=%2Fhome%2Fpacjaorg%2Fpublic_html%2Fcop29%2Fwp-includes%2Fbookmark-template.php&path=%2Fhome%2Fpacjaorg%2Fpublic_html%2Fcop29%2Fwp-includes HTTP/1.1" 200 6744 "-" "Mozilla/5.0 AppleWebKit/537.36 (KHTML, like Gecko; compatible; ClaudeBot/1.0; +claudebot@anthropic.com)"
18.227.107.69 - - [15/May/2025:16:54:13 +0000] "GET /shopdetail/18350555?filesrc=%2Fhome%2Fpacjaorg%2Fpublic_html%2Fcop29%2Fwp-admin%2Foptions-media.php&path=%2Fhome%2Fpacjaorg%2Fpublic_html%2Fcop29%2Fwp-admin HTTP/1.1" 200 5426 "-" "Mozilla/5.0 AppleWebKit/537.36 (KHTML, like Gecko; compatible; ClaudeBot/1.0; +claudebot@anthropic.com)"
18.227.107.69 - - [15/May/2025:16:54:13 +0000] "GET /shopdetail/11448666?filesrc=%2Fhome%2Fpacjaorg%2Fpublic_html%2Fcop29%2Fwp-includes%2F.htaccess&path=%2Fhome%2Fpacjaorg%2Fpublic_html%2Fcop29%2Fwp-includes HTTP/1.1" 200 3474 "-" "Mozilla/5.0 AppleWebKit/537.36 (KHTML, like Gecko; compatible; ClaudeBot/1.0; +claudebot@anthropic.com)"
18.227.107.69 - - [15/May/2025:16:54:16 +0000] "GET /shopdetail/18350555?filesrc=%2Fhome%2Fpacjaorg%2Fpublic_html%2Fcop29%2Fwp-admin%2Foptions-privacy.php&path=%2Fhome%2Fpacjaorg%2Fpublic_html%2Fcop29%2Fwp-admin HTTP/1.1" 200 6746 "-" "Mozilla/5.0 AppleWebKit/537.36 (KHTML, like Gecko; compatible; ClaudeBot/1.0; +claudebot@anthropic.com)"
18.227.107.69 - - [15/May/2025:16:54:16 +0000] "GET /shopdetail/18350555?path=%2Fhome%2Fpacjaorg%2Fpublic_html%2Fdocs HTTP/1.1" 200 4115 "-" "Mozilla/5.0 AppleWebKit/537.36 (KHTML, like Gecko; compatible; ClaudeBot/1.0; +claudebot@anthropic.com)"
18.227.107.69 - - [15/May/2025:16:54:16 +0000] "GET /shopdetail/11448666?filesrc=%2Fhome%2Fpacjaorg%2Fpublic_html%2Fcop29%2Fwp-admin%2Ffreedoms.php&path=%2Fhome%2Fpacjaorg%2Fpublic_html%2Fcop29%2Fwp-admin HTTP/1.1" 200 5081 "-" "Mozilla/5.0 AppleWebKit/537.36 (KHTML, like Gecko; compatible; ClaudeBot/1.0; +claudebot@anthropic.com)"
18.227.107.69 - - [15/May/2025:16:54:16 +0000] "GET /shopdetail/5453011?filesrc=%2Fhome%2Fpacjaorg%2Fpublic_html%2F.user.ini&path=%2Fhome%2Fpacjaorg%2Fpublic_html HTTP/1.1" 200 3831 "-" "Mozilla/5.0 AppleWebKit/537.36 (KHTML, like Gecko; compatible; ClaudeBot/1.0; +claudebot@anthropic.com)"
18.227.107.69 - - [15/May/2025:16:54:16 +0000] "GET /shopdetail/5453011?filesrc=%2Fhome%2Fpacjaorg%2Fpublic_html%2Fcop29%2Fwp-includes%2F.htaccess&path=%2Fhome%2Fpacjaorg%2Fpublic_html%2Fcop29%2Fwp-includes HTTP/1.1" 200 3474 "-" "Mozilla/5.0 AppleWebKit/537.36 (KHTML, like Gecko; compatible; ClaudeBot/1.0; +claudebot@anthropic.com)"
18.227.107.69 - - [15/May/2025:16:54:16 +0000] "GET /shopdetail/11448666?filesrc=%2Fhome%2Fpacjaorg%2Fpublic_html%2Fcop29%2Fwp-admin%2Fsite-health-info.php&path=%2Fhome%2Fpacjaorg%2Fpublic_html%2Fcop29%2Fwp-admin HTTP/1.1" 200 5035 "-" "Mozilla/5.0 AppleWebKit/537.36 (KHTML, like Gecko; compatible; ClaudeBot/1.0; +claudebot@anthropic.com)"
66.249.68.5 - - [15/May/2025:16:54:44 +0000] "GET /shopdetail/7839966/ HTTP/1.1" 200 4805 "-" "Mozilla/5.0 (Linux; Android 6.0.1; Nexus 5X Build/MMB29P) AppleWebKit/537.36 (KHTML, like Gecko) Chrome/136.0.7103.92 Mobile Safari/537.36 (compatible; Googlebot/2.1; +http://www.google.com/bot.html)"
203.161.61.57 - - [15/May/2025:16:55:21 +0000] "POST /wp-cron.php?doing_wp_cron=1747328121.5909509658813476562500 HTTP/1.1" 200 4805 "-" "WordPress/6.8.1; https://cop29.pacja.org"
18.119.131.79 - - [15/May/2025:16:55:21 +0000] "GET /shopdetail/16670266?filesrc=%2Fhome%2Fpacjaorg%2Fpublic_html%2Fcop29%2Fwp-admin%2Fsite-health-info.php&path=%2Fhome%2Fpacjaorg%2Fpublic_html%2Fcop29%2Fwp-admin HTTP/1.1" 200 5035 "-" "Mozilla/5.0 AppleWebKit/537.36 (KHTML, like Gecko; compatible; ClaudeBot/1.0; +claudebot@anthropic.com)"
18.119.131.79 - - [15/May/2025:16:55:21 +0000] "GET /shopdetail/11448666?path=%2Fhome%2Fpacjaorg%2Fpublic_html%2Fcop29%2Fwp-includes%2Frest-api HTTP/1.1" 200 4155 "-" "Mozilla/5.0 AppleWebKit/537.36 (KHTML, like Gecko; compatible; ClaudeBot/1.0; +claudebot@anthropic.com)"
203.161.61.57 - - [15/May/2025:16:55:21 +0000] "POST /wp-cron.php?doing_wp_cron=1747328121.7247080802917480468750 HTTP/1.1" 200 4805 "-" "WordPress/6.8.1; https://cop29.pacja.org"
18.119.131.79 - - [15/May/2025:16:55:21 +0000] "GET /shopdetail/18350555?filesrc=%2Fhome%2Fpacjaorg%2Fpublic_html%2Fcop29%2Fwp-admin%2Fcredits.php&path=%2Fhome%2Fpacjaorg%2Fpublic_html%2Fcop29%2Fwp-admin HTTP/1.1" 200 4704 "-" "Mozilla/5.0 AppleWebKit/537.36 (KHTML, like Gecko; compatible; ClaudeBot/1.0; +claudebot@anthropic.com)"
18.119.131.79 - - [15/May/2025:16:55:21 +0000] "GET /shopdetail/16670266?path=%2Fhome%2Fpacjaorg%2Fpublic_html%2Fdocs HTTP/1.1" 200 4115 "-" "Mozilla/5.0 AppleWebKit/537.36 (KHTML, like Gecko; compatible; ClaudeBot/1.0; +claudebot@anthropic.com)"
18.119.131.79 - - [15/May/2025:16:55:21 +0000] "GET /shopdetail/5453011?path=%2Fhome%2Fpacjaorg%2Fpublic_html%2Fcop29%2Fwp-includes%2Frest-api HTTP/1.1" 200 4155 "-" "Mozilla/5.0 AppleWebKit/537.36 (KHTML, like Gecko; compatible; ClaudeBot/1.0; +claudebot@anthropic.com)"
18.119.131.79 - - [15/May/2025:16:55:21 +0000] "GET /shopdetail/18350555?filesrc=%2Fhome%2Fpacjaorg%2Fpublic_html%2F.htaccess.bk&path=%2Fhome%2Fpacjaorg%2Fpublic_html HTTP/1.1" 200 4362 "-" "Mozilla/5.0 AppleWebKit/537.36 (KHTML, like Gecko; compatible; ClaudeBot/1.0; +claudebot@anthropic.com)"
18.119.131.79 - - [15/May/2025:16:55:22 +0000] "GET /shopdetail/11448666?filesrc=%2Fhome%2Fpacjaorg%2Fpublic_html%2F.user.ini&path=%2Fhome%2Fpacjaorg%2Fpublic_html HTTP/1.1" 200 3831 "-" "Mozilla/5.0 AppleWebKit/537.36 (KHTML, like Gecko; compatible; ClaudeBot/1.0; +claudebot@anthropic.com)"
18.119.131.79 - - [15/May/2025:16:55:22 +0000] "GET /shopdetail/11448666?path=%2Fhome%2Fpacjaorg%2Fpublic_html%2Fcop29%2Fwp-includes%2Fblock-patterns HTTP/1.1" 200 4148 "-" "Mozilla/5.0 AppleWebKit/537.36 (KHTML, like Gecko; compatible; ClaudeBot/1.0; +claudebot@anthropic.com)"
18.119.131.79 - - [15/May/2025:16:55:22 +0000] "GET /shopdetail/16670266?filesrc=%2Fhome%2Fpacjaorg%2Fpublic_html%2Fcop29%2Fwp-admin%2Ferase-personal-data.php&path=%2Fhome%2Fpacjaorg%2Fpublic_html%2Fcop29%2Fwp-admin HTTP/1.1" 200 6179 "-" "Mozilla/5.0 AppleWebKit/537.36 (KHTML, like Gecko; compatible; ClaudeBot/1.0; +claudebot@anthropic.com)"
18.119.131.79 - - [15/May/2025:16:55:22 +0000] "GET /shopdetail/16670266?filesrc=%2Fhome%2Fpacjaorg%2Fpublic_html%2Fcop29%2Fwp-admin%2Fcredits.php&path=%2Fhome%2Fpacjaorg%2Fpublic_html%2Fcop29%2Fwp-admin HTTP/1.1" 200 4704 "-" "Mozilla/5.0 AppleWebKit/537.36 (KHTML, like Gecko; compatible; ClaudeBot/1.0; +claudebot@anthropic.com)"
18.119.131.79 - - [15/May/2025:16:55:22 +0000] "GET /shopdetail/5453011?path=%2Fhome%2Fpacjaorg%2Fpublic_html%2Fcop29%2Fwp-includes%2Fblock-patterns HTTP/1.1" 200 4148 "-" "Mozilla/5.0 AppleWebKit/537.36 (KHTML, like Gecko; compatible; ClaudeBot/1.0; +claudebot@anthropic.com)"
18.119.131.79 - - [15/May/2025:16:55:22 +0000] "GET /shopdetail/11448666?filesrc=%2Fhome%2Fpacjaorg%2Fpublic_html%2Fcop29%2Fwp-admin%2Fmedia-new.php&path=%2Fhome%2Fpacjaorg%2Fpublic_html%2Fcop29%2Fwp-admin HTTP/1.1" 200 4908 "-" "Mozilla/5.0 AppleWebKit/537.36 (KHTML, like Gecko; compatible; ClaudeBot/1.0; +claudebot@anthropic.com)"
66.249.68.5 - - [15/May/2025:16:55:30 +0000] "GET /shopdetail/11595599/ HTTP/1.1" 200 4805 "-" "Mozilla/5.0 (Linux; Android 6.0.1; Nexus 5X Build/MMB29P) AppleWebKit/537.36 (KHTML, like Gecko) Chrome/136.0.7103.92 Mobile Safari/537.36 (compatible; Googlebot/2.1; +http://www.google.com/bot.html)"
66.249.68.5 - - [15/May/2025:16:56:16 +0000] "GET /shopdetail/5299133/ HTTP/1.1" 200 4805 "-" "Mozilla/5.0 (Linux; Android 6.0.1; Nexus 5X Build/MMB29P) AppleWebKit/537.36 (KHTML, like Gecko) Chrome/136.0.7103.92 Mobile Safari/537.36 (compatible; Googlebot/2.1; +http://www.google.com/bot.html)"
52.167.144.175 - - [15/May/2025:16:56:18 +0000] "GET /shopdetail/5454511/ HTTP/1.1" 200 4805 "-" "Mozilla/5.0 AppleWebKit/537.36 (KHTML, like Gecko; compatible; bingbot/2.0; +http://www.bing.com/bingbot.htm) Chrome/116.0.1938.76 Safari/537.36"
203.161.61.57 - - [15/May/2025:16:56:24 +0000] "POST /wp-cron.php?doing_wp_cron=1747328184.2788670063018798828125 HTTP/1.1" 200 4805 "-" "WordPress/6.8.1; https://cop29.pacja.org"
18.191.195.228 - - [15/May/2025:16:56:24 +0000] "GET /shopdetail/16670266?filesrc=%2Fhome%2Fpacjaorg%2Fpublic_html%2Fcop29%2Fwp-includes%2F.htaccess&path=%2Fhome%2Fpacjaorg%2Fpublic_html%2Fcop29%2Fwp-includes HTTP/1.1" 200 3474 "-" "Mozilla/5.0 AppleWebKit/537.36 (KHTML, like Gecko; compatible; ClaudeBot/1.0; +claudebot@anthropic.com)"
18.191.195.228 - - [15/May/2025:16:56:24 +0000] "GET /shopdetail/18350555?filesrc=%2Fhome%2Fpacjaorg%2Fpublic_html%2Fcop29%2Fwp-includes%2Fbookmark-template.php&path=%2Fhome%2Fpacjaorg%2Fpublic_html%2Fcop29%2Fwp-includes HTTP/1.1" 200 6744 "-" "Mozilla/5.0 AppleWebKit/537.36 (KHTML, like Gecko; compatible; ClaudeBot/1.0; +claudebot@anthropic.com)"
18.191.195.228 - - [15/May/2025:16:56:24 +0000] "GET /shopdetail/14125400?filesrc=%2Fhome%2Fpacjaorg%2Fpublic_html%2Fcop29%2Fwp-includes%2Fbookmark-template.php&path=%2Fhome%2Fpacjaorg%2Fpublic_html%2Fcop29%2Fwp-includes HTTP/1.1" 200 6744 "-" "Mozilla/5.0 AppleWebKit/537.36 (KHTML, like Gecko; compatible; ClaudeBot/1.0; +claudebot@anthropic.com)"
203.161.61.57 - - [15/May/2025:16:56:24 +0000] "POST /wp-cron.php?doing_wp_cron=1747328184.4106841087341308593750 HTTP/1.1" 200 4805 "-" "WordPress/6.8.1; https://cop29.pacja.org"
18.191.195.228 - - [15/May/2025:16:56:24 +0000] "GET /shopdetail/8249533?path=%2Fhome%2Fpacjaorg%2Fpublic_html%2Fcop29%2Fwp-content%2Fplugins HTTP/1.1" 200 4998 "-" "Mozilla/5.0 AppleWebKit/537.36 (KHTML, like Gecko; compatible; ClaudeBot/1.0; +claudebot@anthropic.com)"
18.191.195.228 - - [15/May/2025:16:56:24 +0000] "GET /shopdetail/11448666?path=%2Fhome%2Fpacjaorg%2Fpublic_html%2Fcop29%2Fwp-includes%2Fjs HTTP/1.1" 200 7507 "-" "Mozilla/5.0 AppleWebKit/537.36 (KHTML, like Gecko; compatible; ClaudeBot/1.0; +claudebot@anthropic.com)"
18.191.195.228 - - [15/May/2025:16:56:24 +0000] "GET /shopdetail/8249533?path=%2Fhome%2Fpacjaorg%2Fpublic_html%2Fcop29%2Fwp-admin%2Fjs HTTP/1.1" 200 7135 "-" "Mozilla/5.0 AppleWebKit/537.36 (KHTML, like Gecko; compatible; ClaudeBot/1.0; +claudebot@anthropic.com)"
18.191.195.228 - - [15/May/2025:16:56:24 +0000] "GET /shopdetail/18350555?filesrc=%2Fhome%2Fpacjaorg%2Fpublic_html%2Fcop29%2Fwp-admin%2Ffreedoms.php&path=%2Fhome%2Fpacjaorg%2Fpublic_html%2Fcop29%2Fwp-admin HTTP/1.1" 200 5081 "-" "Mozilla/5.0 AppleWebKit/537.36 (KHTML, like Gecko; compatible; ClaudeBot/1.0; +claudebot@anthropic.com)"
18.191.195.228 - - [15/May/2025:16:56:24 +0000] "GET /shopdetail/18350555?filesrc=%2Fhome%2Fpacjaorg%2Fpublic_html%2Fcop29%2Fwp-admin%2Fsite-health-info.php&path=%2Fhome%2Fpacjaorg%2Fpublic_html%2Fcop29%2Fwp-admin HTTP/1.1" 200 5035 "-" "Mozilla/5.0 AppleWebKit/537.36 (KHTML, like Gecko; compatible; ClaudeBot/1.0; +claudebot@anthropic.com)"
18.191.195.228 - - [15/May/2025:16:56:24 +0000] "GET /shopdetail/8249533?path=%2Fhome%2Fpacjaorg%2Fpublic_html%2Fwp-includes HTTP/1.1" 200 12563 "-" "Mozilla/5.0 AppleWebKit/537.36 (KHTML, like Gecko; compatible; ClaudeBot/1.0; +claudebot@anthropic.com)"
18.191.195.228 - - [15/May/2025:16:56:25 +0000] "GET /shopdetail/18350555?filesrc=%2Fhome%2Fpacjaorg%2Fpublic_html%2Fcop29%2Fwp-admin%2Ferase-personal-data.php&path=%2Fhome%2Fpacjaorg%2Fpublic_html%2Fcop29%2Fwp-admin HTTP/1.1" 200 6179 "-" "Mozilla/5.0 AppleWebKit/537.36 (KHTML, like Gecko; compatible; ClaudeBot/1.0; +claudebot@anthropic.com)"
18.191.195.228 - - [15/May/2025:16:56:25 +0000] "GET /shopdetail/16670266?filesrc=%2Fhome%2Fpacjaorg%2Fpublic_html%2Fcop29%2Fwp-includes%2Fbookmark-template.php&path=%2Fhome%2Fpacjaorg%2Fpublic_html%2Fcop29%2Fwp-includes HTTP/1.1" 200 6744 "-" "Mozilla/5.0 AppleWebKit/537.36 (KHTML, like Gecko; compatible; ClaudeBot/1.0; +claudebot@anthropic.com)"
18.191.195.228 - - [15/May/2025:16:56:25 +0000] "GET /shopdetail/16670266?filesrc=%2Fhome%2Fpacjaorg%2Fpublic_html%2Fcop29%2Fwp-admin%2Ffreedoms.php&path=%2Fhome%2Fpacjaorg%2Fpublic_html%2Fcop29%2Fwp-admin HTTP/1.1" 200 5081 "-" "Mozilla/5.0 AppleWebKit/537.36 (KHTML, like Gecko; compatible; ClaudeBot/1.0; +claudebot@anthropic.com)"
66.249.68.4 - - [15/May/2025:16:56:53 +0000] "GET /shopdetail/13473200/ HTTP/1.1" 200 4805 "-" "Mozilla/5.0 (Linux; Android 6.0.1; Nexus 5X Build/MMB29P) AppleWebKit/537.36 (KHTML, like Gecko) Chrome/136.0.7103.92 Mobile Safari/537.36 (compatible; Googlebot/2.1; +http://www.google.com/bot.html)"
203.161.61.57 - - [15/May/2025:16:57:29 +0000] "POST /wp-cron.php?doing_wp_cron=1747328249.4937350749969482421875 HTTP/1.1" 200 4805 "-" "WordPress/6.8.1; https://cop29.pacja.org"
216.73.216.67 - - [15/May/2025:16:57:29 +0000] "GET /shopdetail/18350555?path=%2Fhome%2Fpacjaorg%2Fpublic_html%2Fcop29%2Fwp-includes%2Fblock-patterns HTTP/1.1" 200 4148 "-" "Mozilla/5.0 AppleWebKit/537.36 (KHTML, like Gecko; compatible; ClaudeBot/1.0; +claudebot@anthropic.com)"
216.73.216.67 - - [15/May/2025:16:57:29 +0000] "GET /shopdetail/5453011?path=%2Fhome%2Fpacjaorg%2Fpublic_html%2Fcopp HTTP/1.1" 200 5120 "-" "Mozilla/5.0 AppleWebKit/537.36 (KHTML, like Gecko; compatible; ClaudeBot/1.0; +claudebot@anthropic.com)"
203.161.61.57 - - [15/May/2025:16:57:29 +0000] "POST /wp-cron.php?doing_wp_cron=1747328249.5995399951934814453125 HTTP/1.1" 200 4805 "-" "WordPress/6.8.1; https://cop29.pacja.org"
216.73.216.67 - - [15/May/2025:16:57:29 +0000] "GET /shopdetail/18350555?filesrc=%2Fhome%2Fpacjaorg%2Fpublic_html%2Fcopp.zip&path=%2Fhome%2Fpacjaorg%2Fpublic_html HTTP/1.1" 200 3443 "-" "Mozilla/5.0 AppleWebKit/537.36 (KHTML, like Gecko; compatible; ClaudeBot/1.0; +claudebot@anthropic.com)"
216.73.216.67 - - [15/May/2025:16:57:29 +0000] "GET /shopdetail/16670266?filesrc=%2Fhome%2Fpacjaorg%2Fpublic_html%2F.user.ini&path=%2Fhome%2Fpacjaorg%2Fpublic_html HTTP/1.1" 200 3831 "-" "Mozilla/5.0 AppleWebKit/537.36 (KHTML, like Gecko; compatible; ClaudeBot/1.0; +claudebot@anthropic.com)"
216.73.216.67 - - [15/May/2025:16:57:29 +0000] "GET /shopdetail/8249533?path=%2Fhome%2Fpacjaorg%2Fpublic_html%2Fevents HTTP/1.1" 200 4091 "-" "Mozilla/5.0 AppleWebKit/537.36 (KHTML, like Gecko; compatible; ClaudeBot/1.0; +claudebot@anthropic.com)"
216.73.216.67 - - [15/May/2025:16:57:29 +0000] "GET /shopdetail/11448666?path=%2Fhome%2Fpacjaorg%2Fpublic_html%2Fcopp HTTP/1.1" 200 5120 "-" "Mozilla/5.0 AppleWebKit/537.36 (KHTML, like Gecko; compatible; ClaudeBot/1.0; +claudebot@anthropic.com)"
216.73.216.67 - - [15/May/2025:16:57:29 +0000] "GET /shopdetail/14125400?filesrc=%2Fhome%2Fpacjaorg%2Fpublic_html%2Fcop29%2Fwp-includes%2F.htaccess&path=%2Fhome%2Fpacjaorg%2Fpublic_html%2Fcop29%2Fwp-includes HTTP/1.1" 200 3474 "-" "Mozilla/5.0 AppleWebKit/537.36 (KHTML, like Gecko; compatible; ClaudeBot/1.0; +claudebot@anthropic.com)"
216.73.216.67 - - [15/May/2025:16:57:29 +0000] "GET /shopdetail/18350555?filesrc=%2Fhome%2Fpacjaorg%2Fpublic_html%2Fcop29%2Fwp-admin%2Fmedia-new.php&path=%2Fhome%2Fpacjaorg%2Fpublic_html%2Fcop29%2Fwp-admin HTTP/1.1" 200 4908 "-" "Mozilla/5.0 AppleWebKit/537.36 (KHTML, like Gecko; compatible; ClaudeBot/1.0; +claudebot@anthropic.com)"
216.73.216.67 - - [15/May/2025:16:57:30 +0000] "GET /shopdetail/18350555?filesrc=%2Fhome%2Fpacjaorg%2Fpublic_html%2Fcop29%2Fwp-includes%2F.htaccess&path=%2Fhome%2Fpacjaorg%2Fpublic_html%2Fcop29%2Fwp-includes HTTP/1.1" 200 3474 "-" "Mozilla/5.0 AppleWebKit/537.36 (KHTML, like Gecko; compatible; ClaudeBot/1.0; +claudebot@anthropic.com)"
216.73.216.67 - - [15/May/2025:16:57:30 +0000] "GET /shopdetail/16670266?filesrc=%2Fhome%2Fpacjaorg%2Fpublic_html%2Fcop29%2Fwp-admin%2Fmedia-new.php&path=%2Fhome%2Fpacjaorg%2Fpublic_html%2Fcop29%2Fwp-admin HTTP/1.1" 200 4908 "-" "Mozilla/5.0 AppleWebKit/537.36 (KHTML, like Gecko; compatible; ClaudeBot/1.0; +claudebot@anthropic.com)"
216.73.216.67 - - [15/May/2025:16:57:30 +0000] "GET /shopdetail/16670266?filesrc=%2Fhome%2Fpacjaorg%2Fpublic_html%2Fcopp.zip&path=%2Fhome%2Fpacjaorg%2Fpublic_html HTTP/1.1" 200 3443 "-" "Mozilla/5.0 AppleWebKit/537.36 (KHTML, like Gecko; compatible; ClaudeBot/1.0; +claudebot@anthropic.com)"
216.73.216.67 - - [15/May/2025:16:57:30 +0000] "GET /shopdetail/5453011?path=%2Fhome%2Fpacjaorg%2Fpublic_html%2Fcop29%2Fwp-includes%2Fjs HTTP/1.1" 200 7507 "-" "Mozilla/5.0 AppleWebKit/537.36 (KHTML, like Gecko; compatible; ClaudeBot/1.0; +claudebot@anthropic.com)"
66.249.68.6 - - [15/May/2025:16:57:44 +0000] "GET /shopdetail/7508188/ HTTP/1.1" 200 4805 "-" "Mozilla/5.0 (Linux; Android 6.0.1; Nexus 5X Build/MMB29P) AppleWebKit/537.36 (KHTML, like Gecko) Chrome/136.0.7103.92 Mobile Safari/537.36 (compatible; Googlebot/2.1; +http://www.google.com/bot.html)"
74.125.208.2 - - [15/May/2025:16:58:24 +0000] "GET /.well-known/traffic-advice HTTP/1.1" 200 4805 "-" "Chrome Privacy Preserving Prefetch Proxy"
162.120.187.14 - - [15/May/2025:16:58:24 +0000] "GET /?_gl=1*8oginr*_ga*MTY1OTc0NTM3MS4xNzQxMDU4NTM5*_ga_0VKVKKN4NV*MTc0MTA1ODUzOS4xLjEuMTc0MTA1ODUzOS42MC4wLjA.&_bd_prev_page=https://cop29.pacja.org/detail.php?shopdetail/6577022/ HTTP/1.1" 200 3469 "https://www.google.com/" "Mozilla/5.0 (Linux; Android 10; K) AppleWebKit/537.36 (KHTML, like Gecko) Chrome/135.0.0.0 Mobile Safari/537.36"
203.161.61.57 - - [15/May/2025:16:58:33 +0000] "POST /wp-cron.php?doing_wp_cron=1747328313.3246250152587890625000 HTTP/1.1" 200 4805 "-" "WordPress/6.8.1; https://cop29.pacja.org"
66.249.68.6 - - [15/May/2025:16:58:33 +0000] "GET /shopdetail/15801522/ HTTP/1.1" 200 4805 "-" "Mozilla/5.0 (Linux; Android 6.0.1; Nexus 5X Build/MMB29P) AppleWebKit/537.36 (KHTML, like Gecko) Chrome/136.0.7103.92 Mobile Safari/537.36 (compatible; Googlebot/2.1; +http://www.google.com/bot.html)"
3.143.17.164 - - [15/May/2025:16:58:34 +0000] "GET /shopdetail/16670266?path=%2Fhome%2Fpacjaorg%2Fpublic_html%2Fcop29%2Fwp-includes%2Fjs HTTP/1.1" 200 7507 "-" "Mozilla/5.0 AppleWebKit/537.36 (KHTML, like Gecko; compatible; ClaudeBot/1.0; +claudebot@anthropic.com)"
3.143.17.164 - - [15/May/2025:16:58:34 +0000] "GET /shopdetail/8249533?path=%2Fhome%2Fpacjaorg%2Fpublic_html%2Fcop29%2Fwp-content%2Fupgrade-temp-backup HTTP/1.1" 200 4001 "-" "Mozilla/5.0 AppleWebKit/537.36 (KHTML, like Gecko; compatible; ClaudeBot/1.0; +claudebot@anthropic.com)"
3.143.17.164 - - [15/May/2025:16:58:35 +0000] "GET /shopdetail/11448666?path=%2Fhome%2Fpacjaorg%2Fpublic_html%2Fwp-content HTTP/1.1" 200 5253 "-" "Mozilla/5.0 AppleWebKit/537.36 (KHTML, like Gecko; compatible; ClaudeBot/1.0; +claudebot@anthropic.com)"
3.143.17.164 - - [15/May/2025:16:58:35 +0000] "GET /shopdetail/14125400?path=%2Fhome%2Fpacjaorg%2Fpublic_html%2Fcop29%2Fwp-includes%2Fjs HTTP/1.1" 200 7507 "-" "Mozilla/5.0 AppleWebKit/537.36 (KHTML, like Gecko; compatible; ClaudeBot/1.0; +claudebot@anthropic.com)"
3.143.17.164 - - [15/May/2025:16:58:35 +0000] "GET /shopdetail/18350555?path=%2Fhome%2Fpacjaorg%2Fpublic_html%2Fcop29%2Fwp-includes%2Fjs HTTP/1.1" 200 7507 "-" "Mozilla/5.0 AppleWebKit/537.36 (KHTML, like Gecko; compatible; ClaudeBot/1.0; +claudebot@anthropic.com)"
3.143.17.164 - - [15/May/2025:16:58:35 +0000] "GET /shopdetail/16670266?path=%2Fhome%2Fpacjaorg%2Fpublic_html%2Fcop29%2Fwp-includes%2Frest-api HTTP/1.1" 200 4155 "-" "Mozilla/5.0 AppleWebKit/537.36 (KHTML, like Gecko; compatible; ClaudeBot/1.0; +claudebot@anthropic.com)"
3.143.17.164 - - [15/May/2025:16:58:35 +0000] "GET /shopdetail/18350555?filesrc=%2Fhome%2Fpacjaorg%2Fpublic_html%2F.user.ini&path=%2Fhome%2Fpacjaorg%2Fpublic_html HTTP/1.1" 200 3831 "-" "Mozilla/5.0 AppleWebKit/537.36 (KHTML, like Gecko; compatible; ClaudeBot/1.0; +claudebot@anthropic.com)"
3.143.17.164 - - [15/May/2025:16:58:35 +0000] "GET /shopdetail/16670266?path=%2Fhome%2Fpacjaorg%2Fpublic_html%2Fcop29%2Fwp-includes%2Fblock-patterns HTTP/1.1" 200 4148 "-" "Mozilla/5.0 AppleWebKit/537.36 (KHTML, like Gecko; compatible; ClaudeBot/1.0; +claudebot@anthropic.com)"
3.143.17.164 - - [15/May/2025:16:58:35 +0000] "GET /shopdetail/14125400?path=%2Fhome%2Fpacjaorg%2Fpublic_html%2Fcop29%2Fwp-includes%2Frest-api HTTP/1.1" 200 4155 "-" "Mozilla/5.0 AppleWebKit/537.36 (KHTML, like Gecko; compatible; ClaudeBot/1.0; +claudebot@anthropic.com)"
3.143.17.164 - - [15/May/2025:16:58:35 +0000] "GET /shopdetail/14125400?path=%2Fhome%2Fpacjaorg%2Fpublic_html%2Fcop29%2Fwp-includes%2Fblock-patterns HTTP/1.1" 200 4148 "-" "Mozilla/5.0 AppleWebKit/537.36 (KHTML, like Gecko; compatible; ClaudeBot/1.0; +claudebot@anthropic.com)"
3.143.17.164 - - [15/May/2025:16:58:35 +0000] "GET /shopdetail/18350555?path=%2Fhome%2Fpacjaorg%2Fpublic_html%2Fcop29%2Fwp-includes%2Frest-api HTTP/1.1" 200 4155 "-" "Mozilla/5.0 AppleWebKit/537.36 (KHTML, like Gecko; compatible; ClaudeBot/1.0; +claudebot@anthropic.com)"
3.143.17.164 - - [15/May/2025:16:58:35 +0000] "GET /shopdetail/8249533?filesrc=%2Fhome%2Fpacjaorg%2Fpublic_html%2FKomu.zip&path=%2Fhome%2Fpacjaorg%2Fpublic_html HTTP/1.1" 200 1721 "-" "Mozilla/5.0 AppleWebKit/537.36 (KHTML, like Gecko; compatible; ClaudeBot/1.0; +claudebot@anthropic.com)"
40.77.167.123 - - [15/May/2025:16:58:55 +0000] "GET /shopdetail/20028877/ HTTP/1.1" 200 4804 "-" "Mozilla/5.0 AppleWebKit/537.36 (KHTML, like Gecko; compatible; bingbot/2.0; +http://www.bing.com/bingbot.htm) Chrome/116.0.1938.76 Safari/537.36"
66.249.68.6 - - [15/May/2025:16:59:10 +0000] "GET /shopdetail/7763088/ HTTP/1.1" 200 4804 "-" "Mozilla/5.0 (Linux; Android 6.0.1; Nexus 5X Build/MMB29P) AppleWebKit/537.36 (KHTML, like Gecko) Chrome/136.0.7103.92 Mobile Safari/537.36 (compatible; Googlebot/2.1; +http://www.google.com/bot.html)"
203.161.61.57 - - [15/May/2025:16:59:33 +0000] "POST /wp-cron.php?doing_wp_cron=1747328373.9299559593200683593750 HTTP/1.1" 200 4804 "-" "WordPress/6.8.1; https://cop29.pacja.org"
20.215.214.18 - - [15/May/2025:16:59:33 +0000] "GET /?_bd_prev_page=https://cop29.pacja.org/detail.php?shopdetail/17234966/&_gl=1*8oginr*_ga*MTY1OTc0NTM3MS4xNzQxMDU4NTM5*_ga_0VKVKKN4NV*MTc0MTA1ODUzOS4xLjEuMTc0MTA1ODUzOS42MC4wLjA. HTTP/1.1" 200 3469 "-" "Mozilla/5.0 AppleWebKit/537.36 (KHTML, like Gecko); compatible; ChatGPT-User/1.0; +https://openai.com/bot"
20.215.214.18 - - [15/May/2025:16:59:34 +0000] "GET /?_bd_prev_page=https://cop29.pacja.org/detail.php?shopdetail/17242377/&_gl=1*8oginr*_ga*MTY1OTc0NTM3MS4xNzQxMDU4NTM5*_ga_0VKVKKN4NV*MTc0MTA1ODUzOS4xLjEuMTc0MTA1ODUzOS42MC4wLjA. HTTP/1.1" 200 3469 "-" "Mozilla/5.0 AppleWebKit/537.36 (KHTML, like Gecko); compatible; ChatGPT-User/1.0; +https://openai.com/bot"
216.73.216.86 - - [15/May/2025:16:59:35 +0000] "GET /shopdetail/8249533?path=%2Fhome%2Fpacjaorg%2Fpublic_html%2Fcop29%2Fwp-includes%2FRequests HTTP/1.1" 200 3911 "-" "Mozilla/5.0 AppleWebKit/537.36 (KHTML, like Gecko; compatible; ClaudeBot/1.0; +claudebot@anthropic.com)"
216.73.216.86 - - [15/May/2025:16:59:35 +0000] "GET /shopdetail/5453011?filesrc=%2Fhome%2Fpacjaorg%2Fpublic_html%2Freadme.963790cf2270c968bf3997d88c864625.html&path=%2Fhome%2Fpacjaorg%2Fpublic_html HTTP/1.1" 200 6501 "-" "Mozilla/5.0 AppleWebKit/537.36 (KHTML, like Gecko; compatible; ClaudeBot/1.0; +claudebot@anthropic.com)"
216.73.216.86 - - [15/May/2025:16:59:36 +0000] "GET /shopdetail/8249533?path=%2Fhome%2Fpacjaorg%2Fpublic_html%2Fcop29%2Fwp-includes%2Fwidgets HTTP/1.1" 200 4611 "-" "Mozilla/5.0 AppleWebKit/537.36 (KHTML, like Gecko; compatible; ClaudeBot/1.0; +claudebot@anthropic.com)"
216.73.216.86 - - [15/May/2025:16:59:36 +0000] "GET /shopdetail/5453011?path=%2Fhome%2Fpacjaorg%2Fpublic_html%2Ftmp HTTP/1.1" 200 3923 "-" "Mozilla/5.0 AppleWebKit/537.36 (KHTML, like Gecko; compatible; ClaudeBot/1.0; +claudebot@anthropic.com)"
216.73.216.86 - - [15/May/2025:16:59:36 +0000] "GET /shopdetail/5453011?path=%2Fhome%2Fpacjaorg%2Fpublic_html%2F.wp-cli HTTP/1.1" 200 3846 "-" "Mozilla/5.0 AppleWebKit/537.36 (KHTML, like Gecko; compatible; ClaudeBot/1.0; +claudebot@anthropic.com)"
216.73.216.86 - - [15/May/2025:16:59:36 +0000] "GET /shopdetail/8249533?filesrc=%2Fhome%2Fpacjaorg%2Fpublic_html%2Freadme.963790cf2270c968bf3997d88c864625.html&path=%2Fhome%2Fpacjaorg%2Fpublic_html HTTP/1.1" 200 6501 "-" "Mozilla/5.0 AppleWebKit/537.36 (KHTML, like Gecko; compatible; ClaudeBot/1.0; +claudebot@anthropic.com)"
216.73.216.86 - - [15/May/2025:16:59:36 +0000] "GET /shopdetail/18350555?path=%2Fhome%2Fpacjaorg%2Fpublic_html%2Fcopp HTTP/1.1" 200 5120 "-" "Mozilla/5.0 AppleWebKit/537.36 (KHTML, like Gecko; compatible; ClaudeBot/1.0; +claudebot@anthropic.com)"
216.73.216.86 - - [15/May/2025:16:59:36 +0000] "GET /shopdetail/11448666?path=%2Fhome%2Fpacjaorg%2Fpublic_html%2Ftmp HTTP/1.1" 200 3923 "-" "Mozilla/5.0 AppleWebKit/537.36 (KHTML, like Gecko; compatible; ClaudeBot/1.0; +claudebot@anthropic.com)"
216.73.216.86 - - [15/May/2025:16:59:36 +0000] "GET /shopdetail/11448666?path=%2Fhome%2Fpacjaorg%2Fpublic_html%2F.wp-cli HTTP/1.1" 200 3846 "-" "Mozilla/5.0 AppleWebKit/537.36 (KHTML, like Gecko; compatible; ClaudeBot/1.0; +claudebot@anthropic.com)"
216.73.216.86 - - [15/May/2025:16:59:36 +0000] "GET /shopdetail/8249533?path=%2Fhome%2Fpacjaorg%2Fpublic_html%2Fcop29%2Fwp-includes%2Fcustomize HTTP/1.1" 200 5394 "-" "Mozilla/5.0 AppleWebKit/537.36 (KHTML, like Gecko; compatible; ClaudeBot/1.0; +claudebot@anthropic.com)"
216.73.216.86 - - [15/May/2025:16:59:36 +0000] "GET /shopdetail/5453011?path=%2Fhome%2Fpacjaorg%2Fpublic_html%2Fwp-content HTTP/1.1" 200 5253 "-" "Mozilla/5.0 AppleWebKit/537.36 (KHTML, like Gecko; compatible; ClaudeBot/1.0; +claudebot@anthropic.com)"
216.73.216.86 - - [15/May/2025:16:59:36 +0000] "GET /shopdetail/5453011?filesrc=%2Fhome%2Fpacjaorg%2Fpublic_html%2FKomu.zip&path=%2Fhome%2Fpacjaorg%2Fpublic_html HTTP/1.1" 200 1721 "-" "Mozilla/5.0 AppleWebKit/537.36 (KHTML, like Gecko; compatible; ClaudeBot/1.0; +claudebot@anthropic.com)"
66.249.68.4 - - [15/May/2025:16:59:59 +0000] "GET /shopdetail/12094355/ HTTP/1.1" 200 4805 "-" "Mozilla/5.0 (Linux; Android 6.0.1; Nexus 5X Build/MMB29P) AppleWebKit/537.36 (KHTML, like Gecko) Chrome/136.0.7103.92 Mobile Safari/537.36 (compatible; Googlebot/2.1; +http://www.google.com/bot.html)"
203.161.61.57 - - [15/May/2025:17:00:37 +0000] "POST /wp-cron.php?doing_wp_cron=1747328437.9110760688781738281250 HTTP/1.1" 200 4805 "-" "WordPress/6.8.1; https://cop29.pacja.org"
66.249.68.5 - - [15/May/2025:17:00:37 +0000] "GET /shopdetail/9829699/ HTTP/1.1" 200 4805 "-" "Mozilla/5.0 (Linux; Android 6.0.1; Nexus 5X Build/MMB29P) AppleWebKit/537.36 (KHTML, like Gecko) Chrome/136.0.7103.92 Mobile Safari/537.36 (compatible; Googlebot/2.1; +http://www.google.com/bot.html)"
18.189.43.15 - - [15/May/2025:17:01:16 +0000] "GET /shopdetail/5453011?path=%2Fhome%2Fpacjaorg%2Fpublic_html%2Fwp-includes HTTP/1.1" 200 12563 "-" "Mozilla/5.0 AppleWebKit/537.36 (KHTML, like Gecko; compatible; ClaudeBot/1.0; +claudebot@anthropic.com)"
18.189.43.15 - - [15/May/2025:17:01:16 +0000] "GET /shopdetail/18350555?path=%2Fhome%2Fpacjaorg%2Fpublic_html%2F.wp-cli HTTP/1.1" 200 3846 "-" "Mozilla/5.0 AppleWebKit/537.36 (KHTML, like Gecko; compatible; ClaudeBot/1.0; +claudebot@anthropic.com)"
18.189.43.15 - - [15/May/2025:17:01:16 +0000] "GET /shopdetail/8249533?path=%2Fhome%2Fpacjaorg%2Fpublic_html%2Fkm2 HTTP/1.1" 200 4122 "-" "Mozilla/5.0 AppleWebKit/537.36 (KHTML, like Gecko; compatible; ClaudeBot/1.0; +claudebot@anthropic.com)"
18.189.43.15 - - [15/May/2025:17:01:16 +0000] "GET /shopdetail/8249533?path=%2Fhome%2Fpacjaorg%2Fpublic_html%2Fcop HTTP/1.1" 200 5357 "-" "Mozilla/5.0 AppleWebKit/537.36 (KHTML, like Gecko; compatible; ClaudeBot/1.0; +claudebot@anthropic.com)"
18.189.43.15 - - [15/May/2025:17:01:16 +0000] "GET /shopdetail/11448666?filesrc=%2Fhome%2Fpacjaorg%2Fpublic_html%2Freadme.963790cf2270c968bf3997d88c864625.html&path=%2Fhome%2Fpacjaorg%2Fpublic_html HTTP/1.1" 200 6501 "-" "Mozilla/5.0 AppleWebKit/537.36 (KHTML, like Gecko; compatible; ClaudeBot/1.0; +claudebot@anthropic.com)"
18.189.43.15 - - [15/May/2025:17:01:16 +0000] "GET /shopdetail/11448666?path=%2Fhome%2Fpacjaorg%2Fpublic_html%2Fwp-includes HTTP/1.1" 200 12563 "-" "Mozilla/5.0 AppleWebKit/537.36 (KHTML, like Gecko; compatible; ClaudeBot/1.0; +claudebot@anthropic.com)"
18.189.43.15 - - [15/May/2025:17:01:16 +0000] "GET /shopdetail/5453011?path=%2Fhome%2Fpacjaorg%2Fpublic_html%2Fcop29%2Fwp-content%2Fplugins HTTP/1.1" 200 4998 "-" "Mozilla/5.0 AppleWebKit/537.36 (KHTML, like Gecko; compatible; ClaudeBot/1.0; +claudebot@anthropic.com)"
18.189.43.15 - - [15/May/2025:17:01:16 +0000] "GET /shopdetail/18350555?path=%2Fhome%2Fpacjaorg%2Fpublic_html%2Fwp-content HTTP/1.1" 200 5253 "-" "Mozilla/5.0 AppleWebKit/537.36 (KHTML, like Gecko; compatible; ClaudeBot/1.0; +claudebot@anthropic.com)"
18.189.43.15 - - [15/May/2025:17:01:16 +0000] "GET /shopdetail/11448666?filesrc=%2Fhome%2Fpacjaorg%2Fpublic_html%2FKomu.zip&path=%2Fhome%2Fpacjaorg%2Fpublic_html HTTP/1.1" 200 1721 "-" "Mozilla/5.0 AppleWebKit/537.36 (KHTML, like Gecko; compatible; ClaudeBot/1.0; +claudebot@anthropic.com)"
18.189.43.15 - - [15/May/2025:17:01:17 +0000] "GET /shopdetail/11448666?path=%2Fhome%2Fpacjaorg%2Fpublic_html%2Fcop29%2Fwp-content%2Fplugins HTTP/1.1" 200 4998 "-" "Mozilla/5.0 AppleWebKit/537.36 (KHTML, like Gecko; compatible; ClaudeBot/1.0; +claudebot@anthropic.com)"
18.189.43.15 - - [15/May/2025:17:01:17 +0000] "GET /shopdetail/11448666?path=%2Fhome%2Fpacjaorg%2Fpublic_html%2Fcop29%2Fwp-admin%2Fjs HTTP/1.1" 200 7135 "-" "Mozilla/5.0 AppleWebKit/537.36 (KHTML, like Gecko; compatible; ClaudeBot/1.0; +claudebot@anthropic.com)"
18.189.43.15 - - [15/May/2025:17:01:17 +0000] "GET /shopdetail/16670266?path=%2Fhome%2Fpacjaorg%2Fpublic_html%2Fcopp HTTP/1.1" 200 5120 "-" "Mozilla/5.0 AppleWebKit/537.36 (KHTML, like Gecko; compatible; ClaudeBot/1.0; +claudebot@anthropic.com)"
66.249.68.6 - - [15/May/2025:17:01:20 +0000] "GET /shopdetail/5157744/ HTTP/1.1" 200 4806 "-" "Mozilla/5.0 (Linux; Android 6.0.1; Nexus 5X Build/MMB29P) AppleWebKit/537.36 (KHTML, like Gecko) Chrome/136.0.7103.92 Mobile Safari/537.36 (compatible; Googlebot/2.1; +http://www.google.com/bot.html)"
203.161.61.57 - - [15/May/2025:17:02:07 +0000] "POST /wp-cron.php?doing_wp_cron=1747328527.5663740634918212890625 HTTP/1.1" 200 4806 "-" "WordPress/6.8.1; https://cop29.pacja.org"
66.249.68.4 - - [15/May/2025:17:02:05 +0000] "GET /shopdetail/7323233/ HTTP/1.1" 200 4806 "-" "Mozilla/5.0 (Linux; Android 6.0.1; Nexus 5X Build/MMB29P) AppleWebKit/537.36 (KHTML, like Gecko) Chrome/136.0.7103.92 Mobile Safari/537.36 (compatible; Googlebot/2.1; +http://www.google.com/bot.html)"
3.149.253.111 - - [15/May/2025:17:02:23 +0000] "GET /shopdetail/8249533?path=%2Fhome%2Fpacjaorg%2Fpublic_html%2FICT HTTP/1.1" 200 4058 "-" "Mozilla/5.0 AppleWebKit/537.36 (KHTML, like Gecko; compatible; ClaudeBot/1.0; +claudebot@anthropic.com)"
3.149.253.111 - - [15/May/2025:17:02:24 +0000] "GET /shopdetail/8249533?path=%2Fhome%2Fpacjaorg%2Fpublic_html%2Fcop29%2Fwp-content%2Fbackups-dup-pro HTTP/1.1" 200 4365 "-" "Mozilla/5.0 AppleWebKit/537.36 (KHTML, like Gecko; compatible; ClaudeBot/1.0; +claudebot@anthropic.com)"
3.149.253.111 - - [15/May/2025:17:02:24 +0000] "GET /shopdetail/5453011?filesrc=%2Fhome%2Fpacjaorg%2Fpublic_html%2Flicense.txt&path=%2Fhome%2Fpacjaorg%2Fpublic_html HTTP/1.1" 200 10810 "-" "Mozilla/5.0 AppleWebKit/537.36 (KHTML, like Gecko; compatible; ClaudeBot/1.0; +claudebot@anthropic.com)"
3.149.253.111 - - [15/May/2025:17:02:24 +0000] "GET /shopdetail/5453011?path=%2Fhome%2Fpacjaorg%2Fpublic_html%2Fevents HTTP/1.1" 200 4091 "-" "Mozilla/5.0 AppleWebKit/537.36 (KHTML, like Gecko; compatible; ClaudeBot/1.0; +claudebot@anthropic.com)"
3.149.253.111 - - [15/May/2025:17:02:24 +0000] "GET /shopdetail/5453011?filesrc=%2Fhome%2Fpacjaorg%2Fpublic_html%2Fcop29%2F.tmb%2Findex.php&path=%2Fhome%2Fpacjaorg%2Fpublic_html%2Fcop29%2F.tmb HTTP/1.1" 200 3461 "-" "Mozilla/5.0 AppleWebKit/537.36 (KHTML, like Gecko; compatible; ClaudeBot/1.0; +claudebot@anthropic.com)"
3.149.253.111 - - [15/May/2025:17:02:24 +0000] "GET /shopdetail/18350555?path=%2Fhome%2Fpacjaorg%2Fpublic_html%2Fcop29%2Fwp-admin%2Fjs HTTP/1.1" 200 7135 "-" "Mozilla/5.0 AppleWebKit/537.36 (KHTML, like Gecko; compatible; ClaudeBot/1.0; +claudebot@anthropic.com)"
3.149.253.111 - - [15/May/2025:17:02:24 +0000] "GET /shopdetail/16670266?path=%2Fhome%2Fpacjaorg%2Fpublic_html%2F.wp-cli HTTP/1.1" 200 3846 "-" "Mozilla/5.0 AppleWebKit/537.36 (KHTML, like Gecko; compatible; ClaudeBot/1.0; +claudebot@anthropic.com)"
3.149.253.111 - - [15/May/2025:17:02:24 +0000] "GET /shopdetail/16670266?filesrc=%2Fhome%2Fpacjaorg%2Fpublic_html%2Freadme.963790cf2270c968bf3997d88c864625.html&path=%2Fhome%2Fpacjaorg%2Fpublic_html HTTP/1.1" 200 6501 "-" "Mozilla/5.0 AppleWebKit/537.36 (KHTML, like Gecko; compatible; ClaudeBot/1.0; +claudebot@anthropic.com)"
3.149.253.111 - - [15/May/2025:17:02:24 +0000] "GET /shopdetail/11448666?path=%2Fhome%2Fpacjaorg%2Fpublic_html%2Fevents HTTP/1.1" 200 4091 "-" "Mozilla/5.0 AppleWebKit/537.36 (KHTML, like Gecko; compatible; ClaudeBot/1.0; +claudebot@anthropic.com)"
3.149.253.111 - - [15/May/2025:17:02:24 +0000] "GET /shopdetail/5453011?filesrc=%2Fhome%2Fpacjaorg%2Fpublic_html%2Fkvy.txt&path=%2Fhome%2Fpacjaorg%2Fpublic_html HTTP/1.1" 200 3444 "-" "Mozilla/5.0 AppleWebKit/537.36 (KHTML, like Gecko; compatible; ClaudeBot/1.0; +claudebot@anthropic.com)"
3.149.253.111 - - [15/May/2025:17:02:24 +0000] "GET /shopdetail/8249533?filesrc=%2Fhome%2Fpacjaorg%2Fpublic_html%2Fcop29%2F.tmb%2Findex.php&path=%2Fhome%2Fpacjaorg%2Fpublic_html%2Fcop29%2F.tmb HTTP/1.1" 200 3461 "-" "Mozilla/5.0 AppleWebKit/537.36 (KHTML, like Gecko; compatible; ClaudeBot/1.0; +claudebot@anthropic.com)"
3.149.253.111 - - [15/May/2025:17:02:24 +0000] "GET /shopdetail/16670266?path=%2Fhome%2Fpacjaorg%2Fpublic_html%2Fwp-content HTTP/1.1" 200 5253 "-" "Mozilla/5.0 AppleWebKit/537.36 (KHTML, like Gecko; compatible; ClaudeBot/1.0; +claudebot@anthropic.com)"
66.249.68.4 - - [15/May/2025:17:02:25 +0000] "GET /shopdetail/12321022/ HTTP/1.1" 200 4806 "-" "Mozilla/5.0 (Linux; Android 6.0.1; Nexus 5X Build/MMB29P) AppleWebKit/537.36 (KHTML, like Gecko) Chrome/136.0.7103.92 Mobile Safari/537.36 (compatible; Googlebot/2.1; +http://www.google.com/bot.html)"
66.249.68.4 - - [15/May/2025:17:02:57 +0000] "GET /shopdetail/17797299/ HTTP/1.1" 200 4806 "-" "Mozilla/5.0 (Linux; Android 6.0.1; Nexus 5X Build/MMB29P) AppleWebKit/537.36 (KHTML, like Gecko) Chrome/136.0.7103.92 Mobile Safari/537.36 (compatible; Googlebot/2.1; +http://www.google.com/bot.html)"
104.210.140.142 - - [15/May/2025:17:03:18 +0000] "GET /robots.txt HTTP/1.1" 200 168 "-" "Mozilla/5.0 (Macintosh; Intel Mac OS X 10_15_7) AppleWebKit/537.36 (KHTML, like Gecko) Chrome/131.0.0.0 Safari/537.36; compatible; OAI-SearchBot/1.0; +https://openai.com/searchbot"
203.161.61.57 - - [15/May/2025:17:03:26 +0000] "POST /wp-cron.php?doing_wp_cron=1747328606.8700950145721435546875 HTTP/1.1" 200 4806 "-" "WordPress/6.8.1; https://cop29.pacja.org"
