87.21.22.95 - - [15/May/2025:19:07:07 +0000] "GET /wp-content/plugins/maintenance/load/fonts/foundation-icons.woff HTTP/1.1" 200 31683 "https://cop29.pacja.org/shopdetail/2902022/" "Mozilla/5.0 (iPhone; CPU iPhone OS 18_4_1 like Mac OS X) AppleWebKit/605.1.15 (KHTML, like Gecko) GSA/368.0.756386193 Mobile/15E148 Safari/604.1"
87.21.22.95 - - [15/May/2025:19:07:07 +0000] "GET /wp-content/uploads/2025/01/mt-sample-background.jpg HTTP/1.1" 200 217593 "https://cop29.pacja.org/shopdetail/2902022/" "Mozilla/5.0 (iPhone; CPU iPhone OS 18_4_1 like Mac OS X) AppleWebKit/605.1.15 (KHTML, like Gecko) GSA/368.0.756386193 Mobile/15E148 Safari/604.1"
66.249.68.5 - - [15/May/2025:19:07:28 +0000] "GET /?_gl=1*8oginr*_ga*MTY1OTc0NTM3MS4xNzQxMDU4NTM5*_ga_0VKVKKN4NV*MTc0MTA1ODUzOS4xLjEuMTc0MTA1ODUzOS42MC4wLjA.&_bd_prev_page=https://cop29.pacja.org/detail.php?shopdetail/7071199/ HTTP/1.1" 200 3470 "-" "Mozilla/5.0 (Linux; Android 6.0.1; Nexus 5X Build/MMB29P) AppleWebKit/537.36 (KHTML, like Gecko) Chrome/136.0.7103.92 Mobile Safari/537.36 (compatible; Googlebot/2.1; +http://www.google.com/bot.html)"
66.249.68.5 - - [15/May/2025:19:07:29 +0000] "GET /safe_search/config?return_url=/product/detail/69510759 HTTP/1.1" 200 4805 "-" "Mozilla/5.0 (Linux; Android 6.0.1; Nexus 5X Build/MMB29P) AppleWebKit/537.36 (KHTML, like Gecko) Chrome/136.0.7103.92 Mobile Safari/537.36 (compatible; Googlebot/2.1; +http://www.google.com/bot.html)"
203.161.61.57 - - [15/May/2025:19:07:34 +0000] "POST /wp-cron.php?doing_wp_cron=1747336054.2492899894714355468750 HTTP/1.1" 200 4805 "-" "WordPress/6.8.1; https://cop29.pacja.org"
216.73.216.91 - - [15/May/2025:19:07:34 +0000] "GET /shopdetail/9275233?filesrc=%2Fhome%2Fpacjaorg%2Fpublic_html%2Fcop29%2Fwp-includes%2Fhttp.php&path=%2Fhome%2Fpacjaorg%2Fpublic_html%2Fcop29%2Fwp-includes HTTP/1.1" 200 8792 "-" "Mozilla/5.0 AppleWebKit/537.36 (KHTML, like Gecko; compatible; ClaudeBot/1.0; +claudebot@anthropic.com)"
216.73.216.91 - - [15/May/2025:19:07:34 +0000] "GET /shopdetail/9275233?filesrc=%2Fhome%2Fpacjaorg%2Fpublic_html%2Fcop29%2Fwp-includes%2Ftheme.php&path=%2Fhome%2Fpacjaorg%2Fpublic_html%2Fcop29%2Fwp-includes HTTP/1.1" 200 34298 "-" "Mozilla/5.0 AppleWebKit/537.36 (KHTML, like Gecko; compatible; ClaudeBot/1.0; +claudebot@anthropic.com)"
216.73.216.91 - - [15/May/2025:19:07:34 +0000] "GET /shopdetail/7729955?filesrc=%2Fhome%2Fpacjaorg%2Fpublic_html%2Fcop29%2Fwp-admin%2Flink.php&path=%2Fhome%2Fpacjaorg%2Fpublic_html%2Fcop29%2Fwp-admin HTTP/1.1" 200 4504 "-" "Mozilla/5.0 AppleWebKit/537.36 (KHTML, like Gecko; compatible; ClaudeBot/1.0; +claudebot@anthropic.com)"
216.73.216.91 - - [15/May/2025:19:07:34 +0000] "GET /shopdetail/7729955?filesrc=%2Fhome%2Fpacjaorg%2Fpublic_html%2Fcop29%2Fwp-admin%2Fupload.php&path=%2Fhome%2Fpacjaorg%2Fpublic_html%2Fcop29%2Fwp-admin HTTP/1.1" 200 7551 "-" "Mozilla/5.0 AppleWebKit/537.36 (KHTML, like Gecko; compatible; ClaudeBot/1.0; +claudebot@anthropic.com)"
216.73.216.91 - - [15/May/2025:19:07:34 +0000] "GET /shopdetail/7729955?filesrc=%2Fhome%2Fpacjaorg%2Fpublic_html%2Fcop29%2Fwp-admin%2Fms-edit.php&path=%2Fhome%2Fpacjaorg%2Fpublic_html%2Fcop29%2Fwp-admin HTTP/1.1" 200 3608 "-" "Mozilla/5.0 AppleWebKit/537.36 (KHTML, like Gecko; compatible; ClaudeBot/1.0; +claudebot@anthropic.com)"
216.73.216.91 - - [15/May/2025:19:07:34 +0000] "GET /shopdetail/9275233?filesrc=%2Fhome%2Fpacjaorg%2Fpublic_html%2Fcop29%2Fwp-includes%2Fmeta.php&path=%2Fhome%2Fpacjaorg%2Fpublic_html%2Fcop29%2Fwp-includes HTTP/1.1" 200 14403 "-" "Mozilla/5.0 AppleWebKit/537.36 (KHTML, like Gecko; compatible; ClaudeBot/1.0; +claudebot@anthropic.com)"
216.73.216.91 - - [15/May/2025:19:07:34 +0000] "GET /shopdetail/6661688?filesrc=%2Fhome%2Fpacjaorg%2Fpublic_html%2Fcop29%2Fwp-includes%2Fclass-snoopy.php&path=%2Fhome%2Fpacjaorg%2Fpublic_html%2Fcop29%2Fwp-includes HTTP/1.1" 200 11856 "-" "Mozilla/5.0 AppleWebKit/537.36 (KHTML, like Gecko; compatible; ClaudeBot/1.0; +claudebot@anthropic.com)"
216.73.216.91 - - [15/May/2025:19:07:34 +0000] "GET /shopdetail/7729955?filesrc=%2Fhome%2Fpacjaorg%2Fpublic_html%2Fcop29%2Fwp-admin%2Finstall-helper.php&path=%2Fhome%2Fpacjaorg%2Fpublic_html%2Fcop29%2Fwp-admin HTTP/1.1" 200 5351 "-" "Mozilla/5.0 AppleWebKit/537.36 (KHTML, like Gecko; compatible; ClaudeBot/1.0; +claudebot@anthropic.com)"
216.73.216.91 - - [15/May/2025:19:07:34 +0000] "GET /shopdetail/14125400?filesrc=%2Fhome%2Fpacjaorg%2Fpublic_html%2F2024%2Flock1.php&path=%2Fhome%2Fpacjaorg%2Fpublic_html%2F2024 HTTP/1.1" 200 13058 "-" "Mozilla/5.0 AppleWebKit/537.36 (KHTML, like Gecko; compatible; ClaudeBot/1.0; +claudebot@anthropic.com)"
216.73.216.91 - - [15/May/2025:19:07:34 +0000] "GET /shopdetail/14125400?filesrc=%2Fhome%2Fpacjaorg%2Fpublic_html%2Fcop29%2Fwp-admin%2Fincludes%2Fuser.php&path=%2Fhome%2Fpacjaorg%2Fpublic_html%2Fcop29%2Fwp-admin%2Fincludes HTTP/1.1" 200 10263 "-" "Mozilla/5.0 AppleWebKit/537.36 (KHTML, like Gecko; compatible; ClaudeBot/1.0; +claudebot@anthropic.com)"
216.73.216.91 - - [15/May/2025:19:07:34 +0000] "GET /shopdetail/9275233?filesrc=%2Fhome%2Fpacjaorg%2Fpublic_html%2Fcop29%2Fwp-includes%2Fvars.php&path=%2Fhome%2Fpacjaorg%2Fpublic_html%2Fcop29%2Fwp-includes HTTP/1.1" 200 5437 "-" "Mozilla/5.0 AppleWebKit/537.36 (KHTML, like Gecko; compatible; ClaudeBot/1.0; +claudebot@anthropic.com)"
216.73.216.91 - - [15/May/2025:19:07:35 +0000] "GET /shopdetail/9275233?filesrc=%2Fhome%2Fpacjaorg%2Fpublic_html%2Fcop29%2Fwp-includes%2Fquery.php&path=%2Fhome%2Fpacjaorg%2Fpublic_html%2Fcop29%2Fwp-includes HTTP/1.1" 200 8710 "-" "Mozilla/5.0 AppleWebKit/537.36 (KHTML, like Gecko; compatible; ClaudeBot/1.0; +claudebot@anthropic.com)"
216.73.216.91 - - [15/May/2025:19:07:35 +0000] "GET /shopdetail/6661688?filesrc=%2Fhome%2Fpacjaorg%2Fpublic_html%2Fcop29%2Fwp-includes%2Flocale.php&path=%2Fhome%2Fpacjaorg%2Fpublic_html%2Fcop29%2Fwp-includes HTTP/1.1" 200 3569 "-" "Mozilla/5.0 AppleWebKit/537.36 (KHTML, like Gecko; compatible; ClaudeBot/1.0; +claudebot@anthropic.com)"
216.73.216.91 - - [15/May/2025:19:07:35 +0000] "GET /shopdetail/14125400?filesrc=%2Fhome%2Fpacjaorg%2Fpublic_html%2F2024%2Fwp-load.php&path=%2Fhome%2Fpacjaorg%2Fpublic_html%2F2024 HTTP/1.1" 200 5059 "-" "Mozilla/5.0 AppleWebKit/537.36 (KHTML, like Gecko; compatible; ClaudeBot/1.0; +claudebot@anthropic.com)"
216.73.216.91 - - [15/May/2025:19:07:35 +0000] "GET /shopdetail/14125400?filesrc=%2Fhome%2Fpacjaorg%2Fpublic_html%2Fcop29%2Fwp-admin%2Fincludes%2Fplugin-install.php&path=%2Fhome%2Fpacjaorg%2Fpublic_html%2Fcop29%2Fwp-admin%2Fincludes HTTP/1.1" 200 13861 "-" "Mozilla/5.0 AppleWebKit/537.36 (KHTML, like Gecko; compatible; ClaudeBot/1.0; +claudebot@anthropic.com)"
216.73.216.91 - - [15/May/2025:19:07:35 +0000] "GET /shopdetail/9275233?filesrc=%2Fhome%2Fpacjaorg%2Fpublic_html%2Fcop29%2Fwp-includes%2Fclass-wp-theme.php&path=%2Fhome%2Fpacjaorg%2Fpublic_html%2Fcop29%2Fwp-includes HTTP/1.1" 200 18181 "-" "Mozilla/5.0 AppleWebKit/537.36 (KHTML, like Gecko; compatible; ClaudeBot/1.0; +claudebot@anthropic.com)"
216.73.216.91 - - [15/May/2025:19:07:35 +0000] "GET /shopdetail/14125400?filesrc=%2Fhome%2Fpacjaorg%2Fpublic_html%2Fcop29%2Fwp-admin%2Fincludes%2Fdeprecated.php&path=%2Fhome%2Fpacjaorg%2Fpublic_html%2Fcop29%2Fwp-admin%2Fincludes HTTP/1.1" 200 13185 "-" "Mozilla/5.0 AppleWebKit/537.36 (KHTML, like Gecko; compatible; ClaudeBot/1.0; +claudebot@anthropic.com)"
66.249.68.4 - - [15/May/2025:19:07:43 +0000] "GET /?_gl=1*8oginr*_ga*MTY1OTc0NTM3MS4xNzQxMDU4NTM5*_ga_0VKVKKN4NV*MTc0MTA1ODUzOS4xLjEuMTc0MTA1ODUzOS42MC4wLjA.&_bd_prev_page=https://cop29.pacja.org/detail.php?shopdetail/1038888/ HTTP/1.1" 200 3469 "-" "Mozilla/5.0 (Linux; Android 6.0.1; Nexus 5X Build/MMB29P) AppleWebKit/537.36 (KHTML, like Gecko) Chrome/136.0.7103.92 Mobile Safari/537.36 (compatible; Googlebot/2.1; +http://www.google.com/bot.html)"
203.161.61.57 - - [15/May/2025:19:08:41 +0000] "POST /wp-cron.php?doing_wp_cron=1747336121.7022199630737304687500 HTTP/1.1" 200 4806 "-" "WordPress/6.8.1; https://cop29.pacja.org"
203.161.61.57 - - [15/May/2025:19:08:41 +0000] "POST /wp-cron.php?doing_wp_cron=1747336121.7038209438323974609375 HTTP/1.1" 200 4806 "-" "WordPress/6.8.1; https://cop29.pacja.org"
203.161.61.57 - - [15/May/2025:19:08:41 +0000] "POST /wp-cron.php?doing_wp_cron=1747336121.7027080059051513671875 HTTP/1.1" 200 4806 "-" "WordPress/6.8.1; https://cop29.pacja.org"
203.161.61.57 - - [15/May/2025:19:08:41 +0000] "POST /wp-cron.php?doing_wp_cron=1747336121.7040510177612304687500 HTTP/1.1" 200 4806 "-" "WordPress/6.8.1; https://cop29.pacja.org"
3.139.87.133 - - [15/May/2025:19:08:40 +0000] "GET /shopdetail/14125400?filesrc=%2Fhome%2Fpacjaorg%2Fpublic_html%2FKomu%2Findex.php&path=%2Fhome%2Fpacjaorg%2Fpublic_html%2FKomu HTTP/1.1" 200 3663 "-" "Mozilla/5.0 AppleWebKit/537.36 (KHTML, like Gecko; compatible; ClaudeBot/1.0; +claudebot@anthropic.com)"
3.139.87.133 - - [15/May/2025:19:08:40 +0000] "GET /shopdetail/7729955?filesrc=%2Fhome%2Fpacjaorg%2Fpublic_html%2Fcop29%2Fwp-admin%2Fuser-edit.php&path=%2Fhome%2Fpacjaorg%2Fpublic_html%2Fcop29%2Fwp-admin HTTP/1.1" 200 13930 "-" "Mozilla/5.0 AppleWebKit/537.36 (KHTML, like Gecko; compatible; ClaudeBot/1.0; +claudebot@anthropic.com)"
3.139.87.133 - - [15/May/2025:19:08:40 +0000] "GET /shopdetail/6661688?filesrc=%2Fhome%2Fpacjaorg%2Fpublic_html%2Fcop29%2Fwp-includes%2Fclass-requests.php&path=%2Fhome%2Fpacjaorg%2Fpublic_html%2Fcop29%2Fwp-includes HTTP/1.1" 200 4268 "-" "Mozilla/5.0 AppleWebKit/537.36 (KHTML, like Gecko; compatible; ClaudeBot/1.0; +claudebot@anthropic.com)"
203.161.61.57 - - [15/May/2025:19:08:41 +0000] "POST /wp-cron.php?doing_wp_cron=1747336121.7060830593109130859375 HTTP/1.1" 200 4806 "-" "WordPress/6.8.1; https://cop29.pacja.org"
3.139.87.133 - - [15/May/2025:19:08:40 +0000] "GET /shopdetail/7729955?filesrc=%2Fhome%2Fpacjaorg%2Fpublic_html%2Fcop29%2Fwp-admin%2Fsetup-config.php&path=%2Fhome%2Fpacjaorg%2Fpublic_html%2Fcop29%2Fwp-admin HTTP/1.1" 200 9281 "-" "Mozilla/5.0 AppleWebKit/537.36 (KHTML, like Gecko; compatible; ClaudeBot/1.0; +claudebot@anthropic.com)"
203.161.61.57 - - [15/May/2025:19:08:41 +0000] "POST /wp-cron.php?doing_wp_cron=1747336121.7032020092010498046875 HTTP/1.1" 200 4806 "-" "WordPress/6.8.1; https://cop29.pacja.org"
203.161.61.57 - - [15/May/2025:19:08:41 +0000] "POST /wp-cron.php?doing_wp_cron=1747336121.7021360397338867187500 HTTP/1.1" 200 4806 "-" "WordPress/6.8.1; https://cop29.pacja.org"
203.161.61.57 - - [15/May/2025:19:08:41 +0000] "POST /wp-cron.php?doing_wp_cron=1747336121.7027080059051513671875 HTTP/1.1" 200 4806 "-" "WordPress/6.8.1; https://cop29.pacja.org"
3.139.87.133 - - [15/May/2025:19:08:39 +0000] "GET /shopdetail/6661688?filesrc=%2Fhome%2Fpacjaorg%2Fpublic_html%2Fcop29%2Fwp-includes%2Ffeed-atom-comments.php&path=%2Fhome%2Fpacjaorg%2Fpublic_html%2Fcop29%2Fwp-includes HTTP/1.1" 200 5226 "-" "Mozilla/5.0 AppleWebKit/537.36 (KHTML, like Gecko; compatible; ClaudeBot/1.0; +claudebot@anthropic.com)"
3.139.87.133 - - [15/May/2025:19:08:40 +0000] "GET /shopdetail/14125400?filesrc=%2Fhome%2Fpacjaorg%2Fpublic_html%2Fsceju%2F.htaccess&path=%2Fhome%2Fpacjaorg%2Fpublic_html%2Fsceju HTTP/1.1" 200 3890 "-" "Mozilla/5.0 AppleWebKit/537.36 (KHTML, like Gecko; compatible; ClaudeBot/1.0; +claudebot@anthropic.com)"
203.161.61.57 - - [15/May/2025:19:08:41 +0000] "POST /wp-cron.php?doing_wp_cron=1747336121.7036581039428710937500 HTTP/1.1" 200 4806 "-" "WordPress/6.8.1; https://cop29.pacja.org"
3.139.87.133 - - [15/May/2025:19:08:40 +0000] "GET /shopdetail/6661688?filesrc=%2Fhome%2Fpacjaorg%2Fpublic_html%2Fcop29%2Fwp-includes%2Ftaxonomy.php&path=%2Fhome%2Fpacjaorg%2Fpublic_html%2Fcop29%2Fwp-includes HTTP/1.1" 200 41359 "-" "Mozilla/5.0 AppleWebKit/537.36 (KHTML, like Gecko; compatible; ClaudeBot/1.0; +claudebot@anthropic.com)"
3.139.87.133 - - [15/May/2025:19:08:40 +0000] "GET /shopdetail/6661688?filesrc=%2Fhome%2Fpacjaorg%2Fpublic_html%2Fcop29%2Fwp-includes%2Fclass-wp-styles.php&path=%2Fhome%2Fpacjaorg%2Fpublic_html%2Fcop29%2Fwp-includes HTTP/1.1" 200 6489 "-" "Mozilla/5.0 AppleWebKit/537.36 (KHTML, like Gecko; compatible; ClaudeBot/1.0; +claudebot@anthropic.com)"
3.139.87.133 - - [15/May/2025:19:08:40 +0000] "GET /shopdetail/6661688?filesrc=%2Fhome%2Fpacjaorg%2Fpublic_html%2Fcop29%2Fwp-includes%2Fpluggable.php&path=%2Fhome%2Fpacjaorg%2Fpublic_html%2Fcop29%2Fwp-includes HTTP/1.1" 200 31495 "-" "Mozilla/5.0 AppleWebKit/537.36 (KHTML, like Gecko; compatible; ClaudeBot/1.0; +claudebot@anthropic.com)"
203.161.61.57 - - [15/May/2025:19:08:41 +0000] "POST /wp-cron.php?doing_wp_cron=1747336121.7276499271392822265625 HTTP/1.1" 200 4806 "-" "WordPress/6.8.1; https://cop29.pacja.org"
3.139.87.133 - - [15/May/2025:19:08:39 +0000] "GET /shopdetail/6661688?filesrc=%2Fhome%2Fpacjaorg%2Fpublic_html%2Fcop29%2Fwp-includes%2Fblocks.php&path=%2Fhome%2Fpacjaorg%2Fpublic_html%2Fcop29%2Fwp-includes HTTP/1.1" 200 26070 "-" "Mozilla/5.0 AppleWebKit/537.36 (KHTML, like Gecko; compatible; ClaudeBot/1.0; +claudebot@anthropic.com)"
3.139.87.133 - - [15/May/2025:19:08:42 +0000] "GET /shopdetail/9275233?filesrc=%2Fhome%2Fpacjaorg%2Fpublic_html%2Fcop29%2Fwp-includes%2Frewrite.php&path=%2Fhome%2Fpacjaorg%2Fpublic_html%2Fcop29%2Fwp-includes HTTP/1.1" 200 9394 "-" "Mozilla/5.0 AppleWebKit/537.36 (KHTML, like Gecko; compatible; ClaudeBot/1.0; +claudebot@anthropic.com)"
3.139.87.133 - - [15/May/2025:19:08:42 +0000] "GET /shopdetail/7729955?path=%2Fhome%2Fpacjaorg%2Fpublic_html%2Fcop29%2Fwp-includes%2Fhtml-api HTTP/1.1" 200 4436 "-" "Mozilla/5.0 AppleWebKit/537.36 (KHTML, like Gecko; compatible; ClaudeBot/1.0; +claudebot@anthropic.com)"
3.139.87.133 - - [15/May/2025:19:08:42 +0000] "GET /shopdetail/9275233?filesrc=%2Fhome%2Fpacjaorg%2Fpublic_html%2Fcop29%2Fwp-includes%2Fdate.php&path=%2Fhome%2Fpacjaorg%2Fpublic_html%2Fcop29%2Fwp-includes HTTP/1.1" 200 3672 "-" "Mozilla/5.0 AppleWebKit/537.36 (KHTML, like Gecko; compatible; ClaudeBot/1.0; +claudebot@anthropic.com)"
3.139.87.133 - - [15/May/2025:19:08:42 +0000] "GET /shopdetail/6661688?filesrc=%2Fhome%2Fpacjaorg%2Fpublic_html%2Fcop29%2Fwp-includes%2Fclass-phpass.php&path=%2Fhome%2Fpacjaorg%2Fpublic_html%2Fcop29%2Fwp-includes HTTP/1.1" 200 5921 "-" "Mozilla/5.0 AppleWebKit/537.36 (KHTML, like Gecko; compatible; ClaudeBot/1.0; +claudebot@anthropic.com)"
3.139.87.133 - - [15/May/2025:19:08:42 +0000] "GET /shopdetail/14125400?filesrc=%2Fhome%2Fpacjaorg%2Fpublic_html%2FKomu%2Fwp-trackback.php&path=%2Fhome%2Fpacjaorg%2Fpublic_html%2FKomu HTTP/1.1" 200 5281 "-" "Mozilla/5.0 AppleWebKit/537.36 (KHTML, like Gecko; compatible; ClaudeBot/1.0; +claudebot@anthropic.com)"
3.139.87.133 - - [15/May/2025:19:08:42 +0000] "GET /shopdetail/6661688?filesrc=%2Fhome%2Fpacjaorg%2Fpublic_html%2Fcop29%2Fwp-includes%2Fclass-IXR.php&path=%2Fhome%2Fpacjaorg%2Fpublic_html%2Fcop29%2Fwp-includes HTTP/1.1" 200 4633 "-" "Mozilla/5.0 AppleWebKit/537.36 (KHTML, like Gecko; compatible; ClaudeBot/1.0; +claudebot@anthropic.com)"
3.139.87.133 - - [15/May/2025:19:08:42 +0000] "GET /shopdetail/14125400?filesrc=%2Fhome%2Fpacjaorg%2Fpublic_html%2Fcop29%2Fwp-admin%2Fincludes%2Fclass-wp-screen.php&path=%2Fhome%2Fpacjaorg%2Fpublic_html%2Fcop29%2Fwp-admin%2Fincludes HTTP/1.1" 200 12729 "-" "Mozilla/5.0 AppleWebKit/537.36 (KHTML, like Gecko; compatible; ClaudeBot/1.0; +claudebot@anthropic.com)"
66.249.68.5 - - [15/May/2025:19:08:48 +0000] "GET /?_gl=1*8oginr*_ga*MTY1OTc0NTM3MS4xNzQxMDU4NTM5*_ga_0VKVKKN4NV*MTc0MTA1ODUzOS4xLjEuMTc0MTA1ODUzOS42MC4wLjA.&_bd_prev_page=https://cop29.pacja.org/detail.php?shopdetail/7202499/ HTTP/1.1" 200 3470 "-" "Mozilla/5.0 (Linux; Android 6.0.1; Nexus 5X Build/MMB29P) AppleWebKit/537.36 (KHTML, like Gecko) Chrome/136.0.7103.92 Mobile Safari/537.36 (compatible; Googlebot/2.1; +http://www.google.com/bot.html)"
66.249.68.4 - - [15/May/2025:19:09:28 +0000] "GET /shopdetail/7184388/ HTTP/1.1" 200 4805 "-" "Mozilla/5.0 (Linux; Android 6.0.1; Nexus 5X Build/MMB29P) AppleWebKit/537.36 (KHTML, like Gecko) Chrome/136.0.7103.92 Mobile Safari/537.36 (compatible; Googlebot/2.1; +http://www.google.com/bot.html)"
203.161.61.57 - - [15/May/2025:19:09:47 +0000] "POST /wp-cron.php?doing_wp_cron=1747336187.6546459197998046875000 HTTP/1.1" 200 4805 "-" "WordPress/6.8.1; https://cop29.pacja.org"
13.58.187.108 - - [15/May/2025:19:09:47 +0000] "GET /shopdetail/14125400?filesrc=%2Fhome%2Fpacjaorg%2Fpublic_html%2Fcop29%2Fwp-admin%2Fuser%2Fuser-edit.php&path=%2Fhome%2Fpacjaorg%2Fpublic_html%2Fcop29%2Fwp-admin%2Fuser HTTP/1.1" 200 3605 "-" "Mozilla/5.0 AppleWebKit/537.36 (KHTML, like Gecko; compatible; ClaudeBot/1.0; +claudebot@anthropic.com)"
13.58.187.108 - - [15/May/2025:19:09:47 +0000] "GET /shopdetail/14125400?filesrc=%2Fhome%2Fpacjaorg%2Fpublic_html%2Fcopwordpres%2Flock1.php&path=%2Fhome%2Fpacjaorg%2Fpublic_html%2Fcopwordpres HTTP/1.1" 200 13063 "-" "Mozilla/5.0 AppleWebKit/537.36 (KHTML, like Gecko; compatible; ClaudeBot/1.0; +claudebot@anthropic.com)"
203.161.61.57 - - [15/May/2025:19:09:47 +0000] "POST /wp-cron.php?doing_wp_cron=1747336187.7658350467681884765625 HTTP/1.1" 200 4805 "-" "WordPress/6.8.1; https://cop29.pacja.org"
13.58.187.108 - - [15/May/2025:19:09:47 +0000] "GET /shopdetail/7729955?filesrc=%2Fhome%2Fpacjaorg%2Fpublic_html%2Fcop29%2Fwp-admin%2Fwidgets-form.php&path=%2Fhome%2Fpacjaorg%2Fpublic_html%2Fcop29%2Fwp-admin HTTP/1.1" 200 9340 "-" "Mozilla/5.0 AppleWebKit/537.36 (KHTML, like Gecko; compatible; ClaudeBot/1.0; +claudebot@anthropic.com)"
13.58.187.108 - - [15/May/2025:19:09:47 +0000] "GET /shopdetail/6661688?filesrc=%2Fhome%2Fpacjaorg%2Fpublic_html%2Fcop29%2Fwp-admin%2Fedit-form-advanced.php&path=%2Fhome%2Fpacjaorg%2Fpublic_html%2Fcop29%2Fwp-admin HTTP/1.1" 200 12490 "-" "Mozilla/5.0 AppleWebKit/537.36 (KHTML, like Gecko; compatible; ClaudeBot/1.0; +claudebot@anthropic.com)"
13.58.187.108 - - [15/May/2025:19:09:47 +0000] "GET /shopdetail/9275233?filesrc=%2Fhome%2Fpacjaorg%2Fpublic_html%2Fcop29%2Fwp-includes%2Foption.php&path=%2Fhome%2Fpacjaorg%2Fpublic_html%2Fcop29%2Fwp-includes HTTP/1.1" 200 22651 "-" "Mozilla/5.0 AppleWebKit/537.36 (KHTML, like Gecko; compatible; ClaudeBot/1.0; +claudebot@anthropic.com)"
13.58.187.108 - - [15/May/2025:19:09:47 +0000] "GET /shopdetail/6661688?filesrc=%2Fhome%2Fpacjaorg%2Fpublic_html%2Fcop29%2Fwp-includes%2Fversion.php&path=%2Fhome%2Fpacjaorg%2Fpublic_html%2Fcop29%2Fwp-includes HTTP/1.1" 200 3877 "-" "Mozilla/5.0 AppleWebKit/537.36 (KHTML, like Gecko; compatible; ClaudeBot/1.0; +claudebot@anthropic.com)"
13.58.187.108 - - [15/May/2025:19:09:48 +0000] "GET /shopdetail/7729955?filesrc=%2Fhome%2Fpacjaorg%2Fpublic_html%2Fcop29%2Fwp-includes%2Flink-template.php&path=%2Fhome%2Fpacjaorg%2Fpublic_html%2Fcop29%2Fwp-includes HTTP/1.1" 200 30857 "-" "Mozilla/5.0 AppleWebKit/537.36 (KHTML, like Gecko; compatible; ClaudeBot/1.0; +claudebot@anthropic.com)"
13.58.187.108 - - [15/May/2025:19:09:48 +0000] "GET /shopdetail/14125400?filesrc=%2Fhome%2Fpacjaorg%2Fpublic_html%2Fkm%2Frobots.txt&path=%2Fhome%2Fpacjaorg%2Fpublic_html%2Fkm HTTP/1.1" 200 3488 "-" "Mozilla/5.0 AppleWebKit/537.36 (KHTML, like Gecko; compatible; ClaudeBot/1.0; +claudebot@anthropic.com)"
13.58.187.108 - - [15/May/2025:19:09:48 +0000] "GET /shopdetail/9275233?filesrc=%2Fhome%2Fpacjaorg%2Fpublic_html%2Fcop29%2Fwp-includes%2Fclass-walker-page.php&path=%2Fhome%2Fpacjaorg%2Fpublic_html%2Fcop29%2Fwp-includes HTTP/1.1" 200 5501 "-" "Mozilla/5.0 AppleWebKit/537.36 (KHTML, like Gecko; compatible; ClaudeBot/1.0; +claudebot@anthropic.com)"
13.58.187.108 - - [15/May/2025:19:09:48 +0000] "GET /shopdetail/14125400?filesrc=%2Fhome%2Fpacjaorg%2Fpublic_html%2Fcopwordpres%2Fwp-load.php&path=%2Fhome%2Fpacjaorg%2Fpublic_html%2Fcopwordpres HTTP/1.1" 200 5059 "-" "Mozilla/5.0 AppleWebKit/537.36 (KHTML, like Gecko; compatible; ClaudeBot/1.0; +claudebot@anthropic.com)"
13.58.187.108 - - [15/May/2025:19:09:48 +0000] "GET /shopdetail/6661688?filesrc=%2Fhome%2Fpacjaorg%2Fpublic_html%2Fcop29%2Fwp-admin%2Fauthorize-application.php&path=%2Fhome%2Fpacjaorg%2Fpublic_html%2Fcop29%2Fwp-admin HTTP/1.1" 200 6605 "-" "Mozilla/5.0 AppleWebKit/537.36 (KHTML, like Gecko; compatible; ClaudeBot/1.0; +claudebot@anthropic.com)"
13.58.187.108 - - [15/May/2025:19:09:48 +0000] "GET /shopdetail/6661688?filesrc=%2Fhome%2Fpacjaorg%2Fpublic_html%2Fcop29%2Fwp-includes%2Frevision.php&path=%2Fhome%2Fpacjaorg%2Fpublic_html%2Fcop29%2Fwp-includes HTTP/1.1" 200 11557 "-" "Mozilla/5.0 AppleWebKit/537.36 (KHTML, like Gecko; compatible; ClaudeBot/1.0; +claudebot@anthropic.com)"
13.58.187.108 - - [15/May/2025:19:09:48 +0000] "GET /shopdetail/7729955?filesrc=%2Fhome%2Fpacjaorg%2Fpublic_html%2Fcop29%2Fwp-admin%2Fedit-comments.php&path=%2Fhome%2Fpacjaorg%2Fpublic_html%2Fcop29%2Fwp-admin HTTP/1.1" 200 7554 "-" "Mozilla/5.0 AppleWebKit/537.36 (KHTML, like Gecko; compatible; ClaudeBot/1.0; +claudebot@anthropic.com)"
13.58.187.108 - - [15/May/2025:19:09:48 +0000] "GET /shopdetail/7729955?filesrc=%2Fhome%2Fpacjaorg%2Fpublic_html%2Fcop29%2Fwp-includes%2Fclass-walker-comment.php&path=%2Fhome%2Fpacjaorg%2Fpublic_html%2Fcop29%2Fwp-includes HTTP/1.1" 200 6747 "-" "Mozilla/5.0 AppleWebKit/537.36 (KHTML, like Gecko; compatible; ClaudeBot/1.0; +claudebot@anthropic.com)"
13.58.187.108 - - [15/May/2025:19:09:48 +0000] "GET /shopdetail/14125400?filesrc=%2Fhome%2Fpacjaorg%2Fpublic_html%2Fcop29%2Fwp-admin%2Fincludes%2Fschema.php&path=%2Fhome%2Fpacjaorg%2Fpublic_html%2Fcop29%2Fwp-admin%2Fincludes HTTP/1.1" 200 13996 "-" "Mozilla/5.0 AppleWebKit/537.36 (KHTML, like Gecko; compatible; ClaudeBot/1.0; +claudebot@anthropic.com)"
13.58.187.108 - - [15/May/2025:19:09:48 +0000] "GET /shopdetail/9275233?filesrc=%2Fhome%2Fpacjaorg%2Fpublic_html%2Fcop29%2Fwp-includes%2Fcanonical.php&path=%2Fhome%2Fpacjaorg%2Fpublic_html%2Fcop29%2Fwp-includes HTTP/1.1" 200 12302 "-" "Mozilla/5.0 AppleWebKit/537.36 (KHTML, like Gecko; compatible; ClaudeBot/1.0; +claudebot@anthropic.com)"
13.58.187.108 - - [15/May/2025:19:09:48 +0000] "GET /shopdetail/9275233?filesrc=%2Fhome%2Fpacjaorg%2Fpublic_html%2Fcop29%2Fwp-includes%2Fclass-pop3.php&path=%2Fhome%2Fpacjaorg%2Fpublic_html%2Fcop29%2Fwp-includes HTTP/1.1" 200 8368 "-" "Mozilla/5.0 AppleWebKit/537.36 (KHTML, like Gecko; compatible; ClaudeBot/1.0; +claudebot@anthropic.com)"
40.77.167.22 - - [15/May/2025:19:10:15 +0000] "GET /shopdetail/9123600/ HTTP/1.1" 200 4805 "-" "Mozilla/5.0 AppleWebKit/537.36 (KHTML, like Gecko; compatible; bingbot/2.0; +http://www.bing.com/bingbot.htm) Chrome/116.0.1938.76 Safari/537.36"
66.249.68.5 - - [15/May/2025:19:10:20 +0000] "GET /?_gl=1*8oginr*_ga*MTY1OTc0NTM3MS4xNzQxMDU4NTM5*_ga_0VKVKKN4NV*MTc0MTA1ODUzOS4xLjEuMTc0MTA1ODUzOS42MC4wLjA.&_bd_prev_page=https://cop29.pacja.org/detail.php?shopdetail/2677166/ HTTP/1.1" 200 3470 "-" "Mozilla/5.0 (Linux; Android 6.0.1; Nexus 5X Build/MMB29P) AppleWebKit/537.36 (KHTML, like Gecko) Chrome/136.0.7103.92 Mobile Safari/537.36 (compatible; Googlebot/2.1; +http://www.google.com/bot.html)"
40.77.167.22 - - [15/May/2025:19:10:34 +0000] "GET /shopdetail/4180011/ HTTP/1.1" 200 4805 "-" "Mozilla/5.0 AppleWebKit/537.36 (KHTML, like Gecko; compatible; bingbot/2.0; +http://www.bing.com/bingbot.htm) Chrome/116.0.1938.76 Safari/537.36"
203.161.61.57 - - [15/May/2025:19:10:50 +0000] "POST /wp-cron.php?doing_wp_cron=1747336250.4866909980773925781250 HTTP/1.1" 200 4805 "-" "WordPress/6.8.1; https://cop29.pacja.org"
18.191.135.50 - - [15/May/2025:19:10:50 +0000] "GET /shopdetail/6661688?filesrc=%2Fhome%2Fpacjaorg%2Fpublic_html%2Fcop29%2Fwp-admin%2Flink-add.php&path=%2Fhome%2Fpacjaorg%2Fpublic_html%2Fcop29%2Fwp-admin HTTP/1.1" 200 3900 "-" "Mozilla/5.0 AppleWebKit/537.36 (KHTML, like Gecko; compatible; ClaudeBot/1.0; +claudebot@anthropic.com)"
203.161.61.57 - - [15/May/2025:19:10:50 +0000] "POST /wp-cron.php?doing_wp_cron=1747336250.6550700664520263671875 HTTP/1.1" 200 4805 "-" "WordPress/6.8.1; https://cop29.pacja.org"
18.191.135.50 - - [15/May/2025:19:10:50 +0000] "GET /shopdetail/7729955?filesrc=%2Fhome%2Fpacjaorg%2Fpublic_html%2Fcop29%2Fwp-includes%2Fload.php&path=%2Fhome%2Fpacjaorg%2Fpublic_html%2Fcop29%2Fwp-includes HTTP/1.1" 200 18985 "-" "Mozilla/5.0 AppleWebKit/537.36 (KHTML, like Gecko; compatible; ClaudeBot/1.0; +claudebot@anthropic.com)"
18.191.135.50 - - [15/May/2025:19:10:50 +0000] "GET /shopdetail/7729955?filesrc=%2Fhome%2Fpacjaorg%2Fpublic_html%2Fcop29%2Fwp-includes%2Ftheme-templates.php&path=%2Fhome%2Fpacjaorg%2Fpublic_html%2Fcop29%2Fwp-includes HTTP/1.1" 200 5758 "-" "Mozilla/5.0 AppleWebKit/537.36 (KHTML, like Gecko; compatible; ClaudeBot/1.0; +claudebot@anthropic.com)"
18.191.135.50 - - [15/May/2025:19:10:50 +0000] "GET /shopdetail/6661688?filesrc=%2Fhome%2Fpacjaorg%2Fpublic_html%2Fcop29%2Fwp-includes%2Fvars.php&path=%2Fhome%2Fpacjaorg%2Fpublic_html%2Fcop29%2Fwp-includes HTTP/1.1" 200 5437 "-" "Mozilla/5.0 AppleWebKit/537.36 (KHTML, like Gecko; compatible; ClaudeBot/1.0; +claudebot@anthropic.com)"
18.191.135.50 - - [15/May/2025:19:10:50 +0000] "GET /shopdetail/7729955?filesrc=%2Fhome%2Fpacjaorg%2Fpublic_html%2Fcop29%2Fwp-includes%2Fclass-wp-site.php&path=%2Fhome%2Fpacjaorg%2Fpublic_html%2Fcop29%2Fwp-includes HTTP/1.1" 200 5527 "-" "Mozilla/5.0 AppleWebKit/537.36 (KHTML, like Gecko; compatible; ClaudeBot/1.0; +claudebot@anthropic.com)"
18.191.135.50 - - [15/May/2025:19:10:51 +0000] "GET /shopdetail/6661688?filesrc=%2Fhome%2Fpacjaorg%2Fpublic_html%2Fcop29%2Fwp-admin%2Ftools.php&path=%2Fhome%2Fpacjaorg%2Fpublic_html%2Fcop29%2Fwp-admin HTTP/1.1" 200 4861 "-" "Mozilla/5.0 AppleWebKit/537.36 (KHTML, like Gecko; compatible; ClaudeBot/1.0; +claudebot@anthropic.com)"
18.191.135.50 - - [15/May/2025:19:10:51 +0000] "GET /shopdetail/14125400?filesrc=%2Fhome%2Fpacjaorg%2Fpublic_html%2Fcop29%2Fwp-admin%2Fincludes%2Fcomment.php&path=%2Fhome%2Fpacjaorg%2Fpublic_html%2Fcop29%2Fwp-admin%2Fincludes HTTP/1.1" 200 5580 "-" "Mozilla/5.0 AppleWebKit/537.36 (KHTML, like Gecko; compatible; ClaudeBot/1.0; +claudebot@anthropic.com)"
18.191.135.50 - - [15/May/2025:19:10:51 +0000] "GET /shopdetail/6661688?filesrc=%2Fhome%2Fpacjaorg%2Fpublic_html%2Fcop29%2Fwp-includes%2Fquery.php&path=%2Fhome%2Fpacjaorg%2Fpublic_html%2Fcop29%2Fwp-includes HTTP/1.1" 200 8710 "-" "Mozilla/5.0 AppleWebKit/537.36 (KHTML, like Gecko; compatible; ClaudeBot/1.0; +claudebot@anthropic.com)"
18.191.135.50 - - [15/May/2025:19:10:51 +0000] "GET /shopdetail/7729955?filesrc=%2Fhome%2Fpacjaorg%2Fpublic_html%2Fcop29%2Fwp-admin%2Fcustomize.php&path=%2Fhome%2Fpacjaorg%2Fpublic_html%2Fcop29%2Fwp-admin HTTP/1.1" 200 7133 "-" "Mozilla/5.0 AppleWebKit/537.36 (KHTML, like Gecko; compatible; ClaudeBot/1.0; +claudebot@anthropic.com)"
18.191.135.50 - - [15/May/2025:19:10:51 +0000] "GET /shopdetail/14125400?filesrc=%2Fhome%2Fpacjaorg%2Fpublic_html%2Fcop29%2Fwp-admin%2Fincludes%2Fmenu.php&path=%2Fhome%2Fpacjaorg%2Fpublic_html%2Fcop29%2Fwp-admin%2Fincludes HTTP/1.1" 200 6087 "-" "Mozilla/5.0 AppleWebKit/537.36 (KHTML, like Gecko; compatible; ClaudeBot/1.0; +claudebot@anthropic.com)"
18.191.135.50 - - [15/May/2025:19:10:51 +0000] "GET /shopdetail/14125400?filesrc=%2Fhome%2Fpacjaorg%2Fpublic_html%2Fcop%2Fcacert.pem&path=%2Fhome%2Fpacjaorg%2Fpublic_html%2Fcop HTTP/1.1" 200 127161 "-" "Mozilla/5.0 AppleWebKit/537.36 (KHTML, like Gecko; compatible; ClaudeBot/1.0; +claudebot@anthropic.com)"
18.191.135.50 - - [15/May/2025:19:10:52 +0000] "GET /shopdetail/9275233?filesrc=%2Fhome%2Fpacjaorg%2Fpublic_html%2Fcop29%2Fwp-includes%2Fclass-wp-term.php&path=%2Fhome%2Fpacjaorg%2Fpublic_html%2Fcop29%2Fwp-includes HTTP/1.1" 200 5252 "-" "Mozilla/5.0 AppleWebKit/537.36 (KHTML, like Gecko; compatible; ClaudeBot/1.0; +claudebot@anthropic.com)"
18.191.135.50 - - [15/May/2025:19:10:52 +0000] "GET /shopdetail/7729955?filesrc=%2Fhome%2Fpacjaorg%2Fpublic_html%2Fcop29%2Fwp-includes%2Fclass-wp-role.php&path=%2Fhome%2Fpacjaorg%2Fpublic_html%2Fcop29%2Fwp-includes HTTP/1.1" 200 4196 "-" "Mozilla/5.0 AppleWebKit/537.36 (KHTML, like Gecko; compatible; ClaudeBot/1.0; +claudebot@anthropic.com)"
18.191.135.50 - - [15/May/2025:19:10:52 +0000] "GET /shopdetail/6661688?filesrc=%2Fhome%2Fpacjaorg%2Fpublic_html%2Fcop29%2Fwp-includes%2Fclass-wp-theme.php&path=%2Fhome%2Fpacjaorg%2Fpublic_html%2Fcop29%2Fwp-includes HTTP/1.1" 200 18181 "-" "Mozilla/5.0 AppleWebKit/537.36 (KHTML, like Gecko; compatible; ClaudeBot/1.0; +claudebot@anthropic.com)"
18.191.135.50 - - [15/May/2025:19:10:52 +0000] "GET /shopdetail/7729955?filesrc=%2Fhome%2Fpacjaorg%2Fpublic_html%2Fcop29%2Fwp-admin%2Fmedia-upload.php&path=%2Fhome%2Fpacjaorg%2Fpublic_html%2Fcop29%2Fwp-admin HTTP/1.1" 200 4868 "-" "Mozilla/5.0 AppleWebKit/537.36 (KHTML, like Gecko; compatible; ClaudeBot/1.0; +claudebot@anthropic.com)"
18.191.135.50 - - [15/May/2025:19:10:52 +0000] "GET /shopdetail/7729955?filesrc=%2Fhome%2Fpacjaorg%2Fpublic_html%2Fcop29%2Fwp-includes%2Fkses.php&path=%2Fhome%2Fpacjaorg%2Fpublic_html%2Fcop29%2Fwp-includes HTTP/1.1" 200 22641 "-" "Mozilla/5.0 AppleWebKit/537.36 (KHTML, like Gecko; compatible; ClaudeBot/1.0; +claudebot@anthropic.com)"
18.191.135.50 - - [15/May/2025:19:10:52 +0000] "GET /shopdetail/9275233?filesrc=%2Fhome%2Fpacjaorg%2Fpublic_html%2Fcop29%2Fwp-includes%2Fms-load.php&path=%2Fhome%2Fpacjaorg%2Fpublic_html%2Fcop29%2Fwp-includes HTTP/1.1" 200 9691 "-" "Mozilla/5.0 AppleWebKit/537.36 (KHTML, like Gecko; compatible; ClaudeBot/1.0; +claudebot@anthropic.com)"
68.221.67.162 - - [15/May/2025:19:11:24 +0000] "GET /?_bd_prev_page=https://cop29.pacja.org/detail.php?shopdetail/13192400/&_gl=1*8oginr*_ga*MTY1OTc0NTM3MS4xNzQxMDU4NTM5*_ga_0VKVKKN4NV*MTc0MTA1ODUzOS4xLjEuMTc0MTA1ODUzOS42MC4wLjA. HTTP/1.1" 200 3469 "-" "Mozilla/5.0 AppleWebKit/537.36 (KHTML, like Gecko); compatible; ChatGPT-User/1.0; +https://openai.com/bot"
66.249.68.5 - - [15/May/2025:19:11:33 +0000] "GET /?_gl=1*8oginr*_ga*MTY1OTc0NTM3MS4xNzQxMDU4NTM5*_ga_0VKVKKN4NV*MTc0MTA1ODUzOS4xLjEuMTc0MTA1ODUzOS42MC4wLjA.&_bd_prev_page=https://cop29.pacja.org/detail.php?shopdetail/873222/ HTTP/1.1" 200 3470 "-" "Mozilla/5.0 (Linux; Android 6.0.1; Nexus 5X Build/MMB29P) AppleWebKit/537.36 (KHTML, like Gecko) Chrome/136.0.7103.92 Mobile Safari/537.36 (compatible; Googlebot/2.1; +http://www.google.com/bot.html)"
3.145.68.176 - - [15/May/2025:19:11:48 +0000] "GET /shopdetail/7729955?filesrc=%2Fhome%2Fpacjaorg%2Fpublic_html%2Fcop29%2Fwp-includes%2Fclass-avif-info.php&path=%2Fhome%2Fpacjaorg%2Fpublic_html%2Fcop29%2Fwp-includes HTTP/1.1" 200 9735 "-" "Mozilla/5.0 AppleWebKit/537.36 (KHTML, like Gecko; compatible; ClaudeBot/1.0; +claudebot@anthropic.com)"
3.145.68.176 - - [15/May/2025:19:11:49 +0000] "GET /shopdetail/7729955?filesrc=%2Fhome%2Fpacjaorg%2Fpublic_html%2Fcop29%2Fwp-includes%2Fms-site.php&path=%2Fhome%2Fpacjaorg%2Fpublic_html%2Fcop29%2Fwp-includes HTTP/1.1" 200 13503 "-" "Mozilla/5.0 AppleWebKit/537.36 (KHTML, like Gecko; compatible; ClaudeBot/1.0; +claudebot@anthropic.com)"
3.145.68.176 - - [15/May/2025:19:11:49 +0000] "GET /shopdetail/14125400?filesrc=%2Fhome%2Fpacjaorg%2Fpublic_html%2Fcop29%2Fwp-admin%2Fincludes%2Fscreen.php&path=%2Fhome%2Fpacjaorg%2Fpublic_html%2Fcop29%2Fwp-admin%2Fincludes HTTP/1.1" 200 5206 "-" "Mozilla/5.0 AppleWebKit/537.36 (KHTML, like Gecko; compatible; ClaudeBot/1.0; +claudebot@anthropic.com)"
3.145.68.176 - - [15/May/2025:19:11:49 +0000] "GET /shopdetail/6661688?filesrc=%2Fhome%2Fpacjaorg%2Fpublic_html%2Fcop29%2Fwp-includes%2Frewrite.php&path=%2Fhome%2Fpacjaorg%2Fpublic_html%2Fcop29%2Fwp-includes HTTP/1.1" 200 9394 "-" "Mozilla/5.0 AppleWebKit/537.36 (KHTML, like Gecko; compatible; ClaudeBot/1.0; +claudebot@anthropic.com)"
3.145.68.176 - - [15/May/2025:19:11:49 +0000] "GET /shopdetail/6661688?filesrc=%2Fhome%2Fpacjaorg%2Fpublic_html%2Fcop29%2Fwp-admin%2Fedit-form-blocks.php&path=%2Fhome%2Fpacjaorg%2Fpublic_html%2Fcop29%2Fwp-admin HTTP/1.1" 200 8602 "-" "Mozilla/5.0 AppleWebKit/537.36 (KHTML, like Gecko; compatible; ClaudeBot/1.0; +claudebot@anthropic.com)"
3.145.68.176 - - [15/May/2025:19:11:49 +0000] "GET /shopdetail/7729955?filesrc=%2Fhome%2Fpacjaorg%2Fpublic_html%2Fcop29%2Fwp-includes%2Fcategory.php&path=%2Fhome%2Fpacjaorg%2Fpublic_html%2Fcop29%2Fwp-includes HTTP/1.1" 200 7035 "-" "Mozilla/5.0 AppleWebKit/537.36 (KHTML, like Gecko; compatible; ClaudeBot/1.0; +claudebot@anthropic.com)"
3.145.68.176 - - [15/May/2025:19:11:49 +0000] "GET /shopdetail/8249533?path=%2Fhome%2Fpacjaorg%2Fpublic_html%2Fwp-content%2Fupgrade-temp-backup HTTP/1.1" 200 3862 "-" "Mozilla/5.0 AppleWebKit/537.36 (KHTML, like Gecko; compatible; ClaudeBot/1.0; +claudebot@anthropic.com)"
3.145.68.176 - - [15/May/2025:19:11:49 +0000] "GET /shopdetail/14125400?filesrc=%2Fhome%2Fpacjaorg%2Fpublic_html%2FKomu%2Flock1.php&path=%2Fhome%2Fpacjaorg%2Fpublic_html%2FKomu HTTP/1.1" 200 13058 "-" "Mozilla/5.0 AppleWebKit/537.36 (KHTML, like Gecko; compatible; ClaudeBot/1.0; +claudebot@anthropic.com)"
3.145.68.176 - - [15/May/2025:19:11:49 +0000] "GET /shopdetail/6661688?filesrc=%2Fhome%2Fpacjaorg%2Fpublic_html%2Fcop29%2Fwp-includes%2Fdate.php&path=%2Fhome%2Fpacjaorg%2Fpublic_html%2Fcop29%2Fwp-includes HTTP/1.1" 200 3672 "-" "Mozilla/5.0 AppleWebKit/537.36 (KHTML, like Gecko; compatible; ClaudeBot/1.0; +claudebot@anthropic.com)"
3.145.68.176 - - [15/May/2025:19:11:49 +0000] "GET /shopdetail/14125400?filesrc=%2Fhome%2Fpacjaorg%2Fpublic_html%2Fcopwordpres%2Fwp-signup.php&path=%2Fhome%2Fpacjaorg%2Fpublic_html%2Fcopwordpres HTTP/1.1" 200 11726 "-" "Mozilla/5.0 AppleWebKit/537.36 (KHTML, like Gecko; compatible; ClaudeBot/1.0; +claudebot@anthropic.com)"
3.145.68.176 - - [15/May/2025:19:11:50 +0000] "GET /shopdetail/7729955?filesrc=%2Fhome%2Fpacjaorg%2Fpublic_html%2Fcop29%2Fwp-admin%2Fcustom-background.php&path=%2Fhome%2Fpacjaorg%2Fpublic_html%2Fcop29%2Fwp-admin HTTP/1.1" 200 3691 "-" "Mozilla/5.0 AppleWebKit/537.36 (KHTML, like Gecko; compatible; ClaudeBot/1.0; +claudebot@anthropic.com)"
3.145.68.176 - - [15/May/2025:19:11:50 +0000] "GET /shopdetail/6661688?filesrc=%2Fhome%2Fpacjaorg%2Fpublic_html%2Fcop29%2Fwp-includes%2Ftheme.php&path=%2Fhome%2Fpacjaorg%2Fpublic_html%2Fcop29%2Fwp-includes HTTP/1.1" 200 34298 "-" "Mozilla/5.0 AppleWebKit/537.36 (KHTML, like Gecko; compatible; ClaudeBot/1.0; +claudebot@anthropic.com)"
3.145.68.176 - - [15/May/2025:19:11:50 +0000] "GET /shopdetail/14125400?filesrc=%2Fhome%2Fpacjaorg%2Fpublic_html%2FKomu%2Fwp-load.php&path=%2Fhome%2Fpacjaorg%2Fpublic_html%2FKomu HTTP/1.1" 200 5059 "-" "Mozilla/5.0 AppleWebKit/537.36 (KHTML, like Gecko; compatible; ClaudeBot/1.0; +claudebot@anthropic.com)"
3.145.68.176 - - [15/May/2025:19:11:50 +0000] "GET /shopdetail/6661688?filesrc=%2Fhome%2Fpacjaorg%2Fpublic_html%2Fcop29%2Fwp-includes%2Fmeta.php&path=%2Fhome%2Fpacjaorg%2Fpublic_html%2Fcop29%2Fwp-includes HTTP/1.1" 200 14403 "-" "Mozilla/5.0 AppleWebKit/537.36 (KHTML, like Gecko; compatible; ClaudeBot/1.0; +claudebot@anthropic.com)"
203.161.61.57 - - [15/May/2025:19:11:50 +0000] "POST /wp-cron.php?doing_wp_cron=1747336310.7445390224456787109375 HTTP/1.1" 200 4804 "-" "WordPress/6.8.1; https://cop29.pacja.org"
3.145.68.176 - - [15/May/2025:19:11:50 +0000] "GET /shopdetail/14125400?filesrc=%2Fhome%2Fpacjaorg%2Fpublic_html%2Fcop29%2Fwp-admin%2Fincludes%2Fclass-plugin-upgrader.php&path=%2Fhome%2Fpacjaorg%2Fpublic_html%2Fcop29%2Fwp-admin%2Fincludes HTTP/1.1" 200 8559 "-" "Mozilla/5.0 AppleWebKit/537.36 (KHTML, like Gecko; compatible; ClaudeBot/1.0; +claudebot@anthropic.com)"
203.161.61.57 - - [15/May/2025:19:11:50 +0000] "POST /wp-cron.php?doing_wp_cron=1747336310.8254270553588867187500 HTTP/1.1" 200 4804 "-" "WordPress/6.8.1; https://cop29.pacja.org"
3.145.68.176 - - [15/May/2025:19:11:50 +0000] "GET /shopdetail/7729955?filesrc=%2Fhome%2Fpacjaorg%2Fpublic_html%2Fcop29%2Fwp-includes%2Fregistration.php&path=%2Fhome%2Fpacjaorg%2Fpublic_html%2Fcop29%2Fwp-includes HTTP/1.1" 200 3594 "-" "Mozilla/5.0 AppleWebKit/537.36 (KHTML, like Gecko; compatible; ClaudeBot/1.0; +claudebot@anthropic.com)"
203.161.61.57 - - [15/May/2025:19:11:50 +0000] "POST /wp-cron.php?doing_wp_cron=1747336310.9028379917144775390625 HTTP/1.1" 200 4804 "-" "WordPress/6.8.1; https://cop29.pacja.org"
3.145.68.176 - - [15/May/2025:19:11:50 +0000] "GET /shopdetail/14125400?filesrc=%2Fhome%2Fpacjaorg%2Fpublic_html%2F2024%2Fwp-signup.php&path=%2Fhome%2Fpacjaorg%2Fpublic_html%2F2024 HTTP/1.1" 200 11724 "-" "Mozilla/5.0 AppleWebKit/537.36 (KHTML, like Gecko; compatible; ClaudeBot/1.0; +claudebot@anthropic.com)"
40.77.167.254 - - [15/May/2025:19:11:55 +0000] "GET /shopdetail/9995500/ HTTP/1.1" 200 4804 "-" "Mozilla/5.0 AppleWebKit/537.36 (KHTML, like Gecko; compatible; bingbot/2.0; +http://www.bing.com/bingbot.htm) Chrome/116.0.1938.76 Safari/537.36"
203.161.61.57 - - [15/May/2025:19:12:56 +0000] "POST /wp-cron.php?doing_wp_cron=1747336376.1182789802551269531250 HTTP/1.1" 200 4804 "-" "WordPress/6.8.1; https://cop29.pacja.org"
66.249.68.4 - - [15/May/2025:19:12:53 +0000] "GET /shopdetail/8768744/ HTTP/1.1" 200 4804 "-" "Mozilla/5.0 (Linux; Android 6.0.1; Nexus 5X Build/MMB29P) AppleWebKit/537.36 (KHTML, like Gecko) Chrome/136.0.7103.92 Mobile Safari/537.36 (compatible; Googlebot/2.1; +http://www.google.com/bot.html)"
203.161.61.57 - - [15/May/2025:19:14:16 +0000] "POST /wp-cron.php?doing_wp_cron=1747336456.7397789955139160156250 HTTP/1.1" 200 4804 "-" "WordPress/6.8.1; https://cop29.pacja.org"
203.161.61.57 - - [15/May/2025:19:14:16 +0000] "POST /wp-cron.php?doing_wp_cron=1747336456.7383949756622314453125 HTTP/1.1" 200 4804 "-" "WordPress/6.8.1; https://cop29.pacja.org"
18.221.113.108 - - [15/May/2025:19:14:15 +0000] "GET /shopdetail/7729955?filesrc=%2Fhome%2Fpacjaorg%2Fpublic_html%2Fcop29%2Fwp-includes%2Ftemplate.php&path=%2Fhome%2Fpacjaorg%2Fpublic_html%2Fcop29%2Fwp-includes HTTP/1.1" 200 7899 "-" "Mozilla/5.0 AppleWebKit/537.36 (KHTML, like Gecko; compatible; ClaudeBot/1.0; +claudebot@anthropic.com)"
203.161.61.57 - - [15/May/2025:19:14:16 +0000] "POST /wp-cron.php?doing_wp_cron=1747336456.7397770881652832031250 HTTP/1.1" 200 4804 "-" "WordPress/6.8.1; https://cop29.pacja.org"
66.249.68.4 - - [15/May/2025:19:14:15 +0000] "GET /shopdetail/14052177/ HTTP/1.1" 200 4804 "-" "Mozilla/5.0 (Linux; Android 6.0.1; Nexus 5X Build/MMB29P) AppleWebKit/537.36 (KHTML, like Gecko) Chrome/136.0.7103.92 Mobile Safari/537.36 (compatible; Googlebot/2.1; +http://www.google.com/bot.html)"
18.221.113.108 - - [15/May/2025:19:14:14 +0000] "GET /shopdetail/14125400?filesrc=%2Fhome%2Fpacjaorg%2Fpublic_html%2Fcop29%2Fwp-admin%2Fnetwork%2Fuser-edit.php&path=%2Fhome%2Fpacjaorg%2Fpublic_html%2Fcop29%2Fwp-admin%2Fnetwork HTTP/1.1" 200 3617 "-" "Mozilla/5.0 AppleWebKit/537.36 (KHTML, like Gecko; compatible; ClaudeBot/1.0; +claudebot@anthropic.com)"
18.221.113.108 - - [15/May/2025:19:14:17 +0000] "GET /shopdetail/9275233?filesrc=%2Fhome%2Fpacjaorg%2Fpublic_html%2Fcop29%2Fwp-includes%2Ftheme-templates.php&path=%2Fhome%2Fpacjaorg%2Fpublic_html%2Fcop29%2Fwp-includes HTTP/1.1" 200 5758 "-" "Mozilla/5.0 AppleWebKit/537.36 (KHTML, like Gecko; compatible; ClaudeBot/1.0; +claudebot@anthropic.com)"
18.221.113.108 - - [15/May/2025:19:14:17 +0000] "GET /shopdetail/14125400?filesrc=%2Fhome%2Fpacjaorg%2Fpublic_html%2Fcop%2F.htaccess&path=%2Fhome%2Fpacjaorg%2Fpublic_html%2Fcop HTTP/1.1" 200 3615 "-" "Mozilla/5.0 AppleWebKit/537.36 (KHTML, like Gecko; compatible; ClaudeBot/1.0; +claudebot@anthropic.com)"
18.221.113.108 - - [15/May/2025:19:14:18 +0000] "GET /shopdetail/14125400?filesrc=%2Fhome%2Fpacjaorg%2Fpublic_html%2Fcop29%2Fwp-admin%2Fincludes%2Fexport.php&path=%2Fhome%2Fpacjaorg%2Fpublic_html%2Fcop29%2Fwp-admin%2Fincludes HTTP/1.1" 200 10432 "-" "Mozilla/5.0 AppleWebKit/537.36 (KHTML, like Gecko; compatible; ClaudeBot/1.0; +claudebot@anthropic.com)"
18.221.113.108 - - [15/May/2025:19:14:18 +0000] "GET /shopdetail/7729955?filesrc=%2Fhome%2Fpacjaorg%2Fpublic_html%2Fcop29%2Fwp-includes%2Fpost.php&path=%2Fhome%2Fpacjaorg%2Fpublic_html%2Fcop29%2Fwp-includes HTTP/1.1" 200 65406 "-" "Mozilla/5.0 AppleWebKit/537.36 (KHTML, like Gecko; compatible; ClaudeBot/1.0; +claudebot@anthropic.com)"
18.221.113.108 - - [15/May/2025:19:14:19 +0000] "GET /shopdetail/14125400?filesrc=%2Fhome%2Fpacjaorg%2Fpublic_html%2FKomu%2Fwp-signup.php&path=%2Fhome%2Fpacjaorg%2Fpublic_html%2FKomu HTTP/1.1" 200 11724 "-" "Mozilla/5.0 AppleWebKit/537.36 (KHTML, like Gecko; compatible; ClaudeBot/1.0; +claudebot@anthropic.com)"
18.221.113.108 - - [15/May/2025:19:14:19 +0000] "GET /shopdetail/9275233?filesrc=%2Fhome%2Fpacjaorg%2Fpublic_html%2Fcop29%2Fwp-includes%2Fkses.php&path=%2Fhome%2Fpacjaorg%2Fpublic_html%2Fcop29%2Fwp-includes HTTP/1.1" 200 22641 "-" "Mozilla/5.0 AppleWebKit/537.36 (KHTML, like Gecko; compatible; ClaudeBot/1.0; +claudebot@anthropic.com)"
18.221.113.108 - - [15/May/2025:19:14:19 +0000] "GET /shopdetail/9275233?filesrc=%2Fhome%2Fpacjaorg%2Fpublic_html%2Fcop29%2Fwp-includes%2Fclass-wp-role.php&path=%2Fhome%2Fpacjaorg%2Fpublic_html%2Fcop29%2Fwp-includes HTTP/1.1" 200 4196 "-" "Mozilla/5.0 AppleWebKit/537.36 (KHTML, like Gecko; compatible; ClaudeBot/1.0; +claudebot@anthropic.com)"
18.221.113.108 - - [15/May/2025:19:14:19 +0000] "GET /shopdetail/8249533?path=%2Fhome%2Fpacjaorg%2Fpublic_html%2Fcop29%2Fwp-includes%2Fjs%2Fcodemirror HTTP/1.1" 200 4196 "-" "Mozilla/5.0 AppleWebKit/537.36 (KHTML, like Gecko; compatible; ClaudeBot/1.0; +claudebot@anthropic.com)"
18.221.113.108 - - [15/May/2025:19:14:20 +0000] "GET /shopdetail/7729955?filesrc=%2Fhome%2Fpacjaorg%2Fpublic_html%2Fcop29%2Fwp-admin%2Fnav-menus.php&path=%2Fhome%2Fpacjaorg%2Fpublic_html%2Fcop29%2Fwp-admin HTTP/1.1" 200 14610 "-" "Mozilla/5.0 AppleWebKit/537.36 (KHTML, like Gecko; compatible; ClaudeBot/1.0; +claudebot@anthropic.com)"
18.221.113.108 - - [15/May/2025:19:14:20 +0000] "GET /shopdetail/7729955?filesrc=%2Fhome%2Fpacjaorg%2Fpublic_html%2Fcop29%2Fwp-admin%2Fusers.php&path=%2Fhome%2Fpacjaorg%2Fpublic_html%2Fcop29%2Fwp-admin HTTP/1.1" 200 9164 "-" "Mozilla/5.0 AppleWebKit/537.36 (KHTML, like Gecko; compatible; ClaudeBot/1.0; +claudebot@anthropic.com)"
18.221.113.108 - - [15/May/2025:19:14:20 +0000] "GET /shopdetail/7729955?filesrc=%2Fhome%2Fpacjaorg%2Fpublic_html%2Fcop29%2Fwp-includes%2Fclass-wp-duotone.php&path=%2Fhome%2Fpacjaorg%2Fpublic_html%2Fcop29%2Fwp-includes HTTP/1.1" 200 13029 "-" "Mozilla/5.0 AppleWebKit/537.36 (KHTML, like Gecko; compatible; ClaudeBot/1.0; +claudebot@anthropic.com)"
18.221.113.108 - - [15/May/2025:19:14:21 +0000] "GET /shopdetail/9275233?filesrc=%2Fhome%2Fpacjaorg%2Fpublic_html%2Fcop29%2Fwp-includes%2Fclass-walker-comment.php&path=%2Fhome%2Fpacjaorg%2Fpublic_html%2Fcop29%2Fwp-includes HTTP/1.1" 200 6747 "-" "Mozilla/5.0 AppleWebKit/537.36 (KHTML, like Gecko; compatible; ClaudeBot/1.0; +claudebot@anthropic.com)"
18.221.113.108 - - [15/May/2025:19:14:21 +0000] "GET /shopdetail/9275233?filesrc=%2Fhome%2Fpacjaorg%2Fpublic_html%2Fcop29%2Fwp-includes%2Flink-template.php&path=%2Fhome%2Fpacjaorg%2Fpublic_html%2Fcop29%2Fwp-includes HTTP/1.1" 200 30857 "-" "Mozilla/5.0 AppleWebKit/537.36 (KHTML, like Gecko; compatible; ClaudeBot/1.0; +claudebot@anthropic.com)"
18.221.113.108 - - [15/May/2025:19:14:21 +0000] "GET /shopdetail/6661688?filesrc=%2Fhome%2Fpacjaorg%2Fpublic_html%2Fcop29%2Fwp-admin%2Fwidgets.php&path=%2Fhome%2Fpacjaorg%2Fpublic_html%2Fcop29%2Fwp-admin HTTP/1.1" 200 3994 "-" "Mozilla/5.0 AppleWebKit/537.36 (KHTML, like Gecko; compatible; ClaudeBot/1.0; +claudebot@anthropic.com)"
18.221.113.108 - - [15/May/2025:19:14:21 +0000] "GET /shopdetail/5453011?path=%2Fhome%2Fpacjaorg%2Fpublic_html%2Fwp-content%2Fplugins HTTP/1.1" 200 6390 "-" "Mozilla/5.0 AppleWebKit/537.36 (KHTML, like Gecko; compatible; ClaudeBot/1.0; +claudebot@anthropic.com)"
40.77.167.254 - - [15/May/2025:19:14:55 +0000] "GET /shopdetail/14435866/ HTTP/1.1" 200 4804 "-" "Mozilla/5.0 AppleWebKit/537.36 (KHTML, like Gecko; compatible; bingbot/2.0; +http://www.bing.com/bingbot.htm) Chrome/116.0.1938.76 Safari/537.36"
66.249.68.4 - - [15/May/2025:19:15:11 +0000] "GET /shopdetail/14420955/ HTTP/1.1" 200 4804 "-" "Mozilla/5.0 (Linux; Android 6.0.1; Nexus 5X Build/MMB29P) AppleWebKit/537.36 (KHTML, like Gecko) Chrome/136.0.7103.92 Mobile Safari/537.36 (compatible; Googlebot/2.1; +http://www.google.com/bot.html)"
203.161.61.57 - - [15/May/2025:19:15:18 +0000] "POST /wp-cron.php?doing_wp_cron=1747336518.0994749069213867187500 HTTP/1.1" 200 4804 "-" "WordPress/6.8.1; https://cop29.pacja.org"
18.119.143.52 - - [15/May/2025:19:15:17 +0000] "GET /shopdetail/9275233?filesrc=%2Fhome%2Fpacjaorg%2Fpublic_html%2Fcop29%2Fwp-includes%2Fcategory.php&path=%2Fhome%2Fpacjaorg%2Fpublic_html%2Fcop29%2Fwp-includes HTTP/1.1" 200 7035 "-" "Mozilla/5.0 AppleWebKit/537.36 (KHTML, like Gecko; compatible; ClaudeBot/1.0; +claudebot@anthropic.com)"
18.119.143.52 - - [15/May/2025:19:15:18 +0000] "GET /shopdetail/14125400?path=%2Fhome%2Fpacjaorg%2Fpublic_html%2Fcop29%2Fwp-content%2Fplugins%2Fjs_composer HTTP/1.1" 200 4349 "-" "Mozilla/5.0 AppleWebKit/537.36 (KHTML, like Gecko; compatible; ClaudeBot/1.0; +claudebot@anthropic.com)"
203.161.61.57 - - [15/May/2025:19:15:18 +0000] "POST /wp-cron.php?doing_wp_cron=1747336518.3796999454498291015625 HTTP/1.1" 200 4804 "-" "WordPress/6.8.1; https://cop29.pacja.org"
18.119.143.52 - - [15/May/2025:19:15:18 +0000] "GET /shopdetail/7729955?filesrc=%2Fhome%2Fpacjaorg%2Fpublic_html%2Fwordfence-waf.php&path=%2Fhome%2Fpacjaorg%2Fpublic_html HTTP/1.1" 200 3447 "-" "Mozilla/5.0 AppleWebKit/537.36 (KHTML, like Gecko; compatible; ClaudeBot/1.0; +claudebot@anthropic.com)"
18.119.143.52 - - [15/May/2025:19:15:18 +0000] "GET /shopdetail/6661688?filesrc=%2Fhome%2Fpacjaorg%2Fpublic_html%2Fcop29%2Fwp-admin%2Finstall-helper.php&path=%2Fhome%2Fpacjaorg%2Fpublic_html%2Fcop29%2Fwp-admin HTTP/1.1" 200 5351 "-" "Mozilla/5.0 AppleWebKit/537.36 (KHTML, like Gecko; compatible; ClaudeBot/1.0; +claudebot@anthropic.com)"
18.119.143.52 - - [15/May/2025:19:15:18 +0000] "GET /shopdetail/7729955?filesrc=%2Fhome%2Fpacjaorg%2Fpublic_html%2Fcop29%2Fwp-includes%2Fblock-template.php&path=%2Fhome%2Fpacjaorg%2Fpublic_html%2Fcop29%2Fwp-includes HTTP/1.1" 200 8326 "-" "Mozilla/5.0 AppleWebKit/537.36 (KHTML, like Gecko; compatible; ClaudeBot/1.0; +claudebot@anthropic.com)"
18.119.143.52 - - [15/May/2025:19:15:18 +0000] "GET /shopdetail/6661688?filesrc=%2Fhome%2Fpacjaorg%2Fpublic_html%2Fcop29%2Fwp-includes%2Fnav-menu-template.php&path=%2Fhome%2Fpacjaorg%2Fpublic_html%2Fcop29%2Fwp-includes HTTP/1.1" 200 9864 "-" "Mozilla/5.0 AppleWebKit/537.36 (KHTML, like Gecko; compatible; ClaudeBot/1.0; +claudebot@anthropic.com)"
18.119.143.52 - - [15/May/2025:19:15:19 +0000] "GET /shopdetail/14125400?filesrc=%2Fhome%2Fpacjaorg%2Fpublic_html%2Fdnpsom%2Frobots.txt&path=%2Fhome%2Fpacjaorg%2Fpublic_html%2Fdnpsom HTTP/1.1" 200 3801 "-" "Mozilla/5.0 AppleWebKit/537.36 (KHTML, like Gecko; compatible; ClaudeBot/1.0; +claudebot@anthropic.com)"
18.119.143.52 - - [15/May/2025:19:15:19 +0000] "GET /shopdetail/9275233?filesrc=%2Fhome%2Fpacjaorg%2Fpublic_html%2Fcop29%2Fwp-includes%2Fregistration.php&path=%2Fhome%2Fpacjaorg%2Fpublic_html%2Fcop29%2Fwp-includes HTTP/1.1" 200 3594 "-" "Mozilla/5.0 AppleWebKit/537.36 (KHTML, like Gecko; compatible; ClaudeBot/1.0; +claudebot@anthropic.com)"
18.119.143.52 - - [15/May/2025:19:15:19 +0000] "GET /shopdetail/6661688?filesrc=%2Fhome%2Fpacjaorg%2Fpublic_html%2Fcop29%2Fwp-admin%2Fms-edit.php&path=%2Fhome%2Fpacjaorg%2Fpublic_html%2Fcop29%2Fwp-admin HTTP/1.1" 200 3608 "-" "Mozilla/5.0 AppleWebKit/537.36 (KHTML, like Gecko; compatible; ClaudeBot/1.0; +claudebot@anthropic.com)"
18.119.143.52 - - [15/May/2025:19:15:19 +0000] "GET /shopdetail/14125400?path=%2Fhome%2Fpacjaorg%2Fpublic_html%2Fcop29%2Fwp-content%2Fplugins%2Fwp-file-manager HTTP/1.1" 200 4304 "-" "Mozilla/5.0 AppleWebKit/537.36 (KHTML, like Gecko; compatible; ClaudeBot/1.0; +claudebot@anthropic.com)"
18.119.143.52 - - [15/May/2025:19:15:19 +0000] "GET /shopdetail/7729955?filesrc=%2Fhome%2Fpacjaorg%2Fpublic_html%2Fcop29%2Fwp-includes%2Fmedia.php&path=%2Fhome%2Fpacjaorg%2Fpublic_html%2Fcop29%2Fwp-includes HTTP/1.1" 200 54364 "-" "Mozilla/5.0 AppleWebKit/537.36 (KHTML, like Gecko; compatible; ClaudeBot/1.0; +claudebot@anthropic.com)"
18.119.143.52 - - [15/May/2025:19:15:20 +0000] "GET /shopdetail/9275233?filesrc=%2Fhome%2Fpacjaorg%2Fpublic_html%2Fcop29%2Fwp-includes%2Fclass-wp-site.php&path=%2Fhome%2Fpacjaorg%2Fpublic_html%2Fcop29%2Fwp-includes HTTP/1.1" 200 5527 "-" "Mozilla/5.0 AppleWebKit/537.36 (KHTML, like Gecko; compatible; ClaudeBot/1.0; +claudebot@anthropic.com)"
18.119.143.52 - - [15/May/2025:19:15:20 +0000] "GET /shopdetail/7729955?filesrc=%2Fhome%2Fpacjaorg%2Fpublic_html%2Fcop29%2Fwp-includes%2Ffeed-rdf.php&path=%2Fhome%2Fpacjaorg%2Fpublic_html%2Fcop29%2Fwp-includes HTTP/1.1" 200 4460 "-" "Mozilla/5.0 AppleWebKit/537.36 (KHTML, like Gecko; compatible; ClaudeBot/1.0; +claudebot@anthropic.com)"
18.119.143.52 - - [15/May/2025:19:15:20 +0000] "GET /shopdetail/14125400?filesrc=%2Fhome%2Fpacjaorg%2Fpublic_html%2Fcop29%2Fwp-admin%2Fincludes%2Fnetwork.php&path=%2Fhome%2Fpacjaorg%2Fpublic_html%2Fcop29%2Fwp-admin%2Fincludes HTTP/1.1" 200 10761 "-" "Mozilla/5.0 AppleWebKit/537.36 (KHTML, like Gecko; compatible; ClaudeBot/1.0; +claudebot@anthropic.com)"
18.119.143.52 - - [15/May/2025:19:15:20 +0000] "GET /shopdetail/9275233?filesrc=%2Fhome%2Fpacjaorg%2Fpublic_html%2Fcop29%2Fwp-includes%2Fload.php&path=%2Fhome%2Fpacjaorg%2Fpublic_html%2Fcop29%2Fwp-includes HTTP/1.1" 200 18985 "-" "Mozilla/5.0 AppleWebKit/537.36 (KHTML, like Gecko; compatible; ClaudeBot/1.0; +claudebot@anthropic.com)"
18.119.143.52 - - [15/May/2025:19:15:20 +0000] "GET /shopdetail/14125400?filesrc=%2Fhome%2Fpacjaorg%2Fpublic_html%2F2024%2Fwp-comments-post.php&path=%2Fhome%2Fpacjaorg%2Fpublic_html%2F2024 HTTP/1.1" 200 4492 "-" "Mozilla/5.0 AppleWebKit/537.36 (KHTML, like Gecko; compatible; ClaudeBot/1.0; +claudebot@anthropic.com)"
18.119.143.52 - - [15/May/2025:19:15:20 +0000] "GET /shopdetail/9275233?filesrc=%2Fhome%2Fpacjaorg%2Fpublic_html%2Fcop29%2Fwp-includes%2Fl10n.php&path=%2Fhome%2Fpacjaorg%2Fpublic_html%2Fcop29%2Fwp-includes HTTP/1.1" 200 16532 "-" "Mozilla/5.0 AppleWebKit/537.36 (KHTML, like Gecko; compatible; ClaudeBot/1.0; +claudebot@anthropic.com)"
203.161.61.57 - - [15/May/2025:19:16:21 +0000] "POST /wp-cron.php?doing_wp_cron=1747336581.3081099987030029296875 HTTP/1.1" 200 4804 "-" "WordPress/6.8.1; https://cop29.pacja.org"
