216.73.216.124 - - [15/May/2025:18:01:27 +0000] "GET /shopdetail/5453011?aksi=buatfile&path=%2Fhome%2Fpacjaorg HTTP/1.1" 200 5132 "-" "Mozilla/5.0 AppleWebKit/537.36 (KHTML, like Gecko; compatible; ClaudeBot/1.0; +claudebot@anthropic.com)"
216.73.216.124 - - [15/May/2025:18:01:27 +0000] "GET /shopdetail/18350555?path=%2F%2Fopt HTTP/1.1" 200 3973 "-" "Mozilla/5.0 AppleWebKit/537.36 (KHTML, like Gecko; compatible; ClaudeBot/1.0; +claudebot@anthropic.com)"
216.73.216.124 - - [15/May/2025:18:01:27 +0000] "GET /shopdetail/5453011?aksi=ransom&path=%2Fhome%2Fpacjaorg HTTP/1.1" 200 5132 "-" "Mozilla/5.0 AppleWebKit/537.36 (KHTML, like Gecko; compatible; ClaudeBot/1.0; +claudebot@anthropic.com)"
203.161.61.57 - - [15/May/2025:18:01:29 +0000] "POST /wp-cron.php?doing_wp_cron=1747332088.9708850383758544921875 HTTP/1.1" 200 4805 "-" "WordPress/6.8.1; https://cop29.pacja.org"
203.161.61.57 - - [15/May/2025:18:01:28 +0000] "POST /wp-cron.php?doing_wp_cron=1747332088.9702699184417724609375 HTTP/1.1" 200 4805 "-" "WordPress/6.8.1; https://cop29.pacja.org"
216.73.216.124 - - [15/May/2025:18:01:27 +0000] "GET /shopdetail/18350555?path=%2F%2Fboot HTTP/1.1" 200 4819 "-" "Mozilla/5.0 AppleWebKit/537.36 (KHTML, like Gecko; compatible; ClaudeBot/1.0; +claudebot@anthropic.com)"
203.161.61.57 - - [15/May/2025:18:01:29 +0000] "POST /wp-cron.php?doing_wp_cron=1747332088.9727890491485595703125 HTTP/1.1" 200 4805 "-" "WordPress/6.8.1; https://cop29.pacja.org"
203.161.61.57 - - [15/May/2025:18:01:29 +0000] "POST /wp-cron.php?doing_wp_cron=1747332088.9702699184417724609375 HTTP/1.1" 200 4805 "-" "WordPress/6.8.1; https://cop29.pacja.org"
216.73.216.124 - - [15/May/2025:18:01:27 +0000] "GET /shopdetail/11448666?path=%2F%2Fvar HTTP/1.1" 200 4571 "-" "Mozilla/5.0 AppleWebKit/537.36 (KHTML, like Gecko; compatible; ClaudeBot/1.0; +claudebot@anthropic.com)"
216.73.216.124 - - [15/May/2025:18:01:28 +0000] "GET /shopdetail/16670266?path=%2F%2Flost+found HTTP/1.1" 200 3523 "-" "Mozilla/5.0 AppleWebKit/537.36 (KHTML, like Gecko; compatible; ClaudeBot/1.0; +claudebot@anthropic.com)"
216.73.216.124 - - [15/May/2025:18:01:27 +0000] "GET /shopdetail/11448666?path=%2F%2Fdev HTTP/1.1" 200 4474 "-" "Mozilla/5.0 AppleWebKit/537.36 (KHTML, like Gecko; compatible; ClaudeBot/1.0; +claudebot@anthropic.com)"
203.161.61.57 - - [15/May/2025:18:01:29 +0000] "POST /wp-cron.php?doing_wp_cron=1747332088.9698419570922851562500 HTTP/1.1" 200 4805 "-" "WordPress/6.8.1; https://cop29.pacja.org"
203.161.61.57 - - [15/May/2025:18:01:28 +0000] "POST /wp-cron.php?doing_wp_cron=1747332088.9698300361633300781250 HTTP/1.1" 200 4805 "-" "WordPress/6.8.1; https://cop29.pacja.org"
216.73.216.124 - - [15/May/2025:18:01:27 +0000] "GET /shopdetail/18350555?path=%2F%2Ftmp HTTP/1.1" 200 16946 "-" "Mozilla/5.0 AppleWebKit/537.36 (KHTML, like Gecko; compatible; ClaudeBot/1.0; +claudebot@anthropic.com)"
216.73.216.124 - - [15/May/2025:18:01:28 +0000] "GET /shopdetail/11448666?path=%2F%2Fbin HTTP/1.1" 200 39593 "-" "Mozilla/5.0 AppleWebKit/537.36 (KHTML, like Gecko; compatible; ClaudeBot/1.0; +claudebot@anthropic.com)"
216.73.216.124 - - [15/May/2025:18:01:29 +0000] "GET /shopdetail/16670266?path=%2F%2Ftmp HTTP/1.1" 200 16946 "-" "Mozilla/5.0 AppleWebKit/537.36 (KHTML, like Gecko; compatible; ClaudeBot/1.0; +claudebot@anthropic.com)"
216.73.216.124 - - [15/May/2025:18:01:29 +0000] "GET /shopdetail/16670266?path=%2F%2Fopt HTTP/1.1" 200 3973 "-" "Mozilla/5.0 AppleWebKit/537.36 (KHTML, like Gecko; compatible; ClaudeBot/1.0; +claudebot@anthropic.com)"
172.213.21.122 - - [15/May/2025:18:01:38 +0000] "GET /?_bd_prev_page=https://cop29.pacja.org/detail.php?shopdetail/19783966/&_gl=1*8oginr*_ga*MTY1OTc0NTM3MS4xNzQxMDU4NTM5*_ga_0VKVKKN4NV*MTc0MTA1ODUzOS4xLjEuMTc0MTA1ODUzOS42MC4wLjA. HTTP/1.1" 200 3469 "-" "Mozilla/5.0 AppleWebKit/537.36 (KHTML, like Gecko); compatible; ChatGPT-User/1.0; +https://openai.com/bot"
40.77.202.139 - - [15/May/2025:18:02:41 +0000] "GET /wp-content/plugins/maintenance/load/fonts/fontawesome-webfont.woff2?v=4.7.0 HTTP/1.1" 200 77160 "-" "Mozilla/5.0 AppleWebKit/537.36 (KHTML, like Gecko; compatible; bingbot/2.0; +http://www.bing.com/bingbot.htm) Chrome/100.0.4896.127 Safari/537.36"
40.77.202.9 - - [15/May/2025:18:02:41 +0000] "GET /wp-content/plugins/maintenance/load/fonts/foundation-icons.woff HTTP/1.1" 200 32020 "-" "Mozilla/5.0 AppleWebKit/537.36 (KHTML, like Gecko; compatible; bingbot/2.0; +http://www.bing.com/bingbot.htm) Chrome/100.0.4896.127 Safari/537.36"
203.161.61.57 - - [15/May/2025:18:02:56 +0000] "POST /wp-cron.php?doing_wp_cron=1747332176.9340488910675048828125 HTTP/1.1" 200 4805 "-" "WordPress/6.8.1; https://cop29.pacja.org"
203.161.61.57 - - [15/May/2025:18:02:56 +0000] "POST /wp-cron.php?doing_wp_cron=1747332176.9367170333862304687500 HTTP/1.1" 200 4805 "-" "WordPress/6.8.1; https://cop29.pacja.org"
203.161.61.57 - - [15/May/2025:18:02:56 +0000] "POST /wp-cron.php?doing_wp_cron=1747332176.9435229301452636718750 HTTP/1.1" 200 4805 "-" "WordPress/6.8.1; https://cop29.pacja.org"
203.161.61.57 - - [15/May/2025:18:02:56 +0000] "POST /wp-cron.php?doing_wp_cron=1747332176.9347169399261474609375 HTTP/1.1" 200 4805 "-" "WordPress/6.8.1; https://cop29.pacja.org"
216.73.216.8 - - [15/May/2025:18:02:56 +0000] "GET /shopdetail/18350555?aksi=buatfile&path=%2Fhome%2Fpacjaorg HTTP/1.1" 200 5132 "-" "Mozilla/5.0 AppleWebKit/537.36 (KHTML, like Gecko; compatible; ClaudeBot/1.0; +claudebot@anthropic.com)"
216.73.216.8 - - [15/May/2025:18:02:54 +0000] "GET /shopdetail/16670266?path=%2F%2Fdev HTTP/1.1" 200 4474 "-" "Mozilla/5.0 AppleWebKit/537.36 (KHTML, like Gecko; compatible; ClaudeBot/1.0; +claudebot@anthropic.com)"
216.73.216.8 - - [15/May/2025:18:02:56 +0000] "GET /shopdetail/18350555?filesrc=%2F%2Frazor-agent.log&path=%2F HTTP/1.1" 200 3478 "-" "Mozilla/5.0 AppleWebKit/537.36 (KHTML, like Gecko; compatible; ClaudeBot/1.0; +claudebot@anthropic.com)"
216.73.216.8 - - [15/May/2025:18:02:55 +0000] "GET /shopdetail/16670266?path=%2F%2Fvar HTTP/1.1" 200 4571 "-" "Mozilla/5.0 AppleWebKit/537.36 (KHTML, like Gecko; compatible; ClaudeBot/1.0; +claudebot@anthropic.com)"
203.161.61.57 - - [15/May/2025:18:02:56 +0000] "POST /wp-cron.php?doing_wp_cron=1747332176.9759950637817382812500 HTTP/1.1" 200 4805 "-" "WordPress/6.8.1; https://cop29.pacja.org"
216.73.216.8 - - [15/May/2025:18:02:56 +0000] "GET /shopdetail/16670266?aksi=buatfile&path=%2Fhome%2Fpacjaorg HTTP/1.1" 200 5132 "-" "Mozilla/5.0 AppleWebKit/537.36 (KHTML, like Gecko; compatible; ClaudeBot/1.0; +claudebot@anthropic.com)"
216.73.216.8 - - [15/May/2025:18:02:57 +0000] "GET /shopdetail/11448666?path=%2F%2Fproc HTTP/1.1" 200 9727 "-" "Mozilla/5.0 AppleWebKit/537.36 (KHTML, like Gecko; compatible; ClaudeBot/1.0; +claudebot@anthropic.com)"
216.73.216.8 - - [15/May/2025:18:02:57 +0000] "GET /shopdetail/11448666?path=%2F%2Fmnt HTTP/1.1" 200 3514 "-" "Mozilla/5.0 AppleWebKit/537.36 (KHTML, like Gecko; compatible; ClaudeBot/1.0; +claudebot@anthropic.com)"
216.73.216.8 - - [15/May/2025:18:02:57 +0000] "GET /shopdetail/18350555?path=%2F%2Flost+found HTTP/1.1" 200 3523 "-" "Mozilla/5.0 AppleWebKit/537.36 (KHTML, like Gecko; compatible; ClaudeBot/1.0; +claudebot@anthropic.com)"
216.73.216.8 - - [15/May/2025:18:02:57 +0000] "GET /shopdetail/16670266?filesrc=%2F%2Frazor-agent.log&path=%2F HTTP/1.1" 200 3478 "-" "Mozilla/5.0 AppleWebKit/537.36 (KHTML, like Gecko; compatible; ClaudeBot/1.0; +claudebot@anthropic.com)"
216.73.216.8 - - [15/May/2025:18:02:57 +0000] "GET /shopdetail/16670266?path=%2F%2Fbin HTTP/1.1" 200 39593 "-" "Mozilla/5.0 AppleWebKit/537.36 (KHTML, like Gecko; compatible; ClaudeBot/1.0; +claudebot@anthropic.com)"
216.73.216.8 - - [15/May/2025:18:02:57 +0000] "GET /shopdetail/11448666?aksi=buatfile&path=%2Fhome%2Fpacjaorg HTTP/1.1" 200 5132 "-" "Mozilla/5.0 AppleWebKit/537.36 (KHTML, like Gecko; compatible; ClaudeBot/1.0; +claudebot@anthropic.com)"
216.73.216.8 - - [15/May/2025:18:02:57 +0000] "GET /shopdetail/11448666?aksi=ransom&path=%2Fhome%2Fpacjaorg HTTP/1.1" 200 5132 "-" "Mozilla/5.0 AppleWebKit/537.36 (KHTML, like Gecko; compatible; ClaudeBot/1.0; +claudebot@anthropic.com)"
45.185.163.58 - - [15/May/2025:18:03:00 +0000] "GET /calendar-v1/ HTTP/1.1" 200 4805 "-" "Mozilla/5.0 (Windows NT 10.0; Win64; x64) AppleWebKit/537.36 (KHTML, like Gecko) Chrome/129.0.0.0 Safari/537.36"
66.249.68.4 - - [15/May/2025:18:03:17 +0000] "GET /?_gl=1*8oginr*_ga*MTY1OTc0NTM3MS4xNzQxMDU4NTM5*_ga_0VKVKKN4NV*MTc0MTA1ODUzOS4xLjEuMTc0MTA1ODUzOS42MC4wLjA.&_bd_prev_page=https://cop29.pacja.org/detail.php?shopdetail/11570588/ HTTP/1.1" 200 3469 "-" "Mozilla/5.0 (Linux; Android 6.0.1; Nexus 5X Build/MMB29P) AppleWebKit/537.36 (KHTML, like Gecko) Chrome/136.0.7103.92 Mobile Safari/537.36 (compatible; Googlebot/2.1; +http://www.google.com/bot.html)"
203.161.61.57 - - [15/May/2025:18:04:26 +0000] "POST /wp-cron.php?doing_wp_cron=1747332266.9535369873046875000000 HTTP/1.1" 200 4806 "-" "WordPress/6.8.1; https://cop29.pacja.org"
203.161.61.57 - - [15/May/2025:18:04:26 +0000] "POST /wp-cron.php?doing_wp_cron=1747332266.9532051086425781250000 HTTP/1.1" 200 4806 "-" "WordPress/6.8.1; https://cop29.pacja.org"
203.161.61.57 - - [15/May/2025:18:04:26 +0000] "POST /wp-cron.php?doing_wp_cron=1747332266.9537041187286376953125 HTTP/1.1" 200 4806 "-" "WordPress/6.8.1; https://cop29.pacja.org"
203.161.61.57 - - [15/May/2025:18:04:26 +0000] "POST /wp-cron.php?doing_wp_cron=1747332266.9533131122589111328125 HTTP/1.1" 200 4806 "-" "WordPress/6.8.1; https://cop29.pacja.org"
203.161.61.57 - - [15/May/2025:18:04:26 +0000] "POST /wp-cron.php?doing_wp_cron=1747332266.9535069465637207031250 HTTP/1.1" 200 4806 "-" "WordPress/6.8.1; https://cop29.pacja.org"
3.23.94.64 - - [15/May/2025:18:04:25 +0000] "GET /shopdetail/18350555?path=%2F%2Fvar HTTP/1.1" 200 4571 "-" "Mozilla/5.0 AppleWebKit/537.36 (KHTML, like Gecko; compatible; ClaudeBot/1.0; +claudebot@anthropic.com)"
3.23.94.64 - - [15/May/2025:18:04:24 +0000] "GET /shopdetail/18350555?path=%2F%2Fmnt HTTP/1.1" 200 3514 "-" "Mozilla/5.0 AppleWebKit/537.36 (KHTML, like Gecko; compatible; ClaudeBot/1.0; +claudebot@anthropic.com)"
3.23.94.64 - - [15/May/2025:18:04:25 +0000] "GET /shopdetail/16670266?path=%2F%2Frun HTTP/1.1" 200 7238 "-" "Mozilla/5.0 AppleWebKit/537.36 (KHTML, like Gecko; compatible; ClaudeBot/1.0; +claudebot@anthropic.com)"
3.23.94.64 - - [15/May/2025:18:04:25 +0000] "GET /shopdetail/11448666?path=%2F%2Fsys HTTP/1.1" 200 4042 "-" "Mozilla/5.0 AppleWebKit/537.36 (KHTML, like Gecko; compatible; ClaudeBot/1.0; +claudebot@anthropic.com)"
3.23.94.64 - - [15/May/2025:18:04:25 +0000] "GET /shopdetail/18350555?path=%2F%2Fdev HTTP/1.1" 200 4474 "-" "Mozilla/5.0 AppleWebKit/537.36 (KHTML, like Gecko; compatible; ClaudeBot/1.0; +claudebot@anthropic.com)"
3.23.94.64 - - [15/May/2025:18:04:27 +0000] "GET /shopdetail/16670266?path=%2F%2Fproc HTTP/1.1" 200 9833 "-" "Mozilla/5.0 AppleWebKit/537.36 (KHTML, like Gecko; compatible; ClaudeBot/1.0; +claudebot@anthropic.com)"
3.23.94.64 - - [15/May/2025:18:04:27 +0000] "GET /shopdetail/16670266?path=%2F%2Fmnt HTTP/1.1" 200 3514 "-" "Mozilla/5.0 AppleWebKit/537.36 (KHTML, like Gecko; compatible; ClaudeBot/1.0; +claudebot@anthropic.com)"
3.23.94.64 - - [15/May/2025:18:04:27 +0000] "GET /shopdetail/11448666?path=%2F%2Froot HTTP/1.1" 200 3517 "-" "Mozilla/5.0 AppleWebKit/537.36 (KHTML, like Gecko; compatible; ClaudeBot/1.0; +claudebot@anthropic.com)"
3.23.94.64 - - [15/May/2025:18:04:28 +0000] "GET /shopdetail/18350555?path=%2F%2Fbin HTTP/1.1" 200 39593 "-" "Mozilla/5.0 AppleWebKit/537.36 (KHTML, like Gecko; compatible; ClaudeBot/1.0; +claudebot@anthropic.com)"
3.23.94.64 - - [15/May/2025:18:04:28 +0000] "GET /shopdetail/18350555?aksi=ransom&path=%2Fhome%2Fpacjaorg HTTP/1.1" 200 5132 "-" "Mozilla/5.0 AppleWebKit/537.36 (KHTML, like Gecko; compatible; ClaudeBot/1.0; +claudebot@anthropic.com)"
3.23.94.64 - - [15/May/2025:18:04:28 +0000] "GET /shopdetail/11448666?path=%2F%2Frun HTTP/1.1" 200 7238 "-" "Mozilla/5.0 AppleWebKit/537.36 (KHTML, like Gecko; compatible; ClaudeBot/1.0; +claudebot@anthropic.com)"
3.23.94.64 - - [15/May/2025:18:04:28 +0000] "GET /shopdetail/16670266?aksi=ransom&path=%2Fhome%2Fpacjaorg HTTP/1.1" 200 5132 "-" "Mozilla/5.0 AppleWebKit/537.36 (KHTML, like Gecko; compatible; ClaudeBot/1.0; +claudebot@anthropic.com)"
52.167.144.232 - - [15/May/2025:18:04:39 +0000] "GET /shopdetail/16453833/ HTTP/1.1" 200 4805 "-" "Mozilla/5.0 AppleWebKit/537.36 (KHTML, like Gecko; compatible; bingbot/2.0; +http://www.bing.com/bingbot.htm) Chrome/116.0.1938.76 Safari/537.36"
203.161.61.57 - - [15/May/2025:18:05:31 +0000] "POST /wp-cron.php?doing_wp_cron=1747332331.6694939136505126953125 HTTP/1.1" 200 4806 "-" "WordPress/6.8.1; https://cop29.pacja.org"
203.161.61.57 - - [15/May/2025:18:05:31 +0000] "POST /wp-cron.php?doing_wp_cron=1747332331.6694939136505126953125 HTTP/1.1" 200 4806 "-" "WordPress/6.8.1; https://cop29.pacja.org"
203.161.61.57 - - [15/May/2025:18:05:31 +0000] "POST /wp-cron.php?doing_wp_cron=1747332331.6699469089508056640625 HTTP/1.1" 200 4806 "-" "WordPress/6.8.1; https://cop29.pacja.org"
52.14.216.203 - - [15/May/2025:18:05:29 +0000] "GET /shopdetail/16670266?aksi=buatfolder&path=%2Fhome HTTP/1.1" 200 3469 "-" "Mozilla/5.0 AppleWebKit/537.36 (KHTML, like Gecko; compatible; ClaudeBot/1.0; +claudebot@anthropic.com)"
203.161.61.57 - - [15/May/2025:18:05:31 +0000] "POST /wp-cron.php?doing_wp_cron=1747332331.6691379547119140625000 HTTP/1.1" 200 4806 "-" "WordPress/6.8.1; https://cop29.pacja.org"
52.14.216.203 - - [15/May/2025:18:05:30 +0000] "GET /shopdetail/18350555?path=%2F%2Fsys HTTP/1.1" 200 4042 "-" "Mozilla/5.0 AppleWebKit/537.36 (KHTML, like Gecko; compatible; ClaudeBot/1.0; +claudebot@anthropic.com)"
203.161.61.57 - - [15/May/2025:18:05:31 +0000] "POST /wp-cron.php?doing_wp_cron=1747332331.6700119972229003906250 HTTP/1.1" 200 4806 "-" "WordPress/6.8.1; https://cop29.pacja.org"
52.14.216.203 - - [15/May/2025:18:05:30 +0000] "GET /shopdetail/11448666?path=%2F%2Fmedia HTTP/1.1" 200 3515 "-" "Mozilla/5.0 AppleWebKit/537.36 (KHTML, like Gecko; compatible; ClaudeBot/1.0; +claudebot@anthropic.com)"
52.14.216.203 - - [15/May/2025:18:05:29 +0000] "GET /shopdetail/16670266?path=%2F%2Fetc HTTP/1.1" 200 13328 "-" "Mozilla/5.0 AppleWebKit/537.36 (KHTML, like Gecko; compatible; ClaudeBot/1.0; +claudebot@anthropic.com)"
52.14.216.203 - - [15/May/2025:18:05:30 +0000] "GET /shopdetail/18350555?path=%2F%2Froot HTTP/1.1" 200 3517 "-" "Mozilla/5.0 AppleWebKit/537.36 (KHTML, like Gecko; compatible; ClaudeBot/1.0; +claudebot@anthropic.com)"
52.14.216.203 - - [15/May/2025:18:05:32 +0000] "GET /shopdetail/11448666?path=%2F%2Fetc HTTP/1.1" 200 13328 "-" "Mozilla/5.0 AppleWebKit/537.36 (KHTML, like Gecko; compatible; ClaudeBot/1.0; +claudebot@anthropic.com)"
52.14.216.203 - - [15/May/2025:18:05:32 +0000] "GET /shopdetail/16670266?path=%2F%2Fsys HTTP/1.1" 200 4042 "-" "Mozilla/5.0 AppleWebKit/537.36 (KHTML, like Gecko; compatible; ClaudeBot/1.0; +claudebot@anthropic.com)"
52.14.216.203 - - [15/May/2025:18:05:32 +0000] "GET /shopdetail/11448666?aksi=buatfolder&path=%2Fhome HTTP/1.1" 200 3469 "-" "Mozilla/5.0 AppleWebKit/537.36 (KHTML, like Gecko; compatible; ClaudeBot/1.0; +claudebot@anthropic.com)"
52.14.216.203 - - [15/May/2025:18:05:32 +0000] "GET /shopdetail/18350555?path=%2F%2Frun HTTP/1.1" 200 7238 "-" "Mozilla/5.0 AppleWebKit/537.36 (KHTML, like Gecko; compatible; ClaudeBot/1.0; +claudebot@anthropic.com)"
52.14.216.203 - - [15/May/2025:18:05:32 +0000] "GET /shopdetail/18350555?path=%2F%2Fproc HTTP/1.1" 200 9887 "-" "Mozilla/5.0 AppleWebKit/537.36 (KHTML, like Gecko; compatible; ClaudeBot/1.0; +claudebot@anthropic.com)"
52.14.216.203 - - [15/May/2025:18:05:33 +0000] "GET /shopdetail/5453011?aksi=buatfolder&path=%2Fhome HTTP/1.1" 200 3469 "-" "Mozilla/5.0 AppleWebKit/537.36 (KHTML, like Gecko; compatible; ClaudeBot/1.0; +claudebot@anthropic.com)"
52.14.216.203 - - [15/May/2025:18:05:33 +0000] "GET /shopdetail/16670266?path=%2F%2Froot HTTP/1.1" 200 3517 "-" "Mozilla/5.0 AppleWebKit/537.36 (KHTML, like Gecko; compatible; ClaudeBot/1.0; +claudebot@anthropic.com)"
203.161.61.57 - - [15/May/2025:18:06:34 +0000] "POST /wp-cron.php?doing_wp_cron=1747332394.7378289699554443359375 HTTP/1.1" 200 4806 "-" "WordPress/6.8.1; https://cop29.pacja.org"
203.161.61.57 - - [15/May/2025:18:06:34 +0000] "POST /wp-cron.php?doing_wp_cron=1747332394.7385470867156982421875 HTTP/1.1" 200 4806 "-" "WordPress/6.8.1; https://cop29.pacja.org"
216.73.216.100 - - [15/May/2025:18:06:32 +0000] "GET /shopdetail/16670266?filesrc=%2F%2Fquota.user&path=%2F HTTP/1.1" 200 3397 "-" "Mozilla/5.0 AppleWebKit/537.36 (KHTML, like Gecko; compatible; ClaudeBot/1.0; +claudebot@anthropic.com)"
216.73.216.100 - - [15/May/2025:18:06:32 +0000] "GET /shopdetail/11448666?filesrc=%2F%2Fquota.user&path=%2F HTTP/1.1" 200 3397 "-" "Mozilla/5.0 AppleWebKit/537.36 (KHTML, like Gecko; compatible; ClaudeBot/1.0; +claudebot@anthropic.com)"
203.161.61.57 - - [15/May/2025:18:06:34 +0000] "POST /wp-cron.php?doing_wp_cron=1747332394.7424929141998291015625 HTTP/1.1" 200 4806 "-" "WordPress/6.8.1; https://cop29.pacja.org"
203.161.61.57 - - [15/May/2025:18:06:34 +0000] "POST /wp-cron.php?doing_wp_cron=1747332394.7424430847167968750000 HTTP/1.1" 200 4806 "-" "WordPress/6.8.1; https://cop29.pacja.org"
203.161.61.57 - - [15/May/2025:18:06:34 +0000] "POST /wp-cron.php?doing_wp_cron=1747332394.7466828823089599609375 HTTP/1.1" 200 4806 "-" "WordPress/6.8.1; https://cop29.pacja.org"
216.73.216.100 - - [15/May/2025:18:06:32 +0000] "GET /shopdetail/18350555?filesrc=%2F%2Fquota.user&path=%2F HTTP/1.1" 200 3397 "-" "Mozilla/5.0 AppleWebKit/537.36 (KHTML, like Gecko; compatible; ClaudeBot/1.0; +claudebot@anthropic.com)"
216.73.216.100 - - [15/May/2025:18:06:33 +0000] "GET /shopdetail/16670266?aksi=buatfile&path=%2Fhome HTTP/1.1" 200 3513 "-" "Mozilla/5.0 AppleWebKit/537.36 (KHTML, like Gecko; compatible; ClaudeBot/1.0; +claudebot@anthropic.com)"
216.73.216.100 - - [15/May/2025:18:06:33 +0000] "GET /shopdetail/16670266?aksi=ransom&path=%2Fhome HTTP/1.1" 200 3513 "-" "Mozilla/5.0 AppleWebKit/537.36 (KHTML, like Gecko; compatible; ClaudeBot/1.0; +claudebot@anthropic.com)"
216.73.216.100 - - [15/May/2025:18:06:35 +0000] "GET /shopdetail/18350555?path=%2F%2Fmedia HTTP/1.1" 200 3515 "-" "Mozilla/5.0 AppleWebKit/537.36 (KHTML, like Gecko; compatible; ClaudeBot/1.0; +claudebot@anthropic.com)"
216.73.216.100 - - [15/May/2025:18:06:35 +0000] "GET /shopdetail/11448666?aksi=buatfile&path=%2Fhome HTTP/1.1" 200 3513 "-" "Mozilla/5.0 AppleWebKit/537.36 (KHTML, like Gecko; compatible; ClaudeBot/1.0; +claudebot@anthropic.com)"
216.73.216.100 - - [15/May/2025:18:06:35 +0000] "GET /shopdetail/11448666?aksi=ransom&path=%2Fhome HTTP/1.1" 200 3513 "-" "Mozilla/5.0 AppleWebKit/537.36 (KHTML, like Gecko; compatible; ClaudeBot/1.0; +claudebot@anthropic.com)"
216.73.216.100 - - [15/May/2025:18:06:35 +0000] "GET /shopdetail/18350555?path=%2F%2Fetc HTTP/1.1" 200 13328 "-" "Mozilla/5.0 AppleWebKit/537.36 (KHTML, like Gecko; compatible; ClaudeBot/1.0; +claudebot@anthropic.com)"
216.73.216.100 - - [15/May/2025:18:06:36 +0000] "GET /shopdetail/16670266?path=%2F%2Fmedia HTTP/1.1" 200 3515 "-" "Mozilla/5.0 AppleWebKit/537.36 (KHTML, like Gecko; compatible; ClaudeBot/1.0; +claudebot@anthropic.com)"
216.73.216.100 - - [15/May/2025:18:06:36 +0000] "GET /shopdetail/5453011?aksi=buatfile&path=%2Fhome HTTP/1.1" 200 3513 "-" "Mozilla/5.0 AppleWebKit/537.36 (KHTML, like Gecko; compatible; ClaudeBot/1.0; +claudebot@anthropic.com)"
216.73.216.100 - - [15/May/2025:18:06:36 +0000] "GET /shopdetail/5453011?aksi=ransom&path=%2Fhome HTTP/1.1" 200 3513 "-" "Mozilla/5.0 AppleWebKit/537.36 (KHTML, like Gecko; compatible; ClaudeBot/1.0; +claudebot@anthropic.com)"
66.249.68.5 - - [15/May/2025:18:06:51 +0000] "GET /?_gl=1*8oginr*_ga*MTY1OTc0NTM3MS4xNzQxMDU4NTM5*_ga_0VKVKKN4NV*MTc0MTA1ODUzOS4xLjEuMTc0MTA1ODUzOS42MC4wLjA.&_bd_prev_page=https://cop29.pacja.org/detail.php?shopdetail/7661766/ HTTP/1.1" 200 3469 "-" "Mozilla/5.0 (Linux; Android 6.0.1; Nexus 5X Build/MMB29P) AppleWebKit/537.36 (KHTML, like Gecko) Chrome/136.0.7103.92 Mobile Safari/537.36 (compatible; Googlebot/2.1; +http://www.google.com/bot.html)"
52.167.144.180 - - [15/May/2025:18:07:24 +0000] "GET /product/edit/21172225 HTTP/1.1" 200 4806 "-" "Mozilla/5.0 AppleWebKit/537.36 (KHTML, like Gecko; compatible; bingbot/2.0; +http://www.bing.com/bingbot.htm) Chrome/116.0.1938.76 Safari/537.36"
3.15.223.214 - - [15/May/2025:18:07:41 +0000] "GET /shopdetail/16670266?aksi=ransom&path=%2F HTTP/1.1" 200 4532 "-" "Mozilla/5.0 AppleWebKit/537.36 (KHTML, like Gecko; compatible; ClaudeBot/1.0; +claudebot@anthropic.com)"
203.161.61.57 - - [15/May/2025:18:07:40 +0000] "POST /wp-cron.php?doing_wp_cron=1747332460.9764440059661865234375 HTTP/1.1" 200 4806 "-" "WordPress/6.8.1; https://cop29.pacja.org"
3.15.223.214 - - [15/May/2025:18:07:40 +0000] "GET /shopdetail/18350555?aksi=ransom&path=%2F HTTP/1.1" 200 4532 "-" "Mozilla/5.0 AppleWebKit/537.36 (KHTML, like Gecko; compatible; ClaudeBot/1.0; +claudebot@anthropic.com)"
3.15.223.214 - - [15/May/2025:18:07:41 +0000] "GET /shopdetail/18350555?aksi=buatfile&path=%2F HTTP/1.1" 200 4532 "-" "Mozilla/5.0 AppleWebKit/537.36 (KHTML, like Gecko; compatible; ClaudeBot/1.0; +claudebot@anthropic.com)"
3.15.223.214 - - [15/May/2025:18:07:41 +0000] "GET /shopdetail/16670266?aksi=buatfile&path=%2F HTTP/1.1" 200 4532 "-" "Mozilla/5.0 AppleWebKit/537.36 (KHTML, like Gecko; compatible; ClaudeBot/1.0; +claudebot@anthropic.com)"
3.15.223.214 - - [15/May/2025:18:07:41 +0000] "GET /shopdetail/11448666?aksi=ransom&path=%2F HTTP/1.1" 200 4532 "-" "Mozilla/5.0 AppleWebKit/537.36 (KHTML, like Gecko; compatible; ClaudeBot/1.0; +claudebot@anthropic.com)"
3.15.223.214 - - [15/May/2025:18:07:41 +0000] "GET /shopdetail/11448666?aksi=buatfile&path=%2F HTTP/1.1" 200 4532 "-" "Mozilla/5.0 AppleWebKit/537.36 (KHTML, like Gecko; compatible; ClaudeBot/1.0; +claudebot@anthropic.com)"
3.15.223.214 - - [15/May/2025:18:07:41 +0000] "GET /shopdetail/16670266?aksi=buatfolder&path=%2F HTTP/1.1" 200 3457 "-" "Mozilla/5.0 AppleWebKit/537.36 (KHTML, like Gecko; compatible; ClaudeBot/1.0; +claudebot@anthropic.com)"
3.15.223.214 - - [15/May/2025:18:07:42 +0000] "GET /shopdetail/18350555?aksi=buatfolder&path=%2F HTTP/1.1" 200 3457 "-" "Mozilla/5.0 AppleWebKit/537.36 (KHTML, like Gecko; compatible; ClaudeBot/1.0; +claudebot@anthropic.com)"
3.15.223.214 - - [15/May/2025:18:07:42 +0000] "GET /shopdetail/11448666?aksi=buatfolder&path=%2F HTTP/1.1" 200 3457 "-" "Mozilla/5.0 AppleWebKit/537.36 (KHTML, like Gecko; compatible; ClaudeBot/1.0; +claudebot@anthropic.com)"
3.15.223.214 - - [15/May/2025:18:07:42 +0000] "GET /shopdetail/16670266?filesrc=%2F%2F.autorelabel&path=%2F HTTP/1.1" 200 3398 "-" "Mozilla/5.0 AppleWebKit/537.36 (KHTML, like Gecko; compatible; ClaudeBot/1.0; +claudebot@anthropic.com)"
3.15.223.214 - - [15/May/2025:18:07:42 +0000] "GET /shopdetail/18350555?filesrc=%2F%2F.autorelabel&path=%2F HTTP/1.1" 200 3398 "-" "Mozilla/5.0 AppleWebKit/537.36 (KHTML, like Gecko; compatible; ClaudeBot/1.0; +claudebot@anthropic.com)"
3.15.223.214 - - [15/May/2025:18:07:42 +0000] "GET /shopdetail/11448666?filesrc=%2F%2F.autorelabel&path=%2F HTTP/1.1" 200 3398 "-" "Mozilla/5.0 AppleWebKit/537.36 (KHTML, like Gecko; compatible; ClaudeBot/1.0; +claudebot@anthropic.com)"
203.161.61.57 - - [15/May/2025:18:08:43 +0000] "POST /wp-cron.php?doing_wp_cron=1747332523.8362219333648681640625 HTTP/1.1" 200 4806 "-" "WordPress/6.8.1; https://cop29.pacja.org"
66.249.68.5 - - [15/May/2025:18:08:41 +0000] "GET /?_gl=1*8oginr*_ga*MTY1OTc0NTM3MS4xNzQxMDU4NTM5*_ga_0VKVKKN4NV*MTc0MTA1ODUzOS4xLjEuMTc0MTA1ODUzOS42MC4wLjA.&_bd_prev_page=https://cop29.pacja.org/detail.php?shopdetail/17360833/ HTTP/1.1" 200 3470 "-" "Mozilla/5.0 (Linux; Android 6.0.1; Nexus 5X Build/MMB29P) AppleWebKit/537.36 (KHTML, like Gecko) Chrome/136.0.7103.92 Mobile Safari/537.36 (compatible; Googlebot/2.1; +http://www.google.com/bot.html)"
18.222.48.95 - - [15/May/2025:18:08:46 +0000] "GET /shopdetail/14125400?filesrc=%2Fhome%2Fpacjaorg%2Fpublic_html%2Fwp-includes%2Fblock-template-utils.php&path=%2Fhome%2Fpacjaorg%2Fpublic_html%2Fwp-includes HTTP/1.1" 200 16842 "-" "Mozilla/5.0 AppleWebKit/537.36 (KHTML, like Gecko; compatible; ClaudeBot/1.0; +claudebot@anthropic.com)"
18.222.48.95 - - [15/May/2025:18:08:46 +0000] "GET /shopdetail/14125400?filesrc=%2Fhome%2Fpacjaorg%2Fpublic_html%2Fwp-includes%2Ffunctions.php&path=%2Fhome%2Fpacjaorg%2Fpublic_html%2Fwp-includes HTTP/1.1" 200 77651 "-" "Mozilla/5.0 AppleWebKit/537.36 (KHTML, like Gecko; compatible; ClaudeBot/1.0; +claudebot@anthropic.com)"
18.222.48.95 - - [15/May/2025:18:08:46 +0000] "GET /shopdetail/14125400?filesrc=%2Fhome%2Fpacjaorg%2Fpublic_html%2Fwp-includes%2Fblock-editor.php&path=%2Fhome%2Fpacjaorg%2Fpublic_html%2Fwp-includes HTTP/1.1" 200 10273 "-" "Mozilla/5.0 AppleWebKit/537.36 (KHTML, like Gecko; compatible; ClaudeBot/1.0; +claudebot@anthropic.com)"
18.222.48.95 - - [15/May/2025:18:08:46 +0000] "GET /shopdetail/14125400?filesrc=%2Fhome%2Fpacjaorg%2Fpublic_html%2Fwp-includes%2Fclass-wp-editor.php&path=%2Fhome%2Fpacjaorg%2Fpublic_html%2Fwp-includes HTTP/1.1" 200 20755 "-" "Mozilla/5.0 AppleWebKit/537.36 (KHTML, like Gecko; compatible; ClaudeBot/1.0; +claudebot@anthropic.com)"
18.222.48.95 - - [15/May/2025:18:08:46 +0000] "GET /shopdetail/8249533?filesrc=%2Fhome%2Fpacjaorg%2Fpublic_html%2Fcop29%2Fwp-includes%2Fjs%2Fcomment-reply.js&path=%2Fhome%2Fpacjaorg%2Fpublic_html%2Fcop29%2Fwp-includes%2Fjs HTTP/1.1" 200 7161 "-" "Mozilla/5.0 AppleWebKit/537.36 (KHTML, like Gecko; compatible; ClaudeBot/1.0; +claudebot@anthropic.com)"
18.222.48.95 - - [15/May/2025:18:08:46 +0000] "GET /shopdetail/14125400?filesrc=%2Fhome%2Fpacjaorg%2Fpublic_html%2Fwp-includes%2Fwp-diff.php&path=%2Fhome%2Fpacjaorg%2Fpublic_html%2Fwp-includes HTTP/1.1" 200 3763 "-" "Mozilla/5.0 AppleWebKit/537.36 (KHTML, like Gecko; compatible; ClaudeBot/1.0; +claudebot@anthropic.com)"
18.222.48.95 - - [15/May/2025:18:08:46 +0000] "GET /shopdetail/14125400?filesrc=%2Fhome%2Fpacjaorg%2Fpublic_html%2Fwp-includes%2Ffeed-rss2-comments.php&path=%2Fhome%2Fpacjaorg%2Fpublic_html%2Fwp-includes HTTP/1.1" 200 4887 "-" "Mozilla/5.0 AppleWebKit/537.36 (KHTML, like Gecko; compatible; ClaudeBot/1.0; +claudebot@anthropic.com)"
18.222.48.95 - - [15/May/2025:18:08:47 +0000] "GET /shopdetail/14125400?filesrc=%2Fhome%2Fpacjaorg%2Fpublic_html%2Fwp-includes%2Fclass.wp-dependencies.php&path=%2Fhome%2Fpacjaorg%2Fpublic_html%2Fwp-includes HTTP/1.1" 200 3629 "-" "Mozilla/5.0 AppleWebKit/537.36 (KHTML, like Gecko; compatible; ClaudeBot/1.0; +claudebot@anthropic.com)"
18.222.48.95 - - [15/May/2025:18:08:47 +0000] "GET /shopdetail/14125400?filesrc=%2Fhome%2Fpacjaorg%2Fpublic_html%2Fwp-includes%2Fscript-loader.php&path=%2Fhome%2Fpacjaorg%2Fpublic_html%2Fwp-includes HTTP/1.1" 200 35666 "-" "Mozilla/5.0 AppleWebKit/537.36 (KHTML, like Gecko; compatible; ClaudeBot/1.0; +claudebot@anthropic.com)"
18.222.48.95 - - [15/May/2025:18:08:47 +0000] "GET /shopdetail/14125400?filesrc=%2Fhome%2Fpacjaorg%2Fpublic_html%2Fwp-includes%2Fscript-modules.php&path=%2Fhome%2Fpacjaorg%2Fpublic_html%2Fwp-includes HTTP/1.1" 200 5159 "-" "Mozilla/5.0 AppleWebKit/537.36 (KHTML, like Gecko; compatible; ClaudeBot/1.0; +claudebot@anthropic.com)"
18.222.48.95 - - [15/May/2025:18:08:47 +0000] "GET /shopdetail/14125400?filesrc=%2Fhome%2Fpacjaorg%2Fpublic_html%2Fwp-admin%2Fasync-upload.php&path=%2Fhome%2Fpacjaorg%2Fpublic_html%2Fwp-admin HTTP/1.1" 200 5439 "-" "Mozilla/5.0 AppleWebKit/537.36 (KHTML, like Gecko; compatible; ClaudeBot/1.0; +claudebot@anthropic.com)"
18.222.48.95 - - [15/May/2025:18:08:47 +0000] "GET /shopdetail/14125400?filesrc=%2Fhome%2Fpacjaorg%2Fpublic_html%2Fwp-includes%2Frss-functions.php&path=%2Fhome%2Fpacjaorg%2Fpublic_html%2Fwp-includes HTTP/1.1" 200 3620 "-" "Mozilla/5.0 AppleWebKit/537.36 (KHTML, like Gecko; compatible; ClaudeBot/1.0; +claudebot@anthropic.com)"
18.222.48.95 - - [15/May/2025:18:08:47 +0000] "GET /shopdetail/8249533?filesrc=%2Fhome%2Fpacjaorg%2Fpublic_html%2Fcop29%2Fwp-includes%2Fjs%2Fapi-request.min.js&path=%2Fhome%2Fpacjaorg%2Fpublic_html%2Fcop29%2Fwp-includes%2Fjs HTTP/1.1" 200 4070 "-" "Mozilla/5.0 AppleWebKit/537.36 (KHTML, like Gecko; compatible; ClaudeBot/1.0; +claudebot@anthropic.com)"
18.222.48.95 - - [15/May/2025:18:08:47 +0000] "GET /shopdetail/14125400?filesrc=%2Fhome%2Fpacjaorg%2Fpublic_html%2Fwp-includes%2Ffunctions.wp-styles.php&path=%2Fhome%2Fpacjaorg%2Fpublic_html%2Fwp-includes HTTP/1.1" 200 5754 "-" "Mozilla/5.0 AppleWebKit/537.36 (KHTML, like Gecko; compatible; ClaudeBot/1.0; +claudebot@anthropic.com)"
18.222.48.95 - - [15/May/2025:18:08:47 +0000] "GET /shopdetail/14125400?filesrc=%2Fhome%2Fpacjaorg%2Fpublic_html%2Fwp-includes%2Fclass.wp-scripts.php&path=%2Fhome%2Fpacjaorg%2Fpublic_html%2Fwp-includes HTTP/1.1" 200 3626 "-" "Mozilla/5.0 AppleWebKit/537.36 (KHTML, like Gecko; compatible; ClaudeBot/1.0; +claudebot@anthropic.com)"
18.222.48.95 - - [15/May/2025:18:08:48 +0000] "GET /shopdetail/8249533?filesrc=%2Fhome%2Fpacjaorg%2Fpublic_html%2Fcop29%2Fwp-includes%2Fjs%2Fapi-request.js&path=%2Fhome%2Fpacjaorg%2Fpublic_html%2Fcop29%2Fwp-includes%2Fjs HTTP/1.1" 200 4778 "-" "Mozilla/5.0 AppleWebKit/537.36 (KHTML, like Gecko; compatible; ClaudeBot/1.0; +claudebot@anthropic.com)"
18.222.48.95 - - [15/May/2025:18:08:48 +0000] "GET /shopdetail/14125400?filesrc=%2Fhome%2Fpacjaorg%2Fpublic_html%2Fwp-includes%2Ffunctions.wp-scripts.php&path=%2Fhome%2Fpacjaorg%2Fpublic_html%2Fwp-includes HTTP/1.1" 200 7408 "-" "Mozilla/5.0 AppleWebKit/537.36 (KHTML, like Gecko; compatible; ClaudeBot/1.0; +claudebot@anthropic.com)"
203.161.61.57 - - [15/May/2025:18:09:48 +0000] "POST /wp-cron.php?doing_wp_cron=1747332588.8011779785156250000000 HTTP/1.1" 200 4805 "-" "WordPress/6.8.1; https://cop29.pacja.org"
203.161.61.57 - - [15/May/2025:18:09:48 +0000] "POST /wp-cron.php?doing_wp_cron=1747332588.7999470233917236328125 HTTP/1.1" 200 4805 "-" "WordPress/6.8.1; https://cop29.pacja.org"
203.161.61.57 - - [15/May/2025:18:09:48 +0000] "POST /wp-cron.php?doing_wp_cron=1747332588.7999370098114013671875 HTTP/1.1" 200 4805 "-" "WordPress/6.8.1; https://cop29.pacja.org"
203.161.61.57 - - [15/May/2025:18:09:48 +0000] "POST /wp-cron.php?doing_wp_cron=1747332588.8004748821258544921875 HTTP/1.1" 200 4805 "-" "WordPress/6.8.1; https://cop29.pacja.org"
203.161.61.57 - - [15/May/2025:18:09:48 +0000] "POST /wp-cron.php?doing_wp_cron=1747332588.8012111186981201171875 HTTP/1.1" 200 4805 "-" "WordPress/6.8.1; https://cop29.pacja.org"
216.73.216.10 - - [15/May/2025:18:09:46 +0000] "GET /shopdetail/14125400?filesrc=%2Fhome%2Fpacjaorg%2Fpublic_html%2Fwp-includes%2Fclass-wp-embed.php&path=%2Fhome%2Fpacjaorg%2Fpublic_html%2Fwp-includes HTTP/1.1" 200 8209 "-" "Mozilla/5.0 AppleWebKit/537.36 (KHTML, like Gecko; compatible; ClaudeBot/1.0; +claudebot@anthropic.com)"
216.73.216.10 - - [15/May/2025:18:09:47 +0000] "GET /shopdetail/14125400?filesrc=%2Fhome%2Fpacjaorg%2Fpublic_html%2Fwp-includes%2Fms-files.php&path=%2Fhome%2Fpacjaorg%2Fpublic_html%2Fwp-includes HTTP/1.1" 200 4585 "-" "Mozilla/5.0 AppleWebKit/537.36 (KHTML, like Gecko; compatible; ClaudeBot/1.0; +claudebot@anthropic.com)"
203.161.61.57 - - [15/May/2025:18:09:48 +0000] "POST /wp-cron.php?doing_wp_cron=1747332588.8003799915313720703125 HTTP/1.1" 200 4805 "-" "WordPress/6.8.1; https://cop29.pacja.org"
216.73.216.10 - - [15/May/2025:18:09:47 +0000] "GET /shopdetail/14125400?filesrc=%2Fhome%2Fpacjaorg%2Fpublic_html%2Fwp-includes%2Fclass-wp-dependency.php&path=%2Fhome%2Fpacjaorg%2Fpublic_html%2Fwp-includes HTTP/1.1" 200 4327 "-" "Mozilla/5.0 AppleWebKit/537.36 (KHTML, like Gecko; compatible; ClaudeBot/1.0; +claudebot@anthropic.com)"
216.73.216.10 - - [15/May/2025:18:09:47 +0000] "GET /shopdetail/14125400?filesrc=%2Fhome%2Fpacjaorg%2Fpublic_html%2Fwp-includes%2Fclass-wp-user.php&path=%2Fhome%2Fpacjaorg%2Fpublic_html%2Fwp-includes HTTP/1.1" 200 9251 "-" "Mozilla/5.0 AppleWebKit/537.36 (KHTML, like Gecko; compatible; ClaudeBot/1.0; +claudebot@anthropic.com)"
203.161.61.57 - - [15/May/2025:18:09:48 +0000] "POST /wp-cron.php?doing_wp_cron=1747332588.8025560379028320312500 HTTP/1.1" 200 4805 "-" "WordPress/6.8.1; https://cop29.pacja.org"
216.73.216.10 - - [15/May/2025:18:09:47 +0000] "GET /shopdetail/8249533?filesrc=%2Fhome%2Fpacjaorg%2Fpublic_html%2Fcop29%2Fwp-includes%2Fjs%2Fswfobject.js&path=%2Fhome%2Fpacjaorg%2Fpublic_html%2Fcop29%2Fwp-includes%2Fjs HTTP/1.1" 200 7552 "-" "Mozilla/5.0 AppleWebKit/537.36 (KHTML, like Gecko; compatible; ClaudeBot/1.0; +claudebot@anthropic.com)"
216.73.216.10 - - [15/May/2025:18:09:47 +0000] "GET /shopdetail/8249533?filesrc=%2Fhome%2Fpacjaorg%2Fpublic_html%2Fcop29%2Fwp-includes%2Fjs%2Fwp-pointer.js&path=%2Fhome%2Fpacjaorg%2Fpublic_html%2Fcop29%2Fwp-includes%2Fjs HTTP/1.1" 200 6452 "-" "Mozilla/5.0 AppleWebKit/537.36 (KHTML, like Gecko; compatible; ClaudeBot/1.0; +claudebot@anthropic.com)"
203.161.61.57 - - [15/May/2025:18:09:48 +0000] "POST /wp-cron.php?doing_wp_cron=1747332588.8020761013031005859375 HTTP/1.1" 200 4805 "-" "WordPress/6.8.1; https://cop29.pacja.org"
216.73.216.10 - - [15/May/2025:18:09:47 +0000] "GET /shopdetail/14125400?filesrc=%2Fhome%2Fpacjaorg%2Fpublic_html%2Fwp-includes%2Fclass-wp-block.php&path=%2Fhome%2Fpacjaorg%2Fpublic_html%2Fwp-includes HTTP/1.1" 200 9448 "-" "Mozilla/5.0 AppleWebKit/537.36 (KHTML, like Gecko; compatible; ClaudeBot/1.0; +claudebot@anthropic.com)"
216.73.216.10 - - [15/May/2025:18:09:47 +0000] "GET /shopdetail/14125400?filesrc=%2Fhome%2Fpacjaorg%2Fpublic_html%2Fwp-includes%2Fclass.wp-styles.php&path=%2Fhome%2Fpacjaorg%2Fpublic_html%2Fwp-includes HTTP/1.1" 200 3627 "-" "Mozilla/5.0 AppleWebKit/537.36 (KHTML, like Gecko; compatible; ClaudeBot/1.0; +claudebot@anthropic.com)"
216.73.216.10 - - [15/May/2025:18:09:49 +0000] "GET /shopdetail/14125400?filesrc=%2Fhome%2Fpacjaorg%2Fpublic_html%2Fwp-includes%2Ffeed-rss2.php&path=%2Fhome%2Fpacjaorg%2Fpublic_html%2Fwp-includes HTTP/1.1" 200 4845 "-" "Mozilla/5.0 AppleWebKit/537.36 (KHTML, like Gecko; compatible; ClaudeBot/1.0; +claudebot@anthropic.com)"
216.73.216.10 - - [15/May/2025:18:09:49 +0000] "GET /shopdetail/14125400?filesrc=%2Fhome%2Fpacjaorg%2Fpublic_html%2Fwp-includes%2Fclass-wp-exception.php&path=%2Fhome%2Fpacjaorg%2Fpublic_html%2Fwp-includes HTTP/1.1" 200 3578 "-" "Mozilla/5.0 AppleWebKit/537.36 (KHTML, like Gecko; compatible; ClaudeBot/1.0; +claudebot@anthropic.com)"
216.73.216.10 - - [15/May/2025:18:09:49 +0000] "GET /shopdetail/14125400?filesrc=%2Fhome%2Fpacjaorg%2Fpublic_html%2Fwp-includes%2Fclass-wp-error.php&path=%2Fhome%2Fpacjaorg%2Fpublic_html%2Fwp-includes HTTP/1.1" 200 5292 "-" "Mozilla/5.0 AppleWebKit/537.36 (KHTML, like Gecko; compatible; ClaudeBot/1.0; +claudebot@anthropic.com)"
216.73.216.10 - - [15/May/2025:18:09:49 +0000] "GET /shopdetail/14125400?filesrc=%2Fhome%2Fpacjaorg%2Fpublic_html%2Fwp-includes%2Fclass-json.php&path=%2Fhome%2Fpacjaorg%2Fpublic_html%2Fwp-includes HTTP/1.1" 200 12313 "-" "Mozilla/5.0 AppleWebKit/537.36 (KHTML, like Gecko; compatible; ClaudeBot/1.0; +claudebot@anthropic.com)"
216.73.216.10 - - [15/May/2025:18:09:49 +0000] "GET /shopdetail/5453011?filesrc=%2Fhome%2Fpacjaorg%2Fpublic_html%2Fwp-content%2Findex.php&path=%2Fhome%2Fpacjaorg%2Fpublic_html%2Fwp-content HTTP/1.1" 200 3469 "-" "Mozilla/5.0 AppleWebKit/537.36 (KHTML, like Gecko; compatible; ClaudeBot/1.0; +claudebot@anthropic.com)"
216.73.216.10 - - [15/May/2025:18:09:49 +0000] "GET /shopdetail/14125400?filesrc=%2Fhome%2Fpacjaorg%2Fpublic_html%2Fwp-includes%2Fms-default-constants.php&path=%2Fhome%2Fpacjaorg%2Fpublic_html%2Fwp-includes HTTP/1.1" 200 5032 "-" "Mozilla/5.0 AppleWebKit/537.36 (KHTML, like Gecko; compatible; ClaudeBot/1.0; +claudebot@anthropic.com)"
216.73.216.10 - - [15/May/2025:18:09:49 +0000] "GET /shopdetail/14125400?filesrc=%2Fhome%2Fpacjaorg%2Fpublic_html%2Fwp-includes%2Fms-functions.php&path=%2Fhome%2Fpacjaorg%2Fpublic_html%2Fwp-includes HTTP/1.1" 200 23495 "-" "Mozilla/5.0 AppleWebKit/537.36 (KHTML, like Gecko; compatible; ClaudeBot/1.0; +claudebot@anthropic.com)"
216.73.216.10 - - [15/May/2025:18:09:50 +0000] "GET /shopdetail/8249533?filesrc=%2Fhome%2Fpacjaorg%2Fpublic_html%2Fwp-content%2Findex.php&path=%2Fhome%2Fpacjaorg%2Fpublic_html%2Fwp-content HTTP/1.1" 200 3469 "-" "Mozilla/5.0 AppleWebKit/537.36 (KHTML, like Gecko; compatible; ClaudeBot/1.0; +claudebot@anthropic.com)"
216.73.216.10 - - [15/May/2025:18:09:50 +0000] "GET /shopdetail/14125400?filesrc=%2Fhome%2Fpacjaorg%2Fpublic_html%2Fwp-includes%2Frest-api.php&path=%2Fhome%2Fpacjaorg%2Fpublic_html%2Fwp-includes HTTP/1.1" 200 25011 "-" "Mozilla/5.0 AppleWebKit/537.36 (KHTML, like Gecko; compatible; ClaudeBot/1.0; +claudebot@anthropic.com)"
40.77.167.12 - - [15/May/2025:18:10:24 +0000] "GET /shopdetail/20515388/ HTTP/1.1" 200 4805 "-" "Mozilla/5.0 AppleWebKit/537.36 (KHTML, like Gecko; compatible; bingbot/2.0; +http://www.bing.com/bingbot.htm) Chrome/116.0.1938.76 Safari/537.36"
203.161.61.57 - - [15/May/2025:18:10:58 +0000] "POST /wp-cron.php?doing_wp_cron=1747332658.8521389961242675781250 HTTP/1.1" 200 4805 "-" "WordPress/6.8.1; https://cop29.pacja.org"
203.161.61.57 - - [15/May/2025:18:10:58 +0000] "POST /wp-cron.php?doing_wp_cron=1747332658.8288450241088867187500 HTTP/1.1" 200 4805 "-" "WordPress/6.8.1; https://cop29.pacja.org"
3.137.159.3 - - [15/May/2025:18:10:58 +0000] "GET /shopdetail/8249533?filesrc=%2Fhome%2Fpacjaorg%2Fpublic_html%2Fcopp%2Fwp-blog-header.php&path=%2Fhome%2Fpacjaorg%2Fpublic_html%2Fcopp HTTP/1.1" 200 3639 "-" "Mozilla/5.0 AppleWebKit/537.36 (KHTML, like Gecko; compatible; ClaudeBot/1.0; +claudebot@anthropic.com)"
3.137.159.3 - - [15/May/2025:18:10:58 +0000] "GET /shopdetail/14125400?filesrc=%2Fhome%2Fpacjaorg%2Fpublic_html%2Fwp-admin%2Fadmin-header.php&path=%2Fhome%2Fpacjaorg%2Fpublic_html%2Fwp-admin HTTP/1.1" 200 6430 "-" "Mozilla/5.0 AppleWebKit/537.36 (KHTML, like Gecko; compatible; ClaudeBot/1.0; +claudebot@anthropic.com)"
3.137.159.3 - - [15/May/2025:18:10:58 +0000] "GET /shopdetail/14125400?filesrc=%2Fhome%2Fpacjaorg%2Fpublic_html%2Fwp-includes%2Ftemplate-loader.php&path=%2Fhome%2Fpacjaorg%2Fpublic_html%2Fwp-includes HTTP/1.1" 200 4540 "-" "Mozilla/5.0 AppleWebKit/537.36 (KHTML, like Gecko; compatible; ClaudeBot/1.0; +claudebot@anthropic.com)"
3.137.159.3 - - [15/May/2025:18:10:58 +0000] "GET /shopdetail/8249533?filesrc=%2Fhome%2Fpacjaorg%2Fpublic_html%2Fcop29%2Fwp-includes%2Fjs%2Futils.js&path=%2Fhome%2Fpacjaorg%2Fpublic_html%2Fcop29%2Fwp-includes%2Fjs HTTP/1.1" 200 5119 "-" "Mozilla/5.0 AppleWebKit/537.36 (KHTML, like Gecko; compatible; ClaudeBot/1.0; +claudebot@anthropic.com)"
203.161.61.57 - - [15/May/2025:18:10:59 +0000] "POST /wp-cron.php?doing_wp_cron=1747332659.0101430416107177734375 HTTP/1.1" 200 4805 "-" "WordPress/6.8.1; https://cop29.pacja.org"
3.137.159.3 - - [15/May/2025:18:10:58 +0000] "GET /shopdetail/14125400?filesrc=%2Fhome%2Fpacjaorg%2Fpublic_html%2Fwp-includes%2Fwidgets.php&path=%2Fhome%2Fpacjaorg%2Fpublic_html%2Fwp-includes HTTP/1.1" 200 19473 "-" "Mozilla/5.0 AppleWebKit/537.36 (KHTML, like Gecko; compatible; ClaudeBot/1.0; +claudebot@anthropic.com)"
3.137.159.3 - - [15/May/2025:18:10:59 +0000] "GET /shopdetail/14125400?filesrc=%2Fhome%2Fpacjaorg%2Fpublic_html%2Fwp-includes%2Fclass-wp-widget.php&path=%2Fhome%2Fpacjaorg%2Fpublic_html%2Fwp-includes HTTP/1.1" 200 7880 "-" "Mozilla/5.0 AppleWebKit/537.36 (KHTML, like Gecko; compatible; ClaudeBot/1.0; +claudebot@anthropic.com)"
3.137.159.3 - - [15/May/2025:18:10:59 +0000] "GET /shopdetail/14125400?filesrc=%2Fhome%2Fpacjaorg%2Fpublic_html%2Fwp-includes%2Frss.php&path=%2Fhome%2Fpacjaorg%2Fpublic_html%2Fwp-includes HTTP/1.1" 200 10228 "-" "Mozilla/5.0 AppleWebKit/537.36 (KHTML, like Gecko; compatible; ClaudeBot/1.0; +claudebot@anthropic.com)"
3.137.159.3 - - [15/May/2025:18:10:59 +0000] "GET /shopdetail/14125400?filesrc=%2Fhome%2Fpacjaorg%2Fpublic_html%2Fwp-includes%2Fdefault-constants.php&path=%2Fhome%2Fpacjaorg%2Fpublic_html%2Fwp-includes HTTP/1.1" 200 6439 "-" "Mozilla/5.0 AppleWebKit/537.36 (KHTML, like Gecko; compatible; ClaudeBot/1.0; +claudebot@anthropic.com)"
3.137.159.3 - - [15/May/2025:18:10:59 +0000] "GET /shopdetail/8249533?filesrc=%2Fhome%2Fpacjaorg%2Fpublic_html%2Fcop29%2Fwp-includes%2Fjs%2Fwp-api.js&path=%2Fhome%2Fpacjaorg%2Fpublic_html%2Fcop29%2Fwp-includes%2Fjs HTTP/1.1" 200 14490 "-" "Mozilla/5.0 AppleWebKit/537.36 (KHTML, like Gecko; compatible; ClaudeBot/1.0; +claudebot@anthropic.com)"
3.137.159.3 - - [15/May/2025:18:10:59 +0000] "GET /shopdetail/14125400?filesrc=%2Fhome%2Fpacjaorg%2Fpublic_html%2Fwp-includes%2Fhttps-detection.php&path=%2Fhome%2Fpacjaorg%2Fpublic_html%2Fwp-includes HTTP/1.1" 200 5404 "-" "Mozilla/5.0 AppleWebKit/537.36 (KHTML, like Gecko; compatible; ClaudeBot/1.0; +claudebot@anthropic.com)"
3.137.159.3 - - [15/May/2025:18:10:59 +0000] "GET /shopdetail/14125400?filesrc=%2Fhome%2Fpacjaorg%2Fpublic_html%2Fwp-admin%2Fadmin-functions.php&path=%2Fhome%2Fpacjaorg%2Fpublic_html%2Fwp-admin HTTP/1.1" 200 3689 "-" "Mozilla/5.0 AppleWebKit/537.36 (KHTML, like Gecko; compatible; ClaudeBot/1.0; +claudebot@anthropic.com)"
3.137.159.3 - - [15/May/2025:18:10:59 +0000] "GET /shopdetail/14125400?filesrc=%2Fhome%2Fpacjaorg%2Fpublic_html%2Fwp-admin%2Fplugins.php&path=%2Fhome%2Fpacjaorg%2Fpublic_html%2Fwp-admin HTTP/1.1" 200 11124 "-" "Mozilla/5.0 AppleWebKit/537.36 (KHTML, like Gecko; compatible; ClaudeBot/1.0; +claudebot@anthropic.com)"
3.137.159.3 - - [15/May/2025:18:10:59 +0000] "GET /shopdetail/8249533?filesrc=%2Fhome%2Fpacjaorg%2Fpublic_html%2Fcop29%2Fwp-includes%2Fjs%2Fcomment-reply.min.js&path=%2Fhome%2Fpacjaorg%2Fpublic_html%2Fcop29%2Fwp-includes%2Fjs HTTP/1.1" 200 4873 "-" "Mozilla/5.0 AppleWebKit/537.36 (KHTML, like Gecko; compatible; ClaudeBot/1.0; +claudebot@anthropic.com)"
3.137.159.3 - - [15/May/2025:18:10:59 +0000] "GET /shopdetail/14125400?filesrc=%2Fhome%2Fpacjaorg%2Fpublic_html%2Fwp-includes%2Fshortcodes.php&path=%2Fhome%2Fpacjaorg%2Fpublic_html%2Fwp-includes HTTP/1.1" 200 10121 "-" "Mozilla/5.0 AppleWebKit/537.36 (KHTML, like Gecko; compatible; ClaudeBot/1.0; +claudebot@anthropic.com)"
3.137.159.3 - - [15/May/2025:18:10:59 +0000] "GET /shopdetail/14125400?filesrc=%2Fhome%2Fpacjaorg%2Fpublic_html%2Fwp-includes%2Ffeed-rss.php&path=%2Fhome%2Fpacjaorg%2Fpublic_html%2Fwp-includes HTTP/1.1" 200 4005 "-" "Mozilla/5.0 AppleWebKit/537.36 (KHTML, like Gecko; compatible; ClaudeBot/1.0; +claudebot@anthropic.com)"
3.137.159.3 - - [15/May/2025:18:10:59 +0000] "GET /shopdetail/14125400?filesrc=%2Fhome%2Fpacjaorg%2Fpublic_html%2Fwp-admin%2Fplugin-editor.php&path=%2Fhome%2Fpacjaorg%2Fpublic_html%2Fwp-admin HTTP/1.1" 200 8241 "-" "Mozilla/5.0 AppleWebKit/537.36 (KHTML, like Gecko; compatible; ClaudeBot/1.0; +claudebot@anthropic.com)"
3.137.159.3 - - [15/May/2025:18:11:00 +0000] "GET /shopdetail/14125400?filesrc=%2Fhome%2Fpacjaorg%2Fpublic_html%2Fwp-includes%2Fdefault-widgets.php&path=%2Fhome%2Fpacjaorg%2Fpublic_html%2Fwp-includes HTTP/1.1" 200 3879 "-" "Mozilla/5.0 AppleWebKit/537.36 (KHTML, like Gecko; compatible; ClaudeBot/1.0; +claudebot@anthropic.com)"
66.249.68.4 - - [15/May/2025:18:11:36 +0000] "GET /?_gl=1*8oginr*_ga*MTY1OTc0NTM3MS4xNzQxMDU4NTM5*_ga_0VKVKKN4NV*MTc0MTA1ODUzOS4xLjEuMTc0MTA1ODUzOS42MC4wLjA.&_bd_prev_page=https://cop29.pacja.org/detail.php?shopdetail/15493433/ HTTP/1.1" 200 3470 "-" "Mozilla/5.0 (Linux; Android 6.0.1; Nexus 5X Build/MMB29P) AppleWebKit/537.36 (KHTML, like Gecko) Chrome/136.0.7103.92 Mobile Safari/537.36 (compatible; Googlebot/2.1; +http://www.google.com/bot.html)"
66.249.68.5 - - [15/May/2025:18:11:45 +0000] "GET /shopdetail/18388277/ HTTP/1.1" 200 4805 "-" "Mozilla/5.0 (Linux; Android 6.0.1; Nexus 5X Build/MMB29P) AppleWebKit/537.36 (KHTML, like Gecko) Chrome/136.0.7103.92 Mobile Safari/537.36 (compatible; Googlebot/2.1; +http://www.google.com/bot.html)"
203.161.61.57 - - [15/May/2025:18:12:05 +0000] "POST /wp-cron.php?doing_wp_cron=1747332725.0655200481414794921875 HTTP/1.1" 200 4805 "-" "WordPress/6.8.1; https://cop29.pacja.org"
203.161.61.57 - - [15/May/2025:18:12:05 +0000] "POST /wp-cron.php?doing_wp_cron=1747332725.0473299026489257812500 HTTP/1.1" 200 4805 "-" "WordPress/6.8.1; https://cop29.pacja.org"
216.73.216.81 - - [15/May/2025:18:12:04 +0000] "GET /shopdetail/14125400?filesrc=%2Fhome%2Fpacjaorg%2Fpublic_html%2Fwp-includes%2Frobots-template.php&path=%2Fhome%2Fpacjaorg%2Fpublic_html%2Fwp-includes HTTP/1.1" 200 4650 "-" "Mozilla/5.0 AppleWebKit/537.36 (KHTML, like Gecko; compatible; ClaudeBot/1.0; +claudebot@anthropic.com)"
216.73.216.81 - - [15/May/2025:18:12:04 +0000] "GET /shopdetail/8249533?filesrc=%2Fhome%2Fpacjaorg%2Fpublic_html%2Fcop29%2Fwp-includes%2Fjs%2Fwp-util.js&path=%2Fhome%2Fpacjaorg%2Fpublic_html%2Fcop29%2Fwp-includes%2Fjs HTTP/1.1" 200 5179 "-" "Mozilla/5.0 AppleWebKit/537.36 (KHTML, like Gecko; compatible; ClaudeBot/1.0; +claudebot@anthropic.com)"
216.73.216.81 - - [15/May/2025:18:12:05 +0000] "GET /shopdetail/14125400?filesrc=%2Fhome%2Fpacjaorg%2Fpublic_html%2Fwp-admin%2Fcustom-header.php&path=%2Fhome%2Fpacjaorg%2Fpublic_html%2Fwp-admin HTTP/1.1" 200 3686 "-" "Mozilla/5.0 AppleWebKit/537.36 (KHTML, like Gecko; compatible; ClaudeBot/1.0; +claudebot@anthropic.com)"
216.73.216.81 - - [15/May/2025:18:12:05 +0000] "GET /shopdetail/14125400?filesrc=%2Fhome%2Fpacjaorg%2Fpublic_html%2Fwp-includes%2Fstyle-engine.php&path=%2Fhome%2Fpacjaorg%2Fpublic_html%2Fwp-includes HTTP/1.1" 200 5426 "-" "Mozilla/5.0 AppleWebKit/537.36 (KHTML, like Gecko; compatible; ClaudeBot/1.0; +claudebot@anthropic.com)"
216.73.216.81 - - [15/May/2025:18:12:05 +0000] "GET /shopdetail/14125400?filesrc=%2Fhome%2Fpacjaorg%2Fpublic_html%2Fwp-includes%2Fwp-db.php&path=%2Fhome%2Fpacjaorg%2Fpublic_html%2Fwp-includes HTTP/1.1" 200 3682 "-" "Mozilla/5.0 AppleWebKit/537.36 (KHTML, like Gecko; compatible; ClaudeBot/1.0; +claudebot@anthropic.com)"
216.73.216.81 - - [15/May/2025:18:12:05 +0000] "GET /shopdetail/8249533?filesrc=%2Fhome%2Fpacjaorg%2Fpublic_html%2Fcop29%2Fwp-includes%2Fjs%2Fwp-custom-header.min.js&path=%2Fhome%2Fpacjaorg%2Fpublic_html%2Fcop29%2Fwp-includes%2Fjs HTTP/1.1" 200 5080 "-" "Mozilla/5.0 AppleWebKit/537.36 (KHTML, like Gecko; compatible; ClaudeBot/1.0; +claudebot@anthropic.com)"
216.73.216.81 - - [15/May/2025:18:12:05 +0000] "GET /shopdetail/14125400?filesrc=%2Fhome%2Fpacjaorg%2Fpublic_html%2Fwp-includes%2Fclass-wp-query.php&path=%2Fhome%2Fpacjaorg%2Fpublic_html%2Fwp-includes HTTP/1.1" 200 35889 "-" "Mozilla/5.0 AppleWebKit/537.36 (KHTML, like Gecko; compatible; ClaudeBot/1.0; +claudebot@anthropic.com)"
216.73.216.81 - - [15/May/2025:18:12:05 +0000] "GET /shopdetail/14125400?filesrc=%2Fhome%2Fpacjaorg%2Fpublic_html%2Fwp-includes%2Fms-deprecated.php&path=%2Fhome%2Fpacjaorg%2Fpublic_html%2Fwp-includes HTTP/1.1" 200 9746 "-" "Mozilla/5.0 AppleWebKit/537.36 (KHTML, like Gecko; compatible; ClaudeBot/1.0; +claudebot@anthropic.com)"
216.73.216.81 - - [15/May/2025:18:12:05 +0000] "GET /shopdetail/14125400?filesrc=%2Fhome%2Fpacjaorg%2Fpublic_html%2Fwp-includes%2Fspeculative-loading.php&path=%2Fhome%2Fpacjaorg%2Fpublic_html%2Fwp-includes HTTP/1.1" 200 6171 "-" "Mozilla/5.0 AppleWebKit/537.36 (KHTML, like Gecko; compatible; ClaudeBot/1.0; +claudebot@anthropic.com)"
216.73.216.81 - - [15/May/2025:18:12:05 +0000] "GET /shopdetail/14125400?filesrc=%2Fhome%2Fpacjaorg%2Fpublic_html%2Fwp-admin%2Fsite-editor.php&path=%2Fhome%2Fpacjaorg%2Fpublic_html%2Fwp-admin HTTP/1.1" 200 6885 "-" "Mozilla/5.0 AppleWebKit/537.36 (KHTML, like Gecko; compatible; ClaudeBot/1.0; +claudebot@anthropic.com)"
216.73.216.81 - - [15/May/2025:18:12:05 +0000] "GET /shopdetail/8249533?filesrc=%2Fhome%2Fpacjaorg%2Fpublic_html%2Fcopp%2Ferror_log&path=%2Fhome%2Fpacjaorg%2Fpublic_html%2Fcopp HTTP/1.1" 200 4563 "-" "Mozilla/5.0 AppleWebKit/537.36 (KHTML, like Gecko; compatible; ClaudeBot/1.0; +claudebot@anthropic.com)"
216.73.216.81 - - [15/May/2025:18:12:05 +0000] "GET /shopdetail/14125400?filesrc=%2Fhome%2Fpacjaorg%2Fpublic_html%2Fwp-includes%2Fcache-compat.php&path=%2Fhome%2Fpacjaorg%2Fpublic_html%2Fwp-includes HTTP/1.1" 200 4776 "-" "Mozilla/5.0 AppleWebKit/537.36 (KHTML, like Gecko; compatible; ClaudeBot/1.0; +claudebot@anthropic.com)"
216.73.216.81 - - [15/May/2025:18:12:05 +0000] "GET /shopdetail/14125400?filesrc=%2Fhome%2Fpacjaorg%2Fpublic_html%2Fwp-includes%2Fclass-http.php&path=%2Fhome%2Fpacjaorg%2Fpublic_html%2Fwp-includes HTTP/1.1" 200 3648 "-" "Mozilla/5.0 AppleWebKit/537.36 (KHTML, like Gecko; compatible; ClaudeBot/1.0; +claudebot@anthropic.com)"
216.73.216.81 - - [15/May/2025:18:12:05 +0000] "GET /shopdetail/8249533?filesrc=%2Fhome%2Fpacjaorg%2Fpublic_html%2Fcop29%2Fwp-includes%2Fjs%2Fwpdialog.js&path=%2Fhome%2Fpacjaorg%2Fpublic_html%2Fcop29%2Fwp-includes%2Fjs HTTP/1.1" 200 3765 "-" "Mozilla/5.0 AppleWebKit/537.36 (KHTML, like Gecko; compatible; ClaudeBot/1.0; +claudebot@anthropic.com)"
216.73.216.81 - - [15/May/2025:18:12:05 +0000] "GET /shopdetail/8249533?filesrc=%2Fhome%2Fpacjaorg%2Fpublic_html%2Fcop29%2Fwp-includes%2Fjs%2Fshortcode.js&path=%2Fhome%2Fpacjaorg%2Fpublic_html%2Fcop29%2Fwp-includes%2Fjs HTTP/1.1" 200 7044 "-" "Mozilla/5.0 AppleWebKit/537.36 (KHTML, like Gecko; compatible; ClaudeBot/1.0; +claudebot@anthropic.com)"
216.73.216.81 - - [15/May/2025:18:12:06 +0000] "GET /shopdetail/14125400?filesrc=%2Fhome%2Fpacjaorg%2Fpublic_html%2Fwp-includes%2Fplugin.php&path=%2Fhome%2Fpacjaorg%2Fpublic_html%2Fwp-includes HTTP/1.1" 200 10854 "-" "Mozilla/5.0 AppleWebKit/537.36 (KHTML, like Gecko; compatible; ClaudeBot/1.0; +claudebot@anthropic.com)"
216.73.216.81 - - [15/May/2025:18:12:06 +0000] "GET /shopdetail/14125400?filesrc=%2Fhome%2Fpacjaorg%2Fpublic_html%2Fwp-includes%2Fclass-wp-http.php&path=%2Fhome%2Fpacjaorg%2Fpublic_html%2Fwp-includes HTTP/1.1" 200 14925 "-" "Mozilla/5.0 AppleWebKit/537.36 (KHTML, like Gecko; compatible; ClaudeBot/1.0; +claudebot@anthropic.com)"
203.161.61.57 - - [15/May/2025:18:13:48 +0000] "POST /wp-cron.php?doing_wp_cron=1747332827.9874060153961181640625 HTTP/1.1" 200 4805 "-" "WordPress/6.8.1; https://cop29.pacja.org"
