57.141.2.26 - - [15/May/2025:18:49:44 +0000] "GET /shopdetail/3574036 HTTP/1.1" 404 2380 "-" "meta-externalagent/1.1 (+https://developers.facebook.com/docs/sharing/webmasters/crawler)"
66.249.68.133 - - [15/May/2025:18:49:45 +0000] "GET /index.php?shopdetail/16663070 HTTP/1.1" 200 20289 "-" "Mozilla/5.0 (Linux; Android 6.0.1; Nexus 5X Build/MMB29P) AppleWebKit/537.36 (KHTML, like Gecko) Chrome/136.0.7103.92 Mobile Safari/537.36 (compatible; Googlebot/2.1; +http://www.google.com/bot.html)"
66.249.68.133 - - [15/May/2025:18:49:52 +0000] "GET /index.php?shopdetail/12022770 HTTP/1.1" 200 19539 "-" "Mozilla/5.0 (Linux; Android 6.0.1; Nexus 5X Build/MMB29P) AppleWebKit/537.36 (KHTML, like Gecko) Chrome/136.0.7103.92 Mobile Safari/537.36 (compatible; Googlebot/2.1; +http://www.google.com/bot.html)"
66.249.68.133 - - [15/May/2025:18:49:53 +0000] "POST /get-message-notify HTTP/1.1" 200 18763 "https://km.pacja.org/index.php?shopdetail/16663070" "Mozilla/5.0 (Linux; Android 6.0.1; Nexus 5X Build/MMB29P) AppleWebKit/537.36 (KHTML, like Gecko) Chrome/136.0.7103.92 Mobile Safari/537.36 (compatible; Googlebot/2.1; +http://www.google.com/bot.html)"
66.249.68.133 - - [15/May/2025:18:49:55 +0000] "POST /get-message-notify HTTP/1.1" 200 18763 "https://km.pacja.org/index.php?product/edit/70315014" "Mozilla/5.0 (Linux; Android 6.0.1; Nexus 5X Build/MMB29P) AppleWebKit/537.36 (KHTML, like Gecko) Chrome/135.0.7049.114 Mobile Safari/537.36 (compatible; Googlebot/2.1; +http://www.google.com/bot.html)"
66.249.68.135 - - [15/May/2025:18:50:04 +0000] "POST /get-message-notify HTTP/1.1" 200 18763 "https://km.pacja.org/index.php?shopdetail/14600270" "Mozilla/5.0 (Linux; Android 6.0.1; Nexus 5X Build/MMB29P) AppleWebKit/537.36 (KHTML, like Gecko) Chrome/135.0.7049.114 Mobile Safari/537.36 (compatible; Googlebot/2.1; +http://www.google.com/bot.html)"
66.249.68.134 - - [15/May/2025:18:50:12 +0000] "GET /index.php?shopdetail/7192781 HTTP/1.1" 200 18387 "-" "Mozilla/5.0 (Linux; Android 6.0.1; Nexus 5X Build/MMB29P) AppleWebKit/537.36 (KHTML, like Gecko) Chrome/136.0.7103.92 Mobile Safari/537.36 (compatible; Googlebot/2.1; +http://www.google.com/bot.html)"
66.249.68.133 - - [15/May/2025:18:50:26 +0000] "GET /index.php?shopdetail/9953570 HTTP/1.1" 200 20631 "-" "Mozilla/5.0 (Linux; Android 6.0.1; Nexus 5X Build/MMB29P) AppleWebKit/537.36 (KHTML, like Gecko) Chrome/136.0.7103.92 Mobile Safari/537.36 (compatible; Googlebot/2.1; +http://www.google.com/bot.html)"
66.249.68.133 - - [15/May/2025:18:50:33 +0000] "GET /index.php?shopdetail/8931269 HTTP/1.1" 200 19360 "-" "Mozilla/5.0 (Linux; Android 6.0.1; Nexus 5X Build/MMB29P) AppleWebKit/537.36 (KHTML, like Gecko) Chrome/136.0.7103.92 Mobile Safari/537.36 (compatible; Googlebot/2.1; +http://www.google.com/bot.html)"
66.249.68.133 - - [15/May/2025:18:50:37 +0000] "POST /get-message-notify HTTP/1.1" 200 18763 "https://km.pacja.org/index.php?shopdetail/8931269" "Mozilla/5.0 (Linux; Android 6.0.1; Nexus 5X Build/MMB29P) AppleWebKit/537.36 (KHTML, like Gecko) Chrome/136.0.7103.92 Mobile Safari/537.36 (compatible; Googlebot/2.1; +http://www.google.com/bot.html)"
66.249.68.133 - - [15/May/2025:18:50:40 +0000] "GET /index.php?shopdetail/5191169 HTTP/1.1" 200 18639 "-" "Mozilla/5.0 (Linux; Android 6.0.1; Nexus 5X Build/MMB29P) AppleWebKit/537.36 (KHTML, like Gecko) Chrome/136.0.7103.92 Mobile Safari/537.36 (compatible; Googlebot/2.1; +http://www.google.com/bot.html)"
66.249.68.133 - - [15/May/2025:18:50:43 +0000] "POST /get-message-notify HTTP/1.1" 200 18763 "https://km.pacja.org/index.php?shopdetail/5191169" "Mozilla/5.0 (Linux; Android 6.0.1; Nexus 5X Build/MMB29P) AppleWebKit/537.36 (KHTML, like Gecko) Chrome/135.0.7049.114 Mobile Safari/537.36 (compatible; Googlebot/2.1; +http://www.google.com/bot.html)"
66.249.68.133 - - [15/May/2025:18:50:47 +0000] "GET /index.php?shopdetail/9331658 HTTP/1.1" 200 20146 "-" "Mozilla/5.0 (Linux; Android 6.0.1; Nexus 5X Build/MMB29P) AppleWebKit/537.36 (KHTML, like Gecko) Chrome/136.0.7103.92 Mobile Safari/537.36 (compatible; Googlebot/2.1; +http://www.google.com/bot.html)"
66.249.68.133 - - [15/May/2025:18:50:48 +0000] "POST /get-message-notify HTTP/1.1" 200 18763 "https://km.pacja.org/index.php?shopdetail/9331658" "Mozilla/5.0 AppleWebKit/537.36 (KHTML, like Gecko; compatible; Googlebot/2.1; +http://www.google.com/bot.html) Chrome/135.0.7049.114 Safari/537.36"
66.249.68.133 - - [15/May/2025:18:50:54 +0000] "GET /index.php?shopdetail/7107281 HTTP/1.1" 200 18943 "-" "Mozilla/5.0 (Linux; Android 6.0.1; Nexus 5X Build/MMB29P) AppleWebKit/537.36 (KHTML, like Gecko) Chrome/136.0.7103.92 Mobile Safari/537.36 (compatible; Googlebot/2.1; +http://www.google.com/bot.html)"
66.249.68.134 - - [15/May/2025:18:51:03 +0000] "POST /get-message-notify HTTP/1.1" 200 18763 "https://km.pacja.org/index.php?shopdetail/9331658" "Mozilla/5.0 (Linux; Android 6.0.1; Nexus 5X Build/MMB29P) AppleWebKit/537.36 (KHTML, like Gecko) Chrome/135.0.7049.114 Mobile Safari/537.36 (compatible; Googlebot/2.1; +http://www.google.com/bot.html)"
66.249.68.134 - - [15/May/2025:18:51:07 +0000] "GET /index.php?shopdetail/8710870 HTTP/1.1" 200 18627 "-" "Mozilla/5.0 (Linux; Android 6.0.1; Nexus 5X Build/MMB29P) AppleWebKit/537.36 (KHTML, like Gecko) Chrome/136.0.7103.92 Mobile Safari/537.36 (compatible; Googlebot/2.1; +http://www.google.com/bot.html)"
66.249.68.133 - - [15/May/2025:18:51:08 +0000] "GET /index.php?pcmypage?callback=product/review/99295941 HTTP/1.1" 200 19051 "-" "Mozilla/5.0 (Linux; Android 6.0.1; Nexus 5X Build/MMB29P) AppleWebKit/537.36 (KHTML, like Gecko) Chrome/136.0.7103.92 Mobile Safari/537.36 (compatible; Googlebot/2.1; +http://www.google.com/bot.html)"
66.249.68.133 - - [15/May/2025:18:51:14 +0000] "GET /index.php?shopdetail/9336036 HTTP/1.1" 200 21257 "-" "Mozilla/5.0 (Linux; Android 6.0.1; Nexus 5X Build/MMB29P) AppleWebKit/537.36 (KHTML, like Gecko) Chrome/136.0.7103.92 Mobile Safari/537.36 (compatible; Googlebot/2.1; +http://www.google.com/bot.html)"
66.249.68.133 - - [15/May/2025:18:51:28 +0000] "GET /index.php?shopdetail/9137058 HTTP/1.1" 200 18570 "-" "Mozilla/5.0 (Linux; Android 6.0.1; Nexus 5X Build/MMB29P) AppleWebKit/537.36 (KHTML, like Gecko) Chrome/136.0.7103.92 Mobile Safari/537.36 (compatible; Googlebot/2.1; +http://www.google.com/bot.html)"
66.249.68.133 - - [15/May/2025:18:51:35 +0000] "GET /index.php?shopdetail/9125614 HTTP/1.1" 200 19293 "-" "Mozilla/5.0 (Linux; Android 6.0.1; Nexus 5X Build/MMB29P) AppleWebKit/537.36 (KHTML, like Gecko) Chrome/136.0.7103.92 Mobile Safari/537.36 (compatible; Googlebot/2.1; +http://www.google.com/bot.html)"
66.249.68.133 - - [15/May/2025:18:51:37 +0000] "POST /get-message-notify HTTP/1.1" 200 18763 "https://km.pacja.org/index.php?shopdetail/9125614" "Mozilla/5.0 (Linux; Android 6.0.1; Nexus 5X Build/MMB29P) AppleWebKit/537.36 (KHTML, like Gecko) Chrome/136.0.7103.92 Mobile Safari/537.36 (compatible; Googlebot/2.1; +http://www.google.com/bot.html)"
66.249.68.133 - - [15/May/2025:18:51:48 +0000] "GET /index.php?shopdetail/9590403 HTTP/1.1" 200 19227 "-" "Mozilla/5.0 (Linux; Android 6.0.1; Nexus 5X Build/MMB29P) AppleWebKit/537.36 (KHTML, like Gecko) Chrome/136.0.7103.92 Mobile Safari/537.36 (compatible; Googlebot/2.1; +http://www.google.com/bot.html)"
66.249.68.133 - - [15/May/2025:18:51:48 +0000] "GET /index.php?shopdetail/7519258 HTTP/1.1" 200 19958 "-" "Mozilla/5.0 (Linux; Android 6.0.1; Nexus 5X Build/MMB29P) AppleWebKit/537.36 (KHTML, like Gecko) Chrome/136.0.7103.92 Mobile Safari/537.36 (compatible; Googlebot/2.1; +http://www.google.com/bot.html)"
66.249.68.133 - - [15/May/2025:18:51:50 +0000] "POST /get-message-notify HTTP/1.1" 200 18763 "https://km.pacja.org/index.php?shopdetail/9590403" "Mozilla/5.0 (Linux; Android 6.0.1; Nexus 5X Build/MMB29P) AppleWebKit/537.36 (KHTML, like Gecko) Chrome/135.0.7049.114 Mobile Safari/537.36 (compatible; Googlebot/2.1; +http://www.google.com/bot.html)"
66.249.68.133 - - [15/May/2025:18:51:55 +0000] "GET /index.php?shopdetail/8762669 HTTP/1.1" 200 19087 "-" "Mozilla/5.0 (Linux; Android 6.0.1; Nexus 5X Build/MMB29P) AppleWebKit/537.36 (KHTML, like Gecko) Chrome/136.0.7103.92 Mobile Safari/537.36 (compatible; Googlebot/2.1; +http://www.google.com/bot.html)"
66.249.68.67 - - [15/May/2025:18:52:11 +0000] "GET /index.php?shopdetail/28844970 HTTP/1.1" 200 22283 "-" "Mozilla/5.0 (Linux; Android 6.0.1; Nexus 5X Build/MMB29P) AppleWebKit/537.36 (KHTML, like Gecko) Chrome/136.0.7103.92 Mobile Safari/537.36 (compatible; GoogleOther)"
66.249.68.68 - - [15/May/2025:18:52:12 +0000] "GET /index.php?shopdetail/24306103 HTTP/1.1" 200 21178 "-" "Mozilla/5.0 (Linux; Android 6.0.1; Nexus 5X Build/MMB29P) AppleWebKit/537.36 (KHTML, like Gecko) Chrome/136.0.7103.92 Mobile Safari/537.36 (compatible; GoogleOther)"
66.249.68.68 - - [15/May/2025:18:52:13 +0000] "GET /index.php?shopdetail/13740603 HTTP/1.1" 200 21891 "-" "Mozilla/5.0 (Linux; Android 6.0.1; Nexus 5X Build/MMB29P) AppleWebKit/537.36 (KHTML, like Gecko) Chrome/136.0.7103.92 Mobile Safari/537.36 (compatible; GoogleOther)"
66.249.68.68 - - [15/May/2025:18:52:15 +0000] "GET /index.php?pcmypage?callback=product%2Fdetail%2F47175818 HTTP/1.1" 200 19812 "-" "Mozilla/5.0 (Linux; Android 6.0.1; Nexus 5X Build/MMB29P) AppleWebKit/537.36 (KHTML, like Gecko) Chrome/136.0.7103.92 Mobile Safari/537.36 (compatible; GoogleOther)"
66.249.68.67 - - [15/May/2025:18:52:16 +0000] "GET /index.php?shopdetail/24686314 HTTP/1.1" 200 19431 "-" "Mozilla/5.0 (Linux; Android 6.0.1; Nexus 5X Build/MMB29P) AppleWebKit/537.36 (KHTML, like Gecko) Chrome/136.0.7103.92 Mobile Safari/537.36 (compatible; GoogleOther)"
66.249.68.67 - - [15/May/2025:18:52:17 +0000] "GET /index.php?shopdetail/26215736 HTTP/1.1" 200 20876 "-" "Mozilla/5.0 (Linux; Android 6.0.1; Nexus 5X Build/MMB29P) AppleWebKit/537.36 (KHTML, like Gecko) Chrome/136.0.7103.92 Mobile Safari/537.36 (compatible; GoogleOther)"
66.249.68.66 - - [15/May/2025:18:52:19 +0000] "GET /index.php?shopdetail/8132269 HTTP/1.1" 200 18779 "-" "Mozilla/5.0 (Linux; Android 6.0.1; Nexus 5X Build/MMB29P) AppleWebKit/537.36 (KHTML, like Gecko) Chrome/136.0.7103.92 Mobile Safari/537.36 (compatible; GoogleOther)"
66.249.68.67 - - [15/May/2025:18:52:20 +0000] "GET /index.php?shopdetail/8766314 HTTP/1.1" 200 18600 "-" "Mozilla/5.0 (Linux; Android 6.0.1; Nexus 5X Build/MMB29P) AppleWebKit/537.36 (KHTML, like Gecko) Chrome/136.0.7103.92 Mobile Safari/537.36 (compatible; GoogleOther)"
66.249.68.66 - - [15/May/2025:18:52:21 +0000] "GET /index.php?pcmypage/callback=/product/detail/22103544 HTTP/1.1" 200 19053 "-" "Mozilla/5.0 (Linux; Android 6.0.1; Nexus 5X Build/MMB29P) AppleWebKit/537.36 (KHTML, like Gecko) Chrome/136.0.7103.92 Mobile Safari/537.36 (compatible; Googlebot/2.1; +http://www.google.com/bot.html)"
66.249.68.66 - - [15/May/2025:18:52:21 +0000] "GET /index.php?shopdetail/23728336 HTTP/1.1" 200 20791 "-" "Mozilla/5.0 (Linux; Android 6.0.1; Nexus 5X Build/MMB29P) AppleWebKit/537.36 (KHTML, like Gecko) Chrome/136.0.7103.92 Mobile Safari/537.36 (compatible; GoogleOther)"
66.249.68.66 - - [15/May/2025:18:52:22 +0000] "GET /index.php?shopdetail/4455203 HTTP/1.1" 200 19091 "-" "Mozilla/5.0 (Linux; Android 6.0.1; Nexus 5X Build/MMB29P) AppleWebKit/537.36 (KHTML, like Gecko) Chrome/136.0.7103.92 Mobile Safari/537.36 (compatible; GoogleOther)"
66.249.68.66 - - [15/May/2025:18:52:24 +0000] "GET /index.php?shopdetail/6914725 HTTP/1.1" 200 19559 "-" "Mozilla/5.0 (Linux; Android 6.0.1; Nexus 5X Build/MMB29P) AppleWebKit/537.36 (KHTML, like Gecko) Chrome/136.0.7103.92 Mobile Safari/537.36 (compatible; GoogleOther)"
66.249.68.66 - - [15/May/2025:18:52:25 +0000] "GET /index.php?pcmypage?callback=product%2Fdetail%2F48121630 HTTP/1.1" 200 18765 "-" "Mozilla/5.0 (Linux; Android 6.0.1; Nexus 5X Build/MMB29P) AppleWebKit/537.36 (KHTML, like Gecko) Chrome/136.0.7103.92 Mobile Safari/537.36 (compatible; GoogleOther)"
57.141.2.15 - - [15/May/2025:18:53:29 +0000] "GET /shopdetail/28766603 HTTP/1.1" 404 2380 "-" "meta-externalagent/1.1 (+https://developers.facebook.com/docs/sharing/webmasters/crawler)"
66.249.68.68 - - [15/May/2025:18:54:55 +0000] "POST /get-message-notify HTTP/1.1" 200 18781 "https://www.km.pacja.org/index.php?shopdetail/5020825" "Mozilla/5.0 (Linux; Android 6.0.1; Nexus 5X Build/MMB29P) AppleWebKit/537.36 (KHTML, like Gecko) Chrome/135.0.7049.114 Mobile Safari/537.36 (compatible; Googlebot/2.1; +http://www.google.com/bot.html)"
57.141.2.25 - - [15/May/2025:18:57:10 +0000] "GET /shopdetail/26228370 HTTP/1.1" 404 2380 "-" "meta-externalagent/1.1 (+https://developers.facebook.com/docs/sharing/webmasters/crawler)"
57.141.2.25 - - [15/May/2025:18:57:13 +0000] "GET /shopdetail/6204914 HTTP/1.1" 404 2380 "-" "meta-externalagent/1.1 (+https://developers.facebook.com/docs/sharing/webmasters/crawler)"
66.249.68.67 - - [15/May/2025:18:57:15 +0000] "GET /index.php?pcmypage/callback=/product/detail/39537719 HTTP/1.1" 200 19853 "-" "Mozilla/5.0 (Linux; Android 6.0.1; Nexus 5X Build/MMB29P) AppleWebKit/537.36 (KHTML, like Gecko) Chrome/136.0.7103.92 Mobile Safari/537.36 (compatible; Googlebot/2.1; +http://www.google.com/bot.html)"
66.249.68.133 - - [15/May/2025:18:58:08 +0000] "GET /index.php?pcmypage/callback=product/review/66206655 HTTP/1.1" 200 21665 "-" "Mozilla/5.0 (Linux; Android 6.0.1; Nexus 5X Build/MMB29P) AppleWebKit/537.36 (KHTML, like Gecko) Chrome/136.0.7103.92 Mobile Safari/537.36 (compatible; Googlebot/2.1; +http://www.google.com/bot.html)"
66.249.68.133 - - [15/May/2025:18:58:26 +0000] "POST /get-message-notify HTTP/1.1" 200 18763 "https://km.pacja.org/index.php?pcmypage/callback=product/review/66206655" "Mozilla/5.0 (Linux; Android 6.0.1; Nexus 5X Build/MMB29P) AppleWebKit/537.36 (KHTML, like Gecko) Chrome/136.0.7103.92 Mobile Safari/537.36 (compatible; Googlebot/2.1; +http://www.google.com/bot.html)"
66.249.68.134 - - [15/May/2025:18:58:27 +0000] "GET /index.php?pcmypage/callback=/product/detail/17545287 HTTP/1.1" 200 19781 "-" "Mozilla/5.0 (Linux; Android 6.0.1; Nexus 5X Build/MMB29P) AppleWebKit/537.36 (KHTML, like Gecko) Chrome/136.0.7103.92 Mobile Safari/537.36 (compatible; Googlebot/2.1; +http://www.google.com/bot.html)"
66.249.68.66 - - [15/May/2025:18:59:53 +0000] "GET /index.php?pcmypage/callback=product/detail/46260994 HTTP/1.1" 200 18892 "-" "Mozilla/5.0 (Linux; Android 6.0.1; Nexus 5X Build/MMB29P) AppleWebKit/537.36 (KHTML, like Gecko) Chrome/136.0.7103.92 Mobile Safari/537.36 (compatible; GoogleOther)"
66.249.68.67 - - [15/May/2025:19:00:23 +0000] "GET /index.php?pcmypage/callback=/product/detail/34437118 HTTP/1.1" 200 19681 "-" "Mozilla/5.0 (Linux; Android 6.0.1; Nexus 5X Build/MMB29P) AppleWebKit/537.36 (KHTML, like Gecko) Chrome/136.0.7103.92 Mobile Safari/537.36 (compatible; Googlebot/2.1; +http://www.google.com/bot.html)"
57.141.2.18 - - [15/May/2025:19:00:55 +0000] "GET /shopdetail/25055181 HTTP/1.1" 404 2380 "-" "meta-externalagent/1.1 (+https://developers.facebook.com/docs/sharing/webmasters/crawler)"
66.249.68.135 - - [15/May/2025:19:01:16 +0000] "GET /index.php?shopdetail/16228014 HTTP/1.1" 200 20584 "-" "Mozilla/5.0 (Linux; Android 6.0.1; Nexus 5X Build/MMB29P) AppleWebKit/537.36 (KHTML, like Gecko) Chrome/136.0.7103.92 Mobile Safari/537.36 (compatible; Googlebot/2.1; +http://www.google.com/bot.html)"
66.249.68.133 - - [15/May/2025:19:01:31 +0000] "GET /index.php?shopdetail/14144325 HTTP/1.1" 200 21054 "-" "Mozilla/5.0 (Linux; Android 6.0.1; Nexus 5X Build/MMB29P) AppleWebKit/537.36 (KHTML, like Gecko) Chrome/136.0.7103.92 Mobile Safari/537.36 (compatible; Googlebot/2.1; +http://www.google.com/bot.html)"
66.249.68.135 - - [15/May/2025:19:02:24 +0000] "GET /index.php?pcmypage/callback=product/detail/48486486 HTTP/1.1" 200 18813 "-" "Mozilla/5.0 (Linux; Android 6.0.1; Nexus 5X Build/MMB29P) AppleWebKit/537.36 (KHTML, like Gecko) Chrome/136.0.7103.92 Mobile Safari/537.36 (compatible; Googlebot/2.1; +http://www.google.com/bot.html)"
66.249.68.133 - - [15/May/2025:19:02:38 +0000] "GET /index.php?shopdetail/10206336 HTTP/1.1" 200 18920 "-" "Mozilla/5.0 (Linux; Android 6.0.1; Nexus 5X Build/MMB29P) AppleWebKit/537.36 (KHTML, like Gecko) Chrome/136.0.7103.92 Mobile Safari/537.36 (compatible; Googlebot/2.1; +http://www.google.com/bot.html)"
57.141.2.21 - - [15/May/2025:19:04:41 +0000] "GET /shopdetail/22518269 HTTP/1.1" 404 2380 "-" "meta-externalagent/1.1 (+https://developers.facebook.com/docs/sharing/webmasters/crawler)"
66.249.68.133 - - [15/May/2025:19:05:16 +0000] "GET /index.php?shopdetail/6891136 HTTP/1.1" 200 20374 "-" "Mozilla/5.0 (Linux; Android 6.0.1; Nexus 5X Build/MMB29P) AppleWebKit/537.36 (KHTML, like Gecko) Chrome/136.0.7103.92 Mobile Safari/537.36 (compatible; Googlebot/2.1; +http://www.google.com/bot.html)"
66.249.68.134 - - [15/May/2025:19:05:24 +0000] "POST /get-message-notify HTTP/1.1" 200 18763 "https://km.pacja.org/index.php?pcmypage/callback=product/detail/48486486" "Mozilla/5.0 (Linux; Android 6.0.1; Nexus 5X Build/MMB29P) AppleWebKit/537.36 (KHTML, like Gecko) Chrome/136.0.7103.92 Mobile Safari/537.36 (compatible; Googlebot/2.1; +http://www.google.com/bot.html)"
66.249.68.133 - - [15/May/2025:19:05:30 +0000] "GET /index.php?shopdetail/22134069 HTTP/1.1" 200 20003 "-" "Mozilla/5.0 (Linux; Android 6.0.1; Nexus 5X Build/MMB29P) AppleWebKit/537.36 (KHTML, like Gecko) Chrome/136.0.7103.92 Mobile Safari/537.36 (compatible; Googlebot/2.1; +http://www.google.com/bot.html)"
66.249.68.134 - - [15/May/2025:19:06:10 +0000] "GET /index.php?pcmypage/callback=product/review/94588112 HTTP/1.1" 200 20364 "-" "Mozilla/5.0 (Linux; Android 6.0.1; Nexus 5X Build/MMB29P) AppleWebKit/537.36 (KHTML, like Gecko) Chrome/136.0.7103.92 Mobile Safari/537.36 (compatible; Googlebot/2.1; +http://www.google.com/bot.html)"
57.141.2.11 - - [15/May/2025:19:08:27 +0000] "GET /shopdetail/4961258 HTTP/1.1" 404 2380 "-" "meta-externalagent/1.1 (+https://developers.facebook.com/docs/sharing/webmasters/crawler)"
66.249.68.67 - - [15/May/2025:19:09:00 +0000] "POST /get-message-notify HTTP/1.1" 200 18781 "https://www.km.pacja.org/index.php?pcmypage?callback=product%2Fdetail%2F22709872" "Mozilla/5.0 (Linux; Android 6.0.1; Nexus 5X Build/MMB29P) AppleWebKit/537.36 (KHTML, like Gecko) Chrome/135.0.7049.114 Mobile Safari/537.36 (compatible; Googlebot/2.1; +http://www.google.com/bot.html)"
66.249.68.133 - - [15/May/2025:19:09:43 +0000] "POST /get-message-notify HTTP/1.1" 200 18763 "https://km.pacja.org/index.php?shopdetail/8710870" "Mozilla/5.0 (Linux; Android 6.0.1; Nexus 5X Build/MMB29P) AppleWebKit/537.36 (KHTML, like Gecko) Chrome/135.0.7049.114 Mobile Safari/537.36 (compatible; Googlebot/2.1; +http://www.google.com/bot.html)"
66.249.68.134 - - [15/May/2025:19:10:52 +0000] "GET /index.php?shopdetail/6838870 HTTP/1.1" 200 19276 "-" "Mozilla/5.0 (Linux; Android 6.0.1; Nexus 5X Build/MMB29P) AppleWebKit/537.36 (KHTML, like Gecko) Chrome/136.0.7103.92 Mobile Safari/537.36 (compatible; Googlebot/2.1; +http://www.google.com/bot.html)"
66.249.68.134 - - [15/May/2025:19:11:34 +0000] "GET /index.php?shopdetail/8392969 HTTP/1.1" 200 19756 "-" "Mozilla/5.0 (Linux; Android 6.0.1; Nexus 5X Build/MMB29P) AppleWebKit/537.36 (KHTML, like Gecko) Chrome/136.0.7103.92 Mobile Safari/537.36 (compatible; Googlebot/2.1; +http://www.google.com/bot.html)"
57.141.2.17 - - [15/May/2025:19:12:09 +0000] "GET /shopdetail/6416325 HTTP/1.1" 404 2380 "-" "meta-externalagent/1.1 (+https://developers.facebook.com/docs/sharing/webmasters/crawler)"
66.249.68.134 - - [15/May/2025:19:12:52 +0000] "GET /index.php?shopdetail/6955058 HTTP/1.1" 200 19800 "-" "Mozilla/5.0 (Linux; Android 6.0.1; Nexus 5X Build/MMB29P) AppleWebKit/537.36 (KHTML, like Gecko) Chrome/136.0.7103.92 Mobile Safari/537.36 (compatible; Googlebot/2.1; +http://www.google.com/bot.html)"
66.249.68.134 - - [15/May/2025:19:13:10 +0000] "GET /index.php?pcmypage?callback=product%2Fdetail%2F83101823 HTTP/1.1" 200 19856 "-" "Mozilla/5.0 (Linux; Android 6.0.1; Nexus 5X Build/MMB29P) AppleWebKit/537.36 (KHTML, like Gecko) Chrome/136.0.7103.92 Mobile Safari/537.36 (compatible; Googlebot/2.1; +http://www.google.com/bot.html)"
66.249.68.134 - - [15/May/2025:19:14:30 +0000] "GET /index.php?shopdetail/7940469 HTTP/1.1" 200 18500 "-" "Mozilla/5.0 (Linux; Android 6.0.1; Nexus 5X Build/MMB29P) AppleWebKit/537.36 (KHTML, like Gecko) Chrome/136.0.7103.92 Mobile Safari/537.36 (compatible; Googlebot/2.1; +http://www.google.com/bot.html)"
66.249.68.135 - - [15/May/2025:19:14:31 +0000] "GET /index.php?shopdetail/17939681 HTTP/1.1" 200 19761 "-" "Mozilla/5.0 (Linux; Android 6.0.1; Nexus 5X Build/MMB29P) AppleWebKit/537.36 (KHTML, like Gecko) Chrome/136.0.7103.92 Mobile Safari/537.36 (compatible; Googlebot/2.1; +http://www.google.com/bot.html)"
66.249.68.134 - - [15/May/2025:19:14:57 +0000] "GET /index.php?shopdetail/891914 HTTP/1.1" 200 18802 "-" "Mozilla/5.0 (Linux; Android 6.0.1; Nexus 5X Build/MMB29P) AppleWebKit/537.36 (KHTML, like Gecko) Chrome/136.0.7103.92 Mobile Safari/537.36 (compatible; Googlebot/2.1; +http://www.google.com/bot.html)"
66.249.68.133 - - [15/May/2025:19:14:58 +0000] "GET /index.php?shopdetail/8597603 HTTP/1.1" 200 18854 "-" "Mozilla/5.0 (Linux; Android 6.0.1; Nexus 5X Build/MMB29P) AppleWebKit/537.36 (KHTML, like Gecko) Chrome/136.0.7103.92 Mobile Safari/537.36 (compatible; Googlebot/2.1; +http://www.google.com/bot.html)"
57.141.2.19 - - [15/May/2025:19:15:53 +0000] "GET /shopdetail/23598803 HTTP/1.1" 404 2380 "-" "meta-externalagent/1.1 (+https://developers.facebook.com/docs/sharing/webmasters/crawler)"
66.249.68.133 - - [15/May/2025:19:16:27 +0000] "GET /index.php?shopdetail/11454281 HTTP/1.1" 200 18846 "-" "Mozilla/5.0 (Linux; Android 6.0.1; Nexus 5X Build/MMB29P) AppleWebKit/537.36 (KHTML, like Gecko) Chrome/136.0.7103.92 Mobile Safari/537.36 (compatible; Googlebot/2.1; +http://www.google.com/bot.html)"
66.249.68.133 - - [15/May/2025:19:16:29 +0000] "GET /index.php?shopdetail/2986570 HTTP/1.1" 200 18717 "-" "Mozilla/5.0 (Linux; Android 6.0.1; Nexus 5X Build/MMB29P) AppleWebKit/537.36 (KHTML, like Gecko) Chrome/136.0.7103.92 Mobile Safari/537.36 (compatible; Googlebot/2.1; +http://www.google.com/bot.html)"
66.249.68.134 - - [15/May/2025:19:16:56 +0000] "GET /index.php?shopdetail/8418469 HTTP/1.1" 200 19407 "-" "Mozilla/5.0 (Linux; Android 6.0.1; Nexus 5X Build/MMB29P) AppleWebKit/537.36 (KHTML, like Gecko) Chrome/136.0.7103.92 Mobile Safari/537.36 (compatible; Googlebot/2.1; +http://www.google.com/bot.html)"
66.249.68.133 - - [15/May/2025:19:16:59 +0000] "POST /get-message-notify HTTP/1.1" 200 18763 "https://km.pacja.org/index.php?shopdetail/8418469" "Mozilla/5.0 (Linux; Android 6.0.1; Nexus 5X Build/MMB29P) AppleWebKit/537.36 (KHTML, like Gecko) Chrome/135.0.7049.114 Mobile Safari/537.36 (compatible; Googlebot/2.1; +http://www.google.com/bot.html)"
66.249.68.134 - - [15/May/2025:19:18:29 +0000] "GET /index.php?shopdetail/11969058 HTTP/1.1" 200 20491 "-" "Mozilla/5.0 (Linux; Android 6.0.1; Nexus 5X Build/MMB29P) AppleWebKit/537.36 (KHTML, like Gecko) Chrome/136.0.7103.92 Mobile Safari/537.36 (compatible; Googlebot/2.1; +http://www.google.com/bot.html)"
66.249.68.135 - - [15/May/2025:19:19:34 +0000] "GET /index.php?shopdetail/5225470 HTTP/1.1" 200 19298 "-" "Mozilla/5.0 (Linux; Android 6.0.1; Nexus 5X Build/MMB29P) AppleWebKit/537.36 (KHTML, like Gecko) Chrome/136.0.7103.92 Mobile Safari/537.36 (compatible; Googlebot/2.1; +http://www.google.com/bot.html)"
57.141.2.17 - - [15/May/2025:19:19:35 +0000] "GET /shopdetail/9189458 HTTP/1.1" 404 2380 "-" "meta-externalagent/1.1 (+https://developers.facebook.com/docs/sharing/webmasters/crawler)"
66.249.68.133 - - [15/May/2025:19:19:49 +0000] "GET /index.php?shopdetail/18499770 HTTP/1.1" 200 20494 "-" "Mozilla/5.0 (Linux; Android 6.0.1; Nexus 5X Build/MMB29P) AppleWebKit/537.36 (KHTML, like Gecko) Chrome/136.0.7103.92 Mobile Safari/537.36 (compatible; Googlebot/2.1; +http://www.google.com/bot.html)"
66.249.68.135 - - [15/May/2025:19:20:28 +0000] "GET /index.php?pcmypage?callback=product%2Fdetail%2F85992788 HTTP/1.1" 200 19392 "-" "Mozilla/5.0 (Linux; Android 6.0.1; Nexus 5X Build/MMB29P) AppleWebKit/537.36 (KHTML, like Gecko) Chrome/136.0.7103.92 Mobile Safari/537.36 (compatible; Googlebot/2.1; +http://www.google.com/bot.html)"
66.249.68.133 - - [15/May/2025:19:20:29 +0000] "GET /index.php?shopdetail/10867125 HTTP/1.1" 200 19262 "-" "Mozilla/5.0 (Linux; Android 6.0.1; Nexus 5X Build/MMB29P) AppleWebKit/537.36 (KHTML, like Gecko) Chrome/136.0.7103.92 Mobile Safari/537.36 (compatible; Googlebot/2.1; +http://www.google.com/bot.html)"
66.249.68.134 - - [15/May/2025:19:20:46 +0000] "POST /get-message-notify HTTP/1.1" 200 18763 "https://km.pacja.org/index.php?shopdetail/10867125" "Mozilla/5.0 (Linux; Android 6.0.1; Nexus 5X Build/MMB29P) AppleWebKit/537.36 (KHTML, like Gecko) Chrome/135.0.7049.114 Mobile Safari/537.36 (compatible; Googlebot/2.1; +http://www.google.com/bot.html)"
66.249.68.67 - - [15/May/2025:19:21:24 +0000] "GET /index.php?shopdetail/25251214 HTTP/1.1" 200 21986 "-" "Mozilla/5.0 (Linux; Android 6.0.1; Nexus 5X Build/MMB29P) AppleWebKit/537.36 (KHTML, like Gecko) Chrome/136.0.7103.92 Mobile Safari/537.36 (compatible; GoogleOther)"
66.249.68.66 - - [15/May/2025:19:21:25 +0000] "GET /index.php?shopdetail/25126370 HTTP/1.1" 200 21697 "-" "Mozilla/5.0 (Linux; Android 6.0.1; Nexus 5X Build/MMB29P) AppleWebKit/537.36 (KHTML, like Gecko) Chrome/136.0.7103.92 Mobile Safari/537.36 (compatible; GoogleOther)"
66.249.68.133 - - [15/May/2025:19:21:32 +0000] "GET /index.php?pcmypage?callback=product/review/10075540 HTTP/1.1" 200 19563 "-" "Mozilla/5.0 (Linux; Android 6.0.1; Nexus 5X Build/MMB29P) AppleWebKit/537.36 (KHTML, like Gecko) Chrome/136.0.7103.92 Mobile Safari/537.36 (compatible; Googlebot/2.1; +http://www.google.com/bot.html)"
66.249.68.134 - - [15/May/2025:19:21:59 +0000] "GET /index.php?shopdetail/11865769 HTTP/1.1" 200 19840 "-" "Mozilla/5.0 (Linux; Android 6.0.1; Nexus 5X Build/MMB29P) AppleWebKit/537.36 (KHTML, like Gecko) Chrome/136.0.7103.92 Mobile Safari/537.36 (compatible; Googlebot/2.1; +http://www.google.com/bot.html)"
66.249.68.66 - - [15/May/2025:19:22:07 +0000] "GET /index.php?shopdetail/16642003 HTTP/1.1" 200 21314 "-" "Mozilla/5.0 (Linux; Android 6.0.1; Nexus 5X Build/MMB29P) AppleWebKit/537.36 (KHTML, like Gecko) Chrome/136.0.7103.92 Mobile Safari/537.36 (compatible; GoogleOther)"
66.249.68.67 - - [15/May/2025:19:22:09 +0000] "GET /index.php?shopdetail/21379347 HTTP/1.1" 200 21184 "-" "Mozilla/5.0 (Linux; Android 6.0.1; Nexus 5X Build/MMB29P) AppleWebKit/537.36 (KHTML, like Gecko) Chrome/136.0.7103.92 Mobile Safari/537.36 (compatible; GoogleOther)"
66.249.68.67 - - [15/May/2025:19:22:10 +0000] "GET /index.php?shopdetail/1262181 HTTP/1.1" 200 19001 "-" "Mozilla/5.0 (Linux; Android 6.0.1; Nexus 5X Build/MMB29P) AppleWebKit/537.36 (KHTML, like Gecko) Chrome/136.0.7103.92 Mobile Safari/537.36 (compatible; GoogleOther)"
66.249.68.66 - - [15/May/2025:19:22:13 +0000] "GET /index.php?shopdetail/28951770 HTTP/1.1" 200 21272 "-" "Mozilla/5.0 (Linux; Android 6.0.1; Nexus 5X Build/MMB29P) AppleWebKit/537.36 (KHTML, like Gecko) Chrome/136.0.7103.92 Mobile Safari/537.36 (compatible; GoogleOther)"
66.249.68.67 - - [15/May/2025:19:22:14 +0000] "GET /index.php?shopdetail/14233481 HTTP/1.1" 200 19039 "-" "Mozilla/5.0 (Linux; Android 6.0.1; Nexus 5X Build/MMB29P) AppleWebKit/537.36 (KHTML, like Gecko) Chrome/136.0.7103.92 Mobile Safari/537.36 (compatible; GoogleOther)"
66.249.68.66 - - [15/May/2025:19:22:15 +0000] "GET /index.php?shopdetail/837236 HTTP/1.1" 200 20155 "-" "Mozilla/5.0 (Linux; Android 6.0.1; Nexus 5X Build/MMB29P) AppleWebKit/537.36 (KHTML, like Gecko) Chrome/136.0.7103.92 Mobile Safari/537.36 (compatible; GoogleOther)"
66.249.68.66 - - [15/May/2025:19:22:16 +0000] "GET /index.php?shopdetail/12302503 HTTP/1.1" 200 20276 "-" "Mozilla/5.0 (Linux; Android 6.0.1; Nexus 5X Build/MMB29P) AppleWebKit/537.36 (KHTML, like Gecko) Chrome/136.0.7103.92 Mobile Safari/537.36 (compatible; GoogleOther)"
66.249.68.66 - - [15/May/2025:19:22:18 +0000] "GET /index.php?pcmypage?callback=/product%2Fdetail%2F25129934 HTTP/1.1" 200 19681 "-" "Mozilla/5.0 (Linux; Android 6.0.1; Nexus 5X Build/MMB29P) AppleWebKit/537.36 (KHTML, like Gecko) Chrome/136.0.7103.92 Mobile Safari/537.36 (compatible; GoogleOther)"
66.249.68.66 - - [15/May/2025:19:22:19 +0000] "GET /index.php?shopdetail/17345436 HTTP/1.1" 200 20158 "-" "Mozilla/5.0 (Linux; Android 6.0.1; Nexus 5X Build/MMB29P) AppleWebKit/537.36 (KHTML, like Gecko) Chrome/136.0.7103.92 Mobile Safari/537.36 (compatible; GoogleOther)"
66.249.68.66 - - [15/May/2025:19:22:21 +0000] "GET /index.php?pcmypage?callback=product/review/75846340 HTTP/1.1" 200 19270 "-" "Mozilla/5.0 (Linux; Android 6.0.1; Nexus 5X Build/MMB29P) AppleWebKit/537.36 (KHTML, like Gecko) Chrome/136.0.7103.92 Mobile Safari/537.36 (compatible; GoogleOther)"
66.249.68.66 - - [15/May/2025:19:22:23 +0000] "GET /index.php?shopdetail/2054558 HTTP/1.1" 200 18507 "-" "Mozilla/5.0 (Linux; Android 6.0.1; Nexus 5X Build/MMB29P) AppleWebKit/537.36 (KHTML, like Gecko) Chrome/136.0.7103.92 Mobile Safari/537.36 (compatible; GoogleOther)"
66.249.68.66 - - [15/May/2025:19:22:24 +0000] "GET /index.php?shopdetail/30898125 HTTP/1.1" 200 23202 "-" "Mozilla/5.0 (Linux; Android 6.0.1; Nexus 5X Build/MMB29P) AppleWebKit/537.36 (KHTML, like Gecko) Chrome/136.0.7103.92 Mobile Safari/537.36 (compatible; GoogleOther)"
66.249.68.66 - - [15/May/2025:19:22:26 +0000] "GET /index.php?shopdetail/25397603 HTTP/1.1" 200 20364 "-" "Mozilla/5.0 (Linux; Android 6.0.1; Nexus 5X Build/MMB29P) AppleWebKit/537.36 (KHTML, like Gecko) Chrome/136.0.7103.92 Mobile Safari/537.36 (compatible; GoogleOther)"
66.249.68.66 - - [15/May/2025:19:22:28 +0000] "GET /index.php?shopdetail/18206803 HTTP/1.1" 200 20826 "-" "Mozilla/5.0 (Linux; Android 6.0.1; Nexus 5X Build/MMB29P) AppleWebKit/537.36 (KHTML, like Gecko) Chrome/136.0.7103.92 Mobile Safari/537.36 (compatible; GoogleOther)"
66.249.68.133 - - [15/May/2025:19:22:46 +0000] "GET /index.php?shopdetail/8788325 HTTP/1.1" 200 18923 "-" "Mozilla/5.0 (Linux; Android 6.0.1; Nexus 5X Build/MMB29P) AppleWebKit/537.36 (KHTML, like Gecko) Chrome/136.0.7103.92 Mobile Safari/537.36 (compatible; Googlebot/2.1; +http://www.google.com/bot.html)"
66.249.68.133 - - [15/May/2025:19:22:54 +0000] "POST /get-message-notify HTTP/1.1" 200 18763 "https://km.pacja.org/index.php?shopdetail/27608803" "Mozilla/5.0 (Linux; Android 6.0.1; Nexus 5X Build/MMB29P) AppleWebKit/537.36 (KHTML, like Gecko) Chrome/135.0.7049.114 Mobile Safari/537.36 (compatible; Googlebot/2.1; +http://www.google.com/bot.html)"
57.141.2.28 - - [15/May/2025:19:23:16 +0000] "GET /shopdetail/27709558 HTTP/1.1" 404 2380 "-" "meta-externalagent/1.1 (+https://developers.facebook.com/docs/sharing/webmasters/crawler)"
57.141.2.26 - - [15/May/2025:19:23:18 +0000] "GET /shopdetail/24655858 HTTP/1.1" 404 2380 "-" "meta-externalagent/1.1 (+https://developers.facebook.com/docs/sharing/webmasters/crawler)"
66.249.68.135 - - [15/May/2025:19:24:22 +0000] "GET /index.php?safe_search/config/return_url=/product/detail/73320238 HTTP/1.1" 200 20969 "-" "Mozilla/5.0 (Linux; Android 6.0.1; Nexus 5X Build/MMB29P) AppleWebKit/537.36 (KHTML, like Gecko) Chrome/136.0.7103.92 Mobile Safari/537.36 (compatible; Googlebot/2.1; +http://www.google.com/bot.html)"
66.249.68.135 - - [15/May/2025:19:24:23 +0000] "GET /index.php?shopdetail/7463836 HTTP/1.1" 200 20029 "-" "Mozilla/5.0 (Linux; Android 6.0.1; Nexus 5X Build/MMB29P) AppleWebKit/537.36 (KHTML, like Gecko) Chrome/136.0.7103.92 Mobile Safari/537.36 (compatible; Googlebot/2.1; +http://www.google.com/bot.html)"
40.77.167.55 - - [15/May/2025:19:24:56 +0000] "GET /components/com_djclassifieds/images/item/0/43_8_thb.png HTTP/1.1" 200 153790 "-" "Mozilla/5.0 AppleWebKit/537.36 (KHTML, like Gecko; compatible; bingbot/2.0; +http://www.bing.com/bingbot.htm) Chrome/116.0.1938.76 Safari/537.36"
66.249.68.135 - - [15/May/2025:19:25:32 +0000] "GET /index.php?shopdetail/17989458 HTTP/1.1" 200 19962 "-" "Mozilla/5.0 (Linux; Android 6.0.1; Nexus 5X Build/MMB29P) AppleWebKit/537.36 (KHTML, like Gecko) Chrome/136.0.7103.92 Mobile Safari/537.36 (compatible; Googlebot/2.1; +http://www.google.com/bot.html)"
66.249.68.135 - - [15/May/2025:19:25:35 +0000] "POST /get-message-notify HTTP/1.1" 200 18763 "https://km.pacja.org/index.php?shopdetail/17989458" "Mozilla/5.0 (Linux; Android 6.0.1; Nexus 5X Build/MMB29P) AppleWebKit/537.36 (KHTML, like Gecko) Chrome/135.0.7049.114 Mobile Safari/537.36 (compatible; Googlebot/2.1; +http://www.google.com/bot.html)"
57.141.2.25 - - [15/May/2025:19:26:58 +0000] "GET /shopdetail/2682725 HTTP/1.1" 404 2380 "-" "meta-externalagent/1.1 (+https://developers.facebook.com/docs/sharing/webmasters/crawler)"
66.249.68.135 - - [15/May/2025:19:27:45 +0000] "GET /index.php?shopdetail/8913836 HTTP/1.1" 200 19472 "-" "Mozilla/5.0 (Linux; Android 6.0.1; Nexus 5X Build/MMB29P) AppleWebKit/537.36 (KHTML, like Gecko) Chrome/136.0.7103.92 Mobile Safari/537.36 (compatible; Googlebot/2.1; +http://www.google.com/bot.html)"
66.249.68.134 - - [15/May/2025:19:27:45 +0000] "GET /index.php?shopdetail/6442347 HTTP/1.1" 200 21872 "-" "Mozilla/5.0 (Linux; Android 6.0.1; Nexus 5X Build/MMB29P) AppleWebKit/537.36 (KHTML, like Gecko) Chrome/136.0.7103.92 Mobile Safari/537.36 (compatible; Googlebot/2.1; +http://www.google.com/bot.html)"
66.249.68.133 - - [15/May/2025:19:28:11 +0000] "GET /index.php?shopdetail/10099403 HTTP/1.1" 200 19625 "-" "Mozilla/5.0 (Linux; Android 6.0.1; Nexus 5X Build/MMB29P) AppleWebKit/537.36 (KHTML, like Gecko) Chrome/136.0.7103.92 Mobile Safari/537.36 (compatible; Googlebot/2.1; +http://www.google.com/bot.html)"
66.249.68.133 - - [15/May/2025:19:28:17 +0000] "POST /get-message-notify HTTP/1.1" 200 18763 "https://km.pacja.org/index.php?shopdetail/10099403" "Mozilla/5.0 (Linux; Android 6.0.1; Nexus 5X Build/MMB29P) AppleWebKit/537.36 (KHTML, like Gecko) Chrome/136.0.7103.92 Mobile Safari/537.36 (compatible; Googlebot/2.1; +http://www.google.com/bot.html)"
66.249.68.135 - - [15/May/2025:19:29:04 +0000] "GET /index.php?shopdetail/26861569 HTTP/1.1" 200 20693 "-" "Mozilla/5.0 (Linux; Android 6.0.1; Nexus 5X Build/MMB29P) AppleWebKit/537.36 (KHTML, like Gecko) Chrome/136.0.7103.92 Mobile Safari/537.36 (compatible; Googlebot/2.1; +http://www.google.com/bot.html)"
66.249.68.133 - - [15/May/2025:19:30:23 +0000] "GET /index.php?zhHant/product/surugaya/83101823?campaign_uid=f64d716db5e979ed2f947dbaf4296895b951ae7f HTTP/1.1" 200 20025 "-" "Mozilla/5.0 (Linux; Android 6.0.1; Nexus 5X Build/MMB29P) AppleWebKit/537.36 (KHTML, like Gecko) Chrome/136.0.7103.92 Mobile Safari/537.36 (compatible; Googlebot/2.1; +http://www.google.com/bot.html)"
66.249.68.135 - - [15/May/2025:19:30:25 +0000] "GET /index.php?shopdetail/9347025 HTTP/1.1" 200 20005 "-" "Mozilla/5.0 (Linux; Android 6.0.1; Nexus 5X Build/MMB29P) AppleWebKit/537.36 (KHTML, like Gecko) Chrome/136.0.7103.92 Mobile Safari/537.36 (compatible; Googlebot/2.1; +http://www.google.com/bot.html)"
66.249.68.133 - - [15/May/2025:19:30:47 +0000] "POST /get-message-notify HTTP/1.1" 200 18763 "https://km.pacja.org/index.php?shopdetail/7519258" "Mozilla/5.0 (Linux; Android 6.0.1; Nexus 5X Build/MMB29P) AppleWebKit/537.36 (KHTML, like Gecko) Chrome/135.0.7049.114 Mobile Safari/537.36 (compatible; Googlebot/2.1; +http://www.google.com/bot.html)"
66.249.68.133 - - [15/May/2025:19:32:52 +0000] "GET /index.php?shopdetail/7294736 HTTP/1.1" 200 19117 "-" "Mozilla/5.0 (Linux; Android 6.0.1; Nexus 5X Build/MMB29P) AppleWebKit/537.36 (KHTML, like Gecko) Chrome/136.0.7103.92 Mobile Safari/537.36 (compatible; Googlebot/2.1; +http://www.google.com/bot.html)"
66.249.68.134 - - [15/May/2025:19:33:32 +0000] "GET /index.php?shopdetail/10760370 HTTP/1.1" 200 19321 "-" "Mozilla/5.0 (Linux; Android 6.0.1; Nexus 5X Build/MMB29P) AppleWebKit/537.36 (KHTML, like Gecko) Chrome/136.0.7103.92 Mobile Safari/537.36 (compatible; Googlebot/2.1; +http://www.google.com/bot.html)"
66.249.68.134 - - [15/May/2025:19:33:35 +0000] "POST /get-message-notify HTTP/1.1" 200 18763 "https://km.pacja.org/index.php?shopdetail/10760370" "Mozilla/5.0 (Linux; Android 6.0.1; Nexus 5X Build/MMB29P) AppleWebKit/537.36 (KHTML, like Gecko) Chrome/135.0.7049.114 Mobile Safari/537.36 (compatible; Googlebot/2.1; +http://www.google.com/bot.html)"
66.249.68.134 - - [15/May/2025:19:33:57 +0000] "POST /get-message-notify HTTP/1.1" 200 18763 "https://km.pacja.org/index.php?shopdetail/18499770" "Mozilla/5.0 (Linux; Android 6.0.1; Nexus 5X Build/MMB29P) AppleWebKit/537.36 (KHTML, like Gecko) Chrome/135.0.7049.114 Mobile Safari/537.36 (compatible; Googlebot/2.1; +http://www.google.com/bot.html)"
66.249.68.134 - - [15/May/2025:19:34:08 +0000] "POST /get-message-notify HTTP/1.1" 200 18763 "https://km.pacja.org/index.php?shopdetail/6955058" "Mozilla/5.0 (Linux; Android 6.0.1; Nexus 5X Build/MMB29P) AppleWebKit/537.36 (KHTML, like Gecko) Chrome/135.0.7049.114 Mobile Safari/537.36 (compatible; Googlebot/2.1; +http://www.google.com/bot.html)"
57.141.2.21 - - [15/May/2025:19:34:23 +0000] "GET /shopdetail/24162569 HTTP/1.1" 404 2380 "-" "meta-externalagent/1.1 (+https://developers.facebook.com/docs/sharing/webmasters/crawler)"
57.141.2.3 - - [15/May/2025:19:34:25 +0000] "GET /shopdetail/26463270 HTTP/1.1" 404 2380 "-" "meta-externalagent/1.1 (+https://developers.facebook.com/docs/sharing/webmasters/crawler)"
98.82.59.253 - - [15/May/2025:19:35:12 +0000] "GET /index.php/portal/declaration,21 HTTP/1.1" 403 - "-" "Mozilla/5.0 AppleWebKit/537.36 (KHTML, like Gecko; compatible; Amazonbot/0.1; +https://developer.amazon.com/support/amazonbot) Chrome/119.0.6045.214 Safari/537.36"
100.28.204.82 - - [15/May/2025:19:35:28 +0000] "GET /index.php/portal/ad/speeches,17/third-pan-african-parliamentarians-summit-on-climate-policy-and-equity-speech-by-dr-mithika,111 HTTP/1.1" 403 - "-" "Mozilla/5.0 AppleWebKit/537.36 (KHTML, like Gecko; compatible; Amazonbot/0.1; +https://developer.amazon.com/support/amazonbot) Chrome/119.0.6045.214 Safari/537.36"
34.204.150.196 - - [15/May/2025:19:35:33 +0000] "GET /index.php/portal?start=18 HTTP/1.1" 403 - "-" "Mozilla/5.0 AppleWebKit/537.36 (KHTML, like Gecko; compatible; Amazonbot/0.1; +https://developer.amazon.com/support/amazonbot) Chrome/119.0.6045.214 Safari/537.36"
66.249.68.135 - - [15/May/2025:19:35:43 +0000] "GET /index.php?shopdetail/3005125 HTTP/1.1" 200 18992 "-" "Mozilla/5.0 (Linux; Android 6.0.1; Nexus 5X Build/MMB29P) AppleWebKit/537.36 (KHTML, like Gecko) Chrome/136.0.7103.92 Mobile Safari/537.36 (compatible; Googlebot/2.1; +http://www.google.com/bot.html)"
66.249.68.134 - - [15/May/2025:19:35:44 +0000] "GET /index.php?shopdetail/6966403 HTTP/1.1" 200 18750 "-" "Mozilla/5.0 (Linux; Android 6.0.1; Nexus 5X Build/MMB29P) AppleWebKit/537.36 (KHTML, like Gecko) Chrome/136.0.7103.92 Mobile Safari/537.36 (compatible; Googlebot/2.1; +http://www.google.com/bot.html)"
52.45.77.169 - - [15/May/2025:19:35:45 +0000] "GET /index.php/portal/ad/18/press-release-on-the-appointment-of-oil-chief-as-unfccc-cop28-president-designate,77 HTTP/1.1" 403 - "-" "Mozilla/5.0 AppleWebKit/537.36 (KHTML, like Gecko; compatible; Amazonbot/0.1; +https://developer.amazon.com/support/amazonbot) Chrome/119.0.6045.214 Safari/537.36"
66.249.68.133 - - [15/May/2025:19:35:46 +0000] "POST /get-message-notify HTTP/1.1" 200 18763 "https://km.pacja.org/index.php?shopdetail/3005125" "Mozilla/5.0 (Linux; Android 6.0.1; Nexus 5X Build/MMB29P) AppleWebKit/537.36 (KHTML, like Gecko) Chrome/135.0.7049.114 Mobile Safari/537.36 (compatible; Googlebot/2.1; +http://www.google.com/bot.html)"
44.209.89.189 - - [15/May/2025:19:35:53 +0000] "GET /index.php/portal/ad/speeches,17/pan-african-parliament-presidents-speech-at-the-third-pan-african-summit,108 HTTP/1.1" 403 - "-" "Mozilla/5.0 AppleWebKit/537.36 (KHTML, like Gecko; compatible; Amazonbot/0.1; +https://developer.amazon.com/support/amazonbot) Chrome/119.0.6045.214 Safari/537.36"
66.249.68.133 - - [15/May/2025:19:35:53 +0000] "POST /get-message-notify HTTP/1.1" 200 18763 "https://km.pacja.org/index.php?shopdetail/6966403" "Mozilla/5.0 (Linux; Android 6.0.1; Nexus 5X Build/MMB29P) AppleWebKit/537.36 (KHTML, like Gecko) Chrome/136.0.7103.92 Mobile Safari/537.36 (compatible; Googlebot/2.1; +http://www.google.com/bot.html)"
66.249.68.133 - - [15/May/2025:19:36:10 +0000] "GET /index.php?shopdetail/7794570 HTTP/1.1" 200 20443 "-" "Mozilla/5.0 (Linux; Android 6.0.1; Nexus 5X Build/MMB29P) AppleWebKit/537.36 (KHTML, like Gecko) Chrome/136.0.7103.92 Mobile Safari/537.36 (compatible; Googlebot/2.1; +http://www.google.com/bot.html)"
66.249.68.134 - - [15/May/2025:19:36:26 +0000] "POST /get-message-notify HTTP/1.1" 200 18763 "https://km.pacja.org/index.php?shopdetail/7794570" "Mozilla/5.0 (Linux; Android 6.0.1; Nexus 5X Build/MMB29P) AppleWebKit/537.36 (KHTML, like Gecko) Chrome/135.0.7049.114 Mobile Safari/537.36 (compatible; Googlebot/2.1; +http://www.google.com/bot.html)"
66.249.68.134 - - [15/May/2025:19:37:28 +0000] "GET /index.php?shopdetail/30962614 HTTP/1.1" 200 19468 "-" "Mozilla/5.0 (Linux; Android 6.0.1; Nexus 5X Build/MMB29P) AppleWebKit/537.36 (KHTML, like Gecko) Chrome/136.0.7103.92 Mobile Safari/537.36 (compatible; Googlebot/2.1; +http://www.google.com/bot.html)"
66.249.68.134 - - [15/May/2025:19:37:29 +0000] "GET /index.php?shopdetail/7366103 HTTP/1.1" 200 18811 "-" "Mozilla/5.0 (Linux; Android 6.0.1; Nexus 5X Build/MMB29P) AppleWebKit/537.36 (KHTML, like Gecko) Chrome/136.0.7103.92 Mobile Safari/537.36 (compatible; Googlebot/2.1; +http://www.google.com/bot.html)"
66.249.68.134 - - [15/May/2025:19:37:56 +0000] "GET /index.php?shopdetail/10845681 HTTP/1.1" 200 18503 "-" "Mozilla/5.0 (Linux; Android 6.0.1; Nexus 5X Build/MMB29P) AppleWebKit/537.36 (KHTML, like Gecko) Chrome/136.0.7103.92 Mobile Safari/537.36 (compatible; Googlebot/2.1; +http://www.google.com/bot.html)"
66.249.68.133 - - [15/May/2025:19:38:03 +0000] "POST /get-message-notify HTTP/1.1" 200 18763 "https://km.pacja.org/index.php?shopdetail/7294736" "Mozilla/5.0 (Linux; Android 6.0.1; Nexus 5X Build/MMB29P) AppleWebKit/537.36 (KHTML, like Gecko) Chrome/135.0.7049.114 Mobile Safari/537.36 (compatible; Googlebot/2.1; +http://www.google.com/bot.html)"
57.141.2.15 - - [15/May/2025:19:38:10 +0000] "GET /shopdetail/8719658 HTTP/1.1" 404 2380 "-" "meta-externalagent/1.1 (+https://developers.facebook.com/docs/sharing/webmasters/crawler)"
66.249.68.134 - - [15/May/2025:19:38:23 +0000] "GET /index.php?shopdetail/7656392 HTTP/1.1" 200 20334 "-" "Mozilla/5.0 (Linux; Android 6.0.1; Nexus 5X Build/MMB29P) AppleWebKit/537.36 (KHTML, like Gecko) Chrome/136.0.7103.92 Mobile Safari/537.36 (compatible; Googlebot/2.1; +http://www.google.com/bot.html)"
66.249.68.133 - - [15/May/2025:19:38:23 +0000] "GET /index.php?shopdetail/10244714 HTTP/1.1" 200 19970 "-" "Mozilla/5.0 (Linux; Android 6.0.1; Nexus 5X Build/MMB29P) AppleWebKit/537.36 (KHTML, like Gecko) Chrome/136.0.7103.92 Mobile Safari/537.36 (compatible; Googlebot/2.1; +http://www.google.com/bot.html)"
66.249.68.133 - - [15/May/2025:19:38:26 +0000] "POST /get-message-notify HTTP/1.1" 200 18763 "https://km.pacja.org/index.php?shopdetail/7656392" "Mozilla/5.0 (Linux; Android 6.0.1; Nexus 5X Build/MMB29P) AppleWebKit/537.36 (KHTML, like Gecko) Chrome/135.0.7049.114 Mobile Safari/537.36 (compatible; Googlebot/2.1; +http://www.google.com/bot.html)"
66.249.68.134 - - [15/May/2025:19:39:29 +0000] "GET /index.php?shopdetail/12309370 HTTP/1.1" 200 19385 "-" "Mozilla/5.0 (Linux; Android 6.0.1; Nexus 5X Build/MMB29P) AppleWebKit/537.36 (KHTML, like Gecko) Chrome/136.0.7103.92 Mobile Safari/537.36 (compatible; Googlebot/2.1; +http://www.google.com/bot.html)"
66.249.68.135 - - [15/May/2025:19:39:28 +0000] "GET /index.php?shopdetail/7573947 HTTP/1.1" 200 19715 "-" "Mozilla/5.0 (Linux; Android 6.0.1; Nexus 5X Build/MMB29P) AppleWebKit/537.36 (KHTML, like Gecko) Chrome/136.0.7103.92 Mobile Safari/537.36 (compatible; Googlebot/2.1; +http://www.google.com/bot.html)"
66.249.68.135 - - [15/May/2025:19:39:31 +0000] "POST /get-message-notify HTTP/1.1" 200 18763 "https://km.pacja.org/index.php?shopdetail/12309370" "Mozilla/5.0 (Linux; Android 6.0.1; Nexus 5X Build/MMB29P) AppleWebKit/537.36 (KHTML, like Gecko) Chrome/135.0.7049.114 Mobile Safari/537.36 (compatible; Googlebot/2.1; +http://www.google.com/bot.html)"
66.249.68.134 - - [15/May/2025:19:40:33 +0000] "GET /index.php?shopdetail/14234225 HTTP/1.1" 200 19612 "-" "Mozilla/5.0 (Linux; Android 6.0.1; Nexus 5X Build/MMB29P) AppleWebKit/537.36 (KHTML, like Gecko) Chrome/136.0.7103.92 Mobile Safari/537.36 (compatible; Googlebot/2.1; +http://www.google.com/bot.html)"
66.249.68.133 - - [15/May/2025:19:40:36 +0000] "POST /get-message-notify HTTP/1.1" 200 18763 "https://km.pacja.org/index.php?shopdetail/14234225" "Mozilla/5.0 (Linux; Android 6.0.1; Nexus 5X Build/MMB29P) AppleWebKit/537.36 (KHTML, like Gecko) Chrome/136.0.7103.92 Mobile Safari/537.36 (compatible; Googlebot/2.1; +http://www.google.com/bot.html)"
66.249.68.133 - - [15/May/2025:19:40:47 +0000] "GET /index.php?shopdetail/8607547 HTTP/1.1" 200 19655 "-" "Mozilla/5.0 (Linux; Android 6.0.1; Nexus 5X Build/MMB29P) AppleWebKit/537.36 (KHTML, like Gecko) Chrome/136.0.7103.92 Mobile Safari/537.36 (compatible; Googlebot/2.1; +http://www.google.com/bot.html)"
192.3.147.181 - - [15/May/2025:19:41:09 +0000] "GET /index.php/component/users/remind?Itemid=101 HTTP/1.1" 200 4115 "-" "Mozilla/5.0 (Windows NT 10.0; Win64; x64) AppleWebKit/537.36 (KHTML, like Gecko) Chrome/114.0.0.0 YaBrowser/22.7.0 Yowser/2.5 Safari/537.36"
192.3.147.181 - - [15/May/2025:19:41:11 +0000] "GET /index.php?option=com_easyblog&view=dashboard&layout=write HTTP/1.1" 404 874 "https://km.pacja.org/index.php/component/users/remind?Itemid=101" "Mozilla/5.0 (Windows NT 10.0; Win64; x64) AppleWebKit/537.36 (KHTML, like Gecko) Chrome/114.0.0.0 YaBrowser/22.7.0 Yowser/2.5 Safari/537.36"
192.3.147.181 - - [15/May/2025:19:41:12 +0000] "GET /index.php/component/users/remind?Itemid=101 HTTP/1.1" 200 4115 "https://km.pacja.org/index.php/component/users/remind?Itemid=101" "Mozilla/5.0 (Windows NT 10.0; Win64; x64) AppleWebKit/537.36 (KHTML, like Gecko) Chrome/114.0.0.0 YaBrowser/22.7.0 Yowser/2.5 Safari/537.36"
192.3.147.181 - - [15/May/2025:19:41:12 +0000] "GET /my-account/post-an-ad HTTP/1.1" 303 - "https://km.pacja.org/index.php/component/users/remind?Itemid=101" "Mozilla/5.0 (Windows NT 10.0; Win64; x64) AppleWebKit/537.36 (KHTML, like Gecko) Chrome/114.0.0.0 YaBrowser/22.7.0 Yowser/2.5 Safari/537.36"
192.3.147.181 - - [15/May/2025:19:41:13 +0000] "GET /index.php/component/users/login?Itemid=101 HTTP/1.1" 200 4630 "https://km.pacja.org/my-account/post-an-ad" "Mozilla/5.0 (Windows NT 10.0; Win64; x64) AppleWebKit/537.36 (KHTML, like Gecko) Chrome/114.0.0.0 YaBrowser/22.7.0 Yowser/2.5 Safari/537.36"
57.141.2.17 - - [15/May/2025:19:41:53 +0000] "GET /shopdetail/709569 HTTP/1.1" 404 2380 "-" "meta-externalagent/1.1 (+https://developers.facebook.com/docs/sharing/webmasters/crawler)"
66.249.68.135 - - [15/May/2025:19:43:28 +0000] "GET /index.php?shopdetail/5122803 HTTP/1.1" 200 19289 "-" "Mozilla/5.0 (Linux; Android 6.0.1; Nexus 5X Build/MMB29P) AppleWebKit/537.36 (KHTML, like Gecko) Chrome/136.0.7103.92 Mobile Safari/537.36 (compatible; Googlebot/2.1; +http://www.google.com/bot.html)"
66.249.68.134 - - [15/May/2025:19:43:41 +0000] "GET /index.php?shopdetail/7757669 HTTP/1.1" 200 20884 "-" "Mozilla/5.0 (Linux; Android 6.0.1; Nexus 5X Build/MMB29P) AppleWebKit/537.36 (KHTML, like Gecko) Chrome/136.0.7103.92 Mobile Safari/537.36 (compatible; Googlebot/2.1; +http://www.google.com/bot.html)"
66.249.68.134 - - [15/May/2025:19:44:07 +0000] "GET /index.php?shopdetail/9819358 HTTP/1.1" 200 19958 "-" "Mozilla/5.0 (Linux; Android 6.0.1; Nexus 5X Build/MMB29P) AppleWebKit/537.36 (KHTML, like Gecko) Chrome/136.0.7103.92 Mobile Safari/537.36 (compatible; Googlebot/2.1; +http://www.google.com/bot.html)"
52.167.144.163 - - [15/May/2025:19:45:05 +0000] "GET /index.php/portal/ad/newsletters,14/nairobi-summer-school-cohort-4-newsletter,69 HTTP/1.1" 200 19641 "-" "Mozilla/5.0 AppleWebKit/537.36 (KHTML, like Gecko; compatible; bingbot/2.0; +http://www.bing.com/bingbot.htm) Chrome/116.0.1938.76 Safari/537.36"
66.249.68.134 - - [15/May/2025:19:45:13 +0000] "GET /index.php?shopdetail/6488169 HTTP/1.1" 200 19731 "-" "Mozilla/5.0 (Linux; Android 6.0.1; Nexus 5X Build/MMB29P) AppleWebKit/537.36 (KHTML, like Gecko) Chrome/136.0.7103.92 Mobile Safari/537.36 (compatible; Googlebot/2.1; +http://www.google.com/bot.html)"
66.249.68.133 - - [15/May/2025:19:45:26 +0000] "GET /index.php?pcmypage?callback=product/review/84827963 HTTP/1.1" 200 20843 "-" "Mozilla/5.0 (Linux; Android 6.0.1; Nexus 5X Build/MMB29P) AppleWebKit/537.36 (KHTML, like Gecko) Chrome/136.0.7103.92 Mobile Safari/537.36 (compatible; Googlebot/2.1; +http://www.google.com/bot.html)"
66.249.68.133 - - [15/May/2025:19:45:27 +0000] "GET /index.php?shopdetail/7185669 HTTP/1.1" 200 19617 "-" "Mozilla/5.0 (Linux; Android 6.0.1; Nexus 5X Build/MMB29P) AppleWebKit/537.36 (KHTML, like Gecko) Chrome/136.0.7103.92 Mobile Safari/537.36 (compatible; Googlebot/2.1; +http://www.google.com/bot.html)"
66.249.68.133 - - [15/May/2025:19:45:31 +0000] "POST /get-message-notify HTTP/1.1" 200 18763 "https://km.pacja.org/index.php?shopdetail/7185669" "Mozilla/5.0 (Linux; Android 6.0.1; Nexus 5X Build/MMB29P) AppleWebKit/537.36 (KHTML, like Gecko) Chrome/135.0.7049.114 Mobile Safari/537.36 (compatible; Googlebot/2.1; +http://www.google.com/bot.html)"
57.141.2.11 - - [15/May/2025:19:45:38 +0000] "GET /sitemap.xml HTTP/1.1" 200 141863 "-" "meta-externalagent/1.1 (+https://developers.facebook.com/docs/sharing/webmasters/crawler)"
