Current File : /home/pacjaorg/access-logs/wpt.pacja.org-ssl_log
203.161.61.57 - - [15/May/2025:12:38:29 +0000] "POST /wp-cron.php?doing_wp_cron=1747312709.9367160797119140625000 HTTP/1.1" 200 - "-" "WordPress/6.8.1; https://wpt.pacja.org"
18.211.39.188 - - [15/May/2025:12:38:25 +0000] "GET /robots.txt HTTP/1.1" 200 116 "-" "Mozilla/5.0 AppleWebKit/537.36 (KHTML, like Gecko; compatible; Amazonbot/0.1; +https://developer.amazon.com/support/amazonbot) Chrome/119.0.6045.214 Safari/537.36"
52.22.64.232 - - [15/May/2025:12:38:30 +0000] "GET /evaluation-of-the-pacja-project/ HTTP/1.1" 200 55004 "-" "Mozilla/5.0 AppleWebKit/537.36 (KHTML, like Gecko; compatible; Amazonbot/0.1; +https://developer.amazon.com/support/amazonbot) Chrome/119.0.6045.214 Safari/537.36"
203.161.61.57 - - [15/May/2025:13:17:19 +0000] "POST /wp-admin/admin-ajax.php?action=wordfence_testAjax HTTP/1.1" 200 32 "-" "WordPress/6.8.1; https://wpt.pacja.org"
203.161.61.57 - - [15/May/2025:13:17:29 +0000] "POST /wp-cron.php?doing_wp_cron=1747315049.9084079265594482421875 HTTP/1.1" 200 - "-" "WordPress/6.8.1; https://wpt.pacja.org"
203.161.61.57 - - [15/May/2025:13:17:24 +0000] "POST /wp-admin/admin-ajax.php?action=as_async_request_queue_runner&nonce=194fb03e8c HTTP/1.1" 200 - "-" "WordPress/6.8.1; https://wpt.pacja.org"
61.142.44.132 - - [15/May/2025:13:17:29 +0000] "GET / HTTP/1.1" 200 66760 "http://www.wpt.pacja.org" "Mozilla/5.0 (Windows NT 10.0; Win64; x64) AppleWebKit/537.36 (KHTML, like Gecko) Chrome/122.0.0.0 Safari/537.36 Edg/122.0.0.0"
203.161.61.57 - - [15/May/2025:13:17:25 +0000] "GET /wp-admin/admin-ajax.php?action=wordfence_doScan&isFork=0&scanMode=standard&cronKey=283b6483e5cf6f66d22fa791dd6aebc9&signature=4fd7a242e2394e969c6e8a1534db56c3248697b084956e0a229b1f2ebc49c201 HTTP/1.1" 200 - "-" "WordPress/6.8.1; https://wpt.pacja.org"
203.161.61.57 - - [15/May/2025:13:18:13 +0000] "POST /wp-cron.php?doing_wp_cron=1747315093.9598290920257568359375 HTTP/1.1" 200 - "-" "WordPress/6.8.1; https://wpt.pacja.org"
203.161.61.57 - - [15/May/2025:13:18:30 +0000] "POST /wp-cron.php?doing_wp_cron=1747315110.6574809551239013671875 HTTP/1.1" 200 - "-" "WordPress/6.8.1; https://wpt.pacja.org"
203.161.61.57 - - [15/May/2025:13:18:29 +0000] "GET /.user.ini HTTP/1.1" 404 32069 "-" "WordPress/6.8.1; https://wpt.pacja.org"
203.161.61.57 - - [15/May/2025:13:18:12 +0000] "GET /wp-admin/admin-ajax.php?action=wordfence_doScan&isFork=1&scanMode=standard&cronKey=3eea0d1bdf8ba0a956e8d71a628492d9&signature=4aabc1534dc92efd645dad7c7cfa80938f4342712ed678ec39e9cad1ce37853e HTTP/1.1" 200 - "-" "WordPress/6.8.1; https://wpt.pacja.org"
203.161.61.57 - - [15/May/2025:13:19:01 +0000] "POST /wp-cron.php?doing_wp_cron=1747315141.6207358837127685546875 HTTP/1.1" 200 - "-" "WordPress/6.8.1; https://wpt.pacja.org"
203.161.61.57 - - [15/May/2025:13:19:00 +0000] "GET /wp-admin/admin-ajax.php?action=wordfence_doScan&isFork=1&scanMode=standard&cronKey=8b1fef6590848796a0a6f775b32a2f98&signature=39aff81c6792412d1c28c2d0784cc19d53310315886a79e6005d1cd4c32c317d HTTP/1.1" 200 - "-" "WordPress/6.8.1; https://wpt.pacja.org"
203.161.61.57 - - [15/May/2025:13:19:48 +0000] "POST /wp-cron.php?doing_wp_cron=1747315188.5875339508056640625000 HTTP/1.1" 200 - "-" "WordPress/6.8.1; https://wpt.pacja.org"
203.161.61.57 - - [15/May/2025:13:19:47 +0000] "GET /wp-admin/admin-ajax.php?action=wordfence_doScan&isFork=1&scanMode=standard&cronKey=efdda61c5b8ef93dcd79bdbb1a9759d1&signature=01236ec7cf650284f35460bf1122106d332ae412b9b0609909d6d454952ec1f0 HTTP/1.1" 200 - "-" "WordPress/6.8.1; https://wpt.pacja.org"
203.161.61.57 - - [15/May/2025:13:20:35 +0000] "POST /wp-cron.php?doing_wp_cron=1747315235.6947350502014160156250 HTTP/1.1" 200 - "-" "WordPress/6.8.1; https://wpt.pacja.org"
203.161.61.57 - - [15/May/2025:13:21:22 +0000] "POST /wp-cron.php?doing_wp_cron=1747315282.6001620292663574218750 HTTP/1.1" 200 - "-" "WordPress/6.8.1; https://wpt.pacja.org"
203.161.61.57 - - [15/May/2025:13:20:34 +0000] "GET /wp-admin/admin-ajax.php?action=wordfence_doScan&isFork=1&scanMode=standard&cronKey=970b71b7e145b3e36fde7f1ba8a0799f&signature=0b80c8fa5ec8040304a57e3f5d76da13f22ec4d61b4de15b0a9baa2f9438593e HTTP/1.1" 200 - "-" "WordPress/6.8.1; https://wpt.pacja.org"
203.161.61.57 - - [15/May/2025:13:21:21 +0000] "GET /wp-admin/admin-ajax.php?action=wordfence_doScan&isFork=1&scanMode=standard&cronKey=aebf5ffe6d85b560100e9d05faa9dd3c&signature=466c2364130022bb3776ee4afe280992c7793c2659264b1b16b19e3a8e984dce HTTP/1.1" 200 - "-" "WordPress/6.8.1; https://wpt.pacja.org"
203.161.61.57 - - [15/May/2025:13:22:09 +0000] "POST /wp-cron.php?doing_wp_cron=1747315329.5691421031951904296875 HTTP/1.1" 200 - "-" "WordPress/6.8.1; https://wpt.pacja.org"
203.161.61.57 - - [15/May/2025:13:22:08 +0000] "GET /wp-admin/admin-ajax.php?action=wordfence_doScan&isFork=1&scanMode=standard&cronKey=11bab430184fda9800812f44e0991b88&signature=4319e5b9358344a4afb83a814e3893a0d3bbeccd4379b541c3adecaaf2a8a818 HTTP/1.1" 200 - "-" "WordPress/6.8.1; https://wpt.pacja.org"
203.161.61.57 - - [15/May/2025:13:22:56 +0000] "POST /wp-cron.php?doing_wp_cron=1747315376.6261489391326904296875 HTTP/1.1" 200 - "-" "WordPress/6.8.1; https://wpt.pacja.org"
203.161.61.57 - - [15/May/2025:13:22:55 +0000] "GET /wp-admin/admin-ajax.php?action=wordfence_doScan&isFork=1&scanMode=standard&cronKey=10740c9ff554275c05382b1d0a36f098&signature=b813fc3591b1e17ce1310321b4a93908a5cb9c40bafaa2c4cd3132c7f284e5d0 HTTP/1.1" 200 - "-" "WordPress/6.8.1; https://wpt.pacja.org"
203.161.61.57 - - [15/May/2025:13:23:43 +0000] "POST /wp-cron.php?doing_wp_cron=1747315423.5677289962768554687500 HTTP/1.1" 200 - "-" "WordPress/6.8.1; https://wpt.pacja.org"
203.161.61.57 - - [15/May/2025:13:23:42 +0000] "GET /wp-admin/admin-ajax.php?action=wordfence_doScan&isFork=1&scanMode=standard&cronKey=89d8820e1668dc61c3442a9db0c7bc3f&signature=bdf229784ac75d5d5e5706a7d13e43e79c0c167f767d2005bc05385d2ea59b10 HTTP/1.1" 200 - "-" "WordPress/6.8.1; https://wpt.pacja.org"
203.161.61.57 - - [15/May/2025:13:24:30 +0000] "POST /wp-cron.php?doing_wp_cron=1747315470.6452090740203857421875 HTTP/1.1" 200 - "-" "WordPress/6.8.1; https://wpt.pacja.org"
203.161.61.57 - - [15/May/2025:13:24:29 +0000] "GET /wp-admin/admin-ajax.php?action=wordfence_doScan&isFork=1&scanMode=standard&cronKey=c2a3430a49b21bbf8bead89316ec8ca4&signature=0b4f9c2956082fdfa1cb960a281fc7d36fa344dc2faf9eb40c8b2a8b3abad0ff HTTP/1.1" 200 - "-" "WordPress/6.8.1; https://wpt.pacja.org"
203.161.61.57 - - [15/May/2025:13:25:17 +0000] "POST /wp-cron.php?doing_wp_cron=1747315517.7476859092712402343750 HTTP/1.1" 200 - "-" "WordPress/6.8.1; https://wpt.pacja.org"
203.161.61.57 - - [15/May/2025:13:26:05 +0000] "POST /wp-cron.php?doing_wp_cron=1747315565.4866700172424316406250 HTTP/1.1" 200 - "-" "WordPress/6.8.1; https://wpt.pacja.org"
203.161.61.57 - - [15/May/2025:13:25:16 +0000] "GET /wp-admin/admin-ajax.php?action=wordfence_doScan&isFork=1&scanMode=standard&cronKey=ae2802a58a5d41d9616819f1189b8db4&signature=8850d9ca2ba86c7823207ed19269a4420d616380a90652a1dbf1270a4b1880b9 HTTP/1.1" 200 - "-" "WordPress/6.8.1; https://wpt.pacja.org"
203.161.61.57 - - [15/May/2025:13:26:52 +0000] "POST /wp-cron.php?doing_wp_cron=1747315612.5246229171752929687500 HTTP/1.1" 200 - "-" "WordPress/6.8.1; https://wpt.pacja.org"
203.161.61.57 - - [15/May/2025:13:26:04 +0000] "GET /wp-admin/admin-ajax.php?action=wordfence_doScan&isFork=1&scanMode=standard&cronKey=f60990251a316afbd7209eab095c1823&signature=d07f9038ce2d05419f91145c4b64956765f8547fd61c84928e25651239b5cc3a HTTP/1.1" 200 - "-" "WordPress/6.8.1; https://wpt.pacja.org"
203.161.61.57 - - [15/May/2025:13:27:39 +0000] "POST /wp-cron.php?doing_wp_cron=1747315659.5607130527496337890625 HTTP/1.1" 200 - "-" "WordPress/6.8.1; https://wpt.pacja.org"
203.161.61.57 - - [15/May/2025:13:26:51 +0000] "GET /wp-admin/admin-ajax.php?action=wordfence_doScan&isFork=1&scanMode=standard&cronKey=c62e814224bebe61324dea71bf15d47a&signature=0074eb319bb56907d1b7241a87e5c22924344035752b800c1cd10a9b3a82ceba HTTP/1.1" 200 - "-" "WordPress/6.8.1; https://wpt.pacja.org"
203.161.61.57 - - [15/May/2025:13:27:38 +0000] "GET /wp-admin/admin-ajax.php?action=wordfence_doScan&isFork=1&scanMode=standard&cronKey=4efb2311dd436a6ae9cdc71d34d7c5b2&signature=fa4320ef143dc98f3d93e542aa324853c20dd5de130d575237b28a2e7360a045 HTTP/1.1" 200 - "-" "WordPress/6.8.1; https://wpt.pacja.org"
203.161.61.57 - - [15/May/2025:13:28:26 +0000] "POST /wp-cron.php?doing_wp_cron=1747315706.5927839279174804687500 HTTP/1.1" 200 - "-" "WordPress/6.8.1; https://wpt.pacja.org"
203.161.61.57 - - [15/May/2025:13:28:25 +0000] "GET /wp-admin/admin-ajax.php?action=wordfence_doScan&isFork=1&scanMode=standard&cronKey=51ea2fccf71776fbb2f167672138d288&signature=327acbddb9f479c6e1f997f4703118e54e49bbd99132b9089bba49bcbb6afc53 HTTP/1.1" 200 - "-" "WordPress/6.8.1; https://wpt.pacja.org"
203.161.61.57 - - [15/May/2025:13:29:13 +0000] "POST /wp-cron.php?doing_wp_cron=1747315753.7602260112762451171875 HTTP/1.1" 200 - "-" "WordPress/6.8.1; https://wpt.pacja.org"
203.161.61.57 - - [15/May/2025:13:29:12 +0000] "GET /wp-admin/admin-ajax.php?action=wordfence_doScan&isFork=1&scanMode=standard&cronKey=3cc073b17262e0916012217cbda32499&signature=0189ee77c2a1361e1e2ce4a3cda3ebcb1081ea489556341e913027f344b0e850 HTTP/1.1" 200 - "-" "WordPress/6.8.1; https://wpt.pacja.org"
203.161.61.57 - - [15/May/2025:13:30:00 +0000] "POST /wp-cron.php?doing_wp_cron=1747315800.5358600616455078125000 HTTP/1.1" 200 - "-" "WordPress/6.8.1; https://wpt.pacja.org"
203.161.61.57 - - [15/May/2025:13:29:59 +0000] "GET /wp-admin/admin-ajax.php?action=wordfence_doScan&isFork=1&scanMode=standard&cronKey=77d69220a299ffb20d56ee1f9ec29610&signature=4c038f7282fd772144e2856f85bb94ae237927fc93e8c82489773f319e00f428 HTTP/1.1" 200 - "-" "WordPress/6.8.1; https://wpt.pacja.org"
203.161.61.57 - - [15/May/2025:13:39:33 +0000] "POST /wp-cron.php?doing_wp_cron=1747316373.2904560565948486328125 HTTP/1.1" 200 - "-" "WordPress/6.8.1; https://wpt.pacja.org"
34.199.252.22 - - [15/May/2025:13:39:29 +0000] "GET /climate-justice-and-childrens-rights-guide/ HTTP/1.1" 200 56290 "-" "Mozilla/5.0 AppleWebKit/537.36 (KHTML, like Gecko; compatible; Amazonbot/0.1; +https://developer.amazon.com/support/amazonbot) Chrome/119.0.6045.214 Safari/537.36"
203.161.61.57 - - [15/May/2025:13:42:49 +0000] "POST /wp-cron.php?doing_wp_cron=1747316569.4494409561157226562500 HTTP/1.1" 200 - "-" "WordPress/6.8.1; https://wpt.pacja.org"
34.231.156.59 - - [15/May/2025:13:42:45 +0000] "GET /dr-najwa-bourawi-tunisia/ HTTP/1.1" 200 54617 "-" "Mozilla/5.0 AppleWebKit/537.36 (KHTML, like Gecko; compatible; Amazonbot/0.1; +https://developer.amazon.com/support/amazonbot) Chrome/119.0.6045.214 Safari/537.36"
203.161.61.57 - - [15/May/2025:14:08:53 +0000] "POST /wp-cron.php?doing_wp_cron=1747318133.3977789878845214843750 HTTP/1.1" 200 - "-" "WordPress/6.8.1; https://wpt.pacja.org"
3.211.181.86 - - [15/May/2025:14:08:48 +0000] "GET /kisumu-offers-one-time-chance-to-climate-proof-african-cities/ HTTP/1.1" 200 57275 "-" "Mozilla/5.0 AppleWebKit/537.36 (KHTML, like Gecko; compatible; Amazonbot/0.1; +https://developer.amazon.com/support/amazonbot) Chrome/119.0.6045.214 Safari/537.36"
98.84.184.80 - - [15/May/2025:14:08:53 +0000] "GET /news/page/37/ HTTP/1.1" 200 46334 "-" "Mozilla/5.0 AppleWebKit/537.36 (KHTML, like Gecko; compatible; Amazonbot/0.1; +https://developer.amazon.com/support/amazonbot) Chrome/119.0.6045.214 Safari/537.36"
203.161.61.57 - - [15/May/2025:14:54:06 +0000] "POST /wp-cron.php?doing_wp_cron=1747320846.2962560653686523437500 HTTP/1.1" 200 - "-" "WordPress/6.8.1; https://wpt.pacja.org"
66.249.68.8 - - [15/May/2025:14:54:01 +0000] "GET /robots.txt HTTP/1.1" 200 116 "-" "Mozilla/5.0 (compatible; Googlebot/2.1; +http://www.google.com/bot.html)"
66.249.68.8 - - [15/May/2025:14:54:06 +0000] "GET /our-national-platforms/democratic-republic-of-congo/ HTTP/1.1" 200 63165 "-" "Mozilla/5.0 (Linux; Android 6.0.1; Nexus 5X Build/MMB29P) AppleWebKit/537.36 (KHTML, like Gecko) Chrome/136.0.7103.92 Mobile Safari/537.36 (compatible; Googlebot/2.1; +http://www.google.com/bot.html)"
66.249.68.8 - - [15/May/2025:14:54:48 +0000] "GET /_jb_static/??-eJyVVEt22zAMvE1Xpdn0NfYqrxfoLicASdihzV/4kZ5uH4iUXbm2LHclkuAMgMFQvA9MepfRZR5MOWiX+B8YML4brTBySAlz4ilD1pKbMZJaRKY0329o/50Tm3bSFIWpXlA6ZS6MlydmtIgQB6IaDG6sdhfEv/ml7kZY+7DeRxUipsQqT2JoBarbdMfELSoNaNCObPNNqIUygweQw1XuRTjF5vuHBX8WTQ1iR2fMgoMDydNy3Qst0oDqwElkCSHKD06lcemt9a5KefwsGAdW9LP4aXQjdk83GfSYvH0s/eMSrqOsRZbHSHuQme19tGzHr3xRTZAWocr3znhQFzWnXvqgLNN0e2yoEl1O/p+sChP9ymz3hgYYWcoRwf7FoFMrQqqzTNmTk1zhoQjiqhS68zTKFr9Lkz/IdYkLrIuKEbh2a+oLnLb0Wr2bL5/JMoravDJZZb5+MvmxPbXm2LbeCFPIdd4pGJ5tlt57oKp1d5v3rPARcwB54tarQl7iRp9wMtYNpoTRAGSFwYHVklkvxpEscg++5CKw/WoYnZ4dy4dM/6L9fTnPaGLXBtvQr1w/pV3x6xp8BP62by+7X9vt64/t7uc3Kd5evgBlwzHW HTTP/1.1" 200 158576 "https://wpt.pacja.org/our-national-platforms/democratic-republic-of-congo/" "Mozilla/5.0 (Linux; Android 6.0.1; Nexus 5X Build/MMB29P) AppleWebKit/537.36 (KHTML, like Gecko) Chrome/135.0.7049.114 Mobile Safari/537.36 (compatible; Googlebot/2.1; +http://www.google.com/bot.html)"
66.249.68.8 - - [15/May/2025:14:54:51 +0000] "GET /_jb_static/??-eJytkU1OAzEMhW/DikwoYuiq4gLsOIFJ3OCSOFPbw2huT/rHz6KzqhQpil7e954TPw2OOOQxovpdW/sRZT5vrlASMOwKcbfTe98uh8qGbH7IYyJW/wozylumiOJBFU29GhgFnw+KnpRG/nPsRqOsNyV+CoKNAgUjQXeqf9MAE2Alo8pXi6daU0YHDHluNHXbKm6qEgdB1UtU427l6IwuGaSlx4X4BRzQKYKED98+6sd74PyX3UW6Rot14lwhutIqpt/hG2kaYlkqsmA9pp69L2WzWj+tH/u+f3i+C++b1TeAmebq HTTP/1.1" 200 126788 "https://wpt.pacja.org/our-national-platforms/democratic-republic-of-congo/" "Mozilla/5.0 (Linux; Android 6.0.1; Nexus 5X Build/MMB29P) AppleWebKit/537.36 (KHTML, like Gecko) Chrome/135.0.7049.114 Mobile Safari/537.36 (compatible; Googlebot/2.1; +http://www.google.com/bot.html)"
66.249.68.8 - - [15/May/2025:14:54:52 +0000] "GET /_jb_static/??-eJx1jUsOwjAMRG/DitZKJX6LiqMgNzHgxnHTOhHXpwIWLGA5o3lv4JEbP2khLZCl3lgNRioZfYQLq4ehsgQQjmQwV6p0Rw1CS5tY29G28ENgk2cUU8yAZlRW5Xf5D8PIlqi8fz+huS6vVVihc+rdoTueOrdz+40fevcE/hxGKw== HTTP/1.1" 200 7842 "https://wpt.pacja.org/our-national-platforms/democratic-republic-of-congo/" "Mozilla/5.0 (Linux; Android 6.0.1; Nexus 5X Build/MMB29P) AppleWebKit/537.36 (KHTML, like Gecko) Chrome/135.0.7049.114 Mobile Safari/537.36 (compatible; Googlebot/2.1; +http://www.google.com/bot.html)"
66.249.68.8 - - [15/May/2025:14:54:53 +0000] "GET /wp-content/plugins/add-search-to-menu/public/js/ivory-search.min.js?m=1725954292 HTTP/1.1" 200 1220 "https://wpt.pacja.org/our-national-platforms/democratic-republic-of-congo/" "Mozilla/5.0 (Linux; Android 6.0.1; Nexus 5X Build/MMB29P) AppleWebKit/537.36 (KHTML, like Gecko) Chrome/135.0.7049.114 Mobile Safari/537.36 (compatible; Googlebot/2.1; +http://www.google.com/bot.html)"
203.161.61.57 - - [15/May/2025:15:03:50 +0000] "POST /wp-cron.php?doing_wp_cron=1747321430.4560189247131347656250 HTTP/1.1" 200 - "-" "WordPress/6.8.1; https://wpt.pacja.org"
18.215.49.176 - - [15/May/2025:15:03:46 +0000] "GET /events-2/?qemmonth=3&qemmonth=11&qemyear=2021 HTTP/1.1" 200 62782 "-" "Mozilla/5.0 AppleWebKit/537.36 (KHTML, like Gecko; compatible; Amazonbot/0.1; +https://developer.amazon.com/support/amazonbot) Chrome/119.0.6045.214 Safari/537.36"
203.161.61.57 - - [15/May/2025:15:42:50 +0000] "POST /wp-cron.php?doing_wp_cron=1747323770.2205009460449218750000 HTTP/1.1" 200 - "-" "WordPress/6.8.1; https://wpt.pacja.org"
3.215.221.125 - - [15/May/2025:15:42:41 +0000] "GET /forging-a-justifiable-path-in-the-carbon-markets/ HTTP/1.1" 200 57732 "-" "Mozilla/5.0 AppleWebKit/537.36 (KHTML, like Gecko; compatible; Amazonbot/0.1; +https://developer.amazon.com/support/amazonbot) Chrome/119.0.6045.214 Safari/537.36"
170.39.218.59 - - [15/May/2025:16:29:12 +0000] "GET /_jb_static/??-eJx1js0OwiAQhN/Gk3SDQTk1Pgsuq9LAgvy09e2Fi4kHk7lMZubLwJaEY/TNUoGl69Uov6E5MK1GjCF5qjQFx9NSjtDbGLkSV0i+PRwXMHY1jCQKmYxP6DDosxB54H7Df4jhDVZxjzkIDd8/ZVsHxLGlvW+vYZZaqZNWl7M84G2WH6xPRRU= HTTP/1.1" 200 6981 "-" "Mozilla/5.0 (Windows NT 10.0; Win64; x64) AppleWebKit/537.36 Chrome/121.0.0.0"
203.161.61.57 - - [15/May/2025:16:33:25 +0000] "POST /wp-cron.php?doing_wp_cron=1747326805.1419610977172851562500 HTTP/1.1" 200 - "-" "WordPress/6.8.1; https://wpt.pacja.org"
3.210.29.96 - - [15/May/2025:16:33:20 +0000] "GET /?qemmonth=6&qemyear=2025 HTTP/1.1" 200 66787 "-" "Mozilla/5.0 AppleWebKit/537.36 (KHTML, like Gecko; compatible; Amazonbot/0.1; +https://developer.amazon.com/support/amazonbot) Chrome/119.0.6045.214 Safari/537.36"
203.161.61.57 - - [15/May/2025:16:33:41 +0000] "POST /wp-cron.php?doing_wp_cron=1747326821.9697420597076416015625 HTTP/1.1" 200 - "-" "WordPress/6.8.1; https://wpt.pacja.org"
23.22.105.143 - - [15/May/2025:16:33:41 +0000] "GET /applications-are-now-open-for-the-8th-edition-of-the-accer-awards/ HTTP/1.1" 200 56937 "-" "Mozilla/5.0 AppleWebKit/537.36 (KHTML, like Gecko; compatible; Amazonbot/0.1; +https://developer.amazon.com/support/amazonbot) Chrome/119.0.6045.214 Safari/537.36"
203.161.61.57 - - [15/May/2025:16:34:03 +0000] "POST /wp-cron.php?doing_wp_cron=1747326843.9491150379180908203125 HTTP/1.1" 200 - "-" "WordPress/6.8.1; https://wpt.pacja.org"
34.203.111.15 - - [15/May/2025:16:34:03 +0000] "GET /opportunities/ HTTP/1.1" 200 65648 "-" "Mozilla/5.0 AppleWebKit/537.36 (KHTML, like Gecko; compatible; Amazonbot/0.1; +https://developer.amazon.com/support/amazonbot) Chrome/119.0.6045.214 Safari/537.36"
203.161.61.57 - - [15/May/2025:16:40:38 +0000] "POST /wp-cron.php?doing_wp_cron=1747327238.8034110069274902343750 HTTP/1.1" 200 - "-" "WordPress/6.8.1; https://wpt.pacja.org"
69.171.230.1 - - [15/May/2025:16:40:35 +0000] "GET /robots.txt HTTP/1.1" 200 159 "-" "facebookexternalhit/1.1 (+http://www.facebook.com/externalhit_uatext.php)"
203.161.61.57 - - [15/May/2025:16:42:14 +0000] "POST /wp-cron.php?doing_wp_cron=1747327334.1203451156616210937500 HTTP/1.1" 200 - "-" "WordPress/6.8.1; https://wpt.pacja.org"
98.82.38.120 - - [15/May/2025:16:42:10 +0000] "GET /kenya-platform-on-climate-governance-expands-with-the-kilifi-county-launch/ HTTP/1.1" 200 56785 "-" "Mozilla/5.0 AppleWebKit/537.36 (KHTML, like Gecko; compatible; Amazonbot/0.1; +https://developer.amazon.com/support/amazonbot) Chrome/119.0.6045.214 Safari/537.36"
3.94.40.182 - - [15/May/2025:16:42:13 +0000] "GET /kpcg-seeks-regional-coordinators/ HTTP/1.1" 200 54761 "-" "Mozilla/5.0 AppleWebKit/537.36 (KHTML, like Gecko; compatible; Amazonbot/0.1; +https://developer.amazon.com/support/amazonbot) Chrome/119.0.6045.214 Safari/537.36"
203.161.61.57 - - [15/May/2025:16:52:20 +0000] "POST /wp-cron.php?doing_wp_cron=1747327940.3870980739593505859375 HTTP/1.1" 200 - "-" "WordPress/6.8.1; https://wpt.pacja.org"
66.249.68.2 - - [15/May/2025:16:52:16 +0000] "GET /opportunities/ HTTP/1.1" 200 65960 "-" "Mozilla/5.0 (Linux; Android 6.0.1; Nexus 5X Build/MMB29P) AppleWebKit/537.36 (KHTML, like Gecko) Chrome/136.0.7103.92 Mobile Safari/537.36 (compatible; Googlebot/2.1; +http://www.google.com/bot.html)"
66.249.68.1 - - [15/May/2025:17:06:57 +0000] "GET /_jb_static/??-eJx9jksOwjAQQ2/DinaUSvwWFUeJ0mSAaZJJ6CTi+pSPRBfA0raebbjlxiYuyAVyqGdigVG0TTEnwQmMCJaHBY6kLCN9mmaujcTtKGv41oMlG+tBE1sYKgUHgTwKXCtWvBh2Aad/BZIsmSBs8uLHx/yFGU8Ssbx236J5vkV2M3SMvdp1+0OnNmq7skOv7sB7YiI= HTTP/1.1" 200 12592 "https://wpt.pacja.org/opportunities/" "Mozilla/5.0 (Linux; Android 6.0.1; Nexus 5X Build/MMB29P) AppleWebKit/537.36 (KHTML, like Gecko) Chrome/135.0.7049.114 Mobile Safari/537.36 (compatible; Googlebot/2.1; +http://www.google.com/bot.html)"
170.39.218.59 - - [15/May/2025:17:16:11 +0000] "GET /wp-content/plugins/contact-form-7/modules/recaptcha/index.js?ver=6.0.6 HTTP/1.1" 200 483 "-" "Mozilla/5.0 (Windows NT 10.0; Win64; x64) AppleWebKit/537.36 Chrome/121.0.0.0"
203.161.61.57 - - [15/May/2025:17:20:38 +0000] "POST /wp-cron.php?doing_wp_cron=1747329638.0405309200286865234375 HTTP/1.1" 200 - "-" "WordPress/6.8.1; https://wpt.pacja.org"
52.203.152.231 - - [15/May/2025:17:20:33 +0000] "GET /gabon-pacja-to-be-actively-engaged-at-the-africa-climate-week/images/2022/2022_Events/Concept_Note_High_Level_Forum.pdf HTTP/1.1" 404 32230 "-" "Mozilla/5.0 AppleWebKit/537.36 (KHTML, like Gecko; compatible; Amazonbot/0.1; +https://developer.amazon.com/support/amazonbot) Chrome/119.0.6045.214 Safari/537.36"
203.161.61.57 - - [15/May/2025:17:29:17 +0000] "POST /wp-cron.php?doing_wp_cron=1747330157.3184680938720703125000 HTTP/1.1" 200 - "-" "WordPress/6.8.1; https://wpt.pacja.org"
34.204.150.196 - - [15/May/2025:17:29:13 +0000] "GET /?qemmonth=1&qemmonth=12&qemyear=2021 HTTP/1.1" 301 - "-" "Mozilla/5.0 AppleWebKit/537.36 (KHTML, like Gecko; compatible; Amazonbot/0.1; +https://developer.amazon.com/support/amazonbot) Chrome/119.0.6045.214 Safari/537.36"
98.82.40.168 - - [15/May/2025:17:29:17 +0000] "GET /?qemmonth=12&qemyear=2021 HTTP/1.1" 200 66801 "-" "Mozilla/5.0 AppleWebKit/537.36 (KHTML, like Gecko; compatible; Amazonbot/0.1; +https://developer.amazon.com/support/amazonbot) Chrome/119.0.6045.214 Safari/537.36"
203.161.61.57 - - [15/May/2025:17:44:36 +0000] "POST /wp-cron.php?doing_wp_cron=1747331076.8212420940399169921875 HTTP/1.1" 200 - "-" "WordPress/6.8.1; https://wpt.pacja.org"
3.227.180.70 - - [15/May/2025:17:44:33 +0000] "GET /african-parliamentarians-dialogue-on-how-to-influence-the-global-climate-agenda/ HTTP/1.1" 200 57945 "-" "Mozilla/5.0 AppleWebKit/537.36 (KHTML, like Gecko; compatible; Amazonbot/0.1; +https://developer.amazon.com/support/amazonbot) Chrome/119.0.6045.214 Safari/537.36"
203.161.61.57 - - [15/May/2025:17:52:31 +0000] "POST /wp-cron.php?doing_wp_cron=1747331551.6289250850677490234375 HTTP/1.1" 200 - "-" "WordPress/6.8.1; https://wpt.pacja.org"
66.249.68.2 - - [15/May/2025:17:52:27 +0000] "GET /nairobi-summer-school-on-climate-justice-nsscj/ HTTP/1.1" 200 63888 "-" "Mozilla/5.0 (Linux; Android 6.0.1; Nexus 5X Build/MMB29P) AppleWebKit/537.36 (KHTML, like Gecko) Chrome/136.0.7103.92 Mobile Safari/537.36 (compatible; Googlebot/2.1; +http://www.google.com/bot.html)"
66.249.68.2 - - [15/May/2025:17:58:19 +0000] "GET /_jb_static/??-eJx9jksOwjAMRG/DitZKJX6LiqNEaWLATeKEOhHXp3wkugCWntF7Y7jlxiYuyAVyqGdigVG0TTEnwQmMCJZHBI6kLCt9mmaujcTtKGv44pFkyQRhkxeaT/gLG7FkYz1oYgtDpeAgkEeBa8WKF8Mu4PRv13iSiOUleB/N81tkN0PH2Ktdtz90aqO2Kzv06g7UWGIi HTTP/1.1" 200 12572 "https://wpt.pacja.org/nairobi-summer-school-on-climate-justice-nsscj/" "Mozilla/5.0 (Linux; Android 6.0.1; Nexus 5X Build/MMB29P) AppleWebKit/537.36 (KHTML, like Gecko) Chrome/135.0.7049.114 Mobile Safari/537.36 (compatible; Googlebot/2.1; +http://www.google.com/bot.html)"
66.249.68.8 - - [15/May/2025:17:58:20 +0000] "GET /_jb_static/??-eJyVVEuS2jAQvU1WEcqkMrCaygWyywFS+jSMQL9RS3b59tOWDDEBY7Kyulvv9e/JvI9MBZ/BZx5tORiP/JcYIP22RkPiAhEycswiG8XtGMEWUYhze0P2V05sxitbNGC9oA1mLm1QJ2aNTCINRDVY2DjjL4h/8yvTjbD2YX1IOiZAZJUHGTgJ+jbdEbkDbQRYcCPb3Ii1UGbhINRwlXsRTrG5/bDgj2KoQejIx5zw4kDjabnuhRZphO6EV8AQRFLvnErjKjgXfB3l8aNAGlgxz+Kn1Y3YPd1kogcM7vHoH5dwHWUtsrxGsoXKbB+SYzt+pYsqAlyE6tB7G4S+THPqpY/aMUO3x4Yq0cXz/2R1MCms7HZvaYGJYU4g3F8MeL0ySH0eUw6kJF94LJK4KoXpAq2yxe/S5HdSHXIJ9VAxEtZuTX0Jbxy91uDnx2eyjENtWpmkMj8/mfzYnlpTbDtvpC2kuuC1GJ5tlt57pKpNd5v3POEj5CjUibugC2mJW3OCSVg3mBJHAZAUBi+cUcwFOa5kmRv/kLhjwGu1zNwPlz+EkouE9qdi5D0Lng+ZfmX7+9s4o6k4Y6Fp5urRTFWvyH0NPgJ/ureX3Y/t9vXbdvf9i5JvL5+HSUo6 HTTP/1.1" 200 204218 "https://wpt.pacja.org/nairobi-summer-school-on-climate-justice-nsscj/" "Mozilla/5.0 (Linux; Android 6.0.1; Nexus 5X Build/MMB29P) AppleWebKit/537.36 (KHTML, like Gecko) Chrome/135.0.7049.114 Mobile Safari/537.36 (compatible; Googlebot/2.1; +http://www.google.com/bot.html)"
203.161.61.57 - - [15/May/2025:18:05:57 +0000] "POST /wp-cron.php?doing_wp_cron=1747332357.1624889373779296875000 HTTP/1.1" 200 - "-" "WordPress/6.8.1; https://wpt.pacja.org"
34.231.45.47 - - [15/May/2025:18:05:53 +0000] "GET /ms-tracy-sonny/ HTTP/1.1" 200 55417 "-" "Mozilla/5.0 AppleWebKit/537.36 (KHTML, like Gecko; compatible; Amazonbot/0.1; +https://developer.amazon.com/support/amazonbot) Chrome/119.0.6045.214 Safari/537.36"
203.161.61.57 - - [15/May/2025:18:29:32 +0000] "POST /wp-cron.php?doing_wp_cron=1747333772.7790830135345458984375 HTTP/1.1" 200 - "-" "WordPress/6.8.1; https://wpt.pacja.org"
54.91.122.193 - - [15/May/2025:18:29:28 +0000] "GET /mr-ahmed-diallo/ HTTP/1.1" 200 55708 "-" "Mozilla/5.0 AppleWebKit/537.36 (KHTML, like Gecko; compatible; Amazonbot/0.1; +https://developer.amazon.com/support/amazonbot) Chrome/119.0.6045.214 Safari/537.36"
203.161.61.57 - - [15/May/2025:18:31:16 +0000] "POST /wp-cron.php?doing_wp_cron=1747333876.6423161029815673828125 HTTP/1.1" 200 - "-" "WordPress/6.8.1; https://wpt.pacja.org"
54.87.62.248 - - [15/May/2025:18:31:12 +0000] "GET /events-2/?qemmonth=5&qemmonth=8&qemyear=2028 HTTP/1.1" 200 62786 "-" "Mozilla/5.0 AppleWebKit/537.36 (KHTML, like Gecko; compatible; Amazonbot/0.1; +https://developer.amazon.com/support/amazonbot) Chrome/119.0.6045.214 Safari/537.36"
203.161.61.57 - - [15/May/2025:18:34:49 +0000] "POST /wp-cron.php?doing_wp_cron=1747334089.2961399555206298828125 HTTP/1.1" 200 - "-" "WordPress/6.8.1; https://wpt.pacja.org"
23.23.99.55 - - [15/May/2025:18:34:45 +0000] "GET /empowering-communities-uniting-for-sustainable-development-goals/ HTTP/1.1" 200 57800 "-" "Mozilla/5.0 AppleWebKit/537.36 (KHTML, like Gecko; compatible; Amazonbot/0.1; +https://developer.amazon.com/support/amazonbot) Chrome/119.0.6045.214 Safari/537.36"
203.161.61.57 - - [15/May/2025:18:34:58 +0000] "POST /wp-cron.php?doing_wp_cron=1747334098.7650609016418457031250 HTTP/1.1" 200 - "-" "WordPress/6.8.1; https://wpt.pacja.org"
3.210.114.189 - - [15/May/2025:18:34:58 +0000] "GET /download/press-statements/ HTTP/1.1" 200 48335 "-" "Mozilla/5.0 AppleWebKit/537.36 (KHTML, like Gecko; compatible; Amazonbot/0.1; +https://developer.amazon.com/support/amazonbot) Chrome/119.0.6045.214 Safari/537.36"
203.161.61.57 - - [15/May/2025:18:46:29 +0000] "POST /wp-cron.php?doing_wp_cron=1747334789.4597170352935791015625 HTTP/1.1" 200 - "-" "WordPress/6.8.1; https://wpt.pacja.org"
44.221.105.234 - - [15/May/2025:18:46:25 +0000] "GET /events-2/?qemmonth=6&qemmonth=5&qemyear=2024 HTTP/1.1" 200 62791 "-" "Mozilla/5.0 AppleWebKit/537.36 (KHTML, like Gecko; compatible; Amazonbot/0.1; +https://developer.amazon.com/support/amazonbot) Chrome/119.0.6045.214 Safari/537.36"
170.39.218.59 - - [15/May/2025:18:48:21 +0000] "GET /wp-content/themes/betheme/js/scripts.js?ver=27.5.7.1 HTTP/1.1" 200 31195 "-" "Mozilla/5.0 (Windows NT 10.0; Win64; x64) AppleWebKit/537.36 Chrome/121.0.0.0"
203.161.61.57 - - [15/May/2025:18:52:13 +0000] "POST /wp-cron.php?doing_wp_cron=1747335133.6618199348449707031250 HTTP/1.1" 200 - "-" "WordPress/6.8.1; https://wpt.pacja.org"
66.249.68.8 - - [15/May/2025:18:52:09 +0000] "GET /mithika-mwenda-is-once-again-among-top-100-most-influential-people-in-the-world/ HTTP/1.1" 200 58129 "-" "Mozilla/5.0 (Linux; Android 6.0.1; Nexus 5X Build/MMB29P) AppleWebKit/537.36 (KHTML, like Gecko) Chrome/136.0.7103.92 Mobile Safari/537.36 (compatible; Googlebot/2.1; +http://www.google.com/bot.html)"
203.161.61.57 - - [15/May/2025:18:52:29 +0000] "POST /wp-cron.php?doing_wp_cron=1747335149.3863840103149414062500 HTTP/1.1" 200 - "-" "WordPress/6.8.1; https://wpt.pacja.org"
66.249.68.8 - - [15/May/2025:18:52:28 +0000] "GET /we-are-hiring/ HTTP/1.1" 200 56871 "-" "Mozilla/5.0 (Linux; Android 6.0.1; Nexus 5X Build/MMB29P) AppleWebKit/537.36 (KHTML, like Gecko) Chrome/136.0.7103.92 Mobile Safari/537.36 (compatible; Googlebot/2.1; +http://www.google.com/bot.html)"
203.161.61.57 - - [15/May/2025:18:53:18 +0000] "POST /wp-cron.php?doing_wp_cron=1747335198.5103080272674560546875 HTTP/1.1" 200 - "-" "WordPress/6.8.1; https://wpt.pacja.org"
66.249.68.2 - - [15/May/2025:18:53:14 +0000] "GET /mithika-mwenda-is-once-again-among-top-100-most-influential-people-in-the-world/?relatedposts=1 HTTP/1.1" 200 1324 "https://wpt.pacja.org/mithika-mwenda-is-once-again-among-top-100-most-influential-people-in-the-world/" "Mozilla/5.0 (Linux; Android 6.0.1; Nexus 5X Build/MMB29P) AppleWebKit/537.36 (KHTML, like Gecko) Chrome/135.0.7049.114 Mobile Safari/537.36 (compatible; Googlebot/2.1; +http://www.google.com/bot.html)"
203.161.61.57 - - [15/May/2025:18:56:48 +0000] "POST /wp-cron.php?doing_wp_cron=1747335408.8447480201721191406250 HTTP/1.1" 200 - "-" "WordPress/6.8.1; https://wpt.pacja.org"
66.249.68.8 - - [15/May/2025:18:56:44 +0000] "GET /climate-change-and-health/ HTTP/1.1" 200 65799 "-" "Mozilla/5.0 (Linux; Android 6.0.1; Nexus 5X Build/MMB29P) AppleWebKit/537.36 (KHTML, like Gecko) Chrome/136.0.7103.92 Mobile Safari/537.36 (compatible; Googlebot/2.1; +http://www.google.com/bot.html)"
66.249.68.8 - - [15/May/2025:18:56:52 +0000] "GET /wp-includes/js/jquery/jquery.min.js?ver=3.7.1 HTTP/1.1" 200 30368 "https://wpt.pacja.org/climate-change-and-health/" "Mozilla/5.0 (Linux; Android 6.0.1; Nexus 5X Build/MMB29P) AppleWebKit/537.36 (KHTML, like Gecko) Chrome/135.0.7049.114 Mobile Safari/537.36 (compatible; Googlebot/2.1; +http://www.google.com/bot.html)"
66.249.68.1 - - [15/May/2025:18:56:55 +0000] "GET /wp-content/plugins/flickr-stream/photoswipe/photoswipe-custom.js HTTP/1.1" 200 16016 "https://wpt.pacja.org/climate-change-and-health/" "Mozilla/5.0 (Linux; Android 6.0.1; Nexus 5X Build/MMB29P) AppleWebKit/537.36 (KHTML, like Gecko) Chrome/135.0.7049.114 Mobile Safari/537.36 (compatible; Googlebot/2.1; +http://www.google.com/bot.html)"
66.249.68.2 - - [15/May/2025:19:02:25 +0000] "GET /wp-content/uploads/2023/12/COMMUNIQUE-DE-PRESSE-DE-PACJA-SUR-LOUVERTURE-DE-LA-COP28-OK-French.pdf HTTP/1.1" 304 - "-" "Mozilla/5.0 (Linux; Android 6.0.1; Nexus 5X Build/MMB29P) AppleWebKit/537.36 (KHTML, like Gecko) Chrome/136.0.7103.92 Mobile Safari/537.36 (compatible; Googlebot/2.1; +http://www.google.com/bot.html)"
203.161.61.57 - - [15/May/2025:19:08:14 +0000] "POST /wp-cron.php?doing_wp_cron=1747336094.5280520915985107421875 HTTP/1.1" 200 - "-" "WordPress/6.8.1; https://wpt.pacja.org"
3.210.114.189 - - [15/May/2025:19:08:10 +0000] "GET /dr-shaddad-mauwia-sudan/ HTTP/1.1" 200 55060 "-" "Mozilla/5.0 AppleWebKit/537.36 (KHTML, like Gecko; compatible; Amazonbot/0.1; +https://developer.amazon.com/support/amazonbot) Chrome/119.0.6045.214 Safari/537.36"
203.161.61.57 - - [15/May/2025:19:08:15 +0000] "POST /wp-cron.php?doing_wp_cron=1747336095.9554409980773925781250 HTTP/1.1" 200 - "-" "WordPress/6.8.1; https://wpt.pacja.org"
100.28.204.82 - - [15/May/2025:19:08:15 +0000] "GET /events-2/?qemmonth=6&qemmonth=5&qemyear=2024 HTTP/1.1" 200 62793 "-" "Mozilla/5.0 AppleWebKit/537.36 (KHTML, like Gecko; compatible; Amazonbot/0.1; +https://developer.amazon.com/support/amazonbot) Chrome/119.0.6045.214 Safari/537.36"
203.161.61.57 - - [15/May/2025:19:10:25 +0000] "POST /wp-cron.php?doing_wp_cron=1747336225.2358629703521728515625 HTTP/1.1" 200 - "-" "WordPress/6.8.1; https://wpt.pacja.org"
66.249.68.2 - - [15/May/2025:19:10:21 +0000] "GET /pacja-awards-journalists-reporting-on-the-environment-and-climate-change-in-africa-accer/ HTTP/1.1" 200 58439 "-" "Mozilla/5.0 (Linux; Android 6.0.1; Nexus 5X Build/MMB29P) AppleWebKit/537.36 (KHTML, like Gecko) Chrome/136.0.7103.92 Mobile Safari/537.36 (compatible; Googlebot/2.1; +http://www.google.com/bot.html)"
66.249.68.1 - - [15/May/2025:19:10:29 +0000] "GET /_jb_static/??-eJytkU1uAjEMhW/TVTMpFVNWqBforgeoTGLSQP5qO4zm9s0Ao5YFs0KKFFkv7/Ozo4eifDKhWmR9aOenIo3XS0XvCAS76FN34GfdHpucBJPoEqrzqRlQCpij/moUvas+WE0Ymsmqkln4tloifcCI9Bm8RdLAjM3LAuKNDpPCF6Vl/Fd2VXzghxKPhCCVIKL10F0W8dAGQpDYi8/pbnCXswuoIEEYG43VPpMaMtlCyDy3atw9nZ1WOQG3tFywJ0gGFSOQ+dbTZ83eiXMrq1m6R7N5SCGDVbFFdH/DN9JQbFwKsmA9d7163+N2tVlvXvu+f3l7Mrvt6hdk1wMV HTTP/1.1" 200 128547 "https://wpt.pacja.org/pacja-awards-journalists-reporting-on-the-environment-and-climate-change-in-africa-accer/" "Mozilla/5.0 (Linux; Android 6.0.1; Nexus 5X Build/MMB29P) AppleWebKit/537.36 (KHTML, like Gecko) Chrome/135.0.7049.114 Mobile Safari/537.36 (compatible; Googlebot/2.1; +http://www.google.com/bot.html)"
66.249.68.8 - - [15/May/2025:19:10:29 +0000] "GET /wp-content/plugins/jetpack/_inc/build/likes/queuehandler.min.js?m=1728921516 HTTP/1.1" 200 2562 "https://wpt.pacja.org/pacja-awards-journalists-reporting-on-the-environment-and-climate-change-in-africa-accer/" "Mozilla/5.0 (Linux; Android 6.0.1; Nexus 5X Build/MMB29P) AppleWebKit/537.36 (KHTML, like Gecko) Chrome/135.0.7049.114 Mobile Safari/537.36 (compatible; Googlebot/2.1; +http://www.google.com/bot.html)"
66.249.68.1 - - [15/May/2025:19:10:30 +0000] "GET /wp-includes/js/comment-reply.min.js?m=1731462097 HTTP/1.1" 200 1375 "https://wpt.pacja.org/pacja-awards-journalists-reporting-on-the-environment-and-climate-change-in-africa-accer/" "Mozilla/5.0 (Linux; Android 6.0.1; Nexus 5X Build/MMB29P) AppleWebKit/537.36 (KHTML, like Gecko) Chrome/135.0.7049.114 Mobile Safari/537.36 (compatible; Googlebot/2.1; +http://www.google.com/bot.html)"
203.161.61.57 - - [15/May/2025:19:10:31 +0000] "POST /wp-cron.php?doing_wp_cron=1747336231.5513539314270019531250 HTTP/1.1" 200 - "-" "WordPress/6.8.1; https://wpt.pacja.org"
66.249.68.1 - - [15/May/2025:19:10:31 +0000] "GET /pacja-awards-journalists-reporting-on-the-environment-and-climate-change-in-africa-accer/?relatedposts=1 HTTP/1.1" 200 1219 "https://wpt.pacja.org/pacja-awards-journalists-reporting-on-the-environment-and-climate-change-in-africa-accer/" "Mozilla/5.0 (Linux; Android 6.0.1; Nexus 5X Build/MMB29P) AppleWebKit/537.36 (KHTML, like Gecko) Chrome/135.0.7049.114 Mobile Safari/537.36 (compatible; Googlebot/2.1; +http://www.google.com/bot.html)"
203.161.61.57 - - [15/May/2025:19:22:51 +0000] "POST /wp-cron.php?doing_wp_cron=1747336971.0632350444793701171875 HTTP/1.1" 200 - "-" "WordPress/6.8.1; https://wpt.pacja.org"
66.249.68.1 - - [15/May/2025:19:22:46 +0000] "GET /category/cop-27/ HTTP/1.1" 200 41973 "-" "Mozilla/5.0 (Linux; Android 6.0.1; Nexus 5X Build/MMB29P) AppleWebKit/537.36 (KHTML, like Gecko) Chrome/136.0.7103.92 Mobile Safari/537.36 (compatible; Googlebot/2.1; +http://www.google.com/bot.html)"
66.249.68.8 - - [15/May/2025:19:22:56 +0000] "GET /_jb_static/??-eJyNy0EKg0AMheHbdKWmI4LdSI9SxplooyYzNBHp7SuCuy7cvQf/B1suQxJDMbA3Mir0eAyYFPKyjiQKm//mRGJaMUk1aQGXGLEfUZfkI8Z/8uz8TMpo8CIJ5ymHz1HFHT25c6171HXbuPst9J37AfkcQzw= HTTP/1.1" 200 5959 "https://wpt.pacja.org/category/cop-27/" "Mozilla/5.0 (Linux; Android 6.0.1; Nexus 5X Build/MMB29P) AppleWebKit/537.36 (KHTML, like Gecko) Chrome/135.0.7049.114 Mobile Safari/537.36 (compatible; Googlebot/2.1; +http://www.google.com/bot.html)"
66.249.68.8 - - [15/May/2025:19:27:33 +0000] "GET /wp-includes/js/jquery/jquery.min.js?ver=3.7.1 HTTP/1.1" 200 30368 "https://wpt.pacja.org/we-are-hiring/" "Mozilla/5.0 (Linux; Android 6.0.1; Nexus 5X Build/MMB29P) AppleWebKit/537.36 (KHTML, like Gecko) Chrome/135.0.7049.114 Mobile Safari/537.36 (compatible; Googlebot/2.1; +http://www.google.com/bot.html)"
66.249.68.8 - - [15/May/2025:19:27:34 +0000] "GET /wp-content/plugins/jetpack/_inc/build/likes/queuehandler.min.js?m=1728921516 HTTP/1.1" 200 2562 "https://wpt.pacja.org/we-are-hiring/" "Mozilla/5.0 (Linux; Android 6.0.1; Nexus 5X Build/MMB29P) AppleWebKit/537.36 (KHTML, like Gecko) Chrome/135.0.7049.114 Mobile Safari/537.36 (compatible; Googlebot/2.1; +http://www.google.com/bot.html)"
66.249.68.2 - - [15/May/2025:19:27:34 +0000] "GET /wp-content/plugins/youtube-embed-plus/scripts/ytprefs.min.js?ver=14.2.1.2 HTTP/1.1" 200 4761 "https://wpt.pacja.org/we-are-hiring/" "Mozilla/5.0 (Linux; Android 6.0.1; Nexus 5X Build/MMB29P) AppleWebKit/537.36 (KHTML, like Gecko) Chrome/135.0.7049.114 Mobile Safari/537.36 (compatible; Googlebot/2.1; +http://www.google.com/bot.html)"
66.249.68.1 - - [15/May/2025:19:27:34 +0000] "GET /_jb_static/??/wp-content/plugins/wp-staging-pro/assets/js/dist/wpstg-blank-loader.min.js,/wp-content/plugins/mobile-menu/includes/js/mobmenu.js?m=1731729398&cb=1 HTTP/1.1" 200 3174 "https://wpt.pacja.org/we-are-hiring/" "Mozilla/5.0 (Linux; Android 6.0.1; Nexus 5X Build/MMB29P) AppleWebKit/537.36 (KHTML, like Gecko) Chrome/135.0.7049.114 Mobile Safari/537.36 (compatible; Googlebot/2.1; +http://www.google.com/bot.html)"
66.249.68.1 - - [15/May/2025:19:27:35 +0000] "GET /_jb_static/??-eJx1jtEOgjAMRf/GJ8dEjcQH4qeYrWt0sK1kLRD/3hHEBxOfmjbn9lw9DwooCSbRQxgfPrHuUAYDvbJELNt2nzA5ytqMQtGIePhyJZ8QxFPSzpeE5HJlBSYEYwNy1fFeF49PEEaHRcAr6CiqjMa9qujTRv22AT8t7DrUTNkNGZmVDbRYMFp0fw1Pop4/32+xrZtTfb4cD9dmB7at3xLXXeU= HTTP/1.1" 200 17158 "https://wpt.pacja.org/we-are-hiring/" "Mozilla/5.0 (Linux; Android 6.0.1; Nexus 5X Build/MMB29P) AppleWebKit/537.36 (KHTML, like Gecko) Chrome/135.0.7049.114 Mobile Safari/537.36 (compatible; Googlebot/2.1; +http://www.google.com/bot.html)"
66.249.68.1 - - [15/May/2025:19:27:36 +0000] "GET /wp-includes/js/dist/a11y.min.js?ver=3156534cc54473497e14 HTTP/1.1" 200 956 "https://wpt.pacja.org/we-are-hiring/" "Mozilla/5.0 (Linux; Android 6.0.1; Nexus 5X Build/MMB29P) AppleWebKit/537.36 (KHTML, like Gecko) Chrome/135.0.7049.114 Mobile Safari/537.36 (compatible; Googlebot/2.1; +http://www.google.com/bot.html)"
66.249.68.1 - - [15/May/2025:19:27:37 +0000] "GET /wp-includes/js/jquery/jquery.form.min.js?m=1706002854 HTTP/1.1" 200 5958 "https://wpt.pacja.org/we-are-hiring/" "Mozilla/5.0 (Linux; Android 6.0.1; Nexus 5X Build/MMB29P) AppleWebKit/537.36 (KHTML, like Gecko) Chrome/135.0.7049.114 Mobile Safari/537.36 (compatible; Googlebot/2.1; +http://www.google.com/bot.html)"
66.249.68.1 - - [15/May/2025:19:27:37 +0000] "GET /wp-includes/js/dist/vendor/wp-polyfill.min.js?m=1744752058 HTTP/1.1" 200 14471 "https://wpt.pacja.org/we-are-hiring/" "Mozilla/5.0 (Linux; Android 6.0.1; Nexus 5X Build/MMB29P) AppleWebKit/537.36 (KHTML, like Gecko) Chrome/135.0.7049.114 Mobile Safari/537.36 (compatible; Googlebot/2.1; +http://www.google.com/bot.html)"
66.249.68.8 - - [15/May/2025:19:27:37 +0000] "GET /wp-content/plugins/contact-form-7/modules/recaptcha/index.js?ver=6.0.6 HTTP/1.1" 200 483 "https://wpt.pacja.org/we-are-hiring/" "Mozilla/5.0 (Linux; Android 6.0.1; Nexus 5X Build/MMB29P) AppleWebKit/537.36 (KHTML, like Gecko) Chrome/135.0.7049.114 Mobile Safari/537.36 (compatible; Googlebot/2.1; +http://www.google.com/bot.html)"
66.249.68.8 - - [15/May/2025:19:27:38 +0000] "GET /_jb_static/??/wp-content/plugins/add-search-to-menu/public/js/ivory-search.min.js,/wp-content/plugins/socialsnap/assets/js/socialsnap.js?m=1725954292&cb=1 HTTP/1.1" 200 4900 "https://wpt.pacja.org/we-are-hiring/" "Mozilla/5.0 (Linux; Android 6.0.1; Nexus 5X Build/MMB29P) AppleWebKit/537.36 (KHTML, like Gecko) Chrome/135.0.7049.114 Mobile Safari/537.36 (compatible; Googlebot/2.1; +http://www.google.com/bot.html)"
203.161.61.57 - - [15/May/2025:19:27:43 +0000] "POST /wp-cron.php?doing_wp_cron=1747337263.5441420078277587890625 HTTP/1.1" 200 - "-" "WordPress/6.8.1; https://wpt.pacja.org"
66.249.68.1 - - [15/May/2025:19:27:41 +0000] "GET /we-are-hiring/?relatedposts=1 HTTP/1.1" 200 124 "https://wpt.pacja.org/we-are-hiring/" "Mozilla/5.0 (Linux; Android 6.0.1; Nexus 5X Build/MMB29P) AppleWebKit/537.36 (KHTML, like Gecko) Chrome/135.0.7049.114 Mobile Safari/537.36 (compatible; Googlebot/2.1; +http://www.google.com/bot.html)"
66.249.68.8 - - [15/May/2025:19:27:44 +0000] "GET /wp-includes/js/wp-emoji-release.min.js?ver=e161b580359b50df7f6dd29a5fb4376c HTTP/1.1" 200 5166 "https://wpt.pacja.org/we-are-hiring/" "Mozilla/5.0 (Linux; Android 6.0.1; Nexus 5X Build/MMB29P) AppleWebKit/537.36 (KHTML, like Gecko) Chrome/135.0.7049.114 Mobile Safari/537.36 (compatible; Googlebot/2.1; +http://www.google.com/bot.html)"
203.161.61.57 - - [15/May/2025:19:35:13 +0000] "POST /wp-cron.php?doing_wp_cron=1747337713.7003929615020751953125 HTTP/1.1" 200 - "-" "WordPress/6.8.1; https://wpt.pacja.org"
52.0.218.219 - - [15/May/2025:19:35:09 +0000] "GET /climate-justice-torch-campaign-has-moroccans-mobilized-against-climate-change/ HTTP/1.1" 200 57593 "-" "Mozilla/5.0 AppleWebKit/537.36 (KHTML, like Gecko; compatible; Amazonbot/0.1; +https://developer.amazon.com/support/amazonbot) Chrome/119.0.6045.214 Safari/537.36"
203.161.61.57 - - [15/May/2025:19:35:21 +0000] "POST /wp-cron.php?doing_wp_cron=1747337721.6767499446868896484375 HTTP/1.1" 200 - "-" "WordPress/6.8.1; https://wpt.pacja.org"
52.23.112.144 - - [15/May/2025:19:35:21 +0000] "GET /acsea-and-pacja-launch-the-youth-for-adaptation-finance-initiative-in-africa/ HTTP/1.1" 200 58027 "-" "Mozilla/5.0 AppleWebKit/537.36 (KHTML, like Gecko; compatible; Amazonbot/0.1; +https://developer.amazon.com/support/amazonbot) Chrome/119.0.6045.214 Safari/537.36"
203.161.61.57 - - [15/May/2025:19:35:25 +0000] "POST /wp-cron.php?doing_wp_cron=1747337725.4456350803375244140625 HTTP/1.1" 200 - "-" "WordPress/6.8.1; https://wpt.pacja.org"
100.24.149.244 - - [15/May/2025:19:35:25 +0000] "GET /our-national-platforms/kenya/ HTTP/1.1" 200 68164 "-" "Mozilla/5.0 AppleWebKit/537.36 (KHTML, like Gecko; compatible; Amazonbot/0.1; +https://developer.amazon.com/support/amazonbot) Chrome/119.0.6045.214 Safari/537.36"
203.161.61.57 - - [15/May/2025:19:35:42 +0000] "POST /wp-cron.php?doing_wp_cron=1747337741.9870181083679199218750 HTTP/1.1" 200 - "-" "WordPress/6.8.1; https://wpt.pacja.org"
52.200.54.136 - - [15/May/2025:19:35:41 +0000] "GET /sogpa-trained-indigenous-communities-on-climate-justice/ HTTP/1.1" 200 56445 "-" "Mozilla/5.0 AppleWebKit/537.36 (KHTML, like Gecko; compatible; Amazonbot/0.1; +https://developer.amazon.com/support/amazonbot) Chrome/119.0.6045.214 Safari/537.36"
203.161.61.57 - - [15/May/2025:19:35:49 +0000] "POST /wp-cron.php?doing_wp_cron=1747337749.5211861133575439453125 HTTP/1.1" 200 - "-" "WordPress/6.8.1; https://wpt.pacja.org"
52.3.155.146 - - [15/May/2025:19:35:49 +0000] "GET /african-national-designated-authorities-trained-on-mechanisms-to-access-climate-finance-in-scale/ HTTP/1.1" 200 57654 "-" "Mozilla/5.0 AppleWebKit/537.36 (KHTML, like Gecko; compatible; Amazonbot/0.1; +https://developer.amazon.com/support/amazonbot) Chrome/119.0.6045.214 Safari/537.36"
203.161.61.57 - - [15/May/2025:19:52:41 +0000] "POST /wp-cron.php?doing_wp_cron=1747338761.8635060787200927734375 HTTP/1.1" 200 - "-" "WordPress/6.8.1; https://wpt.pacja.org"
66.249.68.2 - - [15/May/2025:19:52:37 +0000] "GET /kenya-platform-for-climate-governance-plots-on-scaling-up-national-activism/ HTTP/1.1" 200 57888 "-" "Mozilla/5.0 (Linux; Android 6.0.1; Nexus 5X Build/MMB29P) AppleWebKit/537.36 (KHTML, like Gecko) Chrome/136.0.7103.92 Mobile Safari/537.36 (compatible; Googlebot/2.1; +http://www.google.com/bot.html)"
203.161.61.57 - - [15/May/2025:19:53:09 +0000] "POST /wp-cron.php?doing_wp_cron=1747338789.4544589519500732421875 HTTP/1.1" 200 - "-" "WordPress/6.8.1; https://wpt.pacja.org"
66.249.68.8 - - [15/May/2025:19:53:08 +0000] "GET /kenya-platform-for-climate-governance-plots-on-scaling-up-national-activism/?relatedposts=1 HTTP/1.1" 200 1202 "https://wpt.pacja.org/kenya-platform-for-climate-governance-plots-on-scaling-up-national-activism/" "Mozilla/5.0 (Linux; Android 6.0.1; Nexus 5X Build/MMB29P) AppleWebKit/537.36 (KHTML, like Gecko) Chrome/135.0.7049.114 Mobile Safari/537.36 (compatible; Googlebot/2.1; +http://www.google.com/bot.html)"
203.161.61.57 - - [15/May/2025:20:09:20 +0000] "POST /wp-cron.php?doing_wp_cron=1747339760.3261239528656005859375 HTTP/1.1" 200 - "-" "WordPress/6.8.1; https://wpt.pacja.org"
50.16.216.166 - - [15/May/2025:20:09:16 +0000] "GET /sunflower-farming-shields-kenyan-community-from-covid-19-and-climate-impacts-2/ HTTP/1.1" 200 59752 "-" "Mozilla/5.0 AppleWebKit/537.36 (KHTML, like Gecko; compatible; Amazonbot/0.1; +https://developer.amazon.com/support/amazonbot) Chrome/119.0.6045.214 Safari/537.36"
203.161.61.57 - - [15/May/2025:20:35:22 +0000] "POST /wp-cron.php?doing_wp_cron=1747341322.1759688854217529296875 HTTP/1.1" 200 - "-" "WordPress/6.8.1; https://wpt.pacja.org"
18.213.27.222 - - [15/May/2025:20:35:17 +0000] "GET /download/kyp-communication-plan-2024/ HTTP/1.1" 200 48196 "-" "Mozilla/5.0 AppleWebKit/537.36 (KHTML, like Gecko; compatible; Amazonbot/0.1; +https://developer.amazon.com/support/amazonbot) Chrome/119.0.6045.214 Safari/537.36"
203.161.61.57 - - [15/May/2025:20:35:31 +0000] "POST /wp-cron.php?doing_wp_cron=1747341331.0251328945159912109375 HTTP/1.1" 200 - "-" "WordPress/6.8.1; https://wpt.pacja.org"
3.94.156.104 - - [15/May/2025:20:35:30 +0000] "GET /bureaucracy-denying-grassroot-communities-access-to-climate-finance/ HTTP/1.1" 200 57259 "-" "Mozilla/5.0 AppleWebKit/537.36 (KHTML, like Gecko; compatible; Amazonbot/0.1; +https://developer.amazon.com/support/amazonbot) Chrome/119.0.6045.214 Safari/537.36"
203.161.61.57 - - [15/May/2025:20:35:49 +0000] "POST /wp-cron.php?doing_wp_cron=1747341349.2816760540008544921875 HTTP/1.1" 200 - "-" "WordPress/6.8.1; https://wpt.pacja.org"
184.72.95.195 - - [15/May/2025:20:35:48 +0000] "GET /third-parliamentarians-summit-on-climate-policy-and-equity-in-midrand-south-africa/ HTTP/1.1" 200 57716 "-" "Mozilla/5.0 AppleWebKit/537.36 (KHTML, like Gecko; compatible; Amazonbot/0.1; +https://developer.amazon.com/support/amazonbot) Chrome/119.0.6045.214 Safari/537.36"
203.161.61.57 - - [15/May/2025:20:52:49 +0000] "POST /wp-cron.php?doing_wp_cron=1747342369.1499409675598144531250 HTTP/1.1" 200 - "-" "WordPress/6.8.1; https://wpt.pacja.org"
66.249.68.1 - - [15/May/2025:20:52:44 +0000] "GET /mithika-mwenda-is-once-again-among-top-100-most-influential-people-in-the-world/ HTTP/1.1" 200 58130 "-" "Mozilla/5.0 (Linux; Android 6.0.1; Nexus 5X Build/MMB29P) AppleWebKit/537.36 (KHTML, like Gecko) Chrome/136.0.7103.92 Mobile Safari/537.36 (compatible; Googlebot/2.1; +http://www.google.com/bot.html)"
203.161.61.57 - - [15/May/2025:20:52:53 +0000] "GET /?wp_scrape_key=32118432b90fe5ed4de6a4230bcd7ecc&wp_scrape_nonce=1747342371 HTTP/1.1" 200 66981 "-" "WordPress/6.8.1; https://wpt.pacja.org"
203.161.61.57 - - [15/May/2025:20:53:30 +0000] "POST /wp-cron.php?doing_wp_cron=1747342410.7660050392150878906250 HTTP/1.1" 200 - "-" "WordPress/6.8.1; https://wpt.pacja.org"
66.249.68.1 - - [15/May/2025:20:53:30 +0000] "GET /our-national-platforms/tanzania/ HTTP/1.1" 200 63643 "-" "Mozilla/5.0 (Linux; Android 6.0.1; Nexus 5X Build/MMB29P) AppleWebKit/537.36 (KHTML, like Gecko) Chrome/136.0.7103.92 Mobile Safari/537.36 (compatible; Googlebot/2.1; +http://www.google.com/bot.html)"
98.82.107.102 - - [15/May/2025:21:18:41 +0000] "GET /wp-content/uploads/2024/07/Adopted-Resolution-on-the-Development-of-a-Model-Law-on-Climate-Change-for-Africa.pdf HTTP/1.1" 200 869599 "-" "Mozilla/5.0 AppleWebKit/537.36 (KHTML, like Gecko; compatible; Amazonbot/0.1; +https://developer.amazon.com/support/amazonbot) Chrome/119.0.6045.214 Safari/537.36"
203.161.61.57 - - [15/May/2025:21:18:49 +0000] "POST /wp-cron.php?doing_wp_cron=1747343929.5792629718780517578125 HTTP/1.1" 200 - "-" "WordPress/6.8.1; https://wpt.pacja.org"
98.83.94.113 - - [15/May/2025:21:18:44 +0000] "GET /pacja-holds-high-level-stakeholder-forum-on-cop-27-in-gabon/ HTTP/1.1" 200 56979 "-" "Mozilla/5.0 AppleWebKit/537.36 (KHTML, like Gecko; compatible; Amazonbot/0.1; +https://developer.amazon.com/support/amazonbot) Chrome/119.0.6045.214 Safari/537.36"
203.161.61.57 - - [15/May/2025:21:33:21 +0000] "POST /wp-cron.php?doing_wp_cron=1747344801.3202428817749023437500 HTTP/1.1" 200 - "-" "WordPress/6.8.1; https://wpt.pacja.org"
44.220.2.97 - - [15/May/2025:21:33:17 +0000] "GET /category/communique/ HTTP/1.1" 200 41292 "-" "Mozilla/5.0 AppleWebKit/537.36 (KHTML, like Gecko; compatible; Amazonbot/0.1; +https://developer.amazon.com/support/amazonbot) Chrome/119.0.6045.214 Safari/537.36"
203.161.61.57 - - [15/May/2025:21:33:22 +0000] "POST /wp-cron.php?doing_wp_cron=1747344802.4754679203033447265625 HTTP/1.1" 200 - "-" "WordPress/6.8.1; https://wpt.pacja.org"
52.205.141.124 - - [15/May/2025:21:33:22 +0000] "GET /african-csos-to-reject-glasgow-climate-pact/ HTTP/1.1" 200 55294 "-" "Mozilla/5.0 AppleWebKit/537.36 (KHTML, like Gecko; compatible; Amazonbot/0.1; +https://developer.amazon.com/support/amazonbot) Chrome/119.0.6045.214 Safari/537.36"
203.161.61.57 - - [15/May/2025:21:33:38 +0000] "POST /wp-cron.php?doing_wp_cron=1747344818.0696520805358886718750 HTTP/1.1" 200 - "-" "WordPress/6.8.1; https://wpt.pacja.org"
54.163.169.168 - - [15/May/2025:21:33:37 +0000] "GET /the-interconnected-challenges-of-human-mobility-and-climate-change/ HTTP/1.1" 200 57796 "-" "Mozilla/5.0 AppleWebKit/537.36 (KHTML, like Gecko; compatible; Amazonbot/0.1; +https://developer.amazon.com/support/amazonbot) Chrome/119.0.6045.214 Safari/537.36"
203.161.61.57 - - [15/May/2025:21:33:46 +0000] "POST /wp-cron.php?doing_wp_cron=1747344826.6023569107055664062500 HTTP/1.1" 200 - "-" "WordPress/6.8.1; https://wpt.pacja.org"
3.210.114.189 - - [15/May/2025:21:33:46 +0000] "GET /do-not-delay-climate-action-further/ HTTP/1.1" 200 56729 "-" "Mozilla/5.0 AppleWebKit/537.36 (KHTML, like Gecko; compatible; Amazonbot/0.1; +https://developer.amazon.com/support/amazonbot) Chrome/119.0.6045.214 Safari/537.36"
203.161.61.57 - - [15/May/2025:21:33:57 +0000] "POST /wp-cron.php?doing_wp_cron=1747344837.4693250656127929687500 HTTP/1.1" 200 - "-" "WordPress/6.8.1; https://wpt.pacja.org"
54.85.126.86 - - [15/May/2025:21:33:56 +0000] "GET /kenya-platform-for-climate-governance-plots-on-scaling-up-national-activism/ HTTP/1.1" 200 57645 "-" "Mozilla/5.0 AppleWebKit/537.36 (KHTML, like Gecko; compatible; Amazonbot/0.1; +https://developer.amazon.com/support/amazonbot) Chrome/119.0.6045.214 Safari/537.36"
192.0.85.145 - - [15/May/2025:21:41:48 +0000] "GET /wp-content/uploads/2022/11/WhatsApp-Image-2022-10-13-at-7.22.16-PM.jpeg HTTP/1.1" 200 178446 "-" "Photon/1.0"
Site is undergoing maintenance

PACJA Events

Maintenance mode is on

Site will be available soon. Thank you for your patience!