17.22.237.125 - - [15/May/2025:12:49:49 +0000] "GET /wp-content/uploads/matomo/matomo.js HTTP/1.1" 200 21952 "https://pacja.org/acs2023-non-state-actors-nsas-steering-committee/" "Mozilla/5.0 (Macintosh; Intel Mac OS X 10_15_7) AppleWebKit/605.1.15 (KHTML, like Gecko) Version/17.4 Safari/605.1.15 (Applebot/0.1; +http://www.apple.com/go/applebot)"
18.221.185.190 - - [15/May/2025:12:49:49 +0000] "GET /shopdetail/26496983 HTTP/1.1" 404 32843 "-" "Mozilla/5.0 AppleWebKit/537.36 (KHTML, like Gecko; compatible; ClaudeBot/1.0; +claudebot@anthropic.com)"
203.161.61.57 - - [15/May/2025:12:49:03 +0000] "GET /wp-admin/admin-ajax.php?action=wordfence_doScan&isFork=1&scanMode=standard&cronKey=c2a6142ebc0a4f471823851f4d2ede09&signature=6e32470c47d965c5934d77f6b6d6ee1034a84d3813d6e68ce28b2a5607c3ac59 HTTP/1.1" 200 - "-" "WordPress/6.8.1; https://pacja.org"
17.22.245.196 - - [15/May/2025:12:49:51 +0000] "POST /wp-content/plugins/matomo/app/matomo.php?action_name=ACS2023%3A%20Declaration%20of%20Non-State%20Actors%20on%20Africa%20Climate%20Summit%20held%20in%20Nairobi%20-%20PACJA%20-%20Panafrican%20Climate%20Justice%20Alliance&idsite=1&rec=1&r=790075&h=12&m=49&s=50&url=https%3A%2F%2Fpacja.org%2Facs2023-non-state-actors-nsas-steering-committee%2F&_id=b84983dd6502c35e&_idn=1&send_image=0&pv_id=1XsB4J&uadata=%7B%7D&pdf=1&qt=0&realp=0&wma=0&fla=0&java=0&ag=0&cookie=1&res=1920x1080 HTTP/1.1" 204 - "https://pacja.org/acs2023-non-state-actors-nsas-steering-committee/" "Mozilla/5.0 (Macintosh; Intel Mac OS X 10_15_7) AppleWebKit/605.1.15 (KHTML, like Gecko) Version/17.4 Safari/605.1.15 (Applebot/0.1; +http://www.apple.com/go/applebot)"
18.221.185.190 - - [15/May/2025:12:49:51 +0000] "GET /shopdetail/6543805 HTTP/1.1" 404 32843 "-" "Mozilla/5.0 AppleWebKit/537.36 (KHTML, like Gecko; compatible; ClaudeBot/1.0; +claudebot@anthropic.com)"
17.22.245.29 - - [15/May/2025:12:49:52 +0000] "GET /acs2023-non-state-actors-nsas-steering-committee/?relatedposts=1 HTTP/1.1" 200 1390 "https://pacja.org/acs2023-non-state-actors-nsas-steering-committee/" "Mozilla/5.0 (Macintosh; Intel Mac OS X 10_15_7) AppleWebKit/605.1.15 (KHTML, like Gecko) Version/17.4 Safari/605.1.15 (Applebot/0.1; +http://www.apple.com/go/applebot)"
18.221.185.190 - - [15/May/2025:12:49:53 +0000] "GET /shopdetail/15656861 HTTP/1.1" 404 32842 "-" "Mozilla/5.0 AppleWebKit/537.36 (KHTML, like Gecko; compatible; ClaudeBot/1.0; +claudebot@anthropic.com)"
17.22.245.196 - - [15/May/2025:12:49:53 +0000] "GET /wp-json/contact-form-7/v1/contact-forms/102/feedback/schema HTTP/1.1" 200 156 "https://pacja.org/acs2023-non-state-actors-nsas-steering-committee/" "Mozilla/5.0 (Macintosh; Intel Mac OS X 10_15_7) AppleWebKit/605.1.15 (KHTML, like Gecko) Version/17.4 Safari/605.1.15 (Applebot/0.1; +http://www.apple.com/go/applebot)"
17.22.253.153 - - [15/May/2025:12:49:54 +0000] "GET /wp-json/contact-form-7/v1/contact-forms/102/refill HTTP/1.1" 200 22 "https://pacja.org/acs2023-non-state-actors-nsas-steering-committee/" "Mozilla/5.0 (Macintosh; Intel Mac OS X 10_15_7) AppleWebKit/605.1.15 (KHTML, like Gecko) Version/17.4 Safari/605.1.15 (Applebot/0.1; +http://www.apple.com/go/applebot)"
18.221.185.190 - - [15/May/2025:12:49:54 +0000] "GET /shopdetail/2023494 HTTP/1.1" 404 32841 "-" "Mozilla/5.0 AppleWebKit/537.36 (KHTML, like Gecko; compatible; ClaudeBot/1.0; +claudebot@anthropic.com)"
18.221.185.190 - - [15/May/2025:12:49:56 +0000] "GET /shopdetail/13884472 HTTP/1.1" 404 32841 "-" "Mozilla/5.0 AppleWebKit/537.36 (KHTML, like Gecko; compatible; ClaudeBot/1.0; +claudebot@anthropic.com)"
18.221.185.190 - - [15/May/2025:12:49:58 +0000] "GET /shopdetail/17351649 HTTP/1.1" 404 32843 "-" "Mozilla/5.0 AppleWebKit/537.36 (KHTML, like Gecko; compatible; ClaudeBot/1.0; +claudebot@anthropic.com)"
18.221.185.190 - - [15/May/2025:12:49:58 +0000] "GET /shopdetail/18221805 HTTP/1.1" 404 32843 "-" "Mozilla/5.0 AppleWebKit/537.36 (KHTML, like Gecko; compatible; ClaudeBot/1.0; +claudebot@anthropic.com)"
18.221.185.190 - - [15/May/2025:12:49:59 +0000] "GET /shopdetail/20764072 HTTP/1.1" 404 32841 "-" "Mozilla/5.0 AppleWebKit/537.36 (KHTML, like Gecko; compatible; ClaudeBot/1.0; +claudebot@anthropic.com)"
18.221.185.190 - - [15/May/2025:12:50:01 +0000] "GET /shopdetail/6877894 HTTP/1.1" 404 32843 "-" "Mozilla/5.0 AppleWebKit/537.36 (KHTML, like Gecko; compatible; ClaudeBot/1.0; +claudebot@anthropic.com)"
35.208.173.41 - - [15/May/2025:12:50:02 +0000] "HEAD / HTTP/1.1" 200 - "-" "scalaj-http/2.4.2"
18.221.185.190 - - [15/May/2025:12:50:02 +0000] "GET /shopdetail/13202905 HTTP/1.1" 404 32842 "-" "Mozilla/5.0 AppleWebKit/537.36 (KHTML, like Gecko; compatible; ClaudeBot/1.0; +claudebot@anthropic.com)"
18.221.185.190 - - [15/May/2025:12:50:04 +0000] "GET /shopdetail/10494094 HTTP/1.1" 404 32842 "-" "Mozilla/5.0 AppleWebKit/537.36 (KHTML, like Gecko; compatible; ClaudeBot/1.0; +claudebot@anthropic.com)"
35.208.173.41 - - [15/May/2025:12:50:04 +0000] "GET / HTTP/1.1" 200 59390 "-" "Buck/2.4.5; (+https://app.hypefactors.com/media-monitoring/about.html)"
18.221.185.190 - - [15/May/2025:12:50:06 +0000] "GET /shopdetail/10358450 HTTP/1.1" 404 32842 "-" "Mozilla/5.0 AppleWebKit/537.36 (KHTML, like Gecko; compatible; ClaudeBot/1.0; +claudebot@anthropic.com)"
35.208.173.41 - - [15/May/2025:12:50:08 +0000] "GET /robots.txt HTTP/1.1" 200 162 "-" "Buck/2.4.5; (+https://app.hypefactors.com/media-monitoring/about.html)"
18.221.185.190 - - [15/May/2025:12:50:07 +0000] "GET /shopdetail/21551094 HTTP/1.1" 404 32844 "-" "Mozilla/5.0 AppleWebKit/537.36 (KHTML, like Gecko; compatible; ClaudeBot/1.0; +claudebot@anthropic.com)"
18.221.185.190 - - [15/May/2025:12:50:08 +0000] "GET /shopdetail/11890616 HTTP/1.1" 404 32843 "-" "Mozilla/5.0 AppleWebKit/537.36 (KHTML, like Gecko; compatible; ClaudeBot/1.0; +claudebot@anthropic.com)"
18.221.185.190 - - [15/May/2025:12:50:09 +0000] "GET /shopdetail/30252405 HTTP/1.1" 404 32843 "-" "Mozilla/5.0 AppleWebKit/537.36 (KHTML, like Gecko; compatible; ClaudeBot/1.0; +claudebot@anthropic.com)"
18.221.185.190 - - [15/May/2025:12:50:10 +0000] "GET /shopdetail/7376427 HTTP/1.1" 404 32842 "-" "Mozilla/5.0 AppleWebKit/537.36 (KHTML, like Gecko; compatible; ClaudeBot/1.0; +claudebot@anthropic.com)"
66.249.68.37 - - [15/May/2025:12:50:15 +0000] "GET /shopdetail/10083150 HTTP/1.1" 200 19840 "-" "Mozilla/5.0 (Linux; Android 6.0.1; Nexus 5X Build/MMB29P) AppleWebKit/537.36 (KHTML, like Gecko) Chrome/136.0.7103.59 Mobile Safari/537.36 (compatible; Googlebot/2.1; +http://www.google.com/bot.html)"
203.161.61.57 - - [15/May/2025:12:50:16 +0000] "POST /wp-cron.php?doing_wp_cron=1747313416.4454090595245361328125 HTTP/1.1" 200 - "-" "WordPress/6.8.1; https://pacja.org"
102.215.34.108 - - [15/May/2025:12:50:14 +0000] "POST /wp-admin/admin-ajax.php HTTP/1.1" 200 101 "https://pacja.org/wp-admin/post.php?post=4782&action=edit" "Mozilla/5.0 (Windows NT 10.0; Win64; x64; rv:138.0) Gecko/20100101 Firefox/138.0"
203.161.61.57 - - [15/May/2025:12:49:50 +0000] "GET /wp-admin/admin-ajax.php?action=wordfence_doScan&isFork=1&scanMode=standard&cronKey=2a7a6a569d19923b762f7dcdf219ce93&signature=d872c1ea975be4f71a216e84e8b394e7772998e0939f20d9a20fcbfa5d17d36c HTTP/1.1" 200 - "-" "WordPress/6.8.1; https://pacja.org"
203.161.61.57 - - [15/May/2025:12:50:38 +0000] "POST /wp-cron.php?doing_wp_cron=1747313438.8714148998260498046875 HTTP/1.1" 200 - "-" "WordPress/6.8.1; https://pacja.org"
203.161.61.57 - - [15/May/2025:12:50:41 +0000] "POST /wp-cron.php?doing_wp_cron=1747313441.5529520511627197265625 HTTP/1.1" 200 - "-" "WordPress/6.8.1; https://pacja.org"
18.191.171.178 - - [15/May/2025:12:50:40 +0000] "GET /shopdetail/21478061 HTTP/1.1" 404 32845 "-" "Mozilla/5.0 AppleWebKit/537.36 (KHTML, like Gecko; compatible; ClaudeBot/1.0; +claudebot@anthropic.com)"
18.191.171.178 - - [15/May/2025:12:50:41 +0000] "GET /shopdetail/21497049 HTTP/1.1" 404 32845 "-" "Mozilla/5.0 AppleWebKit/537.36 (KHTML, like Gecko; compatible; ClaudeBot/1.0; +claudebot@anthropic.com)"
18.191.171.178 - - [15/May/2025:12:50:42 +0000] "GET /shopdetail/9886905 HTTP/1.1" 404 32843 "-" "Mozilla/5.0 AppleWebKit/537.36 (KHTML, like Gecko; compatible; ClaudeBot/1.0; +claudebot@anthropic.com)"
203.161.61.57 - - [15/May/2025:12:50:42 +0000] "POST /wp-admin/admin-ajax.php?action=async_litespeed&nonce=3Xk8PRioJbyuBLht5hN1YVPbadtZDU1N&litespeed_type=imgoptm HTTP/1.1" 200 21 "-" "WordPress/6.8.1; https://pacja.org"
18.191.171.178 - - [15/May/2025:12:50:42 +0000] "GET /shopdetail/26990561 HTTP/1.1" 404 32844 "-" "Mozilla/5.0 AppleWebKit/537.36 (KHTML, like Gecko; compatible; ClaudeBot/1.0; +claudebot@anthropic.com)"
152.53.51.133 - - [15/May/2025:12:50:44 +0000] "GET /images/eoga3.jpg HTTP/1.1" 301 - "-" "Mozilla/5.0 (Windows NT 10.0; Win64; x64) AppleWebKit/537.36 (KHTML, like Gecko) Chrome/100.0.6294.577 Safari/537.36"
18.191.171.178 - - [15/May/2025:12:50:44 +0000] "GET /shopdetail/7395250 HTTP/1.1" 404 32842 "-" "Mozilla/5.0 AppleWebKit/537.36 (KHTML, like Gecko; compatible; ClaudeBot/1.0; +claudebot@anthropic.com)"
18.191.171.178 - - [15/May/2025:12:50:45 +0000] "GET /shopdetail/15109916 HTTP/1.1" 404 32842 "-" "Mozilla/5.0 AppleWebKit/537.36 (KHTML, like Gecko; compatible; ClaudeBot/1.0; +claudebot@anthropic.com)"
152.53.51.133 - - [15/May/2025:12:50:46 +0000] "GET /images/eoga3.jpg HTTP/1.1" 404 32834 "-" "Mozilla/5.0 (Windows NT 10.0; Win64; x64) AppleWebKit/537.36 (KHTML, like Gecko) Chrome/100.0.6294.577 Safari/537.36"
18.191.171.178 - - [15/May/2025:12:50:46 +0000] "GET /shopdetail/12469972 HTTP/1.1" 404 32842 "-" "Mozilla/5.0 AppleWebKit/537.36 (KHTML, like Gecko; compatible; ClaudeBot/1.0; +claudebot@anthropic.com)"
18.191.171.178 - - [15/May/2025:12:50:46 +0000] "GET /shopdetail/17226716 HTTP/1.1" 404 32844 "-" "Mozilla/5.0 AppleWebKit/537.36 (KHTML, like Gecko; compatible; ClaudeBot/1.0; +claudebot@anthropic.com)"
18.191.171.178 - - [15/May/2025:12:50:47 +0000] "GET /shopdetail/22753894 HTTP/1.1" 404 32845 "-" "Mozilla/5.0 AppleWebKit/537.36 (KHTML, like Gecko; compatible; ClaudeBot/1.0; +claudebot@anthropic.com)"
18.191.171.178 - - [15/May/2025:12:50:48 +0000] "GET /shopdetail/1384105 HTTP/1.1" 404 32841 "-" "Mozilla/5.0 AppleWebKit/537.36 (KHTML, like Gecko; compatible; ClaudeBot/1.0; +claudebot@anthropic.com)"
18.191.171.178 - - [15/May/2025:12:50:49 +0000] "GET /shopdetail/15209450 HTTP/1.1" 404 32841 "-" "Mozilla/5.0 AppleWebKit/537.36 (KHTML, like Gecko; compatible; ClaudeBot/1.0; +claudebot@anthropic.com)"
18.191.171.178 - - [15/May/2025:12:50:50 +0000] "GET /shopdetail/26834650 HTTP/1.1" 404 32843 "-" "Mozilla/5.0 AppleWebKit/537.36 (KHTML, like Gecko; compatible; ClaudeBot/1.0; +claudebot@anthropic.com)"
18.191.171.178 - - [15/May/2025:12:50:51 +0000] "GET /shopdetail/17736705 HTTP/1.1" 404 32844 "-" "Mozilla/5.0 AppleWebKit/537.36 (KHTML, like Gecko; compatible; ClaudeBot/1.0; +claudebot@anthropic.com)"
18.191.171.178 - - [15/May/2025:12:50:52 +0000] "GET /shopdetail/12602272 HTTP/1.1" 404 32841 "-" "Mozilla/5.0 AppleWebKit/537.36 (KHTML, like Gecko; compatible; ClaudeBot/1.0; +claudebot@anthropic.com)"
18.191.171.178 - - [15/May/2025:12:50:53 +0000] "GET /shopdetail/22342316 HTTP/1.1" 404 32844 "-" "Mozilla/5.0 AppleWebKit/537.36 (KHTML, like Gecko; compatible; ClaudeBot/1.0; +claudebot@anthropic.com)"
35.208.173.41 - - [15/May/2025:12:50:55 +0000] "GET /feed/ HTTP/1.1" 200 18482 "-" "Buck/2.4.5; (+https://app.hypefactors.com/media-monitoring/about.html)"
18.191.171.178 - - [15/May/2025:12:50:53 +0000] "GET /shopdetail/24481161 HTTP/1.1" 404 32844 "-" "Mozilla/5.0 AppleWebKit/537.36 (KHTML, like Gecko; compatible; ClaudeBot/1.0; +claudebot@anthropic.com)"
18.191.171.178 - - [15/May/2025:12:50:55 +0000] "GET /shopdetail/7262972 HTTP/1.1" 404 32840 "-" "Mozilla/5.0 AppleWebKit/537.36 (KHTML, like Gecko; compatible; ClaudeBot/1.0; +claudebot@anthropic.com)"
18.191.171.178 - - [15/May/2025:12:50:54 +0000] "GET /shopdetail/14382261 HTTP/1.1" 404 32844 "-" "Mozilla/5.0 AppleWebKit/537.36 (KHTML, like Gecko; compatible; ClaudeBot/1.0; +claudebot@anthropic.com)"
35.208.173.41 - - [15/May/2025:12:50:58 +0000] "GET /sitemap241.xml HTTP/1.1" 200 4213 "-" "Buck/2.4.5; (+https://app.hypefactors.com/media-monitoring/about.html)"
35.208.173.41 - - [15/May/2025:12:50:58 +0000] "GET /sitemap451.xml HTTP/1.1" 200 4054 "-" "Buck/2.4.5; (+https://app.hypefactors.com/media-monitoring/about.html)"
18.191.171.178 - - [15/May/2025:12:50:56 +0000] "GET /shopdetail/24895816 HTTP/1.1" 404 32845 "-" "Mozilla/5.0 AppleWebKit/537.36 (KHTML, like Gecko; compatible; ClaudeBot/1.0; +claudebot@anthropic.com)"
35.208.173.41 - - [15/May/2025:12:50:59 +0000] "GET /sitemap856.xml HTTP/1.1" 200 4189 "-" "Buck/2.4.5; (+https://app.hypefactors.com/media-monitoring/about.html)"
18.191.171.178 - - [15/May/2025:12:50:58 +0000] "GET /shopdetail/11452450 HTTP/1.1" 404 32843 "-" "Mozilla/5.0 AppleWebKit/537.36 (KHTML, like Gecko; compatible; ClaudeBot/1.0; +claudebot@anthropic.com)"
18.191.171.178 - - [15/May/2025:12:50:57 +0000] "GET /shopdetail/23268416 HTTP/1.1" 404 32844 "-" "Mozilla/5.0 AppleWebKit/537.36 (KHTML, like Gecko; compatible; ClaudeBot/1.0; +claudebot@anthropic.com)"
18.191.171.178 - - [15/May/2025:12:51:00 +0000] "GET /shopdetail/27385905 HTTP/1.1" 404 32845 "-" "Mozilla/5.0 AppleWebKit/537.36 (KHTML, like Gecko; compatible; ClaudeBot/1.0; +claudebot@anthropic.com)"
18.191.171.178 - - [15/May/2025:12:50:59 +0000] "GET /shopdetail/12144505 HTTP/1.1" 404 32843 "-" "Mozilla/5.0 AppleWebKit/537.36 (KHTML, like Gecko; compatible; ClaudeBot/1.0; +claudebot@anthropic.com)"
18.191.171.178 - - [15/May/2025:12:51:02 +0000] "GET /shopdetail/17888216 HTTP/1.1" 404 32843 "-" "Mozilla/5.0 AppleWebKit/537.36 (KHTML, like Gecko; compatible; ClaudeBot/1.0; +claudebot@anthropic.com)"
18.191.171.178 - - [15/May/2025:12:51:03 +0000] "GET /shopdetail/19314094 HTTP/1.1" 404 32844 "-" "Mozilla/5.0 AppleWebKit/537.36 (KHTML, like Gecko; compatible; ClaudeBot/1.0; +claudebot@anthropic.com)"
18.191.171.178 - - [15/May/2025:12:51:04 +0000] "GET /shopdetail/29133716 HTTP/1.1" 404 32845 "-" "Mozilla/5.0 AppleWebKit/537.36 (KHTML, like Gecko; compatible; ClaudeBot/1.0; +claudebot@anthropic.com)"
18.191.171.178 - - [15/May/2025:12:51:01 +0000] "GET /shopdetail/16406561 HTTP/1.1" 404 32843 "-" "Mozilla/5.0 AppleWebKit/537.36 (KHTML, like Gecko; compatible; ClaudeBot/1.0; +claudebot@anthropic.com)"
18.191.171.178 - - [15/May/2025:12:51:06 +0000] "GET /shopdetail/2059172 HTTP/1.1" 404 32841 "-" "Mozilla/5.0 AppleWebKit/537.36 (KHTML, like Gecko; compatible; ClaudeBot/1.0; +claudebot@anthropic.com)"
18.191.171.178 - - [15/May/2025:12:51:07 +0000] "GET /shopdetail/12136005 HTTP/1.1" 404 32843 "-" "Mozilla/5.0 AppleWebKit/537.36 (KHTML, like Gecko; compatible; ClaudeBot/1.0; +claudebot@anthropic.com)"
18.191.171.178 - - [15/May/2025:12:51:09 +0000] "GET /shopdetail/26484038 HTTP/1.1" 404 32844 "-" "Mozilla/5.0 AppleWebKit/537.36 (KHTML, like Gecko; compatible; ClaudeBot/1.0; +claudebot@anthropic.com)"
18.191.171.178 - - [15/May/2025:12:51:06 +0000] "GET /shopdetail/30684927 HTTP/1.1" 404 32845 "-" "Mozilla/5.0 AppleWebKit/537.36 (KHTML, like Gecko; compatible; ClaudeBot/1.0; +claudebot@anthropic.com)"
18.191.171.178 - - [15/May/2025:12:51:10 +0000] "GET /shopdetail/9445905 HTTP/1.1" 404 32843 "-" "Mozilla/5.0 AppleWebKit/537.36 (KHTML, like Gecko; compatible; ClaudeBot/1.0; +claudebot@anthropic.com)"
18.191.171.178 - - [15/May/2025:12:51:10 +0000] "GET /shopdetail/9666427 HTTP/1.1" 404 32843 "-" "Mozilla/5.0 AppleWebKit/537.36 (KHTML, like Gecko; compatible; ClaudeBot/1.0; +claudebot@anthropic.com)"
203.161.61.57 - - [15/May/2025:12:51:26 +0000] "POST /wp-cron.php?doing_wp_cron=1747313486.6593410968780517578125 HTTP/1.1" 200 - "-" "WordPress/6.8.1; https://pacja.org"
203.161.61.57 - - [15/May/2025:12:50:37 +0000] "GET /wp-admin/admin-ajax.php?action=wordfence_doScan&isFork=1&scanMode=standard&cronKey=ce2cd50dd683f45bf9444be4162f8582&signature=4be10b7513c73b03e0ccee28a5e59bb585cd92b425baf347c1fa6c3e56375695 HTTP/1.1" 200 - "-" "WordPress/6.8.1; https://pacja.org"
203.161.61.57 - - [15/May/2025:12:51:27 +0000] "POST /wp-cron.php?doing_wp_cron=1747313487.7135028839111328125000 HTTP/1.1" 200 - "-" "WordPress/6.8.1; https://pacja.org"
57.154.175.2 - - [15/May/2025:12:51:31 +0000] "GET /wp-content/uploads/2023/03/Advocacy-Strategy-and-Plan-for-COP28-French-2.pdf HTTP/1.1" 200 10678634 "-" "Mozilla/5.0 AppleWebKit/537.36 (KHTML, like Gecko); compatible; ChatGPT-User/1.0; +https://openai.com/bot"
203.161.61.57 - - [15/May/2025:12:51:26 +0000] "POST /wp-admin/admin-ajax.php?action=as_async_request_queue_runner&nonce=e2c5951c47 HTTP/1.1" 200 - "-" "WordPress/6.8.1; https://pacja.org"
66.249.79.200 - - [15/May/2025:12:51:34 +0000] "GET /?_gl=1*rgknbr*_ga*MzY3MjE1MDcwLjE3MzcwOTUyMjA.*_ga_0VKVKKN4NV*MTczNzEwMjM4NC4yLjEuMTczNzEwMjQ1My42MC4wLjA.&_bd_prev_page=https://pacja.org/detail.php?shopdetail/12751683 HTTP/1.1" 200 20244 "-" "Mozilla/5.0 (Linux; Android 6.0.1; Nexus 5X Build/MMB29P) AppleWebKit/537.36 (KHTML, like Gecko) Chrome/136.0.7103.59 Mobile Safari/537.36 (compatible; Googlebot/2.1; +http://www.google.com/bot.html)"
57.154.175.13 - - [15/May/2025:12:51:33 +0000] "GET / HTTP/1.1" 200 59392 "-" "Mozilla/5.0 AppleWebKit/537.36 (KHTML, like Gecko); compatible; ChatGPT-User/1.0; +https://openai.com/bot"
66.249.68.37 - - [15/May/2025:12:51:39 +0000] "GET /shopdetail/10577483 HTTP/1.1" 200 19335 "-" "Mozilla/5.0 (Linux; Android 6.0.1; Nexus 5X Build/MMB29P) AppleWebKit/537.36 (KHTML, like Gecko) Chrome/136.0.7103.59 Mobile Safari/537.36 (compatible; Googlebot/2.1; +http://www.google.com/bot.html)"
66.249.79.199 - - [15/May/2025:12:51:39 +0000] "GET /shopdetail/14261138 HTTP/1.1" 200 19740 "-" "Mozilla/5.0 (Linux; Android 6.0.1; Nexus 5X Build/MMB29P) AppleWebKit/537.36 (KHTML, like Gecko) Chrome/136.0.7103.59 Mobile Safari/537.36 (compatible; Googlebot/2.1; +http://www.google.com/bot.html)"
18.222.226.47 - - [15/May/2025:12:51:43 +0000] "GET /shopdetail/4098438 HTTP/1.1" 404 32841 "-" "Mozilla/5.0 AppleWebKit/537.36 (KHTML, like Gecko; compatible; ClaudeBot/1.0; +claudebot@anthropic.com)"
18.222.226.47 - - [15/May/2025:12:51:43 +0000] "GET /shopdetail/16993438 HTTP/1.1" 404 32842 "-" "Mozilla/5.0 AppleWebKit/537.36 (KHTML, like Gecko; compatible; ClaudeBot/1.0; +claudebot@anthropic.com)"
18.222.226.47 - - [15/May/2025:12:51:43 +0000] "GET /shopdetail/16281405 HTTP/1.1" 404 32842 "-" "Mozilla/5.0 AppleWebKit/537.36 (KHTML, like Gecko; compatible; ClaudeBot/1.0; +claudebot@anthropic.com)"
18.222.226.47 - - [15/May/2025:12:51:44 +0000] "GET /shopdetail/9294772 HTTP/1.1" 404 32840 "-" "Mozilla/5.0 AppleWebKit/537.36 (KHTML, like Gecko; compatible; ClaudeBot/1.0; +claudebot@anthropic.com)"
18.222.226.47 - - [15/May/2025:12:51:44 +0000] "GET /shopdetail/10931750 HTTP/1.1" 404 32841 "-" "Mozilla/5.0 AppleWebKit/537.36 (KHTML, like Gecko; compatible; ClaudeBot/1.0; +claudebot@anthropic.com)"
18.222.226.47 - - [15/May/2025:12:51:45 +0000] "GET /shopdetail/12588849 HTTP/1.1" 404 32843 "-" "Mozilla/5.0 AppleWebKit/537.36 (KHTML, like Gecko; compatible; ClaudeBot/1.0; +claudebot@anthropic.com)"
18.222.226.47 - - [15/May/2025:12:51:46 +0000] "GET /shopdetail/21305961 HTTP/1.1" 404 32843 "-" "Mozilla/5.0 AppleWebKit/537.36 (KHTML, like Gecko; compatible; ClaudeBot/1.0; +claudebot@anthropic.com)"
62.218.203.35 - - [15/May/2025:12:51:46 +0000] "GET /feed/ HTTP/1.1" 301 - "-" "Mozilla/5.0 (compatible; ecoresearch/feed/0.9; +http://www.ecoresearch.net)"
62.218.203.35 - - [15/May/2025:12:51:46 +0000] "GET /ensuring-climate-justice-is-doing-god-s-will-african-faith-leaders-assert/feed/ HTTP/1.1" 200 536 "-" "Mozilla/5.0 (compatible; ecoresearch/feed/0.9; +http://www.ecoresearch.net)"
18.222.226.47 - - [15/May/2025:12:51:46 +0000] "GET /shopdetail/9004927 HTTP/1.1" 404 32842 "-" "Mozilla/5.0 AppleWebKit/537.36 (KHTML, like Gecko; compatible; ClaudeBot/1.0; +claudebot@anthropic.com)"
62.218.203.35 - - [15/May/2025:12:51:48 +0000] "GET /feed/ HTTP/1.1" 200 18482 "-" "Mozilla/5.0 (compatible; ecoresearch/feed/0.9; +http://www.ecoresearch.net)"
62.218.203.35 - - [15/May/2025:12:51:48 +0000] "GET /index.php/en/?format=feed&type=atom HTTP/1.1" 301 - "-" "Mozilla/5.0 (compatible; ecoresearch/feed/0.9; +http://www.ecoresearch.net)"
18.222.226.47 - - [15/May/2025:12:51:47 +0000] "GET /shopdetail/22792583 HTTP/1.1" 404 32843 "-" "Mozilla/5.0 AppleWebKit/537.36 (KHTML, like Gecko; compatible; ClaudeBot/1.0; +claudebot@anthropic.com)"
62.218.203.35 - - [15/May/2025:12:51:48 +0000] "GET /index.php/en/?format=feed&type=rss HTTP/1.1" 301 - "-" "Mozilla/5.0 (compatible; ecoresearch/feed/0.9; +http://www.ecoresearch.net)"
18.222.226.47 - - [15/May/2025:12:51:46 +0000] "GET /shopdetail/20309416 HTTP/1.1" 404 32842 "-" "Mozilla/5.0 AppleWebKit/537.36 (KHTML, like Gecko; compatible; ClaudeBot/1.0; +claudebot@anthropic.com)"
62.218.203.35 - - [15/May/2025:12:51:50 +0000] "GET /index.php?format=feed&type=atom HTTP/1.1" 301 - "-" "Mozilla/5.0 (compatible; ecoresearch/feed/0.9; +http://www.ecoresearch.net)"
18.222.226.47 - - [15/May/2025:12:51:48 +0000] "GET /shopdetail/18773050 HTTP/1.1" 404 32841 "-" "Mozilla/5.0 AppleWebKit/537.36 (KHTML, like Gecko; compatible; ClaudeBot/1.0; +claudebot@anthropic.com)"
62.218.203.35 - - [15/May/2025:12:51:49 +0000] "GET /cisonecc-champions-community-driven-biodiversity-protection-in-lake-chilwa-basin/?utm_source=rss&utm_medium=rss&utm_campaign=cisonecc-champions-community-driven-biodiversity-protection-in-lake-chilwa-basin HTTP/1.1" 200 49563 "https://pacja.org/feed/" "Mozilla/5.0 (compatible; ecoresearch/feed/0.9; +http://www.ecoresearch.net)"
18.222.226.47 - - [15/May/2025:12:51:49 +0000] "GET /shopdetail/27872561 HTTP/1.1" 404 32844 "-" "Mozilla/5.0 AppleWebKit/537.36 (KHTML, like Gecko; compatible; ClaudeBot/1.0; +claudebot@anthropic.com)"
62.218.203.35 - - [15/May/2025:12:51:51 +0000] "GET /index.php?format=feed&type=rss HTTP/1.1" 301 - "-" "Mozilla/5.0 (compatible; ecoresearch/feed/0.9; +http://www.ecoresearch.net)"
62.218.203.35 - - [15/May/2025:12:51:50 +0000] "GET /positioning-african-non-state-actors-at-the-heart-of-climate-policy-and-global-justice-for-acs-ii-and-beyond/?utm_source=rss&utm_medium=rss&utm_campaign=positioning-african-non-state-actors-at-the-heart-of-climate-policy-and-global-justice-for-acs-ii-and-beyond HTTP/1.1" 200 53032 "https://pacja.org/feed/" "Mozilla/5.0 (compatible; ecoresearch/feed/0.9; +http://www.ecoresearch.net)"
62.218.203.35 - - [15/May/2025:12:51:52 +0000] "GET /?format=feed&type=rss HTTP/1.1" 301 - "-" "Mozilla/5.0 (compatible; ecoresearch/feed/0.9; +http://www.ecoresearch.net)"
18.222.226.47 - - [15/May/2025:12:51:50 +0000] "GET /shopdetail/14242594 HTTP/1.1" 404 32842 "-" "Mozilla/5.0 AppleWebKit/537.36 (KHTML, like Gecko; compatible; ClaudeBot/1.0; +claudebot@anthropic.com)"
62.218.203.35 - - [15/May/2025:12:51:53 +0000] "GET /?format=feed&type=atom HTTP/1.1" 301 - "-" "Mozilla/5.0 (compatible; ecoresearch/feed/0.9; +http://www.ecoresearch.net)"
18.222.226.47 - - [15/May/2025:12:51:52 +0000] "GET /shopdetail/7883572 HTTP/1.1" 404 32840 "-" "Mozilla/5.0 AppleWebKit/537.36 (KHTML, like Gecko; compatible; ClaudeBot/1.0; +claudebot@anthropic.com)"
18.222.226.47 - - [15/May/2025:12:51:51 +0000] "GET /shopdetail/22136494 HTTP/1.1" 404 32843 "-" "Mozilla/5.0 AppleWebKit/537.36 (KHTML, like Gecko; compatible; ClaudeBot/1.0; +claudebot@anthropic.com)"
62.218.203.35 - - [15/May/2025:12:51:54 +0000] "GET /feed/ HTTP/1.1" 200 18482 "-" "Mozilla/5.0 (compatible; ecoresearch/feed/0.9; +http://www.ecoresearch.net)"
18.222.226.47 - - [15/May/2025:12:51:52 +0000] "GET /shopdetail/24190216 HTTP/1.1" 404 32843 "-" "Mozilla/5.0 AppleWebKit/537.36 (KHTML, like Gecko; compatible; ClaudeBot/1.0; +claudebot@anthropic.com)"
62.218.203.35 - - [15/May/2025:12:51:55 +0000] "GET /ensuring-climate-justice-is-doing-god-s-will-african-faith-leaders-assert/?format=feed&type=atom HTTP/1.1" 200 48420 "-" "Mozilla/5.0 (compatible; ecoresearch/feed/0.9; +http://www.ecoresearch.net)"
18.222.226.47 - - [15/May/2025:12:51:53 +0000] "GET /shopdetail/30883372 HTTP/1.1" 404 32842 "-" "Mozilla/5.0 AppleWebKit/537.36 (KHTML, like Gecko; compatible; ClaudeBot/1.0; +claudebot@anthropic.com)"
62.218.203.35 - - [15/May/2025:12:51:57 +0000] "GET /ensuring-climate-justice-is-doing-god-s-will-african-faith-leaders-assert/?format=feed&type=rss HTTP/1.1" 200 48418 "-" "Mozilla/5.0 (compatible; ecoresearch/feed/0.9; +http://www.ecoresearch.net)"
18.222.226.47 - - [15/May/2025:12:51:57 +0000] "GET /shopdetail/20247561 HTTP/1.1" 404 32841 "-" "Mozilla/5.0 AppleWebKit/537.36 (KHTML, like Gecko; compatible; ClaudeBot/1.0; +claudebot@anthropic.com)"
18.222.226.47 - - [15/May/2025:12:51:56 +0000] "GET /shopdetail/15458416 HTTP/1.1" 404 32842 "-" "Mozilla/5.0 AppleWebKit/537.36 (KHTML, like Gecko; compatible; ClaudeBot/1.0; +claudebot@anthropic.com)"
62.218.203.35 - - [15/May/2025:12:51:58 +0000] "GET /?format=feed&type=atom HTTP/1.1" 200 59421 "-" "Mozilla/5.0 (compatible; ecoresearch/feed/0.9; +http://www.ecoresearch.net)"
18.222.226.47 - - [15/May/2025:12:51:57 +0000] "GET /shopdetail/24997583 HTTP/1.1" 404 32843 "-" "Mozilla/5.0 AppleWebKit/537.36 (KHTML, like Gecko; compatible; ClaudeBot/1.0; +claudebot@anthropic.com)"
18.222.226.47 - - [15/May/2025:12:51:58 +0000] "GET /shopdetail/11209927 HTTP/1.1" 404 32841 "-" "Mozilla/5.0 AppleWebKit/537.36 (KHTML, like Gecko; compatible; ClaudeBot/1.0; +claudebot@anthropic.com)"
62.218.203.35 - - [15/May/2025:12:51:59 +0000] "GET /?format=feed&type=rss HTTP/1.1" 200 59421 "-" "Mozilla/5.0 (compatible; ecoresearch/feed/0.9; +http://www.ecoresearch.net)"
18.222.226.47 - - [15/May/2025:12:51:59 +0000] "GET /shopdetail/22124650 HTTP/1.1" 404 32841 "-" "Mozilla/5.0 AppleWebKit/537.36 (KHTML, like Gecko; compatible; ClaudeBot/1.0; +claudebot@anthropic.com)"
62.218.203.35 - - [15/May/2025:12:52:01 +0000] "GET /?format=feed&type=rss HTTP/1.1" 200 59422 "-" "Mozilla/5.0 (compatible; ecoresearch/feed/0.9; +http://www.ecoresearch.net)"
18.222.226.47 - - [15/May/2025:12:52:02 +0000] "GET /shopdetail/15345094 HTTP/1.1" 404 32841 "-" "Mozilla/5.0 AppleWebKit/537.36 (KHTML, like Gecko; compatible; ClaudeBot/1.0; +claudebot@anthropic.com)"
18.222.226.47 - - [15/May/2025:12:51:54 +0000] "GET /shopdetail/23172849 HTTP/1.1" 404 32843 "-" "Mozilla/5.0 AppleWebKit/537.36 (KHTML, like Gecko; compatible; ClaudeBot/1.0; +claudebot@anthropic.com)"
217.113.194.235 - - [15/May/2025:12:52:05 +0000] "GET /policy-brief-on-redd/ HTTP/1.1" 403 - "-" "Mozilla/5.0 (compatible; Barkrowler/0.9; +https://babbar.tech/crawler)"
62.218.203.35 - - [15/May/2025:12:52:02 +0000] "GET /?format=feed&type=atom HTTP/1.1" 200 59420 "-" "Mozilla/5.0 (compatible; ecoresearch/feed/0.9; +http://www.ecoresearch.net)"
18.222.226.47 - - [15/May/2025:12:52:03 +0000] "GET /shopdetail/9171094 HTTP/1.1" 404 32842 "-" "Mozilla/5.0 AppleWebKit/537.36 (KHTML, like Gecko; compatible; ClaudeBot/1.0; +claudebot@anthropic.com)"
66.249.79.205 - - [15/May/2025:12:52:06 +0000] "GET /?_gl=1*rgknbr*_ga*MzY3MjE1MDcwLjE3MzcwOTUyMjA.*_ga_0VKVKKN4NV*MTczNzEwMjM4NC4yLjEuMTczNzEwMjQ1My42MC4wLjA.&_bd_prev_page=https://mail.pacja.org/detail.php?shopdetail/23100854 HTTP/1.1" 200 19729 "-" "Mozilla/5.0 (compatible; Googlebot/2.1; +http://www.google.com/bot.html)"
18.222.226.47 - - [15/May/2025:12:52:04 +0000] "GET /shopdetail/30893416 HTTP/1.1" 404 32843 "-" "Mozilla/5.0 AppleWebKit/537.36 (KHTML, like Gecko; compatible; ClaudeBot/1.0; +claudebot@anthropic.com)"
18.222.226.47 - - [15/May/2025:12:52:00 +0000] "GET /shopdetail/14652927 HTTP/1.1" 404 32842 "-" "Mozilla/5.0 AppleWebKit/537.36 (KHTML, like Gecko; compatible; ClaudeBot/1.0; +claudebot@anthropic.com)"
18.222.226.47 - - [15/May/2025:12:52:06 +0000] "GET /shopdetail/20133016 HTTP/1.1" 404 32842 "-" "Mozilla/5.0 AppleWebKit/537.36 (KHTML, like Gecko; compatible; ClaudeBot/1.0; +claudebot@anthropic.com)"
18.222.226.47 - - [15/May/2025:12:52:07 +0000] "GET /shopdetail/23844550 HTTP/1.1" 404 32842 "-" "Mozilla/5.0 AppleWebKit/537.36 (KHTML, like Gecko; compatible; ClaudeBot/1.0; +claudebot@anthropic.com)"
18.222.226.47 - - [15/May/2025:12:52:09 +0000] "GET /shopdetail/19154427 HTTP/1.1" 404 32842 "-" "Mozilla/5.0 AppleWebKit/537.36 (KHTML, like Gecko; compatible; ClaudeBot/1.0; +claudebot@anthropic.com)"
18.222.226.47 - - [15/May/2025:12:52:08 +0000] "GET /shopdetail/24962583 HTTP/1.1" 404 32843 "-" "Mozilla/5.0 AppleWebKit/537.36 (KHTML, like Gecko; compatible; ClaudeBot/1.0; +claudebot@anthropic.com)"
18.222.226.47 - - [15/May/2025:12:52:10 +0000] "GET /shopdetail/23308216 HTTP/1.1" 404 32842 "-" "Mozilla/5.0 AppleWebKit/537.36 (KHTML, like Gecko; compatible; ClaudeBot/1.0; +claudebot@anthropic.com)"
203.161.61.57 - - [15/May/2025:12:51:25 +0000] "GET /wp-admin/admin-ajax.php?action=wordfence_doScan&isFork=1&scanMode=standard&cronKey=f9b99e4c64a96710e71d8c5a914a383e&signature=56a7c1291822866cb6d0754a7a5ee4902ab6b7121143cd61e72c2935c23f2459 HTTP/1.1" 200 - "-" "WordPress/6.8.1; https://pacja.org"
185.40.62.141 - - [15/May/2025:12:52:14 +0000] "GET /wp-content/uploads/2022/10/PACJA-Logo.png HTTP/1.1" 200 39094 "-" "Mozilla/5.0 (iPhone; CPU iPhone OS 18_3_1 like Mac OS X) AppleWebKit/605.1.15 (KHTML, like Gecko) Mobile/15E148"
185.40.62.141 - - [15/May/2025:12:52:14 +0000] "GET /wp-content/uploads/2022/10/PACJA-Logo.png HTTP/1.1" 200 39094 "-" "Mozilla/5.0 (iPhone; CPU iPhone OS 18_3_1 like Mac OS X) AppleWebKit/605.1.15 (KHTML, like Gecko) Mobile/15E148"
18.222.226.47 - - [15/May/2025:12:52:12 +0000] "GET /shopdetail/21037061 HTTP/1.1" 404 32843 "-" "Mozilla/5.0 AppleWebKit/537.36 (KHTML, like Gecko; compatible; ClaudeBot/1.0; +claudebot@anthropic.com)"
18.222.226.47 - - [15/May/2025:12:52:13 +0000] "GET /shopdetail/9059683 HTTP/1.1" 404 32842 "-" "Mozilla/5.0 AppleWebKit/537.36 (KHTML, like Gecko; compatible; ClaudeBot/1.0; +claudebot@anthropic.com)"
102.215.34.108 - - [15/May/2025:12:52:14 +0000] "POST /wp-admin/admin-ajax.php HTTP/1.1" 200 102 "https://pacja.org/wp-admin/post.php?post=4782&action=edit" "Mozilla/5.0 (Windows NT 10.0; Win64; x64; rv:138.0) Gecko/20100101 Firefox/138.0"
18.222.226.47 - - [15/May/2025:12:52:15 +0000] "GET /shopdetail/16987005 HTTP/1.1" 404 32842 "-" "Mozilla/5.0 AppleWebKit/537.36 (KHTML, like Gecko; compatible; ClaudeBot/1.0; +claudebot@anthropic.com)"
66.249.79.200 - - [15/May/2025:12:52:26 +0000] "GET /?_gl=1*rgknbr*_ga*MzY3MjE1MDcwLjE3MzcwOTUyMjA.*_ga_0VKVKKN4NV*MTczNzEwMjM4NC4yLjEuMTczNzEwMjQ1My42MC4wLjA.&_bd_prev_page=https://pacja.org/detail.php?shopdetail/5413338 HTTP/1.1" 200 20551 "-" "Mozilla/5.0 (compatible; Googlebot/2.1; +http://www.google.com/bot.html)"
66.249.79.201 - - [15/May/2025:12:52:28 +0000] "GET /shopdetail/3403416 HTTP/1.1" 200 19954 "-" "Mozilla/5.0 (compatible; Googlebot/2.1; +http://www.google.com/bot.html)"
66.249.79.200 - - [15/May/2025:12:52:30 +0000] "GET /the-sida-project HTTP/1.1" 200 19985 "-" "Mozilla/5.0 (Linux; Android 6.0.1; Nexus 5X Build/MMB29P) AppleWebKit/537.36 (KHTML, like Gecko) Chrome/136.0.7103.59 Mobile Safari/537.36 (compatible; Googlebot/2.1; +http://www.google.com/bot.html)"
66.249.93.142 - - [15/May/2025:12:52:35 +0000] "GET /wp-content/uploads/2022/10/PACJA-Logo.png HTTP/1.1" 200 39094 "-" "Mozilla/5.0 (Windows NT 5.1; rv:11.0) Gecko Firefox/11.0 (via ggpht.com GoogleImageProxy)"
57.141.2.14 - - [15/May/2025:12:52:38 +0000] "GET /shopdetail/14922283 HTTP/1.1" 404 155266 "-" "meta-externalagent/1.1 (+https://developers.facebook.com/docs/sharing/webmasters/crawler)"
35.208.173.41 - - [15/May/2025:12:52:38 +0000] "GET /positioning-african-non-state-actors-at-the-heart-of-climate-policy-and-global-justice-for-acs-ii-and-beyond/ HTTP/1.1" 200 52909 "-" "Buck/2.4.5; (+https://app.hypefactors.com/media-monitoring/about.html)"
66.249.68.39 - - [15/May/2025:12:52:45 +0000] "POST /get-message-notify HTTP/1.1" 200 18767 "https://www.pacja.org/shopdetail/28965727" "Mozilla/5.0 (Linux; Android 6.0.1; Nexus 5X Build/MMB29P) AppleWebKit/537.36 (KHTML, like Gecko) Chrome/135.0.7049.114 Mobile Safari/537.36 (compatible; Googlebot/2.1; +http://www.google.com/bot.html)"
18.217.212.222 - - [15/May/2025:12:52:47 +0000] "GET /shopdetail/23444816 HTTP/1.1" 404 32844 "-" "Mozilla/5.0 AppleWebKit/537.36 (KHTML, like Gecko; compatible; ClaudeBot/1.0; +claudebot@anthropic.com)"
18.217.212.222 - - [15/May/2025:12:52:48 +0000] "GET /shopdetail/16058061 HTTP/1.1" 404 32843 "-" "Mozilla/5.0 AppleWebKit/537.36 (KHTML, like Gecko; compatible; ClaudeBot/1.0; +claudebot@anthropic.com)"
18.217.212.222 - - [15/May/2025:12:52:49 +0000] "GET /shopdetail/29041838 HTTP/1.1" 404 32844 "-" "Mozilla/5.0 AppleWebKit/537.36 (KHTML, like Gecko; compatible; ClaudeBot/1.0; +claudebot@anthropic.com)"
18.217.212.222 - - [15/May/2025:12:52:49 +0000] "GET /shopdetail/26351738 HTTP/1.1" 404 32844 "-" "Mozilla/5.0 AppleWebKit/537.36 (KHTML, like Gecko; compatible; ClaudeBot/1.0; +claudebot@anthropic.com)"
18.217.212.222 - - [15/May/2025:12:52:51 +0000] "GET /shopdetail/20124538 HTTP/1.1" 404 32842 "-" "Mozilla/5.0 AppleWebKit/537.36 (KHTML, like Gecko; compatible; ClaudeBot/1.0; +claudebot@anthropic.com)"
18.217.212.222 - - [15/May/2025:12:52:52 +0000] "GET /shopdetail/11449616 HTTP/1.1" 404 32843 "-" "Mozilla/5.0 AppleWebKit/537.36 (KHTML, like Gecko; compatible; ClaudeBot/1.0; +claudebot@anthropic.com)"
18.217.212.222 - - [15/May/2025:12:52:53 +0000] "GET /shopdetail/14790505 HTTP/1.1" 404 32843 "-" "Mozilla/5.0 AppleWebKit/537.36 (KHTML, like Gecko; compatible; ClaudeBot/1.0; +claudebot@anthropic.com)"
18.217.212.222 - - [15/May/2025:12:52:53 +0000] "GET /shopdetail/3500905 HTTP/1.1" 404 32842 "-" "Mozilla/5.0 AppleWebKit/537.36 (KHTML, like Gecko; compatible; ClaudeBot/1.0; +claudebot@anthropic.com)"
18.217.212.222 - - [15/May/2025:12:52:54 +0000] "GET /shopdetail/28004861 HTTP/1.1" 404 32844 "-" "Mozilla/5.0 AppleWebKit/537.36 (KHTML, like Gecko; compatible; ClaudeBot/1.0; +claudebot@anthropic.com)"
18.217.212.222 - - [15/May/2025:12:52:55 +0000] "GET /shopdetail/21761649 HTTP/1.1" 404 32844 "-" "Mozilla/5.0 AppleWebKit/537.36 (KHTML, like Gecko; compatible; ClaudeBot/1.0; +claudebot@anthropic.com)"
18.217.212.222 - - [15/May/2025:12:52:57 +0000] "GET /shopdetail/25204516 HTTP/1.1" 404 32844 "-" "Mozilla/5.0 AppleWebKit/537.36 (KHTML, like Gecko; compatible; ClaudeBot/1.0; +claudebot@anthropic.com)"
57.141.2.8 - - [15/May/2025:12:52:57 +0000] "GET /shopdetail/25881138 HTTP/1.1" 404 155266 "-" "meta-externalagent/1.1 (+https://developers.facebook.com/docs/sharing/webmasters/crawler)"
18.217.212.222 - - [15/May/2025:12:52:58 +0000] "GET /shopdetail/16794983 HTTP/1.1" 404 32843 "-" "Mozilla/5.0 AppleWebKit/537.36 (KHTML, like Gecko; compatible; ClaudeBot/1.0; +claudebot@anthropic.com)"
18.217.212.222 - - [15/May/2025:12:52:58 +0000] "GET /shopdetail/17251605 HTTP/1.1" 404 32842 "-" "Mozilla/5.0 AppleWebKit/537.36 (KHTML, like Gecko; compatible; ClaudeBot/1.0; +claudebot@anthropic.com)"
203.161.61.57 - - [15/May/2025:12:52:12 +0000] "GET /wp-admin/admin-ajax.php?action=wordfence_doScan&isFork=1&scanMode=standard&cronKey=04a8ff942d8101d9ef3f8143899d413b&signature=491705f3aaf83a710aebb99d3b56c2b0622b2943df209c30f2cef9e5e3ea2f1b HTTP/1.1" 200 - "-" "WordPress/6.8.1; https://pacja.org"
18.217.212.222 - - [15/May/2025:12:52:59 +0000] "GET /shopdetail/11717072 HTTP/1.1" 404 32841 "-" "Mozilla/5.0 AppleWebKit/537.36 (KHTML, like Gecko; compatible; ClaudeBot/1.0; +claudebot@anthropic.com)"
18.217.212.222 - - [15/May/2025:12:53:00 +0000] "GET /shopdetail/11525038 HTTP/1.1" 404 32843 "-" "Mozilla/5.0 AppleWebKit/537.36 (KHTML, like Gecko; compatible; ClaudeBot/1.0; +claudebot@anthropic.com)"
18.217.212.222 - - [15/May/2025:12:53:01 +0000] "GET /shopdetail/12353661 HTTP/1.1" 404 32842 "-" "Mozilla/5.0 AppleWebKit/537.36 (KHTML, like Gecko; compatible; ClaudeBot/1.0; +claudebot@anthropic.com)"
18.217.212.222 - - [15/May/2025:12:53:02 +0000] "GET /shopdetail/24587738 HTTP/1.1" 404 32844 "-" "Mozilla/5.0 AppleWebKit/537.36 (KHTML, like Gecko; compatible; ClaudeBot/1.0; +claudebot@anthropic.com)"
18.217.212.222 - - [15/May/2025:12:53:04 +0000] "GET /shopdetail/17376761 HTTP/1.1" 404 32842 "-" "Mozilla/5.0 AppleWebKit/537.36 (KHTML, like Gecko; compatible; ClaudeBot/1.0; +claudebot@anthropic.com)"
66.249.68.39 - - [15/May/2025:12:53:06 +0000] "GET /shopdetail/10841272 HTTP/1.1" 200 20178 "-" "Mozilla/5.0 (Linux; Android 6.0.1; Nexus 5X Build/MMB29P) AppleWebKit/537.36 (KHTML, like Gecko) Chrome/136.0.7103.59 Mobile Safari/537.36 (compatible; Googlebot/2.1; +http://www.google.com/bot.html)"
18.217.212.222 - - [15/May/2025:12:53:03 +0000] "GET /shopdetail/16671161 HTTP/1.1" 404 32842 "-" "Mozilla/5.0 AppleWebKit/537.36 (KHTML, like Gecko; compatible; ClaudeBot/1.0; +claudebot@anthropic.com)"
18.217.212.222 - - [15/May/2025:12:53:05 +0000] "GET /shopdetail/26862561 HTTP/1.1" 404 32844 "-" "Mozilla/5.0 AppleWebKit/537.36 (KHTML, like Gecko; compatible; ClaudeBot/1.0; +claudebot@anthropic.com)"
18.217.212.222 - - [15/May/2025:12:53:06 +0000] "GET /shopdetail/24043005 HTTP/1.1" 404 32842 "-" "Mozilla/5.0 AppleWebKit/537.36 (KHTML, like Gecko; compatible; ClaudeBot/1.0; +claudebot@anthropic.com)"
18.217.212.222 - - [15/May/2025:12:53:07 +0000] "GET /shopdetail/15112772 HTTP/1.1" 404 32840 "-" "Mozilla/5.0 AppleWebKit/537.36 (KHTML, like Gecko; compatible; ClaudeBot/1.0; +claudebot@anthropic.com)"
18.217.212.222 - - [15/May/2025:12:53:08 +0000] "GET /shopdetail/8233150 HTTP/1.1" 404 32841 "-" "Mozilla/5.0 AppleWebKit/537.36 (KHTML, like Gecko; compatible; ClaudeBot/1.0; +claudebot@anthropic.com)"
18.217.212.222 - - [15/May/2025:12:53:09 +0000] "GET /shopdetail/20596061 HTTP/1.1" 404 32843 "-" "Mozilla/5.0 AppleWebKit/537.36 (KHTML, like Gecko; compatible; ClaudeBot/1.0; +claudebot@anthropic.com)"
18.217.212.222 - - [15/May/2025:12:53:10 +0000] "GET /shopdetail/28909538 HTTP/1.1" 404 32844 "-" "Mozilla/5.0 AppleWebKit/537.36 (KHTML, like Gecko; compatible; ClaudeBot/1.0; +claudebot@anthropic.com)"
18.217.212.222 - - [15/May/2025:12:53:12 +0000] "GET /shopdetail/15553772 HTTP/1.1" 404 32840 "-" "Mozilla/5.0 AppleWebKit/537.36 (KHTML, like Gecko; compatible; ClaudeBot/1.0; +claudebot@anthropic.com)"
18.217.212.222 - - [15/May/2025:12:53:10 +0000] "GET /shopdetail/10766061 HTTP/1.1" 404 32841 "-" "Mozilla/5.0 AppleWebKit/537.36 (KHTML, like Gecko; compatible; ClaudeBot/1.0; +claudebot@anthropic.com)"
18.217.212.222 - - [15/May/2025:12:53:14 +0000] "GET /shopdetail/29261716 HTTP/1.1" 404 32843 "-" "Mozilla/5.0 AppleWebKit/537.36 (KHTML, like Gecko; compatible; ClaudeBot/1.0; +claudebot@anthropic.com)"
18.217.212.222 - - [15/May/2025:12:53:13 +0000] "GET /shopdetail/18751005 HTTP/1.1" 404 32843 "-" "Mozilla/5.0 AppleWebKit/537.36 (KHTML, like Gecko; compatible; ClaudeBot/1.0; +claudebot@anthropic.com)"
18.217.212.222 - - [15/May/2025:12:53:15 +0000] "GET /shopdetail/10404738 HTTP/1.1" 404 32841 "-" "Mozilla/5.0 AppleWebKit/537.36 (KHTML, like Gecko; compatible; ClaudeBot/1.0; +claudebot@anthropic.com)"
35.208.173.41 - - [15/May/2025:12:53:16 +0000] "GET /cisonecc-champions-community-driven-biodiversity-protection-in-lake-chilwa-basin/ HTTP/1.1" 200 49460 "-" "Buck/2.4.5; (+https://app.hypefactors.com/media-monitoring/about.html)"
66.249.68.38 - - [15/May/2025:12:53:18 +0000] "GET /shopdetail/5066405 HTTP/1.1" 200 18414 "-" "Mozilla/5.0 (Linux; Android 6.0.1; Nexus 5X Build/MMB29P) AppleWebKit/537.36 (KHTML, like Gecko) Chrome/136.0.7103.59 Mobile Safari/537.36 (compatible; Googlebot/2.1; +http://www.google.com/bot.html)"
18.217.212.222 - - [15/May/2025:12:53:16 +0000] "GET /shopdetail/29921650 HTTP/1.1" 404 32843 "-" "Mozilla/5.0 AppleWebKit/537.36 (KHTML, like Gecko; compatible; ClaudeBot/1.0; +claudebot@anthropic.com)"
18.217.212.222 - - [15/May/2025:12:53:17 +0000] "GET /shopdetail/7383883 HTTP/1.1" 404 32842 "-" "Mozilla/5.0 AppleWebKit/537.36 (KHTML, like Gecko; compatible; ClaudeBot/1.0; +claudebot@anthropic.com)"
18.217.212.222 - - [15/May/2025:12:53:18 +0000] "GET /shopdetail/16954683 HTTP/1.1" 404 32843 "-" "Mozilla/5.0 AppleWebKit/537.36 (KHTML, like Gecko; compatible; ClaudeBot/1.0; +claudebot@anthropic.com)"
18.217.212.222 - - [15/May/2025:12:53:19 +0000] "GET /shopdetail/21352905 HTTP/1.1" 404 32843 "-" "Mozilla/5.0 AppleWebKit/537.36 (KHTML, like Gecko; compatible; ClaudeBot/1.0; +claudebot@anthropic.com)"
18.217.212.222 - - [15/May/2025:12:53:20 +0000] "GET /shopdetail/27341805 HTTP/1.1" 404 32844 "-" "Mozilla/5.0 AppleWebKit/537.36 (KHTML, like Gecko; compatible; ClaudeBot/1.0; +claudebot@anthropic.com)"
18.217.212.222 - - [15/May/2025:12:53:21 +0000] "GET /shopdetail/17081638 HTTP/1.1" 404 32843 "-" "Mozilla/5.0 AppleWebKit/537.36 (KHTML, like Gecko; compatible; ClaudeBot/1.0; +claudebot@anthropic.com)"
66.249.79.200 - - [15/May/2025:12:53:38 +0000] "GET /?_gl=1*rgknbr*_ga*MzY3MjE1MDcwLjE3MzcwOTUyMjA.*_ga_0VKVKKN4NV*MTczNzEwMjM4NC4yLjEuMTczNzEwMjQ1My42MC4wLjA.&_bd_prev_page=https://pacja.org/detail.php?shopdetail/4848061 HTTP/1.1" 200 21710 "-" "Mozilla/5.0 (Linux; Android 6.0.1; Nexus 5X Build/MMB29P) AppleWebKit/537.36 (KHTML, like Gecko) Chrome/136.0.7103.59 Mobile Safari/537.36 (compatible; Googlebot/2.1; +http://www.google.com/bot.html)"
4.227.36.50 - - [15/May/2025:12:53:40 +0000] "GET /robots.txt HTTP/1.1" 200 162 "-" "Mozilla/5.0 AppleWebKit/537.36 (KHTML, like Gecko; compatible; GPTBot/1.2; +https://openai.com/gptbot)"
203.161.61.57 - - [15/May/2025:12:53:43 +0000] "POST /wp-cron.php?doing_wp_cron=1747313623.2959051132202148437500 HTTP/1.1" 200 - "-" "WordPress/6.8.1; https://pacja.org"
35.208.173.41 - - [15/May/2025:12:53:42 +0000] "GET /shopdetail/11753672 HTTP/1.1" 404 32840 "-" "Buck/2.4.5; (+https://app.hypefactors.com/media-monitoring/about.html)"
203.161.61.57 - - [15/May/2025:12:53:44 +0000] "POST /wp-admin/admin-ajax.php?action=async_litespeed&nonce=Vqf2ASl84tucidheQ4qwb7vUstdUtRFG&litespeed_type=imgoptm HTTP/1.1" 200 21 "-" "WordPress/6.8.1; https://pacja.org"
203.161.61.57 - - [15/May/2025:12:53:00 +0000] "GET /wp-admin/admin-ajax.php?action=wordfence_doScan&isFork=1&scanMode=standard&cronKey=1a6b2df77509e17131925d1a0afa836d&signature=5154ac58a7d7d9d0814d7acb1eea9feeaeb6a113a9d7b3714425db5dbd5d6666 HTTP/1.1" 200 - "-" "WordPress/6.8.1; https://pacja.org"
52.14.125.232 - - [15/May/2025:12:53:50 +0000] "GET /shopdetail/18192616 HTTP/1.1" 404 32844 "-" "Mozilla/5.0 AppleWebKit/537.36 (KHTML, like Gecko; compatible; ClaudeBot/1.0; +claudebot@anthropic.com)"
52.14.125.232 - - [15/May/2025:12:53:51 +0000] "GET /shopdetail/19361261 HTTP/1.1" 404 32844 "-" "Mozilla/5.0 AppleWebKit/537.36 (KHTML, like Gecko; compatible; ClaudeBot/1.0; +claudebot@anthropic.com)"
52.14.125.232 - - [15/May/2025:12:53:51 +0000] "GET /shopdetail/11458883 HTTP/1.1" 404 32844 "-" "Mozilla/5.0 AppleWebKit/537.36 (KHTML, like Gecko; compatible; ClaudeBot/1.0; +claudebot@anthropic.com)"
66.249.79.200 - - [15/May/2025:12:53:53 +0000] "GET /?_gl=1*rgknbr*_ga*MzY3MjE1MDcwLjE3MzcwOTUyMjA.*_ga_0VKVKKN4NV*MTczNzEwMjM4NC4yLjEuMTczNzEwMjQ1My42MC4wLjA.&_bd_prev_page=https://pacja.org/detail.php?shopdetail/14140250 HTTP/1.1" 200 19565 "-" "Mozilla/5.0 (Linux; Android 6.0.1; Nexus 5X Build/MMB29P) AppleWebKit/537.36 (KHTML, like Gecko) Chrome/136.0.7103.59 Mobile Safari/537.36 (compatible; Googlebot/2.1; +http://www.google.com/bot.html)"
52.14.125.232 - - [15/May/2025:12:53:52 +0000] "GET /shopdetail/22285438 HTTP/1.1" 404 32844 "-" "Mozilla/5.0 AppleWebKit/537.36 (KHTML, like Gecko; compatible; ClaudeBot/1.0; +claudebot@anthropic.com)"
52.14.125.232 - - [15/May/2025:12:53:52 +0000] "GET /shopdetail/20978050 HTTP/1.1" 404 32842 "-" "Mozilla/5.0 AppleWebKit/537.36 (KHTML, like Gecko; compatible; ClaudeBot/1.0; +claudebot@anthropic.com)"
52.14.125.232 - - [15/May/2025:12:53:52 +0000] "GET /shopdetail/12731372 HTTP/1.1" 404 32842 "-" "Mozilla/5.0 AppleWebKit/537.36 (KHTML, like Gecko; compatible; ClaudeBot/1.0; +claudebot@anthropic.com)"
52.14.125.232 - - [15/May/2025:12:53:53 +0000] "GET /shopdetail/17755916 HTTP/1.1" 404 32844 "-" "Mozilla/5.0 AppleWebKit/537.36 (KHTML, like Gecko; compatible; ClaudeBot/1.0; +claudebot@anthropic.com)"
52.14.125.232 - - [15/May/2025:12:53:54 +0000] "GET /shopdetail/29152083 HTTP/1.1" 404 32845 "-" "Mozilla/5.0 AppleWebKit/537.36 (KHTML, like Gecko; compatible; ClaudeBot/1.0; +claudebot@anthropic.com)"
52.14.125.232 - - [15/May/2025:12:53:54 +0000] "GET /shopdetail/20372494 HTTP/1.1" 404 32844 "-" "Mozilla/5.0 AppleWebKit/537.36 (KHTML, like Gecko; compatible; ClaudeBot/1.0; +claudebot@anthropic.com)"
52.14.125.232 - - [15/May/2025:12:53:55 +0000] "GET /shopdetail/11896672 HTTP/1.1" 404 32843 "-" "Mozilla/5.0 AppleWebKit/537.36 (KHTML, like Gecko; compatible; ClaudeBot/1.0; +claudebot@anthropic.com)"
52.14.125.232 - - [15/May/2025:12:53:56 +0000] "GET /shopdetail/13238527 HTTP/1.1" 404 32844 "-" "Mozilla/5.0 AppleWebKit/537.36 (KHTML, like Gecko; compatible; ClaudeBot/1.0; +claudebot@anthropic.com)"
52.14.125.232 - - [15/May/2025:12:53:58 +0000] "GET /shopdetail/23374983 HTTP/1.1" 404 32845 "-" "Mozilla/5.0 AppleWebKit/537.36 (KHTML, like Gecko; compatible; ClaudeBot/1.0; +claudebot@anthropic.com)"
52.14.125.232 - - [15/May/2025:12:53:57 +0000] "GET /shopdetail/10349950 HTTP/1.1" 404 32843 "-" "Mozilla/5.0 AppleWebKit/537.36 (KHTML, like Gecko; compatible; ClaudeBot/1.0; +claudebot@anthropic.com)"
52.14.125.232 - - [15/May/2025:12:53:59 +0000] "GET /shopdetail/13459005 HTTP/1.1" 404 32844 "-" "Mozilla/5.0 AppleWebKit/537.36 (KHTML, like Gecko; compatible; ClaudeBot/1.0; +claudebot@anthropic.com)"
52.14.125.232 - - [15/May/2025:12:54:00 +0000] "GET /shopdetail/11584750 HTTP/1.1" 404 32843 "-" "Mozilla/5.0 AppleWebKit/537.36 (KHTML, like Gecko; compatible; ClaudeBot/1.0; +claudebot@anthropic.com)"
52.14.125.232 - - [15/May/2025:12:54:02 +0000] "GET /shopdetail/20360650 HTTP/1.1" 404 32843 "-" "Mozilla/5.0 AppleWebKit/537.36 (KHTML, like Gecko; compatible; ClaudeBot/1.0; +claudebot@anthropic.com)"
52.14.125.232 - - [15/May/2025:12:54:00 +0000] "GET /shopdetail/14576416 HTTP/1.1" 404 32844 "-" "Mozilla/5.0 AppleWebKit/537.36 (KHTML, like Gecko; compatible; ClaudeBot/1.0; +claudebot@anthropic.com)"
203.161.61.57 - - [15/May/2025:12:54:05 +0000] "POST /wp-cron.php?doing_wp_cron=1747313645.7994689941406250000000 HTTP/1.1" 200 - "-" "WordPress/6.8.1; https://pacja.org"
52.14.125.232 - - [15/May/2025:12:54:03 +0000] "GET /shopdetail/12632949 HTTP/1.1" 404 32844 "-" "Mozilla/5.0 AppleWebKit/537.36 (KHTML, like Gecko; compatible; ClaudeBot/1.0; +claudebot@anthropic.com)"
203.161.61.57 - - [15/May/2025:12:54:06 +0000] "POST /wp-cron.php?doing_wp_cron=1747313646.8329141139984130859375 HTTP/1.1" 200 - "-" "WordPress/6.8.1; https://pacja.org"
52.14.125.232 - - [15/May/2025:12:54:01 +0000] "GET /shopdetail/13412061 HTTP/1.1" 404 32844 "-" "Mozilla/5.0 AppleWebKit/537.36 (KHTML, like Gecko; compatible; ClaudeBot/1.0; +claudebot@anthropic.com)"
52.14.125.232 - - [15/May/2025:12:54:04 +0000] "GET /shopdetail/757072 HTTP/1.1" 404 32841 "-" "Mozilla/5.0 AppleWebKit/537.36 (KHTML, like Gecko; compatible; ClaudeBot/1.0; +claudebot@anthropic.com)"
52.14.125.232 - - [15/May/2025:12:54:06 +0000] "GET /shopdetail/23657949 HTTP/1.1" 404 32845 "-" "Mozilla/5.0 AppleWebKit/537.36 (KHTML, like Gecko; compatible; ClaudeBot/1.0; +claudebot@anthropic.com)"
52.14.125.232 - - [15/May/2025:12:54:08 +0000] "GET /shopdetail/21403438 HTTP/1.1" 404 32844 "-" "Mozilla/5.0 AppleWebKit/537.36 (KHTML, like Gecko; compatible; ClaudeBot/1.0; +claudebot@anthropic.com)"
52.14.125.232 - - [15/May/2025:12:54:05 +0000] "GET /shopdetail/8364327 HTTP/1.1" 404 32844 "-" "Mozilla/5.0 AppleWebKit/537.36 (KHTML, like Gecko; compatible; ClaudeBot/1.0; +claudebot@anthropic.com)"
52.14.125.232 - - [15/May/2025:12:54:10 +0000] "GET /shopdetail/28446483 HTTP/1.1" 404 32845 "-" "Mozilla/5.0 AppleWebKit/537.36 (KHTML, like Gecko; compatible; ClaudeBot/1.0; +claudebot@anthropic.com)"
52.14.125.232 - - [15/May/2025:12:54:11 +0000] "GET /shopdetail/19941705 HTTP/1.1" 404 32844 "-" "Mozilla/5.0 AppleWebKit/537.36 (KHTML, like Gecko; compatible; ClaudeBot/1.0; +claudebot@anthropic.com)"
52.14.125.232 - - [15/May/2025:12:54:12 +0000] "GET /shopdetail/13175572 HTTP/1.1" 404 32842 "-" "Mozilla/5.0 AppleWebKit/537.36 (KHTML, like Gecko; compatible; ClaudeBot/1.0; +claudebot@anthropic.com)"
52.14.125.232 - - [15/May/2025:12:54:13 +0000] "GET /shopdetail/16940061 HTTP/1.1" 404 32844 "-" "Mozilla/5.0 AppleWebKit/537.36 (KHTML, like Gecko; compatible; ClaudeBot/1.0; +claudebot@anthropic.com)"
52.14.125.232 - - [15/May/2025:12:54:09 +0000] "GET /shopdetail/10339749 HTTP/1.1" 404 32843 "-" "Mozilla/5.0 AppleWebKit/537.36 (KHTML, like Gecko; compatible; ClaudeBot/1.0; +claudebot@anthropic.com)"
102.215.34.108 - - [15/May/2025:12:54:14 +0000] "POST /wp-admin/admin-ajax.php HTTP/1.1" 200 101 "https://pacja.org/wp-admin/post.php?post=4782&action=edit" "Mozilla/5.0 (Windows NT 10.0; Win64; x64; rv:138.0) Gecko/20100101 Firefox/138.0"
52.14.125.232 - - [15/May/2025:12:54:14 +0000] "GET /shopdetail/11405516 HTTP/1.1" 404 32844 "-" "Mozilla/5.0 AppleWebKit/537.36 (KHTML, like Gecko; compatible; ClaudeBot/1.0; +claudebot@anthropic.com)"
35.208.173.41 - - [15/May/2025:12:54:16 +0000] "GET /shopdetail/11775727 HTTP/1.1" 404 32842 "-" "Buck/2.4.5; (+https://app.hypefactors.com/media-monitoring/about.html)"
52.14.125.232 - - [15/May/2025:12:54:15 +0000] "GET /shopdetail/21430894 HTTP/1.1" 404 32845 "-" "Mozilla/5.0 AppleWebKit/537.36 (KHTML, like Gecko; compatible; ClaudeBot/1.0; +claudebot@anthropic.com)"
52.14.125.232 - - [15/May/2025:12:54:16 +0000] "GET /shopdetail/15352461 HTTP/1.1" 404 32843 "-" "Mozilla/5.0 AppleWebKit/537.36 (KHTML, like Gecko; compatible; ClaudeBot/1.0; +claudebot@anthropic.com)"
52.14.125.232 - - [15/May/2025:12:54:17 +0000] "GET /shopdetail/13698716 HTTP/1.1" 404 32844 "-" "Mozilla/5.0 AppleWebKit/537.36 (KHTML, like Gecko; compatible; ClaudeBot/1.0; +claudebot@anthropic.com)"
