203.161.61.57 - - [15/May/2025:13:14:42 +0000] "POST /wp-admin/admin-ajax.php?action=async_litespeed&nonce=qUQexj6tuFh9VRADISwRbQ5t6mhEn4Sy&litespeed_type=imgoptm HTTP/1.1" 200 21 "-" "WordPress/6.8.1; https://pacja.org"
17.241.227.208 - - [15/May/2025:13:14:55 +0000] "GET /taksna-conference-strengthening-climate-action-partnerships/ HTTP/1.1" 200 48208 "-" "Mozilla/5.0 (Macintosh; Intel Mac OS X 10_15_7) AppleWebKit/605.1.15 (KHTML, like Gecko) Version/17.4 Safari/605.1.15 (Applebot/0.1; +http://www.apple.com/go/applebot)"
128.199.112.4 - - [15/May/2025:13:14:57 +0000] "GET / HTTP/1.1" 301 - "-" "Mozilla/5.0 (Windows NT 10.0; Win64; x64) AppleWebKit/537.36 (KHTML, like Gecko) Chrome/120.0.6099.71 Safari/537.36"
128.199.112.4 - - [15/May/2025:13:14:59 +0000] "GET //login HTTP/1.1" 301 - "-" "Mozilla/5.0 (Windows NT 10.0; Win64; x64) AppleWebKit/537.36 (KHTML, like Gecko) Chrome/120.0.6099.71 Safari/537.36"
128.199.112.4 - - [15/May/2025:13:15:00 +0000] "GET /login HTTP/1.1" 302 - "-" "Mozilla/5.0 (Windows NT 10.0; Win64; x64) AppleWebKit/537.36 (KHTML, like Gecko) Chrome/120.0.6099.71 Safari/537.36"
128.199.112.4 - - [15/May/2025:13:15:02 +0000] "GET /wp-login.php HTTP/1.1" 200 2404 "-" "Mozilla/5.0 (Windows NT 10.0; Win64; x64) AppleWebKit/537.36 (KHTML, like Gecko) Chrome/120.0.6099.71 Safari/537.36"
66.249.79.200 - - [15/May/2025:13:15:06 +0000] "GET /?_gl=1*rgknbr*_ga*MzY3MjE1MDcwLjE3MzcwOTUyMjA.*_ga_0VKVKKN4NV*MTczNzEwMjM4NC4yLjEuMTczNzEwMjQ1My42MC4wLjA.&_bd_prev_page=https://pacja.org/detail.php?shopdetail/14156727 HTTP/1.1" 200 21430 "-" "Mozilla/5.0 (Linux; Android 6.0.1; Nexus 5X Build/MMB29P) AppleWebKit/537.36 (KHTML, like Gecko) Chrome/136.0.7103.92 Mobile Safari/537.36 (compatible; Googlebot/2.1; +http://www.google.com/bot.html)"
3.17.9.170 - - [15/May/2025:13:15:05 +0000] "GET /shopdetail/18946616 HTTP/1.1" 404 32843 "-" "Mozilla/5.0 AppleWebKit/537.36 (KHTML, like Gecko; compatible; ClaudeBot/1.0; +claudebot@anthropic.com)"
3.17.9.170 - - [15/May/2025:13:15:06 +0000] "GET /shopdetail/14032327 HTTP/1.1" 404 32843 "-" "Mozilla/5.0 AppleWebKit/537.36 (KHTML, like Gecko; compatible; ClaudeBot/1.0; +claudebot@anthropic.com)"
3.17.9.170 - - [15/May/2025:13:15:06 +0000] "GET /shopdetail/646827 HTTP/1.1" 404 32842 "-" "Mozilla/5.0 AppleWebKit/537.36 (KHTML, like Gecko; compatible; ClaudeBot/1.0; +claudebot@anthropic.com)"
3.17.9.170 - - [15/May/2025:13:15:07 +0000] "GET /shopdetail/10692549 HTTP/1.1" 404 32842 "-" "Mozilla/5.0 AppleWebKit/537.36 (KHTML, like Gecko; compatible; ClaudeBot/1.0; +claudebot@anthropic.com)"
3.17.9.170 - - [15/May/2025:13:15:07 +0000] "GET /shopdetail/4030105 HTTP/1.1" 404 32841 "-" "Mozilla/5.0 AppleWebKit/537.36 (KHTML, like Gecko; compatible; ClaudeBot/1.0; +claudebot@anthropic.com)"
3.17.9.170 - - [15/May/2025:13:15:08 +0000] "GET /shopdetail/17619316 HTTP/1.1" 404 32843 "-" "Mozilla/5.0 AppleWebKit/537.36 (KHTML, like Gecko; compatible; ClaudeBot/1.0; +claudebot@anthropic.com)"
3.17.9.170 - - [15/May/2025:13:15:09 +0000] "GET /shopdetail/21683650 HTTP/1.1" 404 32843 "-" "Mozilla/5.0 AppleWebKit/537.36 (KHTML, like Gecko; compatible; ClaudeBot/1.0; +claudebot@anthropic.com)"
3.17.9.170 - - [15/May/2025:13:15:09 +0000] "GET /shopdetail/19468449 HTTP/1.1" 404 32843 "-" "Mozilla/5.0 AppleWebKit/537.36 (KHTML, like Gecko; compatible; ClaudeBot/1.0; +claudebot@anthropic.com)"
3.17.9.170 - - [15/May/2025:13:15:10 +0000] "GET /shopdetail/788694 HTTP/1.1" 404 32842 "-" "Mozilla/5.0 AppleWebKit/537.36 (KHTML, like Gecko; compatible; ClaudeBot/1.0; +claudebot@anthropic.com)"
35.208.173.41 - - [15/May/2025:13:15:12 +0000] "GET /shopdetail/12503372 HTTP/1.1" 404 32840 "-" "Buck/2.4.5; (+https://app.hypefactors.com/media-monitoring/about.html)"
3.17.9.170 - - [15/May/2025:13:15:12 +0000] "GET /shopdetail/26550183 HTTP/1.1" 404 32843 "-" "Mozilla/5.0 AppleWebKit/537.36 (KHTML, like Gecko; compatible; ClaudeBot/1.0; +claudebot@anthropic.com)"
3.17.9.170 - - [15/May/2025:13:15:13 +0000] "GET /shopdetail/20801650 HTTP/1.1" 404 32842 "-" "Mozilla/5.0 AppleWebKit/537.36 (KHTML, like Gecko; compatible; ClaudeBot/1.0; +claudebot@anthropic.com)"
3.17.9.170 - - [15/May/2025:13:15:11 +0000] "GET /shopdetail/2757650 HTTP/1.1" 404 32842 "-" "Mozilla/5.0 AppleWebKit/537.36 (KHTML, like Gecko; compatible; ClaudeBot/1.0; +claudebot@anthropic.com)"
3.17.9.170 - - [15/May/2025:13:15:14 +0000] "GET /shopdetail/23903561 HTTP/1.1" 404 32844 "-" "Mozilla/5.0 AppleWebKit/537.36 (KHTML, like Gecko; compatible; ClaudeBot/1.0; +claudebot@anthropic.com)"
3.17.9.170 - - [15/May/2025:13:15:16 +0000] "GET /shopdetail/11140916 HTTP/1.1" 404 32844 "-" "Mozilla/5.0 AppleWebKit/537.36 (KHTML, like Gecko; compatible; ClaudeBot/1.0; +claudebot@anthropic.com)"
3.17.9.170 - - [15/May/2025:13:15:16 +0000] "GET /shopdetail/26703916 HTTP/1.1" 404 32844 "-" "Mozilla/5.0 AppleWebKit/537.36 (KHTML, like Gecko; compatible; ClaudeBot/1.0; +claudebot@anthropic.com)"
3.17.9.170 - - [15/May/2025:13:15:17 +0000] "GET /shopdetail/9893338 HTTP/1.1" 404 32842 "-" "Mozilla/5.0 AppleWebKit/537.36 (KHTML, like Gecko; compatible; ClaudeBot/1.0; +claudebot@anthropic.com)"
3.17.9.170 - - [15/May/2025:13:15:18 +0000] "GET /shopdetail/27321938 HTTP/1.1" 404 32844 "-" "Mozilla/5.0 AppleWebKit/537.36 (KHTML, like Gecko; compatible; ClaudeBot/1.0; +claudebot@anthropic.com)"
3.17.9.170 - - [15/May/2025:13:15:15 +0000] "GET /shopdetail/17705894 HTTP/1.1" 404 32843 "-" "Mozilla/5.0 AppleWebKit/537.36 (KHTML, like Gecko; compatible; ClaudeBot/1.0; +claudebot@anthropic.com)"
3.17.9.170 - - [15/May/2025:13:15:20 +0000] "GET /shopdetail/14774861 HTTP/1.1" 404 32843 "-" "Mozilla/5.0 AppleWebKit/537.36 (KHTML, like Gecko; compatible; ClaudeBot/1.0; +claudebot@anthropic.com)"
3.17.9.170 - - [15/May/2025:13:15:21 +0000] "GET /shopdetail/29298972 HTTP/1.1" 404 32842 "-" "Mozilla/5.0 AppleWebKit/537.36 (KHTML, like Gecko; compatible; ClaudeBot/1.0; +claudebot@anthropic.com)"
3.17.9.170 - - [15/May/2025:13:15:23 +0000] "GET /shopdetail/27224638 HTTP/1.1" 404 32844 "-" "Mozilla/5.0 AppleWebKit/537.36 (KHTML, like Gecko; compatible; ClaudeBot/1.0; +claudebot@anthropic.com)"
3.17.9.170 - - [15/May/2025:13:15:24 +0000] "GET /shopdetail/17331049 HTTP/1.1" 404 32843 "-" "Mozilla/5.0 AppleWebKit/537.36 (KHTML, like Gecko; compatible; ClaudeBot/1.0; +claudebot@anthropic.com)"
3.17.9.170 - - [15/May/2025:13:15:25 +0000] "GET /shopdetail/16825516 HTTP/1.1" 404 32843 "-" "Mozilla/5.0 AppleWebKit/537.36 (KHTML, like Gecko; compatible; ClaudeBot/1.0; +claudebot@anthropic.com)"
3.17.9.170 - - [15/May/2025:13:15:26 +0000] "GET /shopdetail/10251549 HTTP/1.1" 404 32842 "-" "Mozilla/5.0 AppleWebKit/537.36 (KHTML, like Gecko; compatible; ClaudeBot/1.0; +claudebot@anthropic.com)"
3.17.9.170 - - [15/May/2025:13:15:26 +0000] "GET /shopdetail/11152250 HTTP/1.1" 404 32842 "-" "Mozilla/5.0 AppleWebKit/537.36 (KHTML, like Gecko; compatible; ClaudeBot/1.0; +claudebot@anthropic.com)"
3.17.9.170 - - [15/May/2025:13:15:27 +0000] "GET /shopdetail/28891750 HTTP/1.1" 404 32844 "-" "Mozilla/5.0 AppleWebKit/537.36 (KHTML, like Gecko; compatible; ClaudeBot/1.0; +claudebot@anthropic.com)"
3.17.9.170 - - [15/May/2025:13:15:28 +0000] "GET /shopdetail/17464961 HTTP/1.1" 404 32843 "-" "Mozilla/5.0 AppleWebKit/537.36 (KHTML, like Gecko; compatible; ClaudeBot/1.0; +claudebot@anthropic.com)"
3.17.9.170 - - [15/May/2025:13:15:26 +0000] "GET /shopdetail/8446550 HTTP/1.1" 404 32842 "-" "Mozilla/5.0 AppleWebKit/537.36 (KHTML, like Gecko; compatible; ClaudeBot/1.0; +claudebot@anthropic.com)"
3.17.9.170 - - [15/May/2025:13:15:29 +0000] "GET /shopdetail/14730761 HTTP/1.1" 404 32843 "-" "Mozilla/5.0 AppleWebKit/537.36 (KHTML, like Gecko; compatible; ClaudeBot/1.0; +claudebot@anthropic.com)"
3.17.9.170 - - [15/May/2025:13:15:30 +0000] "GET /shopdetail/28830005 HTTP/1.1" 404 32842 "-" "Mozilla/5.0 AppleWebKit/537.36 (KHTML, like Gecko; compatible; ClaudeBot/1.0; +claudebot@anthropic.com)"
3.17.9.170 - - [15/May/2025:13:15:31 +0000] "GET /shopdetail/8980150 HTTP/1.1" 404 32841 "-" "Mozilla/5.0 AppleWebKit/537.36 (KHTML, like Gecko; compatible; ClaudeBot/1.0; +claudebot@anthropic.com)"
3.17.9.170 - - [15/May/2025:13:15:32 +0000] "GET /shopdetail/20039738 HTTP/1.1" 404 32844 "-" "Mozilla/5.0 AppleWebKit/537.36 (KHTML, like Gecko; compatible; ClaudeBot/1.0; +claudebot@anthropic.com)"
3.17.9.170 - - [15/May/2025:13:15:34 +0000] "GET /shopdetail/18990716 HTTP/1.1" 404 32843 "-" "Mozilla/5.0 AppleWebKit/537.36 (KHTML, like Gecko; compatible; ClaudeBot/1.0; +claudebot@anthropic.com)"
3.17.9.170 - - [15/May/2025:13:15:33 +0000] "GET /shopdetail/12232705 HTTP/1.1" 404 32843 "-" "Mozilla/5.0 AppleWebKit/537.36 (KHTML, like Gecko; compatible; ClaudeBot/1.0; +claudebot@anthropic.com)"
203.161.61.57 - - [15/May/2025:13:15:37 +0000] "POST /wp-cron.php?doing_wp_cron=1747314937.5476880073547363281250 HTTP/1.1" 200 - "-" "WordPress/6.8.1; https://pacja.org"
3.17.9.170 - - [15/May/2025:13:15:35 +0000] "GET /shopdetail/2767972 HTTP/1.1" 404 32841 "-" "Mozilla/5.0 AppleWebKit/537.36 (KHTML, like Gecko; compatible; ClaudeBot/1.0; +claudebot@anthropic.com)"
3.17.9.170 - - [15/May/2025:13:15:36 +0000] "GET /shopdetail/17273650 HTTP/1.1" 404 32842 "-" "Mozilla/5.0 AppleWebKit/537.36 (KHTML, like Gecko; compatible; ClaudeBot/1.0; +claudebot@anthropic.com)"
203.161.61.57 - - [15/May/2025:13:15:39 +0000] "POST /wp-cron.php?doing_wp_cron=1747314939.5478150844573974609375 HTTP/1.1" 200 - "-" "WordPress/6.8.1; https://pacja.org"
3.17.9.170 - - [15/May/2025:13:15:37 +0000] "GET /shopdetail/28793583 HTTP/1.1" 404 32844 "-" "Mozilla/5.0 AppleWebKit/537.36 (KHTML, like Gecko; compatible; ClaudeBot/1.0; +claudebot@anthropic.com)"
3.17.9.170 - - [15/May/2025:13:15:38 +0000] "GET /shopdetail/16979861 HTTP/1.1" 404 32843 "-" "Mozilla/5.0 AppleWebKit/537.36 (KHTML, like Gecko; compatible; ClaudeBot/1.0; +claudebot@anthropic.com)"
203.161.61.57 - - [15/May/2025:13:15:40 +0000] "POST /wp-admin/admin-ajax.php?action=async_litespeed&nonce=wFD2iwsuEg9UFK94FywAaXXcvznP6koW&litespeed_type=imgoptm HTTP/1.1" 200 21 "-" "WordPress/6.8.1; https://pacja.org"
35.208.173.41 - - [15/May/2025:13:15:50 +0000] "GET /shopdetail/12525427 HTTP/1.1" 404 32842 "-" "Buck/2.4.5; (+https://app.hypefactors.com/media-monitoring/about.html)"
3.145.2.74 - - [15/May/2025:13:16:10 +0000] "GET /shopdetail/24363549 HTTP/1.1" 404 32841 "-" "Mozilla/5.0 AppleWebKit/537.36 (KHTML, like Gecko; compatible; ClaudeBot/1.0; +claudebot@anthropic.com)"
3.145.2.74 - - [15/May/2025:13:16:10 +0000] "GET /shopdetail/12938305 HTTP/1.1" 404 32841 "-" "Mozilla/5.0 AppleWebKit/537.36 (KHTML, like Gecko; compatible; ClaudeBot/1.0; +claudebot@anthropic.com)"
3.145.2.74 - - [15/May/2025:13:16:10 +0000] "GET /shopdetail/19431716 HTTP/1.1" 404 32841 "-" "Mozilla/5.0 AppleWebKit/537.36 (KHTML, like Gecko; compatible; ClaudeBot/1.0; +claudebot@anthropic.com)"
3.145.2.74 - - [15/May/2025:13:16:11 +0000] "GET /shopdetail/21011949 HTTP/1.1" 404 32841 "-" "Mozilla/5.0 AppleWebKit/537.36 (KHTML, like Gecko; compatible; ClaudeBot/1.0; +claudebot@anthropic.com)"
3.145.2.74 - - [15/May/2025:13:16:11 +0000] "GET /shopdetail/13952605 HTTP/1.1" 404 32841 "-" "Mozilla/5.0 AppleWebKit/537.36 (KHTML, like Gecko; compatible; ClaudeBot/1.0; +claudebot@anthropic.com)"
3.145.2.74 - - [15/May/2025:13:16:12 +0000] "GET /shopdetail/24755038 HTTP/1.1" 404 32842 "-" "Mozilla/5.0 AppleWebKit/537.36 (KHTML, like Gecko; compatible; ClaudeBot/1.0; +claudebot@anthropic.com)"
3.145.2.74 - - [15/May/2025:13:16:13 +0000] "GET /shopdetail/18310005 HTTP/1.1" 404 32840 "-" "Mozilla/5.0 AppleWebKit/537.36 (KHTML, like Gecko; compatible; ClaudeBot/1.0; +claudebot@anthropic.com)"
3.145.2.74 - - [15/May/2025:13:16:13 +0000] "GET /shopdetail/13886450 HTTP/1.1" 404 32840 "-" "Mozilla/5.0 AppleWebKit/537.36 (KHTML, like Gecko; compatible; ClaudeBot/1.0; +claudebot@anthropic.com)"
3.145.2.74 - - [15/May/2025:13:16:13 +0000] "GET /shopdetail/9669627 HTTP/1.1" 404 32840 "-" "Mozilla/5.0 AppleWebKit/537.36 (KHTML, like Gecko; compatible; ClaudeBot/1.0; +claudebot@anthropic.com)"
3.145.2.74 - - [15/May/2025:13:16:14 +0000] "GET /shopdetail/11357150 HTTP/1.1" 404 32839 "-" "Mozilla/5.0 AppleWebKit/537.36 (KHTML, like Gecko; compatible; ClaudeBot/1.0; +claudebot@anthropic.com)"
3.145.2.74 - - [15/May/2025:13:16:15 +0000] "GET /shopdetail/30209861 HTTP/1.1" 404 32841 "-" "Mozilla/5.0 AppleWebKit/537.36 (KHTML, like Gecko; compatible; ClaudeBot/1.0; +claudebot@anthropic.com)"
102.215.34.108 - - [15/May/2025:13:16:16 +0000] "POST /wp-admin/admin-ajax.php HTTP/1.1" 200 101 "https://pacja.org/wp-admin/post.php?post=4782&action=edit" "Mozilla/5.0 (Windows NT 10.0; Win64; x64; rv:138.0) Gecko/20100101 Firefox/138.0"
3.145.2.74 - - [15/May/2025:13:16:17 +0000] "GET /shopdetail/18873094 HTTP/1.1" 404 32841 "-" "Mozilla/5.0 AppleWebKit/537.36 (KHTML, like Gecko; compatible; ClaudeBot/1.0; +claudebot@anthropic.com)"
3.145.2.74 - - [15/May/2025:13:16:18 +0000] "GET /shopdetail/22246749 HTTP/1.1" 404 32843 "-" "Mozilla/5.0 AppleWebKit/537.36 (KHTML, like Gecko; compatible; ClaudeBot/1.0; +claudebot@anthropic.com)"
66.249.68.38 - - [15/May/2025:13:16:19 +0000] "GET /shopdetail/28535394 HTTP/1.1" 200 19275 "-" "Mozilla/5.0 (Linux; Android 6.0.1; Nexus 5X Build/MMB29P) AppleWebKit/537.36 (KHTML, like Gecko) Chrome/136.0.7103.92 Mobile Safari/537.36 (compatible; Googlebot/2.1; +http://www.google.com/bot.html)"
3.145.2.74 - - [15/May/2025:13:16:19 +0000] "GET /shopdetail/11683638 HTTP/1.1" 404 32842 "-" "Mozilla/5.0 AppleWebKit/537.36 (KHTML, like Gecko; compatible; ClaudeBot/1.0; +claudebot@anthropic.com)"
3.145.2.74 - - [15/May/2025:13:16:19 +0000] "GET /shopdetail/19292049 HTTP/1.1" 404 32842 "-" "Mozilla/5.0 AppleWebKit/537.36 (KHTML, like Gecko; compatible; ClaudeBot/1.0; +claudebot@anthropic.com)"
3.145.2.74 - - [15/May/2025:13:16:20 +0000] "GET /shopdetail/18073883 HTTP/1.1" 404 32842 "-" "Mozilla/5.0 AppleWebKit/537.36 (KHTML, like Gecko; compatible; ClaudeBot/1.0; +claudebot@anthropic.com)"
3.145.2.74 - - [15/May/2025:13:16:16 +0000] "GET /shopdetail/14961627 HTTP/1.1" 404 32842 "-" "Mozilla/5.0 AppleWebKit/537.36 (KHTML, like Gecko; compatible; ClaudeBot/1.0; +claudebot@anthropic.com)"
3.145.2.74 - - [15/May/2025:13:16:22 +0000] "GET /shopdetail/11978816 HTTP/1.1" 404 32842 "-" "Mozilla/5.0 AppleWebKit/537.36 (KHTML, like Gecko; compatible; ClaudeBot/1.0; +claudebot@anthropic.com)"
3.145.2.74 - - [15/May/2025:13:16:23 +0000] "GET /shopdetail/20212738 HTTP/1.1" 404 32841 "-" "Mozilla/5.0 AppleWebKit/537.36 (KHTML, like Gecko; compatible; ClaudeBot/1.0; +claudebot@anthropic.com)"
3.145.2.74 - - [15/May/2025:13:16:21 +0000] "GET /shopdetail/17292861 HTTP/1.1" 404 32842 "-" "Mozilla/5.0 AppleWebKit/537.36 (KHTML, like Gecko; compatible; ClaudeBot/1.0; +claudebot@anthropic.com)"
3.145.2.74 - - [15/May/2025:13:16:24 +0000] "GET /shopdetail/15251483 HTTP/1.1" 404 32840 "-" "Mozilla/5.0 AppleWebKit/537.36 (KHTML, like Gecko; compatible; ClaudeBot/1.0; +claudebot@anthropic.com)"
3.145.2.74 - - [15/May/2025:13:16:26 +0000] "GET /shopdetail/17758750 HTTP/1.1" 404 32841 "-" "Mozilla/5.0 AppleWebKit/537.36 (KHTML, like Gecko; compatible; ClaudeBot/1.0; +claudebot@anthropic.com)"
3.145.2.74 - - [15/May/2025:13:16:27 +0000] "GET /shopdetail/11304538 HTTP/1.1" 404 32842 "-" "Mozilla/5.0 AppleWebKit/537.36 (KHTML, like Gecko; compatible; ClaudeBot/1.0; +claudebot@anthropic.com)"
3.145.2.74 - - [15/May/2025:13:16:28 +0000] "GET /shopdetail/24732983 HTTP/1.1" 404 32842 "-" "Mozilla/5.0 AppleWebKit/537.36 (KHTML, like Gecko; compatible; ClaudeBot/1.0; +claudebot@anthropic.com)"
3.145.2.74 - - [15/May/2025:13:16:29 +0000] "GET /shopdetail/24657561 HTTP/1.1" 404 32843 "-" "Mozilla/5.0 AppleWebKit/537.36 (KHTML, like Gecko; compatible; ClaudeBot/1.0; +claudebot@anthropic.com)"
52.167.144.233 - - [15/May/2025:13:16:31 +0000] "GET /feature/shoplist/index.html HTTP/1.1" 200 19273 "-" "Mozilla/5.0 AppleWebKit/537.36 (KHTML, like Gecko; compatible; bingbot/2.0; +http://www.bing.com/bingbot.htm) Chrome/116.0.1938.76 Safari/537.36"
3.145.2.74 - - [15/May/2025:13:16:30 +0000] "GET /shopdetail/15758638 HTTP/1.1" 404 32841 "-" "Mozilla/5.0 AppleWebKit/537.36 (KHTML, like Gecko; compatible; ClaudeBot/1.0; +claudebot@anthropic.com)"
3.145.2.74 - - [15/May/2025:13:16:31 +0000] "GET /shopdetail/12850105 HTTP/1.1" 404 32841 "-" "Mozilla/5.0 AppleWebKit/537.36 (KHTML, like Gecko; compatible; ClaudeBot/1.0; +claudebot@anthropic.com)"
3.145.2.74 - - [15/May/2025:13:16:32 +0000] "GET /shopdetail/6043105 HTTP/1.1" 404 32841 "-" "Mozilla/5.0 AppleWebKit/537.36 (KHTML, like Gecko; compatible; ClaudeBot/1.0; +claudebot@anthropic.com)"
3.145.2.74 - - [15/May/2025:13:16:33 +0000] "GET /shopdetail/1133072 HTTP/1.1" 404 32838 "-" "Mozilla/5.0 AppleWebKit/537.36 (KHTML, like Gecko; compatible; ClaudeBot/1.0; +claudebot@anthropic.com)"
3.145.2.74 - - [15/May/2025:13:16:34 +0000] "GET /shopdetail/15267105 HTTP/1.1" 404 32840 "-" "Mozilla/5.0 AppleWebKit/537.36 (KHTML, like Gecko; compatible; ClaudeBot/1.0; +claudebot@anthropic.com)"
203.161.61.57 - - [15/May/2025:13:16:37 +0000] "POST /wp-cron.php?doing_wp_cron=1747314997.1420319080352783203125 HTTP/1.1" 200 - "-" "WordPress/6.8.1; https://pacja.org"
3.145.2.74 - - [15/May/2025:13:16:35 +0000] "GET /shopdetail/16155538 HTTP/1.1" 404 32842 "-" "Mozilla/5.0 AppleWebKit/537.36 (KHTML, like Gecko; compatible; ClaudeBot/1.0; +claudebot@anthropic.com)"
35.208.173.41 - - [15/May/2025:13:16:36 +0000] "GET /shopdetail/12547472 HTTP/1.1" 404 32839 "-" "Buck/2.4.5; (+https://app.hypefactors.com/media-monitoring/about.html)"
3.145.2.74 - - [15/May/2025:13:16:36 +0000] "GET /shopdetail/17897572 HTTP/1.1" 404 32840 "-" "Mozilla/5.0 AppleWebKit/537.36 (KHTML, like Gecko; compatible; ClaudeBot/1.0; +claudebot@anthropic.com)"
3.145.2.74 - - [15/May/2025:13:16:37 +0000] "GET /shopdetail/26937983 HTTP/1.1" 404 32843 "-" "Mozilla/5.0 AppleWebKit/537.36 (KHTML, like Gecko; compatible; ClaudeBot/1.0; +claudebot@anthropic.com)"
203.161.61.57 - - [15/May/2025:13:16:40 +0000] "POST /wp-cron.php?doing_wp_cron=1747315000.1857759952545166015625 HTTP/1.1" 200 - "-" "WordPress/6.8.1; https://pacja.org"
3.145.2.74 - - [15/May/2025:13:16:38 +0000] "GET /shopdetail/5240872 HTTP/1.1" 404 32839 "-" "Mozilla/5.0 AppleWebKit/537.36 (KHTML, like Gecko; compatible; ClaudeBot/1.0; +claudebot@anthropic.com)"
203.161.61.57 - - [15/May/2025:13:16:41 +0000] "POST /wp-admin/admin-ajax.php?action=async_litespeed&nonce=672ytpunSck5CXIgApkSpWyFYYNwe9V3&litespeed_type=imgoptm HTTP/1.1" 200 21 "-" "WordPress/6.8.1; https://pacja.org"
61.192.196.118 - - [15/May/2025:13:16:54 +0000] "GET /pcmypage?callback=product%2Fdetail%2F18220061 HTTP/1.1" 200 19380 "https://search.yahoo.co.jp/" "Mozilla/5.0 (iPhone; CPU iPhone OS 18_3_2 like Mac OS X) AppleWebKit/605.1.15 (KHTML, like Gecko) Mobile/15E148 YJApp-IOS jp.co.yahoo.ipn.appli/4.137.0"
61.192.196.118 - - [15/May/2025:13:16:59 +0000] "POST /get-message-notify HTTP/1.1" 200 18757 "https://pacja.org/pcmypage?callback=product%2Fdetail%2F18220061" "Mozilla/5.0 (iPhone; CPU iPhone OS 18_3_2 like Mac OS X) AppleWebKit/605.1.15 (KHTML, like Gecko) Mobile/15E148 YJApp-IOS jp.co.yahoo.ipn.appli/4.137.0"
66.249.79.199 - - [15/May/2025:13:17:03 +0000] "GET /?_gl=1*rgknbr*_ga*MzY3MjE1MDcwLjE3MzcwOTUyMjA.*_ga_0VKVKKN4NV*MTczNzEwMjM4NC4yLjEuMTczNzEwMjQ1My42MC4wLjA.&_bd_prev_page=https://pacja.org/detail.php?shopdetail/21374094 HTTP/1.1" 200 20821 "-" "Mozilla/5.0 (compatible; Googlebot/2.1; +http://www.google.com/bot.html)"
216.73.216.122 - - [15/May/2025:13:17:05 +0000] "GET /shopdetail/20335761 HTTP/1.1" 404 32844 "-" "Mozilla/5.0 AppleWebKit/537.36 (KHTML, like Gecko; compatible; ClaudeBot/1.0; +claudebot@anthropic.com)"
216.73.216.122 - - [15/May/2025:13:17:05 +0000] "GET /shopdetail/25777816 HTTP/1.1" 404 32845 "-" "Mozilla/5.0 AppleWebKit/537.36 (KHTML, like Gecko; compatible; ClaudeBot/1.0; +claudebot@anthropic.com)"
216.73.216.122 - - [15/May/2025:13:17:07 +0000] "GET /shopdetail/7086572 HTTP/1.1" 404 32842 "-" "Mozilla/5.0 AppleWebKit/537.36 (KHTML, like Gecko; compatible; ClaudeBot/1.0; +claudebot@anthropic.com)"
66.249.68.37 - - [15/May/2025:13:17:08 +0000] "GET /shopdetail/16775394 HTTP/1.1" 200 20040 "-" "Mozilla/5.0 (Linux; Android 6.0.1; Nexus 5X Build/MMB29P) AppleWebKit/537.36 (KHTML, like Gecko) Chrome/136.0.7103.92 Mobile Safari/537.36 (compatible; Googlebot/2.1; +http://www.google.com/bot.html)"
216.73.216.122 - - [15/May/2025:13:17:07 +0000] "GET /shopdetail/13132283 HTTP/1.1" 404 32844 "-" "Mozilla/5.0 AppleWebKit/537.36 (KHTML, like Gecko; compatible; ClaudeBot/1.0; +claudebot@anthropic.com)"
216.73.216.122 - - [15/May/2025:13:17:08 +0000] "GET /shopdetail/16053761 HTTP/1.1" 404 32844 "-" "Mozilla/5.0 AppleWebKit/537.36 (KHTML, like Gecko; compatible; ClaudeBot/1.0; +claudebot@anthropic.com)"
216.73.216.122 - - [15/May/2025:13:17:09 +0000] "GET /shopdetail/15764049 HTTP/1.1" 404 32842 "-" "Mozilla/5.0 AppleWebKit/537.36 (KHTML, like Gecko; compatible; ClaudeBot/1.0; +claudebot@anthropic.com)"
217.113.194.234 - - [15/May/2025:13:17:11 +0000] "GET /ceb/njamnshi HTTP/1.1" 403 - "-" "Mozilla/5.0 (compatible; Barkrowler/0.9; +https://babbar.tech/crawler)"
216.73.216.122 - - [15/May/2025:13:17:10 +0000] "GET /shopdetail/6447105 HTTP/1.1" 404 32844 "-" "Mozilla/5.0 AppleWebKit/537.36 (KHTML, like Gecko; compatible; ClaudeBot/1.0; +claudebot@anthropic.com)"
216.73.216.122 - - [15/May/2025:13:17:11 +0000] "GET /shopdetail/17097250 HTTP/1.1" 404 32843 "-" "Mozilla/5.0 AppleWebKit/537.36 (KHTML, like Gecko; compatible; ClaudeBot/1.0; +claudebot@anthropic.com)"
216.73.216.122 - - [15/May/2025:13:17:12 +0000] "GET /shopdetail/11376094 HTTP/1.1" 404 32844 "-" "Mozilla/5.0 AppleWebKit/537.36 (KHTML, like Gecko; compatible; ClaudeBot/1.0; +claudebot@anthropic.com)"
216.73.216.122 - - [15/May/2025:13:17:13 +0000] "GET /shopdetail/27446772 HTTP/1.1" 404 32843 "-" "Mozilla/5.0 AppleWebKit/537.36 (KHTML, like Gecko; compatible; ClaudeBot/1.0; +claudebot@anthropic.com)"
216.73.216.122 - - [15/May/2025:13:17:14 +0000] "GET /shopdetail/2532261 HTTP/1.1" 404 32843 "-" "Mozilla/5.0 AppleWebKit/537.36 (KHTML, like Gecko; compatible; ClaudeBot/1.0; +claudebot@anthropic.com)"
216.73.216.122 - - [15/May/2025:13:17:15 +0000] "GET /shopdetail/16168316 HTTP/1.1" 404 32844 "-" "Mozilla/5.0 AppleWebKit/537.36 (KHTML, like Gecko; compatible; ClaudeBot/1.0; +claudebot@anthropic.com)"
216.73.216.122 - - [15/May/2025:13:17:15 +0000] "GET /shopdetail/16447594 HTTP/1.1" 404 32843 "-" "Mozilla/5.0 AppleWebKit/537.36 (KHTML, like Gecko; compatible; ClaudeBot/1.0; +claudebot@anthropic.com)"
216.73.216.122 - - [15/May/2025:13:17:16 +0000] "GET /shopdetail/6587905 HTTP/1.1" 404 32844 "-" "Mozilla/5.0 AppleWebKit/537.36 (KHTML, like Gecko; compatible; ClaudeBot/1.0; +claudebot@anthropic.com)"
66.249.79.200 - - [15/May/2025:13:17:18 +0000] "GET /?_gl=1*rgknbr*_ga*MzY3MjE1MDcwLjE3MzcwOTUyMjA.*_ga_0VKVKKN4NV*MTczNzEwMjM4NC4yLjEuMTczNzEwMjQ1My42MC4wLjA.&_bd_prev_page=https://pacja.org/detail.php?shopdetail/17612472 HTTP/1.1" 200 20450 "-" "Mozilla/5.0 (compatible; Googlebot/2.1; +http://www.google.com/bot.html)"
216.73.216.122 - - [15/May/2025:13:17:17 +0000] "GET /shopdetail/24498916 HTTP/1.1" 404 32845 "-" "Mozilla/5.0 AppleWebKit/537.36 (KHTML, like Gecko; compatible; ClaudeBot/1.0; +claudebot@anthropic.com)"
216.73.216.122 - - [15/May/2025:13:17:17 +0000] "GET /shopdetail/15282050 HTTP/1.1" 404 32842 "-" "Mozilla/5.0 AppleWebKit/537.36 (KHTML, like Gecko; compatible; ClaudeBot/1.0; +claudebot@anthropic.com)"
216.73.216.122 - - [15/May/2025:13:17:19 +0000] "GET /shopdetail/20080438 HTTP/1.1" 404 32844 "-" "Mozilla/5.0 AppleWebKit/537.36 (KHTML, like Gecko; compatible; ClaudeBot/1.0; +claudebot@anthropic.com)"
216.73.216.122 - - [15/May/2025:13:17:20 +0000] "GET /shopdetail/26342638 HTTP/1.1" 404 32844 "-" "Mozilla/5.0 AppleWebKit/537.36 (KHTML, like Gecko; compatible; ClaudeBot/1.0; +claudebot@anthropic.com)"
35.208.173.41 - - [15/May/2025:13:17:21 +0000] "GET /shopdetail/12569527 HTTP/1.1" 404 32842 "-" "Buck/2.4.5; (+https://app.hypefactors.com/media-monitoring/about.html)"
216.73.216.122 - - [15/May/2025:13:17:18 +0000] "GET /shopdetail/19096661 HTTP/1.1" 404 32844 "-" "Mozilla/5.0 AppleWebKit/537.36 (KHTML, like Gecko; compatible; ClaudeBot/1.0; +claudebot@anthropic.com)"
216.73.216.122 - - [15/May/2025:13:17:21 +0000] "GET /shopdetail/11295405 HTTP/1.1" 404 32844 "-" "Mozilla/5.0 AppleWebKit/537.36 (KHTML, like Gecko; compatible; ClaudeBot/1.0; +claudebot@anthropic.com)"
216.73.216.122 - - [15/May/2025:13:17:23 +0000] "GET /shopdetail/30574672 HTTP/1.1" 404 32843 "-" "Mozilla/5.0 AppleWebKit/537.36 (KHTML, like Gecko; compatible; ClaudeBot/1.0; +claudebot@anthropic.com)"
216.73.216.122 - - [15/May/2025:13:17:22 +0000] "GET /shopdetail/15502550 HTTP/1.1" 404 32841 "-" "Mozilla/5.0 AppleWebKit/537.36 (KHTML, like Gecko; compatible; ClaudeBot/1.0; +claudebot@anthropic.com)"
216.73.216.122 - - [15/May/2025:13:17:25 +0000] "GET /shopdetail/8178849 HTTP/1.1" 404 32844 "-" "Mozilla/5.0 AppleWebKit/537.36 (KHTML, like Gecko; compatible; ClaudeBot/1.0; +claudebot@anthropic.com)"
216.73.216.122 - - [15/May/2025:13:17:26 +0000] "GET /shopdetail/9588883 HTTP/1.1" 404 32843 "-" "Mozilla/5.0 AppleWebKit/537.36 (KHTML, like Gecko; compatible; ClaudeBot/1.0; +claudebot@anthropic.com)"
216.73.216.122 - - [15/May/2025:13:17:27 +0000] "GET /shopdetail/14479827 HTTP/1.1" 404 32844 "-" "Mozilla/5.0 AppleWebKit/537.36 (KHTML, like Gecko; compatible; ClaudeBot/1.0; +claudebot@anthropic.com)"
216.73.216.122 - - [15/May/2025:13:17:24 +0000] "GET /shopdetail/24653883 HTTP/1.1" 404 32845 "-" "Mozilla/5.0 AppleWebKit/537.36 (KHTML, like Gecko; compatible; ClaudeBot/1.0; +claudebot@anthropic.com)"
216.73.216.122 - - [15/May/2025:13:17:28 +0000] "GET /shopdetail/24190838 HTTP/1.1" 404 32845 "-" "Mozilla/5.0 AppleWebKit/537.36 (KHTML, like Gecko; compatible; ClaudeBot/1.0; +claudebot@anthropic.com)"
216.73.216.122 - - [15/May/2025:13:17:28 +0000] "GET /shopdetail/23337405 HTTP/1.1" 404 32845 "-" "Mozilla/5.0 AppleWebKit/537.36 (KHTML, like Gecko; compatible; ClaudeBot/1.0; +claudebot@anthropic.com)"
216.73.216.122 - - [15/May/2025:13:17:30 +0000] "GET /shopdetail/16646049 HTTP/1.1" 404 32844 "-" "Mozilla/5.0 AppleWebKit/537.36 (KHTML, like Gecko; compatible; ClaudeBot/1.0; +claudebot@anthropic.com)"
216.73.216.122 - - [15/May/2025:13:17:29 +0000] "GET /shopdetail/14393605 HTTP/1.1" 404 32844 "-" "Mozilla/5.0 AppleWebKit/537.36 (KHTML, like Gecko; compatible; ClaudeBot/1.0; +claudebot@anthropic.com)"
216.73.216.122 - - [15/May/2025:13:17:31 +0000] "GET /shopdetail/12831394 HTTP/1.1" 404 32844 "-" "Mozilla/5.0 AppleWebKit/537.36 (KHTML, like Gecko; compatible; ClaudeBot/1.0; +claudebot@anthropic.com)"
216.73.216.122 - - [15/May/2025:13:17:33 +0000] "GET /shopdetail/1529972 HTTP/1.1" 404 32840 "-" "Mozilla/5.0 AppleWebKit/537.36 (KHTML, like Gecko; compatible; ClaudeBot/1.0; +claudebot@anthropic.com)"
216.73.216.122 - - [15/May/2025:13:17:32 +0000] "GET /shopdetail/14674972 HTTP/1.1" 404 32842 "-" "Mozilla/5.0 AppleWebKit/537.36 (KHTML, like Gecko; compatible; ClaudeBot/1.0; +claudebot@anthropic.com)"
216.73.216.122 - - [15/May/2025:13:17:35 +0000] "GET /shopdetail/14793849 HTTP/1.1" 404 32844 "-" "Mozilla/5.0 AppleWebKit/537.36 (KHTML, like Gecko; compatible; ClaudeBot/1.0; +claudebot@anthropic.com)"
203.161.61.57 - - [15/May/2025:13:17:37 +0000] "POST /wp-cron.php?doing_wp_cron=1747315057.6488549709320068359375 HTTP/1.1" 200 - "-" "WordPress/6.8.1; https://pacja.org"
216.73.216.122 - - [15/May/2025:13:17:36 +0000] "GET /shopdetail/23205105 HTTP/1.1" 404 32845 "-" "Mozilla/5.0 AppleWebKit/537.36 (KHTML, like Gecko; compatible; ClaudeBot/1.0; +claudebot@anthropic.com)"
216.73.216.122 - - [15/May/2025:13:17:35 +0000] "GET /shopdetail/7619783 HTTP/1.1" 404 32844 "-" "Mozilla/5.0 AppleWebKit/537.36 (KHTML, like Gecko; compatible; ClaudeBot/1.0; +claudebot@anthropic.com)"
216.73.216.122 - - [15/May/2025:13:17:38 +0000] "GET /shopdetail/17924949 HTTP/1.1" 404 32844 "-" "Mozilla/5.0 AppleWebKit/537.36 (KHTML, like Gecko; compatible; ClaudeBot/1.0; +claudebot@anthropic.com)"
66.249.68.37 - - [15/May/2025:13:17:39 +0000] "GET /shopdetail/28066216 HTTP/1.1" 200 19202 "-" "Mozilla/5.0 (Linux; Android 6.0.1; Nexus 5X Build/MMB29P) AppleWebKit/537.36 (KHTML, like Gecko) Chrome/136.0.7103.92 Mobile Safari/537.36 (compatible; Googlebot/2.1; +http://www.google.com/bot.html)"
203.161.61.57 - - [15/May/2025:13:17:40 +0000] "POST /wp-cron.php?doing_wp_cron=1747315060.7023260593414306640625 HTTP/1.1" 200 - "-" "WordPress/6.8.1; https://pacja.org"
216.73.216.122 - - [15/May/2025:13:17:37 +0000] "GET /shopdetail/13619783 HTTP/1.1" 404 32844 "-" "Mozilla/5.0 AppleWebKit/537.36 (KHTML, like Gecko; compatible; ClaudeBot/1.0; +claudebot@anthropic.com)"
203.161.61.57 - - [15/May/2025:13:17:41 +0000] "POST /wp-admin/admin-ajax.php?action=async_litespeed&nonce=0ZxeapIPhl49FKdQWY7N2gbXNAL0fP7K&litespeed_type=imgoptm HTTP/1.1" 200 21 "-" "WordPress/6.8.1; https://pacja.org"
35.208.173.41 - - [15/May/2025:13:18:01 +0000] "GET /shopdetail/12591572 HTTP/1.1" 404 32840 "-" "Buck/2.4.5; (+https://app.hypefactors.com/media-monitoring/about.html)"
3.148.216.27 - - [15/May/2025:13:18:06 +0000] "GET /shopdetail/26355416 HTTP/1.1" 404 32844 "-" "Mozilla/5.0 AppleWebKit/537.36 (KHTML, like Gecko; compatible; ClaudeBot/1.0; +claudebot@anthropic.com)"
3.148.216.27 - - [15/May/2025:13:18:06 +0000] "GET /shopdetail/10964516 HTTP/1.1" 404 32843 "-" "Mozilla/5.0 AppleWebKit/537.36 (KHTML, like Gecko; compatible; ClaudeBot/1.0; +claudebot@anthropic.com)"
3.148.216.27 - - [15/May/2025:13:18:06 +0000] "GET /shopdetail/12596216 HTTP/1.1" 404 32844 "-" "Mozilla/5.0 AppleWebKit/537.36 (KHTML, like Gecko; compatible; ClaudeBot/1.0; +claudebot@anthropic.com)"
3.148.216.27 - - [15/May/2025:13:18:08 +0000] "GET /shopdetail/11643805 HTTP/1.1" 404 32844 "-" "Mozilla/5.0 AppleWebKit/537.36 (KHTML, like Gecko; compatible; ClaudeBot/1.0; +claudebot@anthropic.com)"
3.148.216.27 - - [15/May/2025:13:18:08 +0000] "GET /shopdetail/27255783 HTTP/1.1" 404 32845 "-" "Mozilla/5.0 AppleWebKit/537.36 (KHTML, like Gecko; compatible; ClaudeBot/1.0; +claudebot@anthropic.com)"
3.148.216.27 - - [15/May/2025:13:18:08 +0000] "GET /shopdetail/8497750 HTTP/1.1" 404 32843 "-" "Mozilla/5.0 AppleWebKit/537.36 (KHTML, like Gecko; compatible; ClaudeBot/1.0; +claudebot@anthropic.com)"
5.161.249.30 - - [15/May/2025:13:18:10 +0000] "GET /shopdetail/11169005 HTTP/1.1" 404 32842 "-" "Mozilla/5.0 (Windows NT 10.0; Win64; x64) AppleWebKit/537.36 (KHTML, like Gecko) Chrome/84.0.4147.105 Safari/537.36"
3.148.216.27 - - [15/May/2025:13:18:09 +0000] "GET /shopdetail/19225894 HTTP/1.1" 404 32844 "-" "Mozilla/5.0 AppleWebKit/537.36 (KHTML, like Gecko; compatible; ClaudeBot/1.0; +claudebot@anthropic.com)"
3.148.216.27 - - [15/May/2025:13:18:09 +0000] "GET /shopdetail/17509061 HTTP/1.1" 404 32844 "-" "Mozilla/5.0 AppleWebKit/537.36 (KHTML, like Gecko; compatible; ClaudeBot/1.0; +claudebot@anthropic.com)"
3.148.216.27 - - [15/May/2025:13:18:10 +0000] "GET /shopdetail/9901850 HTTP/1.1" 404 32843 "-" "Mozilla/5.0 AppleWebKit/537.36 (KHTML, like Gecko; compatible; ClaudeBot/1.0; +claudebot@anthropic.com)"
3.148.216.27 - - [15/May/2025:13:18:12 +0000] "GET /shopdetail/25293338 HTTP/1.1" 404 32843 "-" "Mozilla/5.0 AppleWebKit/537.36 (KHTML, like Gecko; compatible; ClaudeBot/1.0; +claudebot@anthropic.com)"
3.148.216.27 - - [15/May/2025:13:18:11 +0000] "GET /shopdetail/18795105 HTTP/1.1" 404 32844 "-" "Mozilla/5.0 AppleWebKit/537.36 (KHTML, like Gecko; compatible; ClaudeBot/1.0; +claudebot@anthropic.com)"
3.148.216.27 - - [15/May/2025:13:18:13 +0000] "GET /shopdetail/12971061 HTTP/1.1" 404 32844 "-" "Mozilla/5.0 AppleWebKit/537.36 (KHTML, like Gecko; compatible; ClaudeBot/1.0; +claudebot@anthropic.com)"
3.148.216.27 - - [15/May/2025:13:18:15 +0000] "GET /shopdetail/8443449 HTTP/1.1" 404 32843 "-" "Mozilla/5.0 AppleWebKit/537.36 (KHTML, like Gecko; compatible; ClaudeBot/1.0; +claudebot@anthropic.com)"
102.215.34.108 - - [15/May/2025:13:18:16 +0000] "POST /wp-admin/admin-ajax.php HTTP/1.1" 200 101 "https://pacja.org/wp-admin/post.php?post=4782&action=edit" "Mozilla/5.0 (Windows NT 10.0; Win64; x64; rv:138.0) Gecko/20100101 Firefox/138.0"
3.148.216.27 - - [15/May/2025:13:18:16 +0000] "GET /shopdetail/30298061 HTTP/1.1" 404 32844 "-" "Mozilla/5.0 AppleWebKit/537.36 (KHTML, like Gecko; compatible; ClaudeBot/1.0; +claudebot@anthropic.com)"
3.148.216.27 - - [15/May/2025:13:18:17 +0000] "GET /shopdetail/10353172 HTTP/1.1" 404 32841 "-" "Mozilla/5.0 AppleWebKit/537.36 (KHTML, like Gecko; compatible; ClaudeBot/1.0; +claudebot@anthropic.com)"
3.148.216.27 - - [15/May/2025:13:18:18 +0000] "GET /shopdetail/20122138 HTTP/1.1" 404 32844 "-" "Mozilla/5.0 AppleWebKit/537.36 (KHTML, like Gecko; compatible; ClaudeBot/1.0; +claudebot@anthropic.com)"
3.148.216.27 - - [15/May/2025:13:18:16 +0000] "GET /shopdetail/26925038 HTTP/1.1" 404 32844 "-" "Mozilla/5.0 AppleWebKit/537.36 (KHTML, like Gecko; compatible; ClaudeBot/1.0; +claudebot@anthropic.com)"
3.148.216.27 - - [15/May/2025:13:18:18 +0000] "GET /shopdetail/1838672 HTTP/1.1" 404 32841 "-" "Mozilla/5.0 AppleWebKit/537.36 (KHTML, like Gecko; compatible; ClaudeBot/1.0; +claudebot@anthropic.com)"
3.148.216.27 - - [15/May/2025:13:18:20 +0000] "GET /shopdetail/18277749 HTTP/1.1" 404 32844 "-" "Mozilla/5.0 AppleWebKit/537.36 (KHTML, like Gecko; compatible; ClaudeBot/1.0; +claudebot@anthropic.com)"
3.148.216.27 - - [15/May/2025:13:18:20 +0000] "GET /shopdetail/20269616 HTTP/1.1" 404 32843 "-" "Mozilla/5.0 AppleWebKit/537.36 (KHTML, like Gecko; compatible; ClaudeBot/1.0; +claudebot@anthropic.com)"
3.148.216.27 - - [15/May/2025:13:18:23 +0000] "GET /shopdetail/11552494 HTTP/1.1" 404 32844 "-" "Mozilla/5.0 AppleWebKit/537.36 (KHTML, like Gecko; compatible; ClaudeBot/1.0; +claudebot@anthropic.com)"
3.148.216.27 - - [15/May/2025:13:18:25 +0000] "GET /shopdetail/11562705 HTTP/1.1" 404 32844 "-" "Mozilla/5.0 AppleWebKit/537.36 (KHTML, like Gecko; compatible; ClaudeBot/1.0; +claudebot@anthropic.com)"
3.148.216.27 - - [15/May/2025:13:18:21 +0000] "GET /shopdetail/21874961 HTTP/1.1" 404 32845 "-" "Mozilla/5.0 AppleWebKit/537.36 (KHTML, like Gecko; compatible; ClaudeBot/1.0; +claudebot@anthropic.com)"
3.148.216.27 - - [15/May/2025:13:18:26 +0000] "GET /shopdetail/30849938 HTTP/1.1" 404 32845 "-" "Mozilla/5.0 AppleWebKit/537.36 (KHTML, like Gecko; compatible; ClaudeBot/1.0; +claudebot@anthropic.com)"
3.148.216.27 - - [15/May/2025:13:18:26 +0000] "GET /shopdetail/14139716 HTTP/1.1" 404 32844 "-" "Mozilla/5.0 AppleWebKit/537.36 (KHTML, like Gecko; compatible; ClaudeBot/1.0; +claudebot@anthropic.com)"
3.148.216.27 - - [15/May/2025:13:18:27 +0000] "GET /shopdetail/29901161 HTTP/1.1" 404 32844 "-" "Mozilla/5.0 AppleWebKit/537.36 (KHTML, like Gecko; compatible; ClaudeBot/1.0; +claudebot@anthropic.com)"
3.148.216.27 - - [15/May/2025:13:18:30 +0000] "GET /shopdetail/19493561 HTTP/1.1" 404 32844 "-" "Mozilla/5.0 AppleWebKit/537.36 (KHTML, like Gecko; compatible; ClaudeBot/1.0; +claudebot@anthropic.com)"
3.148.216.27 - - [15/May/2025:13:18:29 +0000] "GET /shopdetail/16847561 HTTP/1.1" 404 32844 "-" "Mozilla/5.0 AppleWebKit/537.36 (KHTML, like Gecko; compatible; ClaudeBot/1.0; +claudebot@anthropic.com)"
3.148.216.27 - - [15/May/2025:13:18:33 +0000] "GET /shopdetail/29339872 HTTP/1.1" 404 32843 "-" "Mozilla/5.0 AppleWebKit/537.36 (KHTML, like Gecko; compatible; ClaudeBot/1.0; +claudebot@anthropic.com)"
3.148.216.27 - - [15/May/2025:13:18:35 +0000] "GET /shopdetail/28891161 HTTP/1.1" 404 32845 "-" "Mozilla/5.0 AppleWebKit/537.36 (KHTML, like Gecko; compatible; ClaudeBot/1.0; +claudebot@anthropic.com)"
203.161.61.57 - - [15/May/2025:13:18:37 +0000] "POST /wp-cron.php?doing_wp_cron=1747315117.7683210372924804687500 HTTP/1.1" 200 - "-" "WordPress/6.8.1; https://pacja.org"
3.148.216.27 - - [15/May/2025:13:18:36 +0000] "GET /shopdetail/17087049 HTTP/1.1" 404 32844 "-" "Mozilla/5.0 AppleWebKit/537.36 (KHTML, like Gecko; compatible; ClaudeBot/1.0; +claudebot@anthropic.com)"
35.208.173.41 - - [15/May/2025:13:18:38 +0000] "GET /shopdetail/12613627 HTTP/1.1" 404 32842 "-" "Buck/2.4.5; (+https://app.hypefactors.com/media-monitoring/about.html)"
203.161.61.57 - - [15/May/2025:13:18:50 +0000] "POST /wp-cron.php?doing_wp_cron=1747315130.7279601097106933593750 HTTP/1.1" 200 - "-" "WordPress/6.8.1; https://pacja.org"
45.79.140.235 - - [15/May/2025:13:18:49 +0000] "GET /positioning-african-non-state-actors-at-the-heart-of-climate-policy-and-global-justice-for-acs-ii-and-beyond/ HTTP/1.1" 200 52911 "-" "Mozilla/5.0 (compatible; MuckRack/1.0; +https://muckrack.com)"
203.161.61.57 - - [15/May/2025:13:18:51 +0000] "POST /wp-admin/admin-ajax.php?action=async_litespeed&nonce=U360hgF1RPxuPkThDOoU5qaTLuusIsCB&litespeed_type=imgoptm HTTP/1.1" 200 21 "-" "WordPress/6.8.1; https://pacja.org"
66.249.68.39 - - [15/May/2025:13:18:58 +0000] "GET /shopdetail/17634116 HTTP/1.1" 200 19961 "-" "Mozilla/5.0 (Linux; Android 6.0.1; Nexus 5X Build/MMB29P) AppleWebKit/537.36 (KHTML, like Gecko) Chrome/136.0.7103.92 Mobile Safari/537.36 (compatible; Googlebot/2.1; +http://www.google.com/bot.html)"
45.79.149.250 - - [15/May/2025:13:19:02 +0000] "GET /cisonecc-champions-community-driven-biodiversity-protection-in-lake-chilwa-basin/ HTTP/1.1" 200 49462 "-" "Mozilla/5.0 (compatible; MuckRack/1.0; +https://muckrack.com)"
3.135.212.173 - - [15/May/2025:13:19:09 +0000] "GET /shopdetail/22205716 HTTP/1.1" 404 32844 "-" "Mozilla/5.0 AppleWebKit/537.36 (KHTML, like Gecko; compatible; ClaudeBot/1.0; +claudebot@anthropic.com)"
3.135.212.173 - - [15/May/2025:13:19:09 +0000] "GET /shopdetail/21072683 HTTP/1.1" 404 32844 "-" "Mozilla/5.0 AppleWebKit/537.36 (KHTML, like Gecko; compatible; ClaudeBot/1.0; +claudebot@anthropic.com)"
3.135.212.173 - - [15/May/2025:13:19:10 +0000] "GET /shopdetail/20719883 HTTP/1.1" 404 32844 "-" "Mozilla/5.0 AppleWebKit/537.36 (KHTML, like Gecko; compatible; ClaudeBot/1.0; +claudebot@anthropic.com)"
3.135.212.173 - - [15/May/2025:13:19:11 +0000] "GET /shopdetail/27016916 HTTP/1.1" 404 32844 "-" "Mozilla/5.0 AppleWebKit/537.36 (KHTML, like Gecko; compatible; ClaudeBot/1.0; +claudebot@anthropic.com)"
3.135.212.173 - - [15/May/2025:13:19:12 +0000] "GET /shopdetail/20492950 HTTP/1.1" 404 32843 "-" "Mozilla/5.0 AppleWebKit/537.36 (KHTML, like Gecko; compatible; ClaudeBot/1.0; +claudebot@anthropic.com)"
3.135.212.173 - - [15/May/2025:13:19:13 +0000] "GET /shopdetail/9807205 HTTP/1.1" 404 32843 "-" "Mozilla/5.0 AppleWebKit/537.36 (KHTML, like Gecko; compatible; ClaudeBot/1.0; +claudebot@anthropic.com)"
3.135.212.173 - - [15/May/2025:13:19:14 +0000] "GET /shopdetail/29349916 HTTP/1.1" 404 32844 "-" "Mozilla/5.0 AppleWebKit/537.36 (KHTML, like Gecko; compatible; ClaudeBot/1.0; +claudebot@anthropic.com)"
3.135.212.173 - - [15/May/2025:13:19:15 +0000] "GET /shopdetail/14856650 HTTP/1.1" 404 32843 "-" "Mozilla/5.0 AppleWebKit/537.36 (KHTML, like Gecko; compatible; ClaudeBot/1.0; +claudebot@anthropic.com)"
168.138.139.75 - - [15/May/2025:13:19:17 +0000] "GET /feed/ HTTP/1.1" 403 - "-" "Java/1.8.0_412"
168.138.139.75 - - [15/May/2025:13:19:17 +0000] "POST /feed/ HTTP/1.1" 403 - "-" "Java/1.8.0_412"
3.135.212.173 - - [15/May/2025:13:19:16 +0000] "GET /shopdetail/21006627 HTTP/1.1" 404 32845 "-" "Mozilla/5.0 AppleWebKit/537.36 (KHTML, like Gecko; compatible; ClaudeBot/1.0; +claudebot@anthropic.com)"
35.208.173.41 - - [15/May/2025:13:19:17 +0000] "GET /shopdetail/12635672 HTTP/1.1" 404 32841 "-" "Buck/2.4.5; (+https://app.hypefactors.com/media-monitoring/about.html)"
3.135.212.173 - - [15/May/2025:13:19:17 +0000] "GET /shopdetail/1650883 HTTP/1.1" 404 32842 "-" "Mozilla/5.0 AppleWebKit/537.36 (KHTML, like Gecko; compatible; ClaudeBot/1.0; +claudebot@anthropic.com)"
144.22.206.49 - - [15/May/2025:13:19:18 +0000] "GET /feed/ HTTP/1.1" 200 66541 "-" "Mozilla/5.0 (X11; Linux x86_64) AppleWebKit/535.11 (KHTML, like Gecko) Ubuntu/11.10 Chromium/17.0.963.65 Chrome/17.0.963.65 Safari/535.11"
3.135.212.173 - - [15/May/2025:13:19:18 +0000] "GET /shopdetail/15811216 HTTP/1.1" 404 32842 "-" "Mozilla/5.0 AppleWebKit/537.36 (KHTML, like Gecko; compatible; ClaudeBot/1.0; +claudebot@anthropic.com)"
3.135.212.173 - - [15/May/2025:13:19:19 +0000] "GET /shopdetail/5220805 HTTP/1.1" 404 32843 "-" "Mozilla/5.0 AppleWebKit/537.36 (KHTML, like Gecko; compatible; ClaudeBot/1.0; +claudebot@anthropic.com)"
3.135.212.173 - - [15/May/2025:13:19:20 +0000] "GET /shopdetail/23602005 HTTP/1.1" 404 32844 "-" "Mozilla/5.0 AppleWebKit/537.36 (KHTML, like Gecko; compatible; ClaudeBot/1.0; +claudebot@anthropic.com)"
3.135.212.173 - - [15/May/2025:13:19:21 +0000] "GET /shopdetail/20904761 HTTP/1.1" 404 32843 "-" "Mozilla/5.0 AppleWebKit/537.36 (KHTML, like Gecko; compatible; ClaudeBot/1.0; +claudebot@anthropic.com)"
3.135.212.173 - - [15/May/2025:13:19:21 +0000] "GET /shopdetail/10805905 HTTP/1.1" 404 32843 "-" "Mozilla/5.0 AppleWebKit/537.36 (KHTML, like Gecko; compatible; ClaudeBot/1.0; +claudebot@anthropic.com)"
3.135.212.173 - - [15/May/2025:13:19:22 +0000] "GET /shopdetail/10810161 HTTP/1.1" 404 32843 "-" "Mozilla/5.0 AppleWebKit/537.36 (KHTML, like Gecko; compatible; ClaudeBot/1.0; +claudebot@anthropic.com)"
3.135.212.173 - - [15/May/2025:13:19:23 +0000] "GET /shopdetail/17314916 HTTP/1.1" 404 32844 "-" "Mozilla/5.0 AppleWebKit/537.36 (KHTML, like Gecko; compatible; ClaudeBot/1.0; +claudebot@anthropic.com)"
3.135.212.173 - - [15/May/2025:13:19:24 +0000] "GET /shopdetail/19402294 HTTP/1.1" 404 32843 "-" "Mozilla/5.0 AppleWebKit/537.36 (KHTML, like Gecko; compatible; ClaudeBot/1.0; +claudebot@anthropic.com)"
3.135.212.173 - - [15/May/2025:13:19:25 +0000] "GET /shopdetail/11313050 HTTP/1.1" 404 32843 "-" "Mozilla/5.0 AppleWebKit/537.36 (KHTML, like Gecko; compatible; ClaudeBot/1.0; +claudebot@anthropic.com)"
3.135.212.173 - - [15/May/2025:13:19:27 +0000] "GET /shopdetail/6604672 HTTP/1.1" 404 32841 "-" "Mozilla/5.0 AppleWebKit/537.36 (KHTML, like Gecko; compatible; ClaudeBot/1.0; +claudebot@anthropic.com)"
3.135.212.173 - - [15/May/2025:13:19:28 +0000] "GET /shopdetail/7373205 HTTP/1.1" 404 32844 "-" "Mozilla/5.0 AppleWebKit/537.36 (KHTML, like Gecko; compatible; ClaudeBot/1.0; +claudebot@anthropic.com)"
3.135.212.173 - - [15/May/2025:13:19:26 +0000] "GET /shopdetail/18130761 HTTP/1.1" 404 32844 "-" "Mozilla/5.0 AppleWebKit/537.36 (KHTML, like Gecko; compatible; ClaudeBot/1.0; +claudebot@anthropic.com)"
3.135.212.173 - - [15/May/2025:13:19:29 +0000] "GET /shopdetail/18662805 HTTP/1.1" 404 32844 "-" "Mozilla/5.0 AppleWebKit/537.36 (KHTML, like Gecko; compatible; ClaudeBot/1.0; +claudebot@anthropic.com)"
3.135.212.173 - - [15/May/2025:13:19:30 +0000] "GET /shopdetail/17241394 HTTP/1.1" 404 32844 "-" "Mozilla/5.0 AppleWebKit/537.36 (KHTML, like Gecko; compatible; ClaudeBot/1.0; +claudebot@anthropic.com)"
3.135.212.173 - - [15/May/2025:13:19:31 +0000] "GET /shopdetail/7580150 HTTP/1.1" 404 32842 "-" "Mozilla/5.0 AppleWebKit/537.36 (KHTML, like Gecko; compatible; ClaudeBot/1.0; +claudebot@anthropic.com)"
3.135.212.173 - - [15/May/2025:13:19:32 +0000] "GET /shopdetail/4235005 HTTP/1.1" 404 32842 "-" "Mozilla/5.0 AppleWebKit/537.36 (KHTML, like Gecko; compatible; ClaudeBot/1.0; +claudebot@anthropic.com)"
3.135.212.173 - - [15/May/2025:13:19:33 +0000] "GET /shopdetail/26673383 HTTP/1.1" 404 32844 "-" "Mozilla/5.0 AppleWebKit/537.36 (KHTML, like Gecko; compatible; ClaudeBot/1.0; +claudebot@anthropic.com)"
203.161.61.57 - - [15/May/2025:13:19:37 +0000] "POST /wp-cron.php?doing_wp_cron=1747315177.1676340103149414062500 HTTP/1.1" 200 - "-" "WordPress/6.8.1; https://pacja.org"
3.135.212.173 - - [15/May/2025:13:19:34 +0000] "GET /shopdetail/17207505 HTTP/1.1" 404 32844 "-" "Mozilla/5.0 AppleWebKit/537.36 (KHTML, like Gecko; compatible; ClaudeBot/1.0; +claudebot@anthropic.com)"
3.135.212.173 - - [15/May/2025:13:19:35 +0000] "GET /shopdetail/15200972 HTTP/1.1" 404 32841 "-" "Mozilla/5.0 AppleWebKit/537.36 (KHTML, like Gecko; compatible; ClaudeBot/1.0; +claudebot@anthropic.com)"
3.135.212.173 - - [15/May/2025:13:19:37 +0000] "GET /shopdetail/23180216 HTTP/1.1" 404 32844 "-" "Mozilla/5.0 AppleWebKit/537.36 (KHTML, like Gecko; compatible; ClaudeBot/1.0; +claudebot@anthropic.com)"
203.161.61.57 - - [15/May/2025:13:19:40 +0000] "POST /wp-cron.php?doing_wp_cron=1747315180.4185960292816162109375 HTTP/1.1" 200 - "-" "WordPress/6.8.1; https://pacja.org"
3.135.212.173 - - [15/May/2025:13:19:38 +0000] "GET /shopdetail/14451250 HTTP/1.1" 404 32843 "-" "Mozilla/5.0 AppleWebKit/537.36 (KHTML, like Gecko; compatible; ClaudeBot/1.0; +claudebot@anthropic.com)"
3.135.212.173 - - [15/May/2025:13:19:36 +0000] "GET /shopdetail/8085238 HTTP/1.1" 404 32843 "-" "Mozilla/5.0 AppleWebKit/537.36 (KHTML, like Gecko; compatible; ClaudeBot/1.0; +claudebot@anthropic.com)"
217.113.194.236 - - [15/May/2025:13:19:41 +0000] "GET /climate-change-and-health/ HTTP/1.1" 403 - "-" "Mozilla/5.0 (compatible; Barkrowler/0.9; +https://babbar.tech/crawler)"
203.161.61.57 - - [15/May/2025:13:19:42 +0000] "POST /wp-cron.php?doing_wp_cron=1747315182.4477050304412841796875 HTTP/1.1" 200 - "-" "WordPress/6.8.1; https://pacja.org"
3.135.212.173 - - [15/May/2025:13:19:40 +0000] "GET /shopdetail/13525172 HTTP/1.1" 404 32842 "-" "Mozilla/5.0 AppleWebKit/537.36 (KHTML, like Gecko; compatible; ClaudeBot/1.0; +claudebot@anthropic.com)"
203.161.61.57 - - [15/May/2025:13:19:41 +0000] "POST /wp-admin/admin-ajax.php?action=async_litespeed&nonce=S5Y4CJDeY8AbTBqm3Bhtr73DY8nbKuDo&litespeed_type=imgoptm HTTP/1.1" 200 21 "-" "WordPress/6.8.1; https://pacja.org"
57.141.2.28 - - [15/May/2025:13:19:52 +0000] "GET /wp-content/uploads/2025/05/COMMUNIQUE-ON-STRENGTHENING-FLLoCA-IMPLEMENTATION-IN-KENYA.pdf HTTP/1.1" 200 208523 "-" "meta-externalagent/1.1 (+https://developers.facebook.com/docs/sharing/webmasters/crawler)"
35.208.173.41 - - [15/May/2025:13:20:02 +0000] "GET /shopdetail/12657727 HTTP/1.1" 404 32842 "-" "Buck/2.4.5; (+https://app.hypefactors.com/media-monitoring/about.html)"
66.249.79.199 - - [15/May/2025:13:20:07 +0000] "GET /?_gl=1*rgknbr*_ga*MzY3MjE1MDcwLjE3MzcwOTUyMjA.*_ga_0VKVKKN4NV*MTczNzEwMjM4NC4yLjEuMTczNzEwMjQ1My42MC4wLjA.&_bd_prev_page=https://pacja.org/detail.php?shopdetail/18157716 HTTP/1.1" 200 20607 "-" "Mozilla/5.0 (compatible; Googlebot/2.1; +http://www.google.com/bot.html)"
3.128.171.15 - - [15/May/2025:13:20:12 +0000] "GET /shopdetail/9302238 HTTP/1.1" 404 32841 "-" "Mozilla/5.0 AppleWebKit/537.36 (KHTML, like Gecko; compatible; ClaudeBot/1.0; +claudebot@anthropic.com)"
3.128.171.15 - - [15/May/2025:13:20:12 +0000] "GET /shopdetail/30165761 HTTP/1.1" 404 32843 "-" "Mozilla/5.0 AppleWebKit/537.36 (KHTML, like Gecko; compatible; ClaudeBot/1.0; +claudebot@anthropic.com)"
3.128.171.15 - - [15/May/2025:13:20:13 +0000] "GET /shopdetail/15292372 HTTP/1.1" 404 32839 "-" "Mozilla/5.0 AppleWebKit/537.36 (KHTML, like Gecko; compatible; ClaudeBot/1.0; +claudebot@anthropic.com)"
3.128.171.15 - - [15/May/2025:13:20:14 +0000] "GET /shopdetail/7795372 HTTP/1.1" 404 32840 "-" "Mozilla/5.0 AppleWebKit/537.36 (KHTML, like Gecko; compatible; ClaudeBot/1.0; +claudebot@anthropic.com)"
3.128.171.15 - - [15/May/2025:13:20:14 +0000] "GET /shopdetail/19956616 HTTP/1.1" 404 32842 "-" "Mozilla/5.0 AppleWebKit/537.36 (KHTML, like Gecko; compatible; ClaudeBot/1.0; +claudebot@anthropic.com)"
3.128.171.15 - - [15/May/2025:13:20:14 +0000] "GET /shopdetail/29428072 HTTP/1.1" 404 32841 "-" "Mozilla/5.0 AppleWebKit/537.36 (KHTML, like Gecko; compatible; ClaudeBot/1.0; +claudebot@anthropic.com)"
3.128.171.15 - - [15/May/2025:13:20:16 +0000] "GET /shopdetail/28005483 HTTP/1.1" 404 32843 "-" "Mozilla/5.0 AppleWebKit/537.36 (KHTML, like Gecko; compatible; ClaudeBot/1.0; +claudebot@anthropic.com)"
66.249.79.200 - - [15/May/2025:13:20:17 +0000] "GET /?_gl=1*rgknbr*_ga*MzY3MjE1MDcwLjE3MzcwOTUyMjA.*_ga_0VKVKKN4NV*MTczNzEwMjM4NC4yLjEuMTczNzEwMjQ1My42MC4wLjA.&_bd_prev_page=https://pacja.org/detail.php?shopdetail/5514561 HTTP/1.1" 200 19542 "-" "Mozilla/5.0 (compatible; Googlebot/2.1; +http://www.google.com/bot.html)"
102.215.34.108 - - [15/May/2025:13:20:17 +0000] "POST /wp-admin/admin-ajax.php HTTP/1.1" 200 101 "https://pacja.org/wp-admin/post.php?post=4782&action=edit" "Mozilla/5.0 (Windows NT 10.0; Win64; x64; rv:138.0) Gecko/20100101 Firefox/138.0"
3.128.171.15 - - [15/May/2025:13:20:16 +0000] "GET /shopdetail/18354105 HTTP/1.1" 404 32842 "-" "Mozilla/5.0 AppleWebKit/537.36 (KHTML, like Gecko; compatible; ClaudeBot/1.0; +claudebot@anthropic.com)"
3.128.171.15 - - [15/May/2025:13:20:16 +0000] "GET /shopdetail/24010749 HTTP/1.1" 404 32842 "-" "Mozilla/5.0 AppleWebKit/537.36 (KHTML, like Gecko; compatible; ClaudeBot/1.0; +claudebot@anthropic.com)"
3.128.171.15 - - [15/May/2025:13:20:19 +0000] "GET /shopdetail/19948138 HTTP/1.1" 404 32841 "-" "Mozilla/5.0 AppleWebKit/537.36 (KHTML, like Gecko; compatible; ClaudeBot/1.0; +claudebot@anthropic.com)"
3.128.171.15 - - [15/May/2025:13:20:20 +0000] "GET /shopdetail/12158072 HTTP/1.1" 404 32840 "-" "Mozilla/5.0 AppleWebKit/537.36 (KHTML, like Gecko; compatible; ClaudeBot/1.0; +claudebot@anthropic.com)"
3.128.171.15 - - [15/May/2025:13:20:17 +0000] "GET /shopdetail/25892361 HTTP/1.1" 404 32843 "-" "Mozilla/5.0 AppleWebKit/537.36 (KHTML, like Gecko; compatible; ClaudeBot/1.0; +claudebot@anthropic.com)"
3.128.171.15 - - [15/May/2025:13:20:21 +0000] "GET /shopdetail/20507861 HTTP/1.1" 404 32842 "-" "Mozilla/5.0 AppleWebKit/537.36 (KHTML, like Gecko; compatible; ClaudeBot/1.0; +claudebot@anthropic.com)"
3.128.171.15 - - [15/May/2025:13:20:23 +0000] "GET /shopdetail/17729561 HTTP/1.1" 404 32842 "-" "Mozilla/5.0 AppleWebKit/537.36 (KHTML, like Gecko; compatible; ClaudeBot/1.0; +claudebot@anthropic.com)"
