133.203.250.96 - - [15/May/2025:12:35:32 +0000] "GET /wp-content/plugins/elementor/assets/lib/font-awesome/css/font-awesome.min.css?ver=4.7.0 HTTP/1.1" 200 7052 "https://pacja.org/shopdetail/9655816" "Mozilla/5.0 (Windows NT 10.0; Win64; x64) AppleWebKit/537.36 (KHTML, like Gecko) Chrome/136.0.0.0 Safari/537.36"
133.203.250.96 - - [15/May/2025:12:35:32 +0000] "GET /wp-content/plugins/download-manager/assets/css/front.min.css?ver=d6d318ac8eaa702f795eb12f2dd73d9f HTTP/1.1" 200 11726 "https://pacja.org/shopdetail/9655816" "Mozilla/5.0 (Windows NT 10.0; Win64; x64) AppleWebKit/537.36 (KHTML, like Gecko) Chrome/136.0.0.0 Safari/537.36"
133.203.250.96 - - [15/May/2025:12:35:32 +0000] "GET /wp-content/plugins/events-manager/includes/css/events-manager.min.css?ver=6.6.4.4 HTTP/1.1" 200 47888 "https://pacja.org/shopdetail/9655816" "Mozilla/5.0 (Windows NT 10.0; Win64; x64) AppleWebKit/537.36 (KHTML, like Gecko) Chrome/136.0.0.0 Safari/537.36"
133.203.250.96 - - [15/May/2025:12:35:32 +0000] "GET /wp-content/plugins/flickr-viewer/public/css/default.css?ver=1.1.8 HTTP/1.1" 200 773 "https://pacja.org/shopdetail/9655816" "Mozilla/5.0 (Windows NT 10.0; Win64; x64) AppleWebKit/537.36 (KHTML, like Gecko) Chrome/136.0.0.0 Safari/537.36"
133.203.250.96 - - [15/May/2025:12:35:32 +0000] "GET /wp-content/plugins/quick-event-manager/legacy/quick-event-manager.css?ver=9.14 HTTP/1.1" 200 2402 "https://pacja.org/shopdetail/9655816" "Mozilla/5.0 (Windows NT 10.0; Win64; x64) AppleWebKit/537.36 (KHTML, like Gecko) Chrome/136.0.0.0 Safari/537.36"
133.203.250.96 - - [15/May/2025:12:35:32 +0000] "GET /wp-content/plugins/flickr-viewer/public/css/component.css?ver=1.1.8 HTTP/1.1" 200 965 "https://pacja.org/shopdetail/9655816" "Mozilla/5.0 (Windows NT 10.0; Win64; x64) AppleWebKit/537.36 (KHTML, like Gecko) Chrome/136.0.0.0 Safari/537.36"
133.203.250.96 - - [15/May/2025:12:35:32 +0000] "GET /wp-content/plugins/quick-event-manager/ui/user/css/style.css?ver=9.14 HTTP/1.1" 200 881 "https://pacja.org/shopdetail/9655816" "Mozilla/5.0 (Windows NT 10.0; Win64; x64) AppleWebKit/537.36 (KHTML, like Gecko) Chrome/136.0.0.0 Safari/537.36"
133.203.250.96 - - [15/May/2025:12:35:32 +0000] "GET /wp-content/plugins/search-filter/style.css?ver=1 HTTP/1.1" 200 272 "https://pacja.org/shopdetail/9655816" "Mozilla/5.0 (Windows NT 10.0; Win64; x64) AppleWebKit/537.36 (KHTML, like Gecko) Chrome/136.0.0.0 Safari/537.36"
133.203.250.96 - - [15/May/2025:12:35:32 +0000] "GET /wp-content/plugins/add-search-to-menu/public/css/ivory-search.min.css?ver=5.5.9 HTTP/1.1" 200 1695 "https://pacja.org/shopdetail/9655816" "Mozilla/5.0 (Windows NT 10.0; Win64; x64) AppleWebKit/537.36 (KHTML, like Gecko) Chrome/136.0.0.0 Safari/537.36"
133.203.250.96 - - [15/May/2025:12:35:32 +0000] "GET /wp-content/themes/pacja.../style.css?ver=20.6.4 HTTP/1.1" 200 129 "https://pacja.org/shopdetail/9655816" "Mozilla/5.0 (Windows NT 10.0; Win64; x64) AppleWebKit/537.36 (KHTML, like Gecko) Chrome/136.0.0.0 Safari/537.36"
133.203.250.96 - - [15/May/2025:12:35:32 +0000] "GET /wp-content/themes/pacja.../css/base.css?ver=20.6.4 HTTP/1.1" 200 12203 "https://pacja.org/shopdetail/9655816" "Mozilla/5.0 (Windows NT 10.0; Win64; x64) AppleWebKit/537.36 (KHTML, like Gecko) Chrome/136.0.0.0 Safari/537.36"
133.203.250.96 - - [15/May/2025:12:35:32 +0000] "GET /wp-content/themes/pacja.../css/layout.css?ver=20.6.4 HTTP/1.1" 200 19789 "https://pacja.org/shopdetail/9655816" "Mozilla/5.0 (Windows NT 10.0; Win64; x64) AppleWebKit/537.36 (KHTML, like Gecko) Chrome/136.0.0.0 Safari/537.36"
133.203.250.96 - - [15/May/2025:12:35:33 +0000] "GET /wp-content/themes/pacja.../css/shortcodes.css?ver=20.6.4 HTTP/1.1" 200 22258 "https://pacja.org/shopdetail/9655816" "Mozilla/5.0 (Windows NT 10.0; Win64; x64) AppleWebKit/537.36 (KHTML, like Gecko) Chrome/136.0.0.0 Safari/537.36"
133.203.250.96 - - [15/May/2025:12:35:33 +0000] "GET /wp-content/themes/pacja.../assets/animations/animations.min.css?ver=20.6.4 HTTP/1.1" 200 5418 "https://pacja.org/shopdetail/9655816" "Mozilla/5.0 (Windows NT 10.0; Win64; x64) AppleWebKit/537.36 (KHTML, like Gecko) Chrome/136.0.0.0 Safari/537.36"
133.203.250.96 - - [15/May/2025:12:35:33 +0000] "GET /wp-content/themes/pacja.../assets/jplayer/css/jplayer.blue.monday.css?ver=20.6.4 HTTP/1.1" 200 2146 "https://pacja.org/shopdetail/9655816" "Mozilla/5.0 (Windows NT 10.0; Win64; x64) AppleWebKit/537.36 (KHTML, like Gecko) Chrome/136.0.0.0 Safari/537.36"
133.203.250.96 - - [15/May/2025:12:35:33 +0000] "GET /wp-content/themes/pacja.../assets/ui/jquery.ui.all.css?ver=20.6.4 HTTP/1.1" 200 3383 "https://pacja.org/shopdetail/9655816" "Mozilla/5.0 (Windows NT 10.0; Win64; x64) AppleWebKit/537.36 (KHTML, like Gecko) Chrome/136.0.0.0 Safari/537.36"
133.203.250.96 - - [15/May/2025:12:35:33 +0000] "GET /wp-content/themes/pacja.../css/responsive.css?ver=20.6.4 HTTP/1.1" 200 9964 "https://pacja.org/shopdetail/9655816" "Mozilla/5.0 (Windows NT 10.0; Win64; x64) AppleWebKit/537.36 (KHTML, like Gecko) Chrome/136.0.0.0 Safari/537.36"
133.203.250.96 - - [15/May/2025:12:35:33 +0000] "GET /wp-content/plugins/jetpack/modules/likes/style.css?ver=14.3 HTTP/1.1" 200 1749 "https://pacja.org/shopdetail/9655816" "Mozilla/5.0 (Windows NT 10.0; Win64; x64) AppleWebKit/537.36 (KHTML, like Gecko) Chrome/136.0.0.0 Safari/537.36"
133.203.250.96 - - [15/May/2025:12:35:33 +0000] "GET /wp-content/plugins/tablepress/css/build/default.css?ver=3.0.4 HTTP/1.1" 200 1486 "https://pacja.org/shopdetail/9655816" "Mozilla/5.0 (Windows NT 10.0; Win64; x64) AppleWebKit/537.36 (KHTML, like Gecko) Chrome/136.0.0.0 Safari/537.36"
133.203.250.96 - - [15/May/2025:12:35:33 +0000] "GET /wp-content/plugins/youtube-embed-plus/styles/ytprefs.min.css?ver=14.2.1.3 HTTP/1.1" 200 1786 "https://pacja.org/shopdetail/9655816" "Mozilla/5.0 (Windows NT 10.0; Win64; x64) AppleWebKit/537.36 (KHTML, like Gecko) Chrome/136.0.0.0 Safari/537.36"
133.203.250.96 - - [15/May/2025:12:35:33 +0000] "GET /wp-content/plugins/elementor/assets/css/frontend.min.css?ver=3.27.6 HTTP/1.1" 200 7101 "https://pacja.org/shopdetail/9655816" "Mozilla/5.0 (Windows NT 10.0; Win64; x64) AppleWebKit/537.36 (KHTML, like Gecko) Chrome/136.0.0.0 Safari/537.36"
3.142.53.239 - - [15/May/2025:12:35:31 +0000] "GET /shopdetail/16700094 HTTP/1.1" 404 32842 "-" "Mozilla/5.0 AppleWebKit/537.36 (KHTML, like Gecko; compatible; ClaudeBot/1.0; +claudebot@anthropic.com)"
133.203.250.96 - - [15/May/2025:12:35:33 +0000] "GET /wp-content/plugins/essential-addons-for-elementor-lite/assets/front-end/css/view/general.min.css?ver=6.1.4 HTTP/1.1" 200 1539 "https://pacja.org/shopdetail/9655816" "Mozilla/5.0 (Windows NT 10.0; Win64; x64) AppleWebKit/537.36 (KHTML, like Gecko) Chrome/136.0.0.0 Safari/537.36"
133.203.250.96 - - [15/May/2025:12:35:33 +0000] "GET /wp-includes/js/jquery/jquery-migrate.min.js?ver=3.4.1 HTTP/1.1" 200 4872 "https://pacja.org/shopdetail/9655816" "Mozilla/5.0 (Windows NT 10.0; Win64; x64) AppleWebKit/537.36 (KHTML, like Gecko) Chrome/136.0.0.0 Safari/537.36"
133.203.250.96 - - [15/May/2025:12:35:33 +0000] "GET /wp-content/plugins/revslider/sr6/assets/css/rs6.css?ver=6.7.18 HTTP/1.1" 200 12492 "https://pacja.org/shopdetail/9655816" "Mozilla/5.0 (Windows NT 10.0; Win64; x64) AppleWebKit/537.36 (KHTML, like Gecko) Chrome/136.0.0.0 Safari/537.36"
133.203.250.96 - - [15/May/2025:12:35:33 +0000] "GET /wp-includes/js/jquery/jquery.min.js?ver=3.7.1 HTTP/1.1" 200 30368 "https://pacja.org/shopdetail/9655816" "Mozilla/5.0 (Windows NT 10.0; Win64; x64) AppleWebKit/537.36 (KHTML, like Gecko) Chrome/136.0.0.0 Safari/537.36"
133.203.250.96 - - [15/May/2025:12:35:33 +0000] "GET /wp-content/plugins/LayerSlider/assets/static/layerslider/js/layerslider.utils.js?ver=7.11.0 HTTP/1.1" 200 41565 "https://pacja.org/shopdetail/9655816" "Mozilla/5.0 (Windows NT 10.0; Win64; x64) AppleWebKit/537.36 (KHTML, like Gecko) Chrome/136.0.0.0 Safari/537.36"
133.203.250.96 - - [15/May/2025:12:35:33 +0000] "GET /wp-content/plugins/LayerSlider/assets/static/layerslider/js/layerslider.kreaturamedia.jquery.js?ver=7.11.0 HTTP/1.1" 200 63362 "https://pacja.org/shopdetail/9655816" "Mozilla/5.0 (Windows NT 10.0; Win64; x64) AppleWebKit/537.36 (KHTML, like Gecko) Chrome/136.0.0.0 Safari/537.36"
133.203.250.96 - - [15/May/2025:12:35:33 +0000] "GET /wp-content/plugins/LayerSlider/assets/static/layerslider/js/layerslider.transitions.js?ver=7.11.0 HTTP/1.1" 200 4907 "https://pacja.org/shopdetail/9655816" "Mozilla/5.0 (Windows NT 10.0; Win64; x64) AppleWebKit/537.36 (KHTML, like Gecko) Chrome/136.0.0.0 Safari/537.36"
133.203.250.96 - - [15/May/2025:12:35:33 +0000] "GET /wp-includes/js/jquery/ui/core.min.js?ver=1.13.3 HTTP/1.1" 200 7106 "https://pacja.org/shopdetail/9655816" "Mozilla/5.0 (Windows NT 10.0; Win64; x64) AppleWebKit/537.36 (KHTML, like Gecko) Chrome/136.0.0.0 Safari/537.36"
133.203.250.96 - - [15/May/2025:12:35:33 +0000] "GET /wp-content/plugins/advance-search/inc/frontend/js/advance-search-frontend.js?ver=1.1.6 HTTP/1.1" 200 515 "https://pacja.org/shopdetail/9655816" "Mozilla/5.0 (Windows NT 10.0; Win64; x64) AppleWebKit/537.36 (KHTML, like Gecko) Chrome/136.0.0.0 Safari/537.36"
133.203.250.96 - - [15/May/2025:12:35:33 +0000] "GET /wp-content/plugins/download-manager/assets/js/wpdm.min.js?ver=d6d318ac8eaa702f795eb12f2dd73d9f HTTP/1.1" 200 470 "https://pacja.org/shopdetail/9655816" "Mozilla/5.0 (Windows NT 10.0; Win64; x64) AppleWebKit/537.36 (KHTML, like Gecko) Chrome/136.0.0.0 Safari/537.36"
133.203.250.96 - - [15/May/2025:12:35:33 +0000] "GET /wp-content/plugins/download-manager/assets/js/front.min.js?ver=3.3.17 HTTP/1.1" 200 9513 "https://pacja.org/shopdetail/9655816" "Mozilla/5.0 (Windows NT 10.0; Win64; x64) AppleWebKit/537.36 (KHTML, like Gecko) Chrome/136.0.0.0 Safari/537.36"
133.203.250.96 - - [15/May/2025:12:35:33 +0000] "GET /wp-includes/js/jquery/ui/mouse.min.js?ver=1.13.3 HTTP/1.1" 200 1098 "https://pacja.org/shopdetail/9655816" "Mozilla/5.0 (Windows NT 10.0; Win64; x64) AppleWebKit/537.36 (KHTML, like Gecko) Chrome/136.0.0.0 Safari/537.36"
133.203.250.96 - - [15/May/2025:12:35:33 +0000] "GET /wp-includes/js/jquery/ui/sortable.min.js?ver=1.13.3 HTTP/1.1" 200 6586 "https://pacja.org/shopdetail/9655816" "Mozilla/5.0 (Windows NT 10.0; Win64; x64) AppleWebKit/537.36 (KHTML, like Gecko) Chrome/136.0.0.0 Safari/537.36"
133.203.250.96 - - [15/May/2025:12:35:33 +0000] "GET /wp-includes/js/jquery/ui/resizable.min.js?ver=1.13.3 HTTP/1.1" 200 5354 "https://pacja.org/shopdetail/9655816" "Mozilla/5.0 (Windows NT 10.0; Win64; x64) AppleWebKit/537.36 (KHTML, like Gecko) Chrome/136.0.0.0 Safari/537.36"
133.203.250.96 - - [15/May/2025:12:35:33 +0000] "GET /wp-includes/js/jquery/ui/datepicker.min.js?ver=1.13.3 HTTP/1.1" 200 10907 "https://pacja.org/shopdetail/9655816" "Mozilla/5.0 (Windows NT 10.0; Win64; x64) AppleWebKit/537.36 (KHTML, like Gecko) Chrome/136.0.0.0 Safari/537.36"
133.203.250.96 - - [15/May/2025:12:35:33 +0000] "GET /wp-includes/js/jquery/ui/draggable.min.js?ver=1.13.3 HTTP/1.1" 200 4875 "https://pacja.org/shopdetail/9655816" "Mozilla/5.0 (Windows NT 10.0; Win64; x64) AppleWebKit/537.36 (KHTML, like Gecko) Chrome/136.0.0.0 Safari/537.36"
133.203.250.96 - - [15/May/2025:12:35:33 +0000] "GET /wp-includes/js/jquery/ui/controlgroup.min.js?ver=1.13.3 HTTP/1.1" 200 1606 "https://pacja.org/shopdetail/9655816" "Mozilla/5.0 (Windows NT 10.0; Win64; x64) AppleWebKit/537.36 (KHTML, like Gecko) Chrome/136.0.0.0 Safari/537.36"
133.203.250.96 - - [15/May/2025:12:35:33 +0000] "GET /wp-includes/js/jquery/ui/button.min.js?ver=1.13.3 HTTP/1.1" 200 1979 "https://pacja.org/shopdetail/9655816" "Mozilla/5.0 (Windows NT 10.0; Win64; x64) AppleWebKit/537.36 (KHTML, like Gecko) Chrome/136.0.0.0 Safari/537.36"
133.203.250.96 - - [15/May/2025:12:35:33 +0000] "GET /wp-includes/js/jquery/ui/checkboxradio.min.js?ver=1.13.3 HTTP/1.1" 200 1422 "https://pacja.org/shopdetail/9655816" "Mozilla/5.0 (Windows NT 10.0; Win64; x64) AppleWebKit/537.36 (KHTML, like Gecko) Chrome/136.0.0.0 Safari/537.36"
133.203.250.96 - - [15/May/2025:12:35:33 +0000] "GET /wp-includes/js/jquery/ui/dialog.min.js?ver=1.13.3 HTTP/1.1" 200 3832 "https://pacja.org/shopdetail/9655816" "Mozilla/5.0 (Windows NT 10.0; Win64; x64) AppleWebKit/537.36 (KHTML, like Gecko) Chrome/136.0.0.0 Safari/537.36"
133.203.250.96 - - [15/May/2025:12:35:33 +0000] "GET /wp-content/plugins/flickr-viewer/public/js/cws-flickr-gallery-pro-public.js?ver=1.1.8 HTTP/1.1" 200 453 "https://pacja.org/shopdetail/9655816" "Mozilla/5.0 (Windows NT 10.0; Win64; x64) AppleWebKit/537.36 (KHTML, like Gecko) Chrome/136.0.0.0 Safari/537.36"
133.203.250.96 - - [15/May/2025:12:35:33 +0000] "GET /wp-content/plugins/inline-google-spreadsheet-viewer/igsv-gvizcharts.js?ver=d6d318ac8eaa702f795eb12f2dd73d9f HTTP/1.1" 200 1144 "https://pacja.org/shopdetail/9655816" "Mozilla/5.0 (Windows NT 10.0; Win64; x64) AppleWebKit/537.36 (KHTML, like Gecko) Chrome/136.0.0.0 Safari/537.36"
133.203.250.96 - - [15/May/2025:12:35:33 +0000] "GET /wp-content/plugins/inline-google-spreadsheet-viewer/igsv-datatables.js?ver=d6d318ac8eaa702f795eb12f2dd73d9f HTTP/1.1" 200 853 "https://pacja.org/shopdetail/9655816" "Mozilla/5.0 (Windows NT 10.0; Win64; x64) AppleWebKit/537.36 (KHTML, like Gecko) Chrome/136.0.0.0 Safari/537.36"
133.203.250.96 - - [15/May/2025:12:35:33 +0000] "GET /wp-content/plugins/youtube-embed-plus/scripts/ytprefs.min.js?ver=14.2.1.3 HTTP/1.1" 200 4761 "https://pacja.org/shopdetail/9655816" "Mozilla/5.0 (Windows NT 10.0; Win64; x64) AppleWebKit/537.36 (KHTML, like Gecko) Chrome/136.0.0.0 Safari/537.36"
3.142.53.239 - - [15/May/2025:12:35:30 +0000] "GET /shopdetail/3599950 HTTP/1.1" 404 32842 "-" "Mozilla/5.0 AppleWebKit/537.36 (KHTML, like Gecko; compatible; ClaudeBot/1.0; +claudebot@anthropic.com)"
133.203.250.96 - - [15/May/2025:12:35:33 +0000] "GET /wp-content/plugins/gs-logo-slider/assets/libs/swiper-js/swiper.min.js?ver=3.7.4 HTTP/1.1" 200 39697 "https://pacja.org/shopdetail/9655816" "Mozilla/5.0 (Windows NT 10.0; Win64; x64) AppleWebKit/537.36 (KHTML, like Gecko) Chrome/136.0.0.0 Safari/537.36"
133.203.250.96 - - [15/May/2025:12:35:33 +0000] "GET /wp-content/plugins/gs-logo-slider/assets/libs/tippyjs/tippy-bundle.umd.min.js?ver=3.7.4 HTTP/1.1" 200 13759 "https://pacja.org/shopdetail/9655816" "Mozilla/5.0 (Windows NT 10.0; Win64; x64) AppleWebKit/537.36 (KHTML, like Gecko) Chrome/136.0.0.0 Safari/537.36"
133.203.250.96 - - [15/May/2025:12:35:33 +0000] "GET /wp-content/plugins/events-manager/includes/js/events-manager.js?ver=6.6.4.4 HTTP/1.1" 200 116662 "https://pacja.org/shopdetail/9655816" "Mozilla/5.0 (Windows NT 10.0; Win64; x64) AppleWebKit/537.36 (KHTML, like Gecko) Chrome/136.0.0.0 Safari/537.36"
133.203.250.96 - - [15/May/2025:12:35:34 +0000] "GET /wp-content/plugins/gs-logo-slider/assets/libs/images-loaded/images-loaded.min.js?ver=3.7.4 HTTP/1.1" 200 1810 "https://pacja.org/shopdetail/9655816" "Mozilla/5.0 (Windows NT 10.0; Win64; x64) AppleWebKit/537.36 (KHTML, like Gecko) Chrome/136.0.0.0 Safari/537.36"
133.203.250.96 - - [15/May/2025:12:35:34 +0000] "GET /wp-content/plugins/gs-logo-slider/assets/js/gs-logo.min.js?ver=3.7.4 HTTP/1.1" 200 2450 "https://pacja.org/shopdetail/9655816" "Mozilla/5.0 (Windows NT 10.0; Win64; x64) AppleWebKit/537.36 (KHTML, like Gecko) Chrome/136.0.0.0 Safari/537.36"
133.203.250.96 - - [15/May/2025:12:35:34 +0000] "GET /wp-includes/js/dist/dom-ready.min.js?ver=f77871ff7694fffea381 HTTP/1.1" 200 320 "https://pacja.org/shopdetail/9655816" "Mozilla/5.0 (Windows NT 10.0; Win64; x64) AppleWebKit/537.36 (KHTML, like Gecko) Chrome/136.0.0.0 Safari/537.36"
133.203.250.96 - - [15/May/2025:12:35:34 +0000] "GET /wp-content/plugins/civist/civist-wordpress-blocks-embed.js?ver=1bdc5b775f7478bc9ab8 HTTP/1.1" 200 15019 "https://pacja.org/shopdetail/9655816" "Mozilla/5.0 (Windows NT 10.0; Win64; x64) AppleWebKit/537.36 (KHTML, like Gecko) Chrome/136.0.0.0 Safari/537.36"
133.203.250.96 - - [15/May/2025:12:35:34 +0000] "GET /wp-includes/js/jquery/ui/menu.min.js?ver=1.13.3 HTTP/1.1" 200 3058 "https://pacja.org/shopdetail/9655816" "Mozilla/5.0 (Windows NT 10.0; Win64; x64) AppleWebKit/537.36 (KHTML, like Gecko) Chrome/136.0.0.0 Safari/537.36"
133.203.250.96 - - [15/May/2025:12:35:34 +0000] "GET /wp-includes/js/dist/hooks.min.js?ver=4d63a3d491d11ffd8ac6 HTTP/1.1" 200 1648 "https://pacja.org/shopdetail/9655816" "Mozilla/5.0 (Windows NT 10.0; Win64; x64) AppleWebKit/537.36 (KHTML, like Gecko) Chrome/136.0.0.0 Safari/537.36"
133.203.250.96 - - [15/May/2025:12:35:34 +0000] "GET /wp-includes/js/dist/a11y.min.js?ver=3156534cc54473497e14 HTTP/1.1" 200 956 "https://pacja.org/shopdetail/9655816" "Mozilla/5.0 (Windows NT 10.0; Win64; x64) AppleWebKit/537.36 (KHTML, like Gecko) Chrome/136.0.0.0 Safari/537.36"
133.203.250.96 - - [15/May/2025:12:35:34 +0000] "GET /wp-includes/js/dist/i18n.min.js?ver=5e580eb46a90c2b997e6 HTTP/1.1" 200 3667 "https://pacja.org/shopdetail/9655816" "Mozilla/5.0 (Windows NT 10.0; Win64; x64) AppleWebKit/537.36 (KHTML, like Gecko) Chrome/136.0.0.0 Safari/537.36"
133.203.250.96 - - [15/May/2025:12:35:34 +0000] "GET /wp-includes/js/jquery/ui/autocomplete.min.js?ver=1.13.3 HTTP/1.1" 200 2905 "https://pacja.org/shopdetail/9655816" "Mozilla/5.0 (Windows NT 10.0; Win64; x64) AppleWebKit/537.36 (KHTML, like Gecko) Chrome/136.0.0.0 Safari/537.36"
133.203.250.96 - - [15/May/2025:12:35:34 +0000] "GET /wp-content/plugins/advance-search/inc/common/js/advance-search.js?ver=1.1.6 HTTP/1.1" 200 1185 "https://pacja.org/shopdetail/9655816" "Mozilla/5.0 (Windows NT 10.0; Win64; x64) AppleWebKit/537.36 (KHTML, like Gecko) Chrome/136.0.0.0 Safari/537.36"
133.203.250.96 - - [15/May/2025:12:35:34 +0000] "GET /wp-content/themes/pacja.../fonts/mfn-icons.woff?23391439 HTTP/1.1" 200 80320 "https://pacja.org/wp-content/themes/pacja.../css/base.css?ver=20.6.4" "Mozilla/5.0 (Windows NT 10.0; Win64; x64) AppleWebKit/537.36 (KHTML, like Gecko) Chrome/136.0.0.0 Safari/537.36"
133.203.250.96 - - [15/May/2025:12:35:34 +0000] "GET /wp-content/plugins/contact-form-7/includes/swv/js/index.js?ver=6.0.6 HTTP/1.1" 200 3503 "https://pacja.org/shopdetail/9655816" "Mozilla/5.0 (Windows NT 10.0; Win64; x64) AppleWebKit/537.36 (KHTML, like Gecko) Chrome/136.0.0.0 Safari/537.36"
133.203.250.96 - - [15/May/2025:12:35:34 +0000] "GET /wp-includes/js/jquery/jquery.form.min.js?ver=4.3.0 HTTP/1.1" 200 5958 "https://pacja.org/shopdetail/9655816" "Mozilla/5.0 (Windows NT 10.0; Win64; x64) AppleWebKit/537.36 (KHTML, like Gecko) Chrome/136.0.0.0 Safari/537.36"
133.203.250.96 - - [15/May/2025:12:35:34 +0000] "GET /wp-content/plugins/contact-form-7/includes/js/index.js?ver=6.0.6 HTTP/1.1" 200 4265 "https://pacja.org/shopdetail/9655816" "Mozilla/5.0 (Windows NT 10.0; Win64; x64) AppleWebKit/537.36 (KHTML, like Gecko) Chrome/136.0.0.0 Safari/537.36"
133.203.250.96 - - [15/May/2025:12:35:34 +0000] "GET /wp-content/plugins/flickr-stream/js/frontend.min.js?ver=1.3 HTTP/1.1" 200 1777 "https://pacja.org/shopdetail/9655816" "Mozilla/5.0 (Windows NT 10.0; Win64; x64) AppleWebKit/537.36 (KHTML, like Gecko) Chrome/136.0.0.0 Safari/537.36"
133.203.250.96 - - [15/May/2025:12:35:34 +0000] "GET /wp-content/plugins/quick-event-manager/legacy/quick-event-manager.js?ver=9.14 HTTP/1.1" 200 4698 "https://pacja.org/shopdetail/9655816" "Mozilla/5.0 (Windows NT 10.0; Win64; x64) AppleWebKit/537.36 (KHTML, like Gecko) Chrome/136.0.0.0 Safari/537.36"
133.203.250.96 - - [15/May/2025:12:35:34 +0000] "GET /wp-includes/js/jquery/ui/tabs.min.js?ver=1.13.3 HTTP/1.1" 200 3945 "https://pacja.org/shopdetail/9655816" "Mozilla/5.0 (Windows NT 10.0; Win64; x64) AppleWebKit/537.36 (KHTML, like Gecko) Chrome/136.0.0.0 Safari/537.36"
133.203.250.96 - - [15/May/2025:12:35:34 +0000] "GET /wp-includes/js/jquery/ui/accordion.min.js?ver=1.13.3 HTTP/1.1" 200 2783 "https://pacja.org/shopdetail/9655816" "Mozilla/5.0 (Windows NT 10.0; Win64; x64) AppleWebKit/537.36 (KHTML, like Gecko) Chrome/136.0.0.0 Safari/537.36"
133.203.250.96 - - [15/May/2025:12:35:34 +0000] "GET /wp-content/themes/pacja.../js/plugins.js?ver=20.6.4 HTTP/1.1" 200 53788 "https://pacja.org/shopdetail/9655816" "Mozilla/5.0 (Windows NT 10.0; Win64; x64) AppleWebKit/537.36 (KHTML, like Gecko) Chrome/136.0.0.0 Safari/537.36"
3.142.53.239 - - [15/May/2025:12:35:33 +0000] "GET /shopdetail/2530649 HTTP/1.1" 404 32843 "-" "Mozilla/5.0 AppleWebKit/537.36 (KHTML, like Gecko; compatible; ClaudeBot/1.0; +claudebot@anthropic.com)"
133.203.250.96 - - [15/May/2025:12:35:34 +0000] "GET /wp-content/themes/pacja.../assets/animations/animations.min.js?ver=20.6.4 HTTP/1.1" 200 624 "https://pacja.org/shopdetail/9655816" "Mozilla/5.0 (Windows NT 10.0; Win64; x64) AppleWebKit/537.36 (KHTML, like Gecko) Chrome/136.0.0.0 Safari/537.36"
133.203.250.96 - - [15/May/2025:12:35:34 +0000] "GET /wp-content/themes/pacja.../js/menu.js?ver=20.6.4 HTTP/1.1" 200 862 "https://pacja.org/shopdetail/9655816" "Mozilla/5.0 (Windows NT 10.0; Win64; x64) AppleWebKit/537.36 (KHTML, like Gecko) Chrome/136.0.0.0 Safari/537.36"
133.203.250.96 - - [15/May/2025:12:35:34 +0000] "GET /wp-content/themes/pacja.../js/parallax/translate3d.js?ver=20.6.4 HTTP/1.1" 200 1659 "https://pacja.org/shopdetail/9655816" "Mozilla/5.0 (Windows NT 10.0; Win64; x64) AppleWebKit/537.36 (KHTML, like Gecko) Chrome/136.0.0.0 Safari/537.36"
133.203.250.96 - - [15/May/2025:12:35:34 +0000] "GET /wp-content/themes/pacja.../js/parallax/smoothscroll.js?ver=20.6.4 HTTP/1.1" 200 3038 "https://pacja.org/shopdetail/9655816" "Mozilla/5.0 (Windows NT 10.0; Win64; x64) AppleWebKit/537.36 (KHTML, like Gecko) Chrome/136.0.0.0 Safari/537.36"
133.203.250.96 - - [15/May/2025:12:35:34 +0000] "GET /wp-content/themes/pacja.../assets/jplayer/jplayer.min.js?ver=20.6.4 HTTP/1.1" 200 12737 "https://pacja.org/shopdetail/9655816" "Mozilla/5.0 (Windows NT 10.0; Win64; x64) AppleWebKit/537.36 (KHTML, like Gecko) Chrome/136.0.0.0 Safari/537.36"
133.203.250.96 - - [15/May/2025:12:35:34 +0000] "GET /wp-includes/js/dist/vendor/wp-polyfill.min.js?ver=3.15.0 HTTP/1.1" 200 14471 "https://pacja.org/shopdetail/9655816" "Mozilla/5.0 (Windows NT 10.0; Win64; x64) AppleWebKit/537.36 (KHTML, like Gecko) Chrome/136.0.0.0 Safari/537.36"
133.203.250.96 - - [15/May/2025:12:35:34 +0000] "GET /wp-content/plugins/contact-form-7/modules/recaptcha/index.js?ver=6.0.6 HTTP/1.1" 200 483 "https://pacja.org/shopdetail/9655816" "Mozilla/5.0 (Windows NT 10.0; Win64; x64) AppleWebKit/537.36 (KHTML, like Gecko) Chrome/136.0.0.0 Safari/537.36"
133.203.250.96 - - [15/May/2025:12:35:34 +0000] "GET /wp-content/themes/pacja.../js/scripts.js?ver=20.6.4 HTTP/1.1" 200 14701 "https://pacja.org/shopdetail/9655816" "Mozilla/5.0 (Windows NT 10.0; Win64; x64) AppleWebKit/537.36 (KHTML, like Gecko) Chrome/136.0.0.0 Safari/537.36"
133.203.250.96 - - [15/May/2025:12:35:35 +0000] "GET /wp-content/plugins/essential-addons-for-elementor-lite/assets/front-end/js/view/general.min.js?ver=6.1.4 HTTP/1.1" 200 4088 "https://pacja.org/shopdetail/9655816" "Mozilla/5.0 (Windows NT 10.0; Win64; x64) AppleWebKit/537.36 (KHTML, like Gecko) Chrome/136.0.0.0 Safari/537.36"
133.203.250.96 - - [15/May/2025:12:35:35 +0000] "GET /wp-content/plugins/add-search-to-menu/public/js/ivory-search.min.js?ver=5.5.9 HTTP/1.1" 200 1220 "https://pacja.org/shopdetail/9655816" "Mozilla/5.0 (Windows NT 10.0; Win64; x64) AppleWebKit/537.36 (KHTML, like Gecko) Chrome/136.0.0.0 Safari/537.36"
133.203.250.96 - - [15/May/2025:12:35:35 +0000] "GET /wp-content/plugins/youtube-embed-plus/scripts/fitvids.min.js?ver=14.2.1.3 HTTP/1.1" 200 1051 "https://pacja.org/shopdetail/9655816" "Mozilla/5.0 (Windows NT 10.0; Win64; x64) AppleWebKit/537.36 (KHTML, like Gecko) Chrome/136.0.0.0 Safari/537.36"
133.203.250.96 - - [15/May/2025:12:35:35 +0000] "GET /wp-content/plugins/google-analytics-for-wordpress/assets/js/frontend-gtag.min.js?ver=9.5.3 HTTP/1.1" 200 3277 "https://pacja.org/shopdetail/9655816" "Mozilla/5.0 (Windows NT 10.0; Win64; x64) AppleWebKit/537.36 (KHTML, like Gecko) Chrome/136.0.0.0 Safari/537.36"
133.203.250.96 - - [15/May/2025:12:35:35 +0000] "GET /wp-content/plugins/interactive-3d-flipbook-powered-physics-engine/assets/js/client-locale-loader.js?ver=1.16.15 HTTP/1.1" 200 753 "https://pacja.org/shopdetail/9655816" "Mozilla/5.0 (Windows NT 10.0; Win64; x64) AppleWebKit/537.36 (KHTML, like Gecko) Chrome/136.0.0.0 Safari/537.36"
133.203.250.96 - - [15/May/2025:12:35:35 +0000] "GET /wp-content/themes/pacja.../images/box_shadow_button.png HTTP/1.1" 200 108 "https://pacja.org/wp-content/themes/pacja.../css/base.css?ver=20.6.4" "Mozilla/5.0 (Windows NT 10.0; Win64; x64) AppleWebKit/537.36 (KHTML, like Gecko) Chrome/136.0.0.0 Safari/537.36"
133.203.250.96 - - [15/May/2025:12:35:35 +0000] "GET /wp-content/uploads/matomo/matomo.js HTTP/1.1" 200 21952 "https://pacja.org/shopdetail/9655816" "Mozilla/5.0 (Windows NT 10.0; Win64; x64) AppleWebKit/537.36 (KHTML, like Gecko) Chrome/136.0.0.0 Safari/537.36"
133.203.250.96 - - [15/May/2025:12:35:35 +0000] "GET /wp-content/plugins/revslider/sr6/assets/js/rbtools.min.js?ver=6.7.18 HTTP/1.1" 200 61824 "https://pacja.org/shopdetail/9655816" "Mozilla/5.0 (Windows NT 10.0; Win64; x64) AppleWebKit/537.36 (KHTML, like Gecko) Chrome/136.0.0.0 Safari/537.36"
133.203.250.96 - - [15/May/2025:12:35:35 +0000] "GET /wp-includes/js/wp-emoji-release.min.js?ver=d6d318ac8eaa702f795eb12f2dd73d9f HTTP/1.1" 200 5166 "https://pacja.org/shopdetail/9655816" "Mozilla/5.0 (Windows NT 10.0; Win64; x64) AppleWebKit/537.36 (KHTML, like Gecko) Chrome/136.0.0.0 Safari/537.36"
133.203.250.96 - - [15/May/2025:12:35:35 +0000] "GET /wp-content/plugins/revslider/sr6/assets/js/rs6.min.js?ver=6.7.18 HTTP/1.1" 200 108972 "https://pacja.org/shopdetail/9655816" "Mozilla/5.0 (Windows NT 10.0; Win64; x64) AppleWebKit/537.36 (KHTML, like Gecko) Chrome/136.0.0.0 Safari/537.36"
3.142.53.239 - - [15/May/2025:12:35:32 +0000] "GET /shopdetail/29158349 HTTP/1.1" 404 32843 "-" "Mozilla/5.0 AppleWebKit/537.36 (KHTML, like Gecko; compatible; ClaudeBot/1.0; +claudebot@anthropic.com)"
114.119.157.241 - - [15/May/2025:12:35:36 +0000] "GET /index.php/vacancies/item/download/assets/img/sliders/layer/energy-access.php HTTP/1.1" 403 - "https://pacja.org/index.php/vacancies/item/download/assets/img/sliders/layer/bg2.png" "Mozilla/5.0 (Linux; Android 7.0;) AppleWebKit/537.36 (KHTML, like Gecko) Mobile Safari/537.36 (compatible; PetalBot;+https://webmaster.petalsearch.com/site/petalbot)"
133.203.250.96 - - [15/May/2025:12:35:36 +0000] "GET /wp-content/uploads/2022/09/favi.jpg HTTP/1.1" 200 4219 "https://pacja.org/shopdetail/9655816" "Mozilla/5.0 (Windows NT 10.0; Win64; x64) AppleWebKit/537.36 (KHTML, like Gecko) Chrome/136.0.0.0 Safari/537.36"
133.203.250.96 - - [15/May/2025:12:35:35 +0000] "POST /wp-content/plugins/matomo/app/matomo.php?action_name=Page%20not%20found%20%E2%80%93%20PACJA%20%E2%80%93%20Panafrican%20Climate%20Justice%20Alliance&idsite=1&rec=1&r=429752&h=21&m=35&s=35&url=https%3A%2F%2Fpacja.org%2Fshopdetail%2F9655816&_id=eed8138ec1c550cd&_idn=1&send_image=0&_refts=0&pv_id=Bxk7Ye&pf_net=1181&pf_srv=1170&pf_tfr=210&pf_dm1=3691&uadata=%7B%22formFactors%22%3A%5B%22Desktop%22%5D%2C%22fullVersionList%22%3A%5B%7B%22brand%22%3A%22Chromium%22%2C%22version%22%3A%22136.0.7103.93%22%7D%2C%7B%22brand%22%3A%22Google%20Chrome%22%2C%22version%22%3A%22136.0.7103.93%22%7D%2C%7B%22brand%22%3A%22Not.A%2FBrand%22%2C%22version%22%3A%2299.0.0.0%22%7D%5D%2C%22mobile%22%3Afalse%2C%22model%22%3A%22%22%2C%22platform%22%3A%22Windows%22%2C%22platformVersion%22%3A%2219.0.0%22%7D&pdf=1&qt=0&realp=0&wma=0&fla=0&java=0&ag=0&cookie=1&res=1920x1080 HTTP/1.1" 204 - "https://pacja.org/shopdetail/9655816" "Mozilla/5.0 (Windows NT 10.0; Win64; x64) AppleWebKit/537.36 (KHTML, like Gecko) Chrome/136.0.0.0 Safari/537.36"
3.142.53.239 - - [15/May/2025:12:35:35 +0000] "GET /shopdetail/9818050 HTTP/1.1" 404 32842 "-" "Mozilla/5.0 AppleWebKit/537.36 (KHTML, like Gecko; compatible; ClaudeBot/1.0; +claudebot@anthropic.com)"
66.249.79.199 - - [15/May/2025:12:35:36 +0000] "GET /shopdetail/3035572 HTTP/1.1" 200 20220 "-" "Mozilla/5.0 (compatible; Googlebot/2.1; +http://www.google.com/bot.html)"
66.249.79.199 - - [15/May/2025:12:35:37 +0000] "GET /shopdetail/14917649 HTTP/1.1" 200 21110 "-" "Mozilla/5.0 (Linux; Android 6.0.1; Nexus 5X Build/MMB29P) AppleWebKit/537.36 (KHTML, like Gecko) Chrome/136.0.7103.59 Mobile Safari/537.36 (compatible; Googlebot/2.1; +http://www.google.com/bot.html)"
3.142.53.239 - - [15/May/2025:12:35:34 +0000] "GET /shopdetail/6269572 HTTP/1.1" 404 32841 "-" "Mozilla/5.0 AppleWebKit/537.36 (KHTML, like Gecko; compatible; ClaudeBot/1.0; +claudebot@anthropic.com)"
3.142.53.239 - - [15/May/2025:12:35:37 +0000] "GET /shopdetail/23196349 HTTP/1.1" 404 32844 "-" "Mozilla/5.0 AppleWebKit/537.36 (KHTML, like Gecko; compatible; ClaudeBot/1.0; +claudebot@anthropic.com)"
203.161.61.57 - - [15/May/2025:12:35:39 +0000] "POST /wp-cron.php?doing_wp_cron=1747312539.0017359256744384765625 HTTP/1.1" 200 - "-" "WordPress/6.8.1; https://pacja.org"
3.142.53.239 - - [15/May/2025:12:35:35 +0000] "GET /shopdetail/30053894 HTTP/1.1" 404 32843 "-" "Mozilla/5.0 AppleWebKit/537.36 (KHTML, like Gecko; compatible; ClaudeBot/1.0; +claudebot@anthropic.com)"
203.161.61.57 - - [15/May/2025:12:35:39 +0000] "POST /wp-cron.php?doing_wp_cron=1747312539.9702999591827392578125 HTTP/1.1" 200 - "-" "WordPress/6.8.1; https://pacja.org"
3.142.53.239 - - [15/May/2025:12:35:29 +0000] "GET /shopdetail/23888394 HTTP/1.1" 404 32845 "-" "Mozilla/5.0 AppleWebKit/537.36 (KHTML, like Gecko; compatible; ClaudeBot/1.0; +claudebot@anthropic.com)"
203.161.61.57 - - [15/May/2025:12:35:41 +0000] "POST /wp-cron.php?doing_wp_cron=1747312541.0910389423370361328125 HTTP/1.1" 200 - "-" "WordPress/6.8.1; https://pacja.org"
203.161.61.57 - - [15/May/2025:12:35:39 +0000] "POST /wp-admin/admin-ajax.php?action=async_litespeed&nonce=ntoiOF3ROks316i9tplTidOhNy4qcVPn&litespeed_type=imgoptm HTTP/1.1" 200 21 "-" "WordPress/6.8.1; https://pacja.org"
3.142.53.239 - - [15/May/2025:12:35:37 +0000] "GET /shopdetail/22455149 HTTP/1.1" 404 32845 "-" "Mozilla/5.0 AppleWebKit/537.36 (KHTML, like Gecko; compatible; ClaudeBot/1.0; +claudebot@anthropic.com)"
3.142.53.239 - - [15/May/2025:12:35:39 +0000] "GET /shopdetail/1450194 HTTP/1.1" 404 32842 "-" "Mozilla/5.0 AppleWebKit/537.36 (KHTML, like Gecko; compatible; ClaudeBot/1.0; +claudebot@anthropic.com)"
203.161.61.57 - - [15/May/2025:12:35:41 +0000] "POST /wp-admin/admin-ajax.php?action=async_litespeed&nonce=QBf2KR7IoANnnfoXTzE1lS9ZHIMx9mJp&litespeed_type=imgoptm HTTP/1.1" 200 21 "-" "WordPress/6.8.1; https://pacja.org"
3.142.53.239 - - [15/May/2025:12:35:41 +0000] "GET /shopdetail/905450 HTTP/1.1" 404 32841 "-" "Mozilla/5.0 AppleWebKit/537.36 (KHTML, like Gecko; compatible; ClaudeBot/1.0; +claudebot@anthropic.com)"
203.161.61.57 - - [15/May/2025:12:35:43 +0000] "POST /wp-cron.php?doing_wp_cron=1747312543.8982670307159423828125 HTTP/1.1" 200 - "-" "WordPress/6.8.1; https://pacja.org"
3.142.53.239 - - [15/May/2025:12:35:38 +0000] "GET /shopdetail/21374694 HTTP/1.1" 404 32845 "-" "Mozilla/5.0 AppleWebKit/537.36 (KHTML, like Gecko; compatible; ClaudeBot/1.0; +claudebot@anthropic.com)"
3.142.53.239 - - [15/May/2025:12:35:42 +0000] "GET /shopdetail/19566594 HTTP/1.1" 404 32844 "-" "Mozilla/5.0 AppleWebKit/537.36 (KHTML, like Gecko; compatible; ClaudeBot/1.0; +claudebot@anthropic.com)"
3.142.53.239 - - [15/May/2025:12:35:43 +0000] "GET /shopdetail/9751905 HTTP/1.1" 404 32844 "-" "Mozilla/5.0 AppleWebKit/537.36 (KHTML, like Gecko; compatible; ClaudeBot/1.0; +claudebot@anthropic.com)"
3.142.53.239 - - [15/May/2025:12:35:39 +0000] "GET /shopdetail/1516349 HTTP/1.1" 404 32841 "-" "Mozilla/5.0 AppleWebKit/537.36 (KHTML, like Gecko; compatible; ClaudeBot/1.0; +claudebot@anthropic.com)"
3.142.53.239 - - [15/May/2025:12:35:44 +0000] "GET /shopdetail/2398349 HTTP/1.1" 404 32844 "-" "Mozilla/5.0 AppleWebKit/537.36 (KHTML, like Gecko; compatible; ClaudeBot/1.0; +claudebot@anthropic.com)"
91.243.92.50 - - [15/May/2025:12:35:59 +0000] "GET /index.php?option=com_blog&view=comments&pid=23997&itemid=0 HTTP/1.1" 301 - "http://pacja.org/index.php?option=com_blog&view=comments&pid=23997&itemid=0" "Mozilla/5.0 (Windows NT 6.3; Win64; x64) AppleWebKit/537.36 (KHTML, like Gecko) Chrome/103.0.0.0 Safari/537.36"
66.249.68.38 - - [15/May/2025:12:36:01 +0000] "POST /get-message-notify HTTP/1.1" 200 18767 "https://www.pacja.org/shopdetail/8648550" "Mozilla/5.0 (Linux; Android 6.0.1; Nexus 5X Build/MMB29P) AppleWebKit/537.36 (KHTML, like Gecko) Chrome/135.0.7049.114 Mobile Safari/537.36 (compatible; Googlebot/2.1; +http://www.google.com/bot.html)"
66.249.68.38 - - [15/May/2025:12:36:02 +0000] "GET /robots.txt HTTP/1.1" 200 162 "-" "Mozilla/5.0 (compatible; Googlebot/2.1; +http://www.google.com/bot.html)"
102.215.34.108 - - [15/May/2025:12:36:12 +0000] "POST /wp-admin/admin-ajax.php HTTP/1.1" 200 101 "https://pacja.org/wp-admin/post.php?post=4782&action=edit" "Mozilla/5.0 (Windows NT 10.0; Win64; x64; rv:138.0) Gecko/20100101 Firefox/138.0"
18.218.243.199 - - [15/May/2025:12:36:16 +0000] "GET /shopdetail/1149994 HTTP/1.1" 404 32842 "-" "Mozilla/5.0 AppleWebKit/537.36 (KHTML, like Gecko; compatible; ClaudeBot/1.0; +claudebot@anthropic.com)"
18.218.243.199 - - [15/May/2025:12:36:16 +0000] "GET /shopdetail/5828572 HTTP/1.1" 404 32841 "-" "Mozilla/5.0 AppleWebKit/537.36 (KHTML, like Gecko; compatible; ClaudeBot/1.0; +claudebot@anthropic.com)"
18.218.243.199 - - [15/May/2025:12:36:17 +0000] "GET /shopdetail/30825649 HTTP/1.1" 404 32844 "-" "Mozilla/5.0 AppleWebKit/537.36 (KHTML, like Gecko; compatible; ClaudeBot/1.0; +claudebot@anthropic.com)"
18.218.243.199 - - [15/May/2025:12:36:17 +0000] "GET /shopdetail/468850 HTTP/1.1" 404 32841 "-" "Mozilla/5.0 AppleWebKit/537.36 (KHTML, like Gecko; compatible; ClaudeBot/1.0; +claudebot@anthropic.com)"
66.249.68.38 - - [15/May/2025:12:36:18 +0000] "GET /shopdetail/10550949 HTTP/1.1" 200 20385 "-" "Mozilla/5.0 (Linux; Android 6.0.1; Nexus 5X Build/MMB29P) AppleWebKit/537.36 (KHTML, like Gecko) Chrome/136.0.7103.59 Mobile Safari/537.36 (compatible; Googlebot/2.1; +http://www.google.com/bot.html)"
66.249.68.38 - - [15/May/2025:12:36:18 +0000] "GET /shopdetail/18872127 HTTP/1.1" 200 19791 "-" "Mozilla/5.0 (Linux; Android 6.0.1; Nexus 5X Build/MMB29P) AppleWebKit/537.36 (KHTML, like Gecko) Chrome/136.0.7103.59 Mobile Safari/537.36 (compatible; Googlebot/2.1; +http://www.google.com/bot.html)"
18.218.243.199 - - [15/May/2025:12:36:18 +0000] "GET /shopdetail/25520094 HTTP/1.1" 404 32843 "-" "Mozilla/5.0 AppleWebKit/537.36 (KHTML, like Gecko; compatible; ClaudeBot/1.0; +claudebot@anthropic.com)"
18.218.243.199 - - [15/May/2025:12:36:18 +0000] "GET /shopdetail/23557649 HTTP/1.1" 404 32844 "-" "Mozilla/5.0 AppleWebKit/537.36 (KHTML, like Gecko; compatible; ClaudeBot/1.0; +claudebot@anthropic.com)"
18.218.243.199 - - [15/May/2025:12:36:18 +0000] "GET /shopdetail/24620027 HTTP/1.1" 404 32844 "-" "Mozilla/5.0 AppleWebKit/537.36 (KHTML, like Gecko; compatible; ClaudeBot/1.0; +claudebot@anthropic.com)"
18.218.243.199 - - [15/May/2025:12:36:18 +0000] "GET /shopdetail/27639305 HTTP/1.1" 404 32844 "-" "Mozilla/5.0 AppleWebKit/537.36 (KHTML, like Gecko; compatible; ClaudeBot/1.0; +claudebot@anthropic.com)"
18.218.243.199 - - [15/May/2025:12:36:19 +0000] "GET /shopdetail/25511594 HTTP/1.1" 404 32843 "-" "Mozilla/5.0 AppleWebKit/537.36 (KHTML, like Gecko; compatible; ClaudeBot/1.0; +claudebot@anthropic.com)"
18.218.243.199 - - [15/May/2025:12:36:19 +0000] "GET /shopdetail/26538372 HTTP/1.1" 404 32841 "-" "Mozilla/5.0 AppleWebKit/537.36 (KHTML, like Gecko; compatible; ClaudeBot/1.0; +claudebot@anthropic.com)"
102.215.34.108 - - [15/May/2025:12:36:20 +0000] "POST /wp-admin/admin-ajax.php HTTP/1.1" 200 101 "https://pacja.org/wp-admin/post.php?post=5062&action=edit" "Mozilla/5.0 (Windows NT 10.0; Win64; x64; rv:138.0) Gecko/20100101 Firefox/138.0"
18.218.243.199 - - [15/May/2025:12:36:19 +0000] "GET /shopdetail/546149 HTTP/1.1" 404 32841 "-" "Mozilla/5.0 AppleWebKit/537.36 (KHTML, like Gecko; compatible; ClaudeBot/1.0; +claudebot@anthropic.com)"
18.218.243.199 - - [15/May/2025:12:36:20 +0000] "GET /shopdetail/22168494 HTTP/1.1" 404 32843 "-" "Mozilla/5.0 AppleWebKit/537.36 (KHTML, like Gecko; compatible; ClaudeBot/1.0; +claudebot@anthropic.com)"
18.218.243.199 - - [15/May/2025:12:36:20 +0000] "GET /shopdetail/29811349 HTTP/1.1" 404 32843 "-" "Mozilla/5.0 AppleWebKit/537.36 (KHTML, like Gecko; compatible; ClaudeBot/1.0; +claudebot@anthropic.com)"
18.218.243.199 - - [15/May/2025:12:36:21 +0000] "GET /shopdetail/23416849 HTTP/1.1" 404 32843 "-" "Mozilla/5.0 AppleWebKit/537.36 (KHTML, like Gecko; compatible; ClaudeBot/1.0; +claudebot@anthropic.com)"
18.218.243.199 - - [15/May/2025:12:36:22 +0000] "GET /shopdetail/995649 HTTP/1.1" 404 32841 "-" "Mozilla/5.0 AppleWebKit/537.36 (KHTML, like Gecko; compatible; ClaudeBot/1.0; +claudebot@anthropic.com)"
18.218.243.199 - - [15/May/2025:12:36:23 +0000] "GET /shopdetail/623205 HTTP/1.1" 404 32841 "-" "Mozilla/5.0 AppleWebKit/537.36 (KHTML, like Gecko; compatible; ClaudeBot/1.0; +claudebot@anthropic.com)"
18.218.243.199 - - [15/May/2025:12:36:23 +0000] "GET /shopdetail/27835349 HTTP/1.1" 404 32844 "-" "Mozilla/5.0 AppleWebKit/537.36 (KHTML, like Gecko; compatible; ClaudeBot/1.0; +claudebot@anthropic.com)"
18.218.243.199 - - [15/May/2025:12:36:26 +0000] "GET /shopdetail/19456349 HTTP/1.1" 404 32843 "-" "Mozilla/5.0 AppleWebKit/537.36 (KHTML, like Gecko; compatible; ClaudeBot/1.0; +claudebot@anthropic.com)"
18.218.243.199 - - [15/May/2025:12:36:24 +0000] "GET /shopdetail/25533649 HTTP/1.1" 404 32843 "-" "Mozilla/5.0 AppleWebKit/537.36 (KHTML, like Gecko; compatible; ClaudeBot/1.0; +claudebot@anthropic.com)"
217.113.194.238 - - [15/May/2025:12:36:29 +0000] "GET /africa-nsa-statement/ HTTP/1.1" 403 - "-" "Mozilla/5.0 (compatible; Barkrowler/0.9; +https://babbar.tech/crawler)"
18.218.243.199 - - [15/May/2025:12:36:25 +0000] "GET /shopdetail/27606349 HTTP/1.1" 404 32844 "-" "Mozilla/5.0 AppleWebKit/537.36 (KHTML, like Gecko; compatible; ClaudeBot/1.0; +claudebot@anthropic.com)"
18.218.243.199 - - [15/May/2025:12:36:29 +0000] "GET /shopdetail/19654794 HTTP/1.1" 404 32843 "-" "Mozilla/5.0 AppleWebKit/537.36 (KHTML, like Gecko; compatible; ClaudeBot/1.0; +claudebot@anthropic.com)"
18.218.243.199 - - [15/May/2025:12:36:28 +0000] "GET /shopdetail/18860994 HTTP/1.1" 404 32842 "-" "Mozilla/5.0 AppleWebKit/537.36 (KHTML, like Gecko; compatible; ClaudeBot/1.0; +claudebot@anthropic.com)"
18.218.243.199 - - [15/May/2025:12:36:27 +0000] "GET /shopdetail/25189349 HTTP/1.1" 404 32844 "-" "Mozilla/5.0 AppleWebKit/537.36 (KHTML, like Gecko; compatible; ClaudeBot/1.0; +claudebot@anthropic.com)"
102.215.34.108 - - [15/May/2025:12:36:31 +0000] "POST /wp-admin/admin-ajax.php HTTP/1.1" 200 101 "https://pacja.org/wp-admin/post.php?post=5062&action=edit" "Mozilla/5.0 (Windows NT 10.0; Win64; x64; rv:138.0) Gecko/20100101 Firefox/138.0"
18.218.243.199 - - [15/May/2025:12:36:25 +0000] "GET /shopdetail/30547494 HTTP/1.1" 404 32844 "-" "Mozilla/5.0 AppleWebKit/537.36 (KHTML, like Gecko; compatible; ClaudeBot/1.0; +claudebot@anthropic.com)"
18.218.243.199 - - [15/May/2025:12:36:31 +0000] "GET /shopdetail/22521294 HTTP/1.1" 404 32843 "-" "Mozilla/5.0 AppleWebKit/537.36 (KHTML, like Gecko; compatible; ClaudeBot/1.0; +claudebot@anthropic.com)"
18.218.243.199 - - [15/May/2025:12:36:32 +0000] "GET /shopdetail/10766205 HTTP/1.1" 404 32842 "-" "Mozilla/5.0 AppleWebKit/537.36 (KHTML, like Gecko; compatible; ClaudeBot/1.0; +claudebot@anthropic.com)"
18.218.243.199 - - [15/May/2025:12:36:34 +0000] "GET /shopdetail/590249 HTTP/1.1" 404 32841 "-" "Mozilla/5.0 AppleWebKit/537.36 (KHTML, like Gecko; compatible; ClaudeBot/1.0; +claudebot@anthropic.com)"
18.218.243.199 - - [15/May/2025:12:36:30 +0000] "GET /shopdetail/27508572 HTTP/1.1" 404 32841 "-" "Mozilla/5.0 AppleWebKit/537.36 (KHTML, like Gecko; compatible; ClaudeBot/1.0; +claudebot@anthropic.com)"
203.161.61.57 - - [15/May/2025:12:36:37 +0000] "POST /wp-cron.php?doing_wp_cron=1747312597.0118489265441894531250 HTTP/1.1" 200 - "-" "WordPress/6.8.1; https://pacja.org"
18.218.243.199 - - [15/May/2025:12:36:35 +0000] "GET /shopdetail/28210194 HTTP/1.1" 404 32843 "-" "Mozilla/5.0 AppleWebKit/537.36 (KHTML, like Gecko; compatible; ClaudeBot/1.0; +claudebot@anthropic.com)"
203.161.61.57 - - [15/May/2025:12:36:37 +0000] "POST /wp-cron.php?doing_wp_cron=1747312597.9375030994415283203125 HTTP/1.1" 200 - "-" "WordPress/6.8.1; https://pacja.org"
18.218.243.199 - - [15/May/2025:12:36:33 +0000] "GET /shopdetail/25630349 HTTP/1.1" 404 32843 "-" "Mozilla/5.0 AppleWebKit/537.36 (KHTML, like Gecko; compatible; ClaudeBot/1.0; +claudebot@anthropic.com)"
66.249.68.37 - - [15/May/2025:12:36:38 +0000] "GET /shopdetail/4566183 HTTP/1.1" 200 18568 "-" "Mozilla/5.0 (Linux; Android 6.0.1; Nexus 5X Build/MMB29P) AppleWebKit/537.36 (KHTML, like Gecko) Chrome/136.0.7103.59 Mobile Safari/537.36 (compatible; Googlebot/2.1; +http://www.google.com/bot.html)"
18.218.243.199 - - [15/May/2025:12:36:37 +0000] "GET /shopdetail/16435494 HTTP/1.1" 404 32843 "-" "Mozilla/5.0 AppleWebKit/537.36 (KHTML, like Gecko; compatible; ClaudeBot/1.0; +claudebot@anthropic.com)"
18.218.243.199 - - [15/May/2025:12:36:36 +0000] "GET /shopdetail/6468027 HTTP/1.1" 404 32843 "-" "Mozilla/5.0 AppleWebKit/537.36 (KHTML, like Gecko; compatible; ClaudeBot/1.0; +claudebot@anthropic.com)"
18.218.243.199 - - [15/May/2025:12:36:38 +0000] "GET /shopdetail/30075949 HTTP/1.1" 404 32843 "-" "Mozilla/5.0 AppleWebKit/537.36 (KHTML, like Gecko; compatible; ClaudeBot/1.0; +claudebot@anthropic.com)"
18.218.243.199 - - [15/May/2025:12:36:39 +0000] "GET /shopdetail/2089649 HTTP/1.1" 404 32842 "-" "Mozilla/5.0 AppleWebKit/537.36 (KHTML, like Gecko; compatible; ClaudeBot/1.0; +claudebot@anthropic.com)"
18.218.243.199 - - [15/May/2025:12:36:40 +0000] "GET /shopdetail/21211849 HTTP/1.1" 404 32843 "-" "Mozilla/5.0 AppleWebKit/537.36 (KHTML, like Gecko; compatible; ClaudeBot/1.0; +claudebot@anthropic.com)"
18.218.243.199 - - [15/May/2025:12:36:41 +0000] "GET /shopdetail/24210649 HTTP/1.1" 404 32843 "-" "Mozilla/5.0 AppleWebKit/537.36 (KHTML, like Gecko; compatible; ClaudeBot/1.0; +claudebot@anthropic.com)"
18.218.243.199 - - [15/May/2025:12:36:42 +0000] "GET /shopdetail/27949572 HTTP/1.1" 404 32842 "-" "Mozilla/5.0 AppleWebKit/537.36 (KHTML, like Gecko; compatible; ClaudeBot/1.0; +claudebot@anthropic.com)"
18.218.243.199 - - [15/May/2025:12:36:43 +0000] "GET /shopdetail/10056205 HTTP/1.1" 404 32842 "-" "Mozilla/5.0 AppleWebKit/537.36 (KHTML, like Gecko; compatible; ClaudeBot/1.0; +claudebot@anthropic.com)"
66.249.68.37 - - [15/May/2025:12:36:45 +0000] "GET /shopdetail/14162205 HTTP/1.1" 200 18968 "-" "Mozilla/5.0 (Linux; Android 6.0.1; Nexus 5X Build/MMB29P) AppleWebKit/537.36 (KHTML, like Gecko) Chrome/136.0.7103.59 Mobile Safari/537.36 (compatible; Googlebot/2.1; +http://www.google.com/bot.html)"
18.218.243.199 - - [15/May/2025:12:36:43 +0000] "GET /shopdetail/23050494 HTTP/1.1" 404 32843 "-" "Mozilla/5.0 AppleWebKit/537.36 (KHTML, like Gecko; compatible; ClaudeBot/1.0; +claudebot@anthropic.com)"
18.218.243.199 - - [15/May/2025:12:36:44 +0000] "GET /shopdetail/22380494 HTTP/1.1" 404 32843 "-" "Mozilla/5.0 AppleWebKit/537.36 (KHTML, like Gecko; compatible; ClaudeBot/1.0; +claudebot@anthropic.com)"
18.218.243.199 - - [15/May/2025:12:36:45 +0000] "GET /shopdetail/14296649 HTTP/1.1" 404 32843 "-" "Mozilla/5.0 AppleWebKit/537.36 (KHTML, like Gecko; compatible; ClaudeBot/1.0; +claudebot@anthropic.com)"
18.218.243.199 - - [15/May/2025:12:36:46 +0000] "GET /shopdetail/21300049 HTTP/1.1" 404 32842 "-" "Mozilla/5.0 AppleWebKit/537.36 (KHTML, like Gecko; compatible; ClaudeBot/1.0; +claudebot@anthropic.com)"
18.218.243.199 - - [15/May/2025:12:36:47 +0000] "GET /shopdetail/21793649 HTTP/1.1" 404 32844 "-" "Mozilla/5.0 AppleWebKit/537.36 (KHTML, like Gecko; compatible; ClaudeBot/1.0; +claudebot@anthropic.com)"
18.218.243.199 - - [15/May/2025:12:36:48 +0000] "GET /shopdetail/26578494 HTTP/1.1" 404 32844 "-" "Mozilla/5.0 AppleWebKit/537.36 (KHTML, like Gecko; compatible; ClaudeBot/1.0; +claudebot@anthropic.com)"
18.218.243.199 - - [15/May/2025:12:36:48 +0000] "GET /shopdetail/5408050 HTTP/1.1" 404 32841 "-" "Mozilla/5.0 AppleWebKit/537.36 (KHTML, like Gecko; compatible; ClaudeBot/1.0; +claudebot@anthropic.com)"
18.218.243.199 - - [15/May/2025:12:36:49 +0000] "GET /shopdetail/16140349 HTTP/1.1" 404 32843 "-" "Mozilla/5.0 AppleWebKit/537.36 (KHTML, like Gecko; compatible; ClaudeBot/1.0; +claudebot@anthropic.com)"
168.138.139.75 - - [15/May/2025:12:37:18 +0000] "GET /feed/ HTTP/1.1" 403 - "-" "Java/1.8.0_412"
168.138.139.75 - - [15/May/2025:12:37:18 +0000] "POST /feed/ HTTP/1.1" 403 - "-" "Java/1.8.0_412"
168.138.159.57 - - [15/May/2025:12:37:19 +0000] "GET /feed/ HTTP/1.1" 200 66541 "-" "Mozilla/5.0 (X11; Linux i686) AppleWebKit/537.36 (KHTML, like Gecko) Chrome/28.0.1500.52 Safari/537.36"
3.133.112.141 - - [15/May/2025:12:37:19 +0000] "GET /shopdetail/22446649 HTTP/1.1" 404 32842 "-" "Mozilla/5.0 AppleWebKit/537.36 (KHTML, like Gecko; compatible; ClaudeBot/1.0; +claudebot@anthropic.com)"
3.133.112.141 - - [15/May/2025:12:37:20 +0000] "GET /shopdetail/27297649 HTTP/1.1" 404 32843 "-" "Mozilla/5.0 AppleWebKit/537.36 (KHTML, like Gecko; compatible; ClaudeBot/1.0; +claudebot@anthropic.com)"
3.133.112.141 - - [15/May/2025:12:37:21 +0000] "GET /shopdetail/23116649 HTTP/1.1" 404 32843 "-" "Mozilla/5.0 AppleWebKit/537.36 (KHTML, like Gecko; compatible; ClaudeBot/1.0; +claudebot@anthropic.com)"
3.133.112.141 - - [15/May/2025:12:37:22 +0000] "GET /shopdetail/920994 HTTP/1.1" 404 32839 "-" "Mozilla/5.0 AppleWebKit/537.36 (KHTML, like Gecko; compatible; ClaudeBot/1.0; +claudebot@anthropic.com)"
3.133.112.141 - - [15/May/2025:12:37:22 +0000] "GET /shopdetail/2120194 HTTP/1.1" 404 32841 "-" "Mozilla/5.0 AppleWebKit/537.36 (KHTML, like Gecko; compatible; ClaudeBot/1.0; +claudebot@anthropic.com)"
3.133.112.141 - - [15/May/2025:12:37:23 +0000] "GET /shopdetail/15421194 HTTP/1.1" 404 32840 "-" "Mozilla/5.0 AppleWebKit/537.36 (KHTML, like Gecko; compatible; ClaudeBot/1.0; +claudebot@anthropic.com)"
3.133.112.141 - - [15/May/2025:12:37:24 +0000] "GET /shopdetail/30022272 HTTP/1.1" 404 32840 "-" "Mozilla/5.0 AppleWebKit/537.36 (KHTML, like Gecko; compatible; ClaudeBot/1.0; +claudebot@anthropic.com)"
211.19.210.20 - - [15/May/2025:12:37:24 +0000] "GET /zhHant/product/surugaya/36930997?campaign_uid=f64d716db5e979ed2f947dbaf4296895b951ae7f HTTP/1.1" 404 32964 "https://www.google.com/" "Mozilla/5.0 (Macintosh; Intel Mac OS X 10.15; rv:138.0) Gecko/20100101 Firefox/138.0"
211.19.210.20 - - [15/May/2025:12:37:26 +0000] "GET /wp-content/plugins/formidable/css/formidableforms.css?ver=2192154 HTTP/1.1" 200 8568 "https://pacja.org/zhHant/product/surugaya/36930997?campaign_uid=f64d716db5e979ed2f947dbaf4296895b951ae7f" "Mozilla/5.0 (Macintosh; Intel Mac OS X 10.15; rv:138.0) Gecko/20100101 Firefox/138.0"
3.133.112.141 - - [15/May/2025:12:37:25 +0000] "GET /shopdetail/27618827 HTTP/1.1" 404 32843 "-" "Mozilla/5.0 AppleWebKit/537.36 (KHTML, like Gecko; compatible; ClaudeBot/1.0; +claudebot@anthropic.com)"
211.19.210.20 - - [15/May/2025:12:37:26 +0000] "GET /wp-content/plugins/civist/civist-wordpress-blocks-embed.css?ver=1bdc5b775f7478bc9ab8 HTTP/1.1" 200 369 "https://pacja.org/zhHant/product/surugaya/36930997?campaign_uid=f64d716db5e979ed2f947dbaf4296895b951ae7f" "Mozilla/5.0 (Macintosh; Intel Mac OS X 10.15; rv:138.0) Gecko/20100101 Firefox/138.0"
211.19.210.20 - - [15/May/2025:12:37:26 +0000] "GET /wp-content/plugins/gs-logo-slider/assets/libs/swiper-js/swiper.min.css?ver=3.7.4 HTTP/1.1" 200 4583 "https://pacja.org/zhHant/product/surugaya/36930997?campaign_uid=f64d716db5e979ed2f947dbaf4296895b951ae7f" "Mozilla/5.0 (Macintosh; Intel Mac OS X 10.15; rv:138.0) Gecko/20100101 Firefox/138.0"
211.19.210.20 - - [15/May/2025:12:37:26 +0000] "GET /wp-content/plugins/gs-logo-slider/assets/libs/tippyjs/tippy.css?ver=3.7.4 HTTP/1.1" 200 589 "https://pacja.org/zhHant/product/surugaya/36930997?campaign_uid=f64d716db5e979ed2f947dbaf4296895b951ae7f" "Mozilla/5.0 (Macintosh; Intel Mac OS X 10.15; rv:138.0) Gecko/20100101 Firefox/138.0"
211.19.210.20 - - [15/May/2025:12:37:26 +0000] "GET /wp-content/plugins/gs-logo-slider/assets/css/gs-logo.min.css?ver=3.7.4 HTTP/1.1" 200 1866 "https://pacja.org/zhHant/product/surugaya/36930997?campaign_uid=f64d716db5e979ed2f947dbaf4296895b951ae7f" "Mozilla/5.0 (Macintosh; Intel Mac OS X 10.15; rv:138.0) Gecko/20100101 Firefox/138.0"
211.19.210.20 - - [15/May/2025:12:37:26 +0000] "GET /wp-content/plugins/LayerSlider/assets/static/layerslider/css/layerslider.css?ver=7.11.0 HTTP/1.1" 200 5323 "https://pacja.org/zhHant/product/surugaya/36930997?campaign_uid=f64d716db5e979ed2f947dbaf4296895b951ae7f" "Mozilla/5.0 (Macintosh; Intel Mac OS X 10.15; rv:138.0) Gecko/20100101 Firefox/138.0"
211.19.210.20 - - [15/May/2025:12:37:26 +0000] "GET /wp-includes/css/dist/block-library/style.min.css?ver=d6d318ac8eaa702f795eb12f2dd73d9f HTTP/1.1" 200 15323 "https://pacja.org/zhHant/product/surugaya/36930997?campaign_uid=f64d716db5e979ed2f947dbaf4296895b951ae7f" "Mozilla/5.0 (Macintosh; Intel Mac OS X 10.15; rv:138.0) Gecko/20100101 Firefox/138.0"
211.19.210.20 - - [15/May/2025:12:37:26 +0000] "GET /wp-includes/js/mediaelement/mediaelementplayer-legacy.min.css?ver=4.2.17 HTTP/1.1" 200 2592 "https://pacja.org/zhHant/product/surugaya/36930997?campaign_uid=f64d716db5e979ed2f947dbaf4296895b951ae7f" "Mozilla/5.0 (Macintosh; Intel Mac OS X 10.15; rv:138.0) Gecko/20100101 Firefox/138.0"
211.19.210.20 - - [15/May/2025:12:37:26 +0000] "GET /wp-includes/js/mediaelement/wp-mediaelement.min.css?ver=d6d318ac8eaa702f795eb12f2dd73d9f HTTP/1.1" 200 1156 "https://pacja.org/zhHant/product/surugaya/36930997?campaign_uid=f64d716db5e979ed2f947dbaf4296895b951ae7f" "Mozilla/5.0 (Macintosh; Intel Mac OS X 10.15; rv:138.0) Gecko/20100101 Firefox/138.0"
