18.118.140.186 - - [15/May/2025:12:14:48 +0000] "GET /wp-content/plugins/js_composer/assets/js/dist/vc_grid.min.js?ver=7.9 HTTP/1.1" 200 4451 "https://pacja.org/category/publications/zambia-related-publications/" "Mozilla/5.0 AppleWebKit/537.36 (KHTML, like Gecko; compatible; ClaudeBot/1.0; +claudebot@anthropic.com)"
18.118.140.186 - - [15/May/2025:12:14:48 +0000] "GET /wp-content/plugins/interactive-3d-flipbook-powered-physics-engine/assets/js/client-locale-loader.js?ver=1.16.15 HTTP/1.1" 200 753 "https://pacja.org/category/publications/zambia-related-publications/" "Mozilla/5.0 AppleWebKit/537.36 (KHTML, like Gecko; compatible; ClaudeBot/1.0; +claudebot@anthropic.com)"
18.118.140.186 - - [15/May/2025:12:14:48 +0000] "GET /wp-content/plugins/google-analytics-for-wordpress/assets/js/frontend-gtag.min.js?ver=9.5.3 HTTP/1.1" 200 3277 "https://pacja.org/category/publications/zambia-related-publications/" "Mozilla/5.0 AppleWebKit/537.36 (KHTML, like Gecko; compatible; ClaudeBot/1.0; +claudebot@anthropic.com)"
18.118.140.186 - - [15/May/2025:12:14:48 +0000] "GET /wp-content/plugins/gtranslate/js/dwf.js?ver=d6d318ac8eaa702f795eb12f2dd73d9f HTTP/1.1" 200 6254 "https://pacja.org/category/publications/zambia-related-publications/" "Mozilla/5.0 AppleWebKit/537.36 (KHTML, like Gecko; compatible; ClaudeBot/1.0; +claudebot@anthropic.com)"
18.118.140.186 - - [15/May/2025:12:14:48 +0000] "GET /wp-content/plugins/akismet/_inc/akismet-frontend.js?ver=1740001267 HTTP/1.1" 200 3293 "https://pacja.org/category/publications/zambia-related-publications/" "Mozilla/5.0 AppleWebKit/537.36 (KHTML, like Gecko; compatible; ClaudeBot/1.0; +claudebot@anthropic.com)"
18.118.140.186 - - [15/May/2025:12:14:48 +0000] "GET /wp-content/plugins/revslider/sr6/assets/js/rbtools.min.js?ver=6.7.18 HTTP/1.1" 200 61824 "https://pacja.org/category/publications/zambia-related-publications/" "Mozilla/5.0 AppleWebKit/537.36 (KHTML, like Gecko; compatible; ClaudeBot/1.0; +claudebot@anthropic.com)"
18.118.140.186 - - [15/May/2025:12:14:48 +0000] "GET /wp-content/uploads/matomo/matomo.js HTTP/1.1" 200 21952 "https://pacja.org/category/publications/zambia-related-publications/" "Mozilla/5.0 AppleWebKit/537.36 (KHTML, like Gecko; compatible; ClaudeBot/1.0; +claudebot@anthropic.com)"
18.118.140.186 - - [15/May/2025:12:14:48 +0000] "GET /wp-content/plugins/revslider/sr6/assets/js/rs6.min.js?ver=6.7.18 HTTP/1.1" 200 108972 "https://pacja.org/category/publications/zambia-related-publications/" "Mozilla/5.0 AppleWebKit/537.36 (KHTML, like Gecko; compatible; ClaudeBot/1.0; +claudebot@anthropic.com)"
18.118.140.186 - - [15/May/2025:12:14:48 +0000] "GET /wp-includes/js/wp-emoji-release.min.js?ver=d6d318ac8eaa702f795eb12f2dd73d9f HTTP/1.1" 200 5166 "https://pacja.org/category/publications/zambia-related-publications/" "Mozilla/5.0 AppleWebKit/537.36 (KHTML, like Gecko; compatible; ClaudeBot/1.0; +claudebot@anthropic.com)"
18.118.140.186 - - [15/May/2025:12:14:48 +0000] "GET /wp-json/contact-form-7/v1/contact-forms/102/feedback/schema HTTP/1.1" 200 156 "https://pacja.org/category/publications/zambia-related-publications/" "Mozilla/5.0 AppleWebKit/537.36 (KHTML, like Gecko; compatible; ClaudeBot/1.0; +claudebot@anthropic.com)"
18.118.140.186 - - [15/May/2025:12:14:49 +0000] "GET /wp-json/contact-form-7/v1/contact-forms/102/refill HTTP/1.1" 200 22 "https://pacja.org/category/publications/zambia-related-publications/" "Mozilla/5.0 AppleWebKit/537.36 (KHTML, like Gecko; compatible; ClaudeBot/1.0; +claudebot@anthropic.com)"
18.118.140.186 - - [15/May/2025:12:14:48 +0000] "POST /wp-admin/admin-ajax.php HTTP/1.1" 200 46 "https://pacja.org/category/publications/zambia-related-publications/" "Mozilla/5.0 AppleWebKit/537.36 (KHTML, like Gecko; compatible; ClaudeBot/1.0; +claudebot@anthropic.com)"
18.118.140.186 - - [15/May/2025:12:14:49 +0000] "POST /wp-content/plugins/matomo/app/matomo.php?action_name=Zambia%20Related%20Publications%20-%20PACJA%20-%20Panafrican%20Climate%20Justice%20Alliance&idsite=1&rec=1&r=307299&h=12&m=14&s=48&url=https%3A%2F%2Fpacja.org%2Fcategory%2Fpublications%2Fzambia-related-publications%2F&_id=8a9c1fd7601d68ae&_idn=1&send_image=0&_refts=0&pv_id=rq2Rjm&pf_net=0&pf_srv=1594&pf_tfr=122&pf_dm1=1389&uadata=%7B%22formFactors%22%3A%5B%5D%2C%22fullVersionList%22%3A%5B%7B%22brand%22%3A%22Chromium%22%2C%22version%22%3A%22130.0.6723.116%22%7D%2C%7B%22brand%22%3A%22HeadlessChrome%22%2C%22version%22%3A%22130.0.6723.116%22%7D%2C%7B%22brand%22%3A%22Not%3FA_Brand%22%2C%22version%22%3A%2299.0.0.0%22%7D%5D%2C%22mobile%22%3Afalse%2C%22model%22%3A%22%22%2C%22platform%22%3A%22Windows%22%2C%22platformVersion%22%3A%22%22%7D&cookie=1&res=1280x720 HTTP/1.1" 204 - "https://pacja.org/category/publications/zambia-related-publications/" "Mozilla/5.0 AppleWebKit/537.36 (KHTML, like Gecko; compatible; ClaudeBot/1.0; +claudebot@anthropic.com)"
66.249.79.199 - - [15/May/2025:12:14:52 +0000] "GET /shopdetail/15205461 HTTP/1.1" 200 19039 "-" "Mozilla/5.0 (compatible; Googlebot/2.1; +http://www.google.com/bot.html)"
66.249.68.39 - - [15/May/2025:12:14:55 +0000] "GET /shopdetail/9289650 HTTP/1.1" 200 19356 "-" "Mozilla/5.0 (Linux; Android 6.0.1; Nexus 5X Build/MMB29P) AppleWebKit/537.36 (KHTML, like Gecko) Chrome/136.0.7103.59 Mobile Safari/537.36 (compatible; Googlebot/2.1; +http://www.google.com/bot.html)"
66.249.79.199 - - [15/May/2025:12:14:55 +0000] "GET /?_gl=1*rgknbr*_ga*MzY3MjE1MDcwLjE3MzcwOTUyMjA.*_ga_0VKVKKN4NV*MTczNzEwMjM4NC4yLjEuMTczNzEwMjQ1My42MC4wLjA.&_bd_prev_page=https://pacja.org/detail.php?shopdetail/8736327 HTTP/1.1" 200 21361 "-" "Mozilla/5.0 (Linux; Android 6.0.1; Nexus 5X Build/MMB29P) AppleWebKit/537.36 (KHTML, like Gecko) Chrome/136.0.7103.59 Mobile Safari/537.36 (compatible; Googlebot/2.1; +http://www.google.com/bot.html)"
66.249.79.199 - - [15/May/2025:12:14:55 +0000] "GET /?_gl=1*rgknbr*_ga*MzY3MjE1MDcwLjE3MzcwOTUyMjA.*_ga_0VKVKKN4NV*MTczNzEwMjM4NC4yLjEuMTczNzEwMjQ1My42MC4wLjA.&_bd_prev_page=https://pacja.org/detail.php?shopdetail/20216850 HTTP/1.1" 200 20209 "-" "Mozilla/5.0 (Linux; Android 6.0.1; Nexus 5X Build/MMB29P) AppleWebKit/537.36 (KHTML, like Gecko) Chrome/136.0.7103.59 Mobile Safari/537.36 (compatible; Googlebot/2.1; +http://www.google.com/bot.html)"
190.92.215.248 - - [15/May/2025:12:15:05 +0000] "GET /gp/profile/amzn1.account.AF5FRYZXCS7TKUJBS42LJ5SIYFCQ/ref=cm_cr_dp_d_gw_tr?ie=UTF8 HTTP/1.1" 404 32974 "https://pacja.org/gp/profile/amzn1.account.AF5FRYZXCS7TKUJBS42LJ5SIYFCQ/ref=cm_cr_dp_d_gw_tr?ie=UTF8" "Mozilla/5.0 (Macintosh; Intel Mac OS X 10_15_7) AppleWebKit/537.36 (KHTML, like Gecko) Chrome/123.0.0.0 Safari/537.36"
216.73.216.40 - - [15/May/2025:12:15:10 +0000] "GET /shopdetail/14737649 HTTP/1.1" 404 32841 "-" "Mozilla/5.0 AppleWebKit/537.36 (KHTML, like Gecko; compatible; ClaudeBot/1.0; +claudebot@anthropic.com)"
216.73.216.40 - - [15/May/2025:12:15:11 +0000] "GET /shopdetail/15950394 HTTP/1.1" 404 32840 "-" "Mozilla/5.0 AppleWebKit/537.36 (KHTML, like Gecko; compatible; ClaudeBot/1.0; +claudebot@anthropic.com)"
216.73.216.40 - - [15/May/2025:12:15:11 +0000] "GET /shopdetail/29422949 HTTP/1.1" 404 32841 "-" "Mozilla/5.0 AppleWebKit/537.36 (KHTML, like Gecko; compatible; ClaudeBot/1.0; +claudebot@anthropic.com)"
216.73.216.40 - - [15/May/2025:12:15:12 +0000] "GET /shopdetail/3771950 HTTP/1.1" 404 32840 "-" "Mozilla/5.0 AppleWebKit/537.36 (KHTML, like Gecko; compatible; ClaudeBot/1.0; +claudebot@anthropic.com)"
216.73.216.40 - - [15/May/2025:12:15:12 +0000] "GET /shopdetail/22534849 HTTP/1.1" 404 32842 "-" "Mozilla/5.0 AppleWebKit/537.36 (KHTML, like Gecko; compatible; ClaudeBot/1.0; +claudebot@anthropic.com)"
216.73.216.40 - - [15/May/2025:12:15:12 +0000] "GET /shopdetail/24938294 HTTP/1.1" 404 32842 "-" "Mozilla/5.0 AppleWebKit/537.36 (KHTML, like Gecko; compatible; ClaudeBot/1.0; +claudebot@anthropic.com)"
216.73.216.40 - - [15/May/2025:12:15:13 +0000] "GET /shopdetail/10929772 HTTP/1.1" 404 32839 "-" "Mozilla/5.0 AppleWebKit/537.36 (KHTML, like Gecko; compatible; ClaudeBot/1.0; +claudebot@anthropic.com)"
47.128.46.55 - - [15/May/2025:12:15:15 +0000] "GET /index.php/en/world-1/item/407-the-bigger-issue-of-reducing-carbon-emissions-in-climate-negotiations HTTP/1.1" 403 - "-" "Mozilla/5.0 (Linux; Android 5.0) AppleWebKit/537.36 (KHTML, like Gecko) Mobile Safari/537.36 (compatible; Bytespider; spider-feedback@bytedance.com)"
216.73.216.40 - - [15/May/2025:12:15:13 +0000] "GET /shopdetail/28333994 HTTP/1.1" 404 32841 "-" "Mozilla/5.0 AppleWebKit/537.36 (KHTML, like Gecko; compatible; ClaudeBot/1.0; +claudebot@anthropic.com)"
216.73.216.40 - - [15/May/2025:12:15:14 +0000] "GET /shopdetail/11539527 HTTP/1.1" 404 32841 "-" "Mozilla/5.0 AppleWebKit/537.36 (KHTML, like Gecko; compatible; ClaudeBot/1.0; +claudebot@anthropic.com)"
216.73.216.40 - - [15/May/2025:12:15:15 +0000] "GET /shopdetail/2543127 HTTP/1.1" 404 32841 "-" "Mozilla/5.0 AppleWebKit/537.36 (KHTML, like Gecko; compatible; ClaudeBot/1.0; +claudebot@anthropic.com)"
216.73.216.40 - - [15/May/2025:12:15:16 +0000] "GET /shopdetail/18887338 HTTP/1.1" 404 32841 "-" "Mozilla/5.0 AppleWebKit/537.36 (KHTML, like Gecko; compatible; ClaudeBot/1.0; +claudebot@anthropic.com)"
216.73.216.40 - - [15/May/2025:12:15:15 +0000] "GET /shopdetail/28715350 HTTP/1.1" 404 32841 "-" "Mozilla/5.0 AppleWebKit/537.36 (KHTML, like Gecko; compatible; ClaudeBot/1.0; +claudebot@anthropic.com)"
202.61.239.40 - - [15/May/2025:12:15:18 +0000] "GET /media/k2/items/cache/e4c07973dbc8eb2f7380bdedc4201087_L.jpg HTTP/1.1" 301 - "-" "Mozilla/5.0 (Windows NT 10.0; Win64; x64) AppleWebKit/537.36 (KHTML, like Gecko) Chrome/100.0.2070.915 Safari/537.36"
216.73.216.40 - - [15/May/2025:12:15:17 +0000] "GET /shopdetail/16329538 HTTP/1.1" 404 32841 "-" "Mozilla/5.0 AppleWebKit/537.36 (KHTML, like Gecko; compatible; ClaudeBot/1.0; +claudebot@anthropic.com)"
216.73.216.40 - - [15/May/2025:12:15:18 +0000] "GET /shopdetail/29436494 HTTP/1.1" 404 32843 "-" "Mozilla/5.0 AppleWebKit/537.36 (KHTML, like Gecko; compatible; ClaudeBot/1.0; +claudebot@anthropic.com)"
202.61.239.40 - - [15/May/2025:12:15:19 +0000] "GET /media/k2/items/cache/e4c07973dbc8eb2f7380bdedc4201087_L.jpg HTTP/1.1" 404 32941 "-" "Mozilla/5.0 (Windows NT 10.0; Win64; x64) AppleWebKit/537.36 (KHTML, like Gecko) Chrome/100.0.2070.915 Safari/537.36"
216.73.216.40 - - [15/May/2025:12:15:20 +0000] "GET /shopdetail/10238572 HTTP/1.1" 404 32839 "-" "Mozilla/5.0 AppleWebKit/537.36 (KHTML, like Gecko; compatible; ClaudeBot/1.0; +claudebot@anthropic.com)"
216.73.216.40 - - [15/May/2025:12:15:20 +0000] "GET /shopdetail/25612272 HTTP/1.1" 404 32841 "-" "Mozilla/5.0 AppleWebKit/537.36 (KHTML, like Gecko; compatible; ClaudeBot/1.0; +claudebot@anthropic.com)"
216.73.216.40 - - [15/May/2025:12:15:19 +0000] "GET /shopdetail/25590227 HTTP/1.1" 404 32842 "-" "Mozilla/5.0 AppleWebKit/537.36 (KHTML, like Gecko; compatible; ClaudeBot/1.0; +claudebot@anthropic.com)"
216.73.216.40 - - [15/May/2025:12:15:21 +0000] "GET /shopdetail/14927594 HTTP/1.1" 404 32842 "-" "Mozilla/5.0 AppleWebKit/537.36 (KHTML, like Gecko; compatible; ClaudeBot/1.0; +claudebot@anthropic.com)"
216.73.216.40 - - [15/May/2025:12:15:23 +0000] "GET /shopdetail/26128994 HTTP/1.1" 404 32843 "-" "Mozilla/5.0 AppleWebKit/537.36 (KHTML, like Gecko; compatible; ClaudeBot/1.0; +claudebot@anthropic.com)"
216.73.216.40 - - [15/May/2025:12:15:22 +0000] "GET /shopdetail/19703183 HTTP/1.1" 404 32842 "-" "Mozilla/5.0 AppleWebKit/537.36 (KHTML, like Gecko; compatible; ClaudeBot/1.0; +claudebot@anthropic.com)"
216.73.216.40 - - [15/May/2025:12:15:24 +0000] "GET /shopdetail/558627 HTTP/1.1" 404 32840 "-" "Mozilla/5.0 AppleWebKit/537.36 (KHTML, like Gecko; compatible; ClaudeBot/1.0; +claudebot@anthropic.com)"
203.161.61.57 - - [15/May/2025:12:15:27 +0000] "POST /wp-cron.php?doing_wp_cron=1747311327.1249859333038330078125 HTTP/1.1" 200 - "-" "WordPress/6.8.1; https://pacja.org"
216.73.216.40 - - [15/May/2025:12:15:26 +0000] "GET /shopdetail/19887338 HTTP/1.1" 404 32842 "-" "Mozilla/5.0 AppleWebKit/537.36 (KHTML, like Gecko; compatible; ClaudeBot/1.0; +claudebot@anthropic.com)"
203.161.61.57 - - [15/May/2025:12:15:27 +0000] "POST /wp-cron.php?doing_wp_cron=1747311327.9453749656677246093750 HTTP/1.1" 200 - "-" "WordPress/6.8.1; https://pacja.org"
216.73.216.40 - - [15/May/2025:12:15:25 +0000] "GET /shopdetail/27540194 HTTP/1.1" 404 32843 "-" "Mozilla/5.0 AppleWebKit/537.36 (KHTML, like Gecko; compatible; ClaudeBot/1.0; +claudebot@anthropic.com)"
203.161.61.57 - - [15/May/2025:12:15:28 +0000] "POST /wp-cron.php?doing_wp_cron=1747311328.8676929473876953125000 HTTP/1.1" 200 - "-" "WordPress/6.8.1; https://pacja.org"
216.73.216.40 - - [15/May/2025:12:15:19 +0000] "GET /shopdetail/9504950 HTTP/1.1" 404 32840 "-" "Mozilla/5.0 AppleWebKit/537.36 (KHTML, like Gecko; compatible; ClaudeBot/1.0; +claudebot@anthropic.com)"
216.73.216.40 - - [15/May/2025:12:15:27 +0000] "GET /shopdetail/7608650 HTTP/1.1" 404 32841 "-" "Mozilla/5.0 AppleWebKit/537.36 (KHTML, like Gecko; compatible; ClaudeBot/1.0; +claudebot@anthropic.com)"
216.73.216.40 - - [15/May/2025:12:15:28 +0000] "GET /shopdetail/8041227 HTTP/1.1" 404 32841 "-" "Mozilla/5.0 AppleWebKit/537.36 (KHTML, like Gecko; compatible; ClaudeBot/1.0; +claudebot@anthropic.com)"
203.161.61.57 - - [15/May/2025:12:15:29 +0000] "POST /wp-admin/admin-ajax.php?action=async_litespeed&nonce=YagzLJB5Nq4SernFfEutmzCZi4tU1Zlf&litespeed_type=imgoptm HTTP/1.1" 200 21 "-" "WordPress/6.8.1; https://pacja.org"
216.73.216.40 - - [15/May/2025:12:15:30 +0000] "GET /shopdetail/28168505 HTTP/1.1" 404 32843 "-" "Mozilla/5.0 AppleWebKit/537.36 (KHTML, like Gecko; compatible; ClaudeBot/1.0; +claudebot@anthropic.com)"
203.161.61.57 - - [15/May/2025:12:15:32 +0000] "POST /wp-cron.php?doing_wp_cron=1747311332.4451339244842529296875 HTTP/1.1" 200 - "-" "WordPress/6.8.1; https://pacja.org"
216.73.216.40 - - [15/May/2025:12:15:26 +0000] "GET /shopdetail/9915472 HTTP/1.1" 404 32840 "-" "Mozilla/5.0 AppleWebKit/537.36 (KHTML, like Gecko; compatible; ClaudeBot/1.0; +claudebot@anthropic.com)"
120.136.255.198 - - [15/May/2025:12:15:33 +0000] "GET /shopdetail/10169550 HTTP/1.1" 200 348 "https://service.smt.docomo.ne.jp/portal/search/web/result.html?q=%E3%83%AA%E3%83%99%E3%83%AB+%E3%82%B5%E3%82%A4%E3%83%99%E3%83%83%E3%82%AF%E3%82%B9" "Mozilla/5.0 (Linux; Android 10; K) AppleWebKit/537.36 (KHTML, like Gecko) Chrome/134.0.0.0 Mobile Safari/537.36"
216.73.216.40 - - [15/May/2025:12:15:31 +0000] "GET /shopdetail/5165505 HTTP/1.1" 404 32841 "-" "Mozilla/5.0 AppleWebKit/537.36 (KHTML, like Gecko; compatible; ClaudeBot/1.0; +claudebot@anthropic.com)"
216.73.216.40 - - [15/May/2025:12:15:32 +0000] "GET /shopdetail/16647494 HTTP/1.1" 404 32842 "-" "Mozilla/5.0 AppleWebKit/537.36 (KHTML, like Gecko; compatible; ClaudeBot/1.0; +claudebot@anthropic.com)"
216.73.216.40 - - [15/May/2025:12:15:29 +0000] "GET /shopdetail/532594 HTTP/1.1" 404 32840 "-" "Mozilla/5.0 AppleWebKit/537.36 (KHTML, like Gecko; compatible; ClaudeBot/1.0; +claudebot@anthropic.com)"
216.73.216.40 - - [15/May/2025:12:15:34 +0000] "GET /shopdetail/27041549 HTTP/1.1" 404 32843 "-" "Mozilla/5.0 AppleWebKit/537.36 (KHTML, like Gecko; compatible; ClaudeBot/1.0; +claudebot@anthropic.com)"
66.249.68.39 - - [15/May/2025:12:15:36 +0000] "GET /shopdetail/8747872 HTTP/1.1" 200 18484 "-" "Mozilla/5.0 (Linux; Android 6.0.1; Nexus 5X Build/MMB29P) AppleWebKit/537.36 (KHTML, like Gecko) Chrome/136.0.7103.59 Mobile Safari/537.36 (compatible; Googlebot/2.1; +http://www.google.com/bot.html)"
216.73.216.40 - - [15/May/2025:12:15:35 +0000] "GET /shopdetail/23413383 HTTP/1.1" 404 32842 "-" "Mozilla/5.0 AppleWebKit/537.36 (KHTML, like Gecko; compatible; ClaudeBot/1.0; +claudebot@anthropic.com)"
203.161.61.57 - - [15/May/2025:12:15:37 +0000] "POST /wp-cron.php?doing_wp_cron=1747311337.7184898853302001953125 HTTP/1.1" 200 - "-" "WordPress/6.8.1; https://pacja.org"
216.73.216.40 - - [15/May/2025:12:15:33 +0000] "GET /shopdetail/27815705 HTTP/1.1" 404 32843 "-" "Mozilla/5.0 AppleWebKit/537.36 (KHTML, like Gecko; compatible; ClaudeBot/1.0; +claudebot@anthropic.com)"
203.161.61.57 - - [15/May/2025:12:15:38 +0000] "POST /wp-cron.php?doing_wp_cron=1747311338.6682090759277343750000 HTTP/1.1" 200 - "-" "WordPress/6.8.1; https://pacja.org"
216.73.216.40 - - [15/May/2025:12:15:36 +0000] "GET /shopdetail/25700472 HTTP/1.1" 404 32841 "-" "Mozilla/5.0 AppleWebKit/537.36 (KHTML, like Gecko; compatible; ClaudeBot/1.0; +claudebot@anthropic.com)"
216.73.216.40 - - [15/May/2025:12:15:37 +0000] "GET /shopdetail/29817850 HTTP/1.1" 404 32841 "-" "Mozilla/5.0 AppleWebKit/537.36 (KHTML, like Gecko; compatible; ClaudeBot/1.0; +claudebot@anthropic.com)"
216.73.216.40 - - [15/May/2025:12:15:38 +0000] "GET /shopdetail/9827272 HTTP/1.1" 404 32839 "-" "Mozilla/5.0 AppleWebKit/537.36 (KHTML, like Gecko; compatible; ClaudeBot/1.0; +claudebot@anthropic.com)"
216.73.216.40 - - [15/May/2025:12:15:32 +0000] "GET /shopdetail/18530249 HTTP/1.1" 404 32842 "-" "Mozilla/5.0 AppleWebKit/537.36 (KHTML, like Gecko; compatible; ClaudeBot/1.0; +claudebot@anthropic.com)"
216.73.216.40 - - [15/May/2025:12:15:40 +0000] "GET /shopdetail/7614627 HTTP/1.1" 404 32842 "-" "Mozilla/5.0 AppleWebKit/537.36 (KHTML, like Gecko; compatible; ClaudeBot/1.0; +claudebot@anthropic.com)"
216.73.216.40 - - [15/May/2025:12:15:40 +0000] "GET /shopdetail/6554650 HTTP/1.1" 404 32840 "-" "Mozilla/5.0 AppleWebKit/537.36 (KHTML, like Gecko; compatible; ClaudeBot/1.0; +claudebot@anthropic.com)"
216.73.216.40 - - [15/May/2025:12:15:42 +0000] "GET /shopdetail/28837683 HTTP/1.1" 404 32843 "-" "Mozilla/5.0 AppleWebKit/537.36 (KHTML, like Gecko; compatible; ClaudeBot/1.0; +claudebot@anthropic.com)"
216.73.216.40 - - [15/May/2025:12:15:41 +0000] "GET /shopdetail/17500672 HTTP/1.1" 404 32839 "-" "Mozilla/5.0 AppleWebKit/537.36 (KHTML, like Gecko; compatible; ClaudeBot/1.0; +claudebot@anthropic.com)"
216.73.216.40 - - [15/May/2025:12:15:41 +0000] "GET /shopdetail/24527849 HTTP/1.1" 404 32843 "-" "Mozilla/5.0 AppleWebKit/537.36 (KHTML, like Gecko; compatible; ClaudeBot/1.0; +claudebot@anthropic.com)"
66.249.68.38 - - [15/May/2025:12:15:54 +0000] "GET /shopdetail/10350416 HTTP/1.1" 200 19681 "-" "Mozilla/5.0 (Linux; Android 6.0.1; Nexus 5X Build/MMB29P) AppleWebKit/537.36 (KHTML, like Gecko) Chrome/136.0.7103.59 Mobile Safari/537.36 (compatible; Googlebot/2.1; +http://www.google.com/bot.html)"
69.63.184.1 - - [15/May/2025:12:16:04 +0000] "GET /positioning-african-non-state-actors-at-the-heart-of-climate-policy-and-global-justice-for-acs-ii-and-beyond/ HTTP/1.1" 200 259606 "-" "facebookexternalhit/1.1 (+http://www.facebook.com/externalhit_uatext.php)"
217.113.194.232 - - [15/May/2025:12:16:08 +0000] "GET /category/newsletter/page/2/ HTTP/1.1" 403 - "-" "Mozilla/5.0 (compatible; Barkrowler/0.9; +https://babbar.tech/crawler)"
102.215.34.108 - - [15/May/2025:12:16:09 +0000] "POST /wp-admin/admin-ajax.php HTTP/1.1" 200 101 "https://pacja.org/wp-admin/post.php?post=4782&action=edit" "Mozilla/5.0 (Windows NT 10.0; Win64; x64; rv:138.0) Gecko/20100101 Firefox/138.0"
3.22.209.115 - - [15/May/2025:12:16:13 +0000] "GET /shopdetail/20629283 HTTP/1.1" 404 32844 "-" "Mozilla/5.0 AppleWebKit/537.36 (KHTML, like Gecko; compatible; ClaudeBot/1.0; +claudebot@anthropic.com)"
3.22.209.115 - - [15/May/2025:12:16:13 +0000] "GET /shopdetail/14406894 HTTP/1.1" 404 32844 "-" "Mozilla/5.0 AppleWebKit/537.36 (KHTML, like Gecko; compatible; ClaudeBot/1.0; +claudebot@anthropic.com)"
3.22.209.115 - - [15/May/2025:12:16:13 +0000] "GET /shopdetail/5756450 HTTP/1.1" 404 32842 "-" "Mozilla/5.0 AppleWebKit/537.36 (KHTML, like Gecko; compatible; ClaudeBot/1.0; +claudebot@anthropic.com)"
3.22.209.115 - - [15/May/2025:12:16:13 +0000] "GET /shopdetail/26051705 HTTP/1.1" 404 32844 "-" "Mozilla/5.0 AppleWebKit/537.36 (KHTML, like Gecko; compatible; ClaudeBot/1.0; +claudebot@anthropic.com)"
3.22.209.115 - - [15/May/2025:12:16:14 +0000] "GET /shopdetail/27590805 HTTP/1.1" 404 32845 "-" "Mozilla/5.0 AppleWebKit/537.36 (KHTML, like Gecko; compatible; ClaudeBot/1.0; +claudebot@anthropic.com)"
3.22.209.115 - - [15/May/2025:12:16:14 +0000] "GET /shopdetail/26736827 HTTP/1.1" 404 32845 "-" "Mozilla/5.0 AppleWebKit/537.36 (KHTML, like Gecko; compatible; ClaudeBot/1.0; +claudebot@anthropic.com)"
3.22.209.115 - - [15/May/2025:12:16:15 +0000] "GET /shopdetail/13796272 HTTP/1.1" 404 32841 "-" "Mozilla/5.0 AppleWebKit/537.36 (KHTML, like Gecko; compatible; ClaudeBot/1.0; +claudebot@anthropic.com)"
3.22.209.115 - - [15/May/2025:12:16:15 +0000] "GET /shopdetail/14310194 HTTP/1.1" 404 32843 "-" "Mozilla/5.0 AppleWebKit/537.36 (KHTML, like Gecko; compatible; ClaudeBot/1.0; +claudebot@anthropic.com)"
3.22.209.115 - - [15/May/2025:12:16:15 +0000] "GET /shopdetail/25179338 HTTP/1.1" 404 32843 "-" "Mozilla/5.0 AppleWebKit/537.36 (KHTML, like Gecko; compatible; ClaudeBot/1.0; +claudebot@anthropic.com)"
3.22.209.115 - - [15/May/2025:12:16:16 +0000] "GET /shopdetail/1131927 HTTP/1.1" 404 32843 "-" "Mozilla/5.0 AppleWebKit/537.36 (KHTML, like Gecko; compatible; ClaudeBot/1.0; +claudebot@anthropic.com)"
3.22.209.115 - - [15/May/2025:12:16:16 +0000] "GET /shopdetail/18540338 HTTP/1.1" 404 32844 "-" "Mozilla/5.0 AppleWebKit/537.36 (KHTML, like Gecko; compatible; ClaudeBot/1.0; +claudebot@anthropic.com)"
3.22.209.115 - - [15/May/2025:12:16:17 +0000] "GET /shopdetail/5827005 HTTP/1.1" 404 32844 "-" "Mozilla/5.0 AppleWebKit/537.36 (KHTML, like Gecko; compatible; ClaudeBot/1.0; +claudebot@anthropic.com)"
3.22.209.115 - - [15/May/2025:12:16:18 +0000] "GET /shopdetail/26446194 HTTP/1.1" 404 32845 "-" "Mozilla/5.0 AppleWebKit/537.36 (KHTML, like Gecko; compatible; ClaudeBot/1.0; +claudebot@anthropic.com)"
66.249.79.199 - - [15/May/2025:12:16:20 +0000] "GET /product/edit/35144262 HTTP/1.1" 200 20047 "-" "Mozilla/5.0 (Linux; Android 6.0.1; Nexus 5X Build/MMB29P) AppleWebKit/537.36 (KHTML, like Gecko) Chrome/136.0.7103.59 Mobile Safari/537.36 (compatible; Googlebot/2.1; +http://www.google.com/bot.html)"
3.22.209.115 - - [15/May/2025:12:16:20 +0000] "GET /shopdetail/9266805 HTTP/1.1" 404 32842 "-" "Mozilla/5.0 AppleWebKit/537.36 (KHTML, like Gecko; compatible; ClaudeBot/1.0; +claudebot@anthropic.com)"
3.22.209.115 - - [15/May/2025:12:16:19 +0000] "GET /shopdetail/21264449 HTTP/1.1" 404 32845 "-" "Mozilla/5.0 AppleWebKit/537.36 (KHTML, like Gecko; compatible; ClaudeBot/1.0; +claudebot@anthropic.com)"
3.22.209.115 - - [15/May/2025:12:16:19 +0000] "GET /shopdetail/27999783 HTTP/1.1" 404 32845 "-" "Mozilla/5.0 AppleWebKit/537.36 (KHTML, like Gecko; compatible; ClaudeBot/1.0; +claudebot@anthropic.com)"
3.22.209.115 - - [15/May/2025:12:16:16 +0000] "GET /shopdetail/30060405 HTTP/1.1" 404 32844 "-" "Mozilla/5.0 AppleWebKit/537.36 (KHTML, like Gecko; compatible; ClaudeBot/1.0; +claudebot@anthropic.com)"
3.22.209.115 - - [15/May/2025:12:16:20 +0000] "GET /shopdetail/6400305 HTTP/1.1" 404 32842 "-" "Mozilla/5.0 AppleWebKit/537.36 (KHTML, like Gecko; compatible; ClaudeBot/1.0; +claudebot@anthropic.com)"
66.249.93.142 - - [15/May/2025:12:16:24 +0000] "GET /wp-content/uploads/2022/10/PACJA-Logo.png HTTP/1.1" 200 39094 "-" "Mozilla/5.0 (Windows NT 5.1; rv:11.0) Gecko Firefox/11.0 (via ggpht.com GoogleImageProxy)"
3.22.209.115 - - [15/May/2025:12:16:21 +0000] "GET /shopdetail/23979005 HTTP/1.1" 404 32845 "-" "Mozilla/5.0 AppleWebKit/537.36 (KHTML, like Gecko; compatible; ClaudeBot/1.0; +claudebot@anthropic.com)"
3.22.209.115 - - [15/May/2025:12:16:22 +0000] "GET /shopdetail/9163283 HTTP/1.1" 404 32843 "-" "Mozilla/5.0 AppleWebKit/537.36 (KHTML, like Gecko; compatible; ClaudeBot/1.0; +claudebot@anthropic.com)"
3.22.209.115 - - [15/May/2025:12:16:25 +0000] "GET /shopdetail/12539427 HTTP/1.1" 404 32844 "-" "Mozilla/5.0 AppleWebKit/537.36 (KHTML, like Gecko; compatible; ClaudeBot/1.0; +claudebot@anthropic.com)"
3.22.209.115 - - [15/May/2025:12:16:24 +0000] "GET /shopdetail/4643038 HTTP/1.1" 404 32843 "-" "Mozilla/5.0 AppleWebKit/537.36 (KHTML, like Gecko; compatible; ClaudeBot/1.0; +claudebot@anthropic.com)"
3.22.209.115 - - [15/May/2025:12:16:26 +0000] "GET /shopdetail/12470783 HTTP/1.1" 404 32843 "-" "Mozilla/5.0 AppleWebKit/537.36 (KHTML, like Gecko; compatible; ClaudeBot/1.0; +claudebot@anthropic.com)"
3.22.209.115 - - [15/May/2025:12:16:27 +0000] "GET /shopdetail/10210550 HTTP/1.1" 404 32843 "-" "Mozilla/5.0 AppleWebKit/537.36 (KHTML, like Gecko; compatible; ClaudeBot/1.0; +claudebot@anthropic.com)"
3.22.209.115 - - [15/May/2025:12:16:23 +0000] "GET /shopdetail/29851983 HTTP/1.1" 404 32843 "-" "Mozilla/5.0 AppleWebKit/537.36 (KHTML, like Gecko; compatible; ClaudeBot/1.0; +claudebot@anthropic.com)"
3.22.209.115 - - [15/May/2025:12:16:29 +0000] "GET /shopdetail/24626138 HTTP/1.1" 404 32845 "-" "Mozilla/5.0 AppleWebKit/537.36 (KHTML, like Gecko; compatible; ClaudeBot/1.0; +claudebot@anthropic.com)"
3.22.209.115 - - [15/May/2025:12:16:28 +0000] "GET /shopdetail/29414449 HTTP/1.1" 404 32845 "-" "Mozilla/5.0 AppleWebKit/537.36 (KHTML, like Gecko; compatible; ClaudeBot/1.0; +claudebot@anthropic.com)"
3.22.209.115 - - [15/May/2025:12:16:30 +0000] "GET /shopdetail/19831194 HTTP/1.1" 404 32844 "-" "Mozilla/5.0 AppleWebKit/537.36 (KHTML, like Gecko; compatible; ClaudeBot/1.0; +claudebot@anthropic.com)"
3.22.209.115 - - [15/May/2025:12:16:31 +0000] "GET /shopdetail/4742150 HTTP/1.1" 404 32841 "-" "Mozilla/5.0 AppleWebKit/537.36 (KHTML, like Gecko; compatible; ClaudeBot/1.0; +claudebot@anthropic.com)"
3.22.209.115 - - [15/May/2025:12:16:33 +0000] "GET /shopdetail/26746394 HTTP/1.1" 404 32845 "-" "Mozilla/5.0 AppleWebKit/537.36 (KHTML, like Gecko; compatible; ClaudeBot/1.0; +claudebot@anthropic.com)"
3.22.209.115 - - [15/May/2025:12:16:34 +0000] "GET /shopdetail/26414138 HTTP/1.1" 404 32845 "-" "Mozilla/5.0 AppleWebKit/537.36 (KHTML, like Gecko; compatible; ClaudeBot/1.0; +claudebot@anthropic.com)"
3.22.209.115 - - [15/May/2025:12:16:35 +0000] "GET /shopdetail/21425572 HTTP/1.1" 404 32843 "-" "Mozilla/5.0 AppleWebKit/537.36 (KHTML, like Gecko; compatible; ClaudeBot/1.0; +claudebot@anthropic.com)"
3.22.209.115 - - [15/May/2025:12:16:32 +0000] "GET /shopdetail/9575505 HTTP/1.1" 404 32844 "-" "Mozilla/5.0 AppleWebKit/537.36 (KHTML, like Gecko; compatible; ClaudeBot/1.0; +claudebot@anthropic.com)"
3.22.209.115 - - [15/May/2025:12:16:36 +0000] "GET /shopdetail/8788438 HTTP/1.1" 404 32844 "-" "Mozilla/5.0 AppleWebKit/537.36 (KHTML, like Gecko; compatible; ClaudeBot/1.0; +claudebot@anthropic.com)"
3.22.209.115 - - [15/May/2025:12:16:37 +0000] "GET /shopdetail/3565072 HTTP/1.1" 404 32842 "-" "Mozilla/5.0 AppleWebKit/537.36 (KHTML, like Gecko; compatible; ClaudeBot/1.0; +claudebot@anthropic.com)"
3.22.209.115 - - [15/May/2025:12:16:37 +0000] "GET /shopdetail/15427972 HTTP/1.1" 404 32841 "-" "Mozilla/5.0 AppleWebKit/537.36 (KHTML, like Gecko; compatible; ClaudeBot/1.0; +claudebot@anthropic.com)"
102.215.34.108 - - [15/May/2025:12:16:37 +0000] "POST /wp-admin/admin-ajax.php HTTP/1.1" 200 101 "https://pacja.org/wp-admin/post.php?post=5067&action=edit" "Mozilla/5.0 (Windows NT 10.0; Win64; x64; rv:138.0) Gecko/20100101 Firefox/138.0"
3.22.209.115 - - [15/May/2025:12:16:39 +0000] "GET /shopdetail/6539338 HTTP/1.1" 404 32843 "-" "Mozilla/5.0 AppleWebKit/537.36 (KHTML, like Gecko; compatible; ClaudeBot/1.0; +claudebot@anthropic.com)"
3.22.209.115 - - [15/May/2025:12:16:40 +0000] "GET /shopdetail/21210338 HTTP/1.1" 404 32844 "-" "Mozilla/5.0 AppleWebKit/537.36 (KHTML, like Gecko; compatible; ClaudeBot/1.0; +claudebot@anthropic.com)"
102.215.34.108 - - [15/May/2025:12:16:39 +0000] "POST /wp-admin/admin-ajax.php HTTP/1.1" 200 101 "https://pacja.org/wp-admin/post.php?post=5062&action=edit" "Mozilla/5.0 (Windows NT 10.0; Win64; x64; rv:138.0) Gecko/20100101 Firefox/138.0"
3.22.209.115 - - [15/May/2025:12:16:38 +0000] "GET /shopdetail/7835127 HTTP/1.1" 404 32844 "-" "Mozilla/5.0 AppleWebKit/537.36 (KHTML, like Gecko; compatible; ClaudeBot/1.0; +claudebot@anthropic.com)"
3.22.209.115 - - [15/May/2025:12:16:41 +0000] "GET /shopdetail/24030783 HTTP/1.1" 404 32844 "-" "Mozilla/5.0 AppleWebKit/537.36 (KHTML, like Gecko; compatible; ClaudeBot/1.0; +claudebot@anthropic.com)"
3.22.209.115 - - [15/May/2025:12:16:43 +0000] "GET /shopdetail/15499383 HTTP/1.1" 404 32843 "-" "Mozilla/5.0 AppleWebKit/537.36 (KHTML, like Gecko; compatible; ClaudeBot/1.0; +claudebot@anthropic.com)"
3.22.209.115 - - [15/May/2025:12:16:43 +0000] "GET /shopdetail/28069394 HTTP/1.1" 404 32844 "-" "Mozilla/5.0 AppleWebKit/537.36 (KHTML, like Gecko; compatible; ClaudeBot/1.0; +claudebot@anthropic.com)"
3.22.209.115 - - [15/May/2025:12:16:42 +0000] "GET /shopdetail/22499249 HTTP/1.1" 404 32844 "-" "Mozilla/5.0 AppleWebKit/537.36 (KHTML, like Gecko; compatible; ClaudeBot/1.0; +claudebot@anthropic.com)"
203.161.61.57 - - [15/May/2025:12:16:39 +0000] "POST /wp-admin/admin-ajax.php?action=as_async_request_queue_runner&nonce=4e22f572e8 HTTP/1.1" 200 - "-" "WordPress/6.8.1; https://pacja.org"
3.22.209.115 - - [15/May/2025:12:16:44 +0000] "GET /shopdetail/29807883 HTTP/1.1" 404 32844 "-" "Mozilla/5.0 AppleWebKit/537.36 (KHTML, like Gecko; compatible; ClaudeBot/1.0; +claudebot@anthropic.com)"
66.249.93.141 - - [15/May/2025:12:16:51 +0000] "GET /wp-content/uploads/2022/10/PACJA-Logo.png HTTP/1.1" 200 39094 "-" "Mozilla/5.0 (Windows NT 5.1; rv:11.0) Gecko Firefox/11.0 (via ggpht.com GoogleImageProxy)"
66.249.68.39 - - [15/May/2025:12:17:01 +0000] "GET /shopdetail/2616950 HTTP/1.1" 200 19176 "-" "Mozilla/5.0 (Linux; Android 6.0.1; Nexus 5X Build/MMB29P) AppleWebKit/537.36 (KHTML, like Gecko) Chrome/136.0.7103.59 Mobile Safari/537.36 (compatible; Googlebot/2.1; +http://www.google.com/bot.html)"
3.18.105.157 - - [15/May/2025:12:17:15 +0000] "GET /shopdetail/1546894 HTTP/1.1" 404 32841 "-" "Mozilla/5.0 AppleWebKit/537.36 (KHTML, like Gecko; compatible; ClaudeBot/1.0; +claudebot@anthropic.com)"
3.18.105.157 - - [15/May/2025:12:17:15 +0000] "GET /shopdetail/30529427 HTTP/1.1" 404 32844 "-" "Mozilla/5.0 AppleWebKit/537.36 (KHTML, like Gecko; compatible; ClaudeBot/1.0; +claudebot@anthropic.com)"
3.18.105.157 - - [15/May/2025:12:17:16 +0000] "GET /shopdetail/23667894 HTTP/1.1" 404 32843 "-" "Mozilla/5.0 AppleWebKit/537.36 (KHTML, like Gecko; compatible; ClaudeBot/1.0; +claudebot@anthropic.com)"
3.18.105.157 - - [15/May/2025:12:17:17 +0000] "GET /shopdetail/26999850 HTTP/1.1" 404 32843 "-" "Mozilla/5.0 AppleWebKit/537.36 (KHTML, like Gecko; compatible; ClaudeBot/1.0; +claudebot@anthropic.com)"
3.18.105.157 - - [15/May/2025:12:17:17 +0000] "GET /shopdetail/1064205 HTTP/1.1" 404 32841 "-" "Mozilla/5.0 AppleWebKit/537.36 (KHTML, like Gecko; compatible; ClaudeBot/1.0; +claudebot@anthropic.com)"
3.18.105.157 - - [15/May/2025:12:17:17 +0000] "GET /shopdetail/24364994 HTTP/1.1" 404 32845 "-" "Mozilla/5.0 AppleWebKit/537.36 (KHTML, like Gecko; compatible; ClaudeBot/1.0; +claudebot@anthropic.com)"
3.18.105.157 - - [15/May/2025:12:17:18 +0000] "GET /shopdetail/29114249 HTTP/1.1" 404 32844 "-" "Mozilla/5.0 AppleWebKit/537.36 (KHTML, like Gecko; compatible; ClaudeBot/1.0; +claudebot@anthropic.com)"
3.18.105.157 - - [15/May/2025:12:17:18 +0000] "GET /shopdetail/4305550 HTTP/1.1" 404 32841 "-" "Mozilla/5.0 AppleWebKit/537.36 (KHTML, like Gecko; compatible; ClaudeBot/1.0; +claudebot@anthropic.com)"
122.255.172.202 - - [15/May/2025:12:17:20 +0000] "GET /shopdetail/1831749 HTTP/1.1" 200 327 "https://search.yahoo.co.jp/" "Mozilla/5.0 (iPhone; CPU iPhone OS 18_4_1 like Mac OS X) AppleWebKit/605.1.15 (KHTML, like Gecko) Version/18.4 Mobile/15E148 Safari/604.1"
3.18.105.157 - - [15/May/2025:12:17:19 +0000] "GET /shopdetail/27484950 HTTP/1.1" 404 32843 "-" "Mozilla/5.0 AppleWebKit/537.36 (KHTML, like Gecko; compatible; ClaudeBot/1.0; +claudebot@anthropic.com)"
3.18.105.157 - - [15/May/2025:12:17:19 +0000] "GET /shopdetail/11952505 HTTP/1.1" 404 32843 "-" "Mozilla/5.0 AppleWebKit/537.36 (KHTML, like Gecko; compatible; ClaudeBot/1.0; +claudebot@anthropic.com)"
3.18.105.157 - - [15/May/2025:12:17:20 +0000] "GET /shopdetail/28699272 HTTP/1.1" 404 32843 "-" "Mozilla/5.0 AppleWebKit/537.36 (KHTML, like Gecko; compatible; ClaudeBot/1.0; +claudebot@anthropic.com)"
3.18.105.157 - - [15/May/2025:12:17:21 +0000] "GET /shopdetail/21180538 HTTP/1.1" 404 32844 "-" "Mozilla/5.0 AppleWebKit/537.36 (KHTML, like Gecko; compatible; ClaudeBot/1.0; +claudebot@anthropic.com)"
3.18.105.157 - - [15/May/2025:12:17:22 +0000] "GET /shopdetail/15434749 HTTP/1.1" 404 32842 "-" "Mozilla/5.0 AppleWebKit/537.36 (KHTML, like Gecko; compatible; ClaudeBot/1.0; +claudebot@anthropic.com)"
3.18.105.157 - - [15/May/2025:12:17:23 +0000] "GET /shopdetail/6462050 HTTP/1.1" 404 32842 "-" "Mozilla/5.0 AppleWebKit/537.36 (KHTML, like Gecko; compatible; ClaudeBot/1.0; +claudebot@anthropic.com)"
3.18.105.157 - - [15/May/2025:12:17:24 +0000] "GET /shopdetail/5363950 HTTP/1.1" 404 32842 "-" "Mozilla/5.0 AppleWebKit/537.36 (KHTML, like Gecko; compatible; ClaudeBot/1.0; +claudebot@anthropic.com)"
3.18.105.157 - - [15/May/2025:12:17:25 +0000] "GET /shopdetail/17405694 HTTP/1.1" 404 32843 "-" "Mozilla/5.0 AppleWebKit/537.36 (KHTML, like Gecko; compatible; ClaudeBot/1.0; +claudebot@anthropic.com)"
3.18.105.157 - - [15/May/2025:12:17:26 +0000] "GET /shopdetail/5734405 HTTP/1.1" 404 32843 "-" "Mozilla/5.0 AppleWebKit/537.36 (KHTML, like Gecko; compatible; ClaudeBot/1.0; +claudebot@anthropic.com)"
3.18.105.157 - - [15/May/2025:12:17:27 +0000] "GET /shopdetail/23104683 HTTP/1.1" 404 32844 "-" "Mozilla/5.0 AppleWebKit/537.36 (KHTML, like Gecko; compatible; ClaudeBot/1.0; +claudebot@anthropic.com)"
3.18.105.157 - - [15/May/2025:12:17:25 +0000] "GET /shopdetail/26670672 HTTP/1.1" 404 32842 "-" "Mozilla/5.0 AppleWebKit/537.36 (KHTML, like Gecko; compatible; ClaudeBot/1.0; +claudebot@anthropic.com)"
3.18.105.157 - - [15/May/2025:12:17:29 +0000] "GET /shopdetail/19860027 HTTP/1.1" 404 32843 "-" "Mozilla/5.0 AppleWebKit/537.36 (KHTML, like Gecko; compatible; ClaudeBot/1.0; +claudebot@anthropic.com)"
3.18.105.157 - - [15/May/2025:12:17:24 +0000] "GET /shopdetail/8011527 HTTP/1.1" 404 32843 "-" "Mozilla/5.0 AppleWebKit/537.36 (KHTML, like Gecko; compatible; ClaudeBot/1.0; +claudebot@anthropic.com)"
3.18.105.157 - - [15/May/2025:12:17:31 +0000] "GET /shopdetail/28787472 HTTP/1.1" 404 32843 "-" "Mozilla/5.0 AppleWebKit/537.36 (KHTML, like Gecko; compatible; ClaudeBot/1.0; +claudebot@anthropic.com)"
3.18.105.157 - - [15/May/2025:12:17:28 +0000] "GET /shopdetail/8450950 HTTP/1.1" 404 32842 "-" "Mozilla/5.0 AppleWebKit/537.36 (KHTML, like Gecko; compatible; ClaudeBot/1.0; +claudebot@anthropic.com)"
66.249.68.37 - - [15/May/2025:12:17:33 +0000] "POST /get-message-notify HTTP/1.1" 200 18767 "https://www.pacja.org/shopdetail/9267138" "Mozilla/5.0 (Linux; Android 6.0.1; Nexus 5X Build/MMB29P) AppleWebKit/537.36 (KHTML, like Gecko) Chrome/135.0.7049.114 Mobile Safari/537.36 (compatible; Googlebot/2.1; +http://www.google.com/bot.html)"
3.18.105.157 - - [15/May/2025:12:17:31 +0000] "GET /shopdetail/22049749 HTTP/1.1" 404 32844 "-" "Mozilla/5.0 AppleWebKit/537.36 (KHTML, like Gecko; compatible; ClaudeBot/1.0; +claudebot@anthropic.com)"
3.18.105.157 - - [15/May/2025:12:17:32 +0000] "GET /shopdetail/28875672 HTTP/1.1" 404 32843 "-" "Mozilla/5.0 AppleWebKit/537.36 (KHTML, like Gecko; compatible; ClaudeBot/1.0; +claudebot@anthropic.com)"
3.18.105.157 - - [15/May/2025:12:17:34 +0000] "GET /shopdetail/3938383 HTTP/1.1" 404 32841 "-" "Mozilla/5.0 AppleWebKit/537.36 (KHTML, like Gecko; compatible; ClaudeBot/1.0; +claudebot@anthropic.com)"
3.18.105.157 - - [15/May/2025:12:17:33 +0000] "GET /shopdetail/1677205 HTTP/1.1" 404 32842 "-" "Mozilla/5.0 AppleWebKit/537.36 (KHTML, like Gecko; compatible; ClaudeBot/1.0; +claudebot@anthropic.com)"
3.18.105.157 - - [15/May/2025:12:17:30 +0000] "GET /shopdetail/7840283 HTTP/1.1" 404 32843 "-" "Mozilla/5.0 AppleWebKit/537.36 (KHTML, like Gecko; compatible; ClaudeBot/1.0; +claudebot@anthropic.com)"
3.18.105.157 - - [15/May/2025:12:17:37 +0000] "GET /shopdetail/6909027 HTTP/1.1" 404 32843 "-" "Mozilla/5.0 AppleWebKit/537.36 (KHTML, like Gecko; compatible; ClaudeBot/1.0; +claudebot@anthropic.com)"
203.161.61.57 - - [15/May/2025:12:17:39 +0000] "POST /wp-cron.php?doing_wp_cron=1747311459.3231999874114990234375 HTTP/1.1" 200 - "-" "WordPress/6.8.1; https://pacja.org"
3.18.105.157 - - [15/May/2025:12:17:35 +0000] "GET /shopdetail/4896505 HTTP/1.1" 404 32842 "-" "Mozilla/5.0 AppleWebKit/537.36 (KHTML, like Gecko; compatible; ClaudeBot/1.0; +claudebot@anthropic.com)"
203.161.61.57 - - [15/May/2025:12:17:40 +0000] "POST /wp-cron.php?doing_wp_cron=1747311460.1931018829345703125000 HTTP/1.1" 200 - "-" "WordPress/6.8.1; https://pacja.org"
3.18.105.157 - - [15/May/2025:12:17:38 +0000] "GET /shopdetail/18600683 HTTP/1.1" 404 32843 "-" "Mozilla/5.0 AppleWebKit/537.36 (KHTML, like Gecko; compatible; ClaudeBot/1.0; +claudebot@anthropic.com)"
203.161.61.57 - - [15/May/2025:12:17:41 +0000] "POST /wp-cron.php?doing_wp_cron=1747311461.0627620220184326171875 HTTP/1.1" 200 - "-" "WordPress/6.8.1; https://pacja.org"
3.18.105.157 - - [15/May/2025:12:17:36 +0000] "GET /shopdetail/7613050 HTTP/1.1" 404 32842 "-" "Mozilla/5.0 AppleWebKit/537.36 (KHTML, like Gecko; compatible; ClaudeBot/1.0; +claudebot@anthropic.com)"
203.161.61.57 - - [15/May/2025:12:17:40 +0000] "POST /wp-admin/admin-ajax.php?action=async_litespeed&nonce=Lm0legSw94ZUZiMkRByccKwkYv9L1DsN&litespeed_type=imgoptm HTTP/1.1" 200 21 "-" "WordPress/6.8.1; https://pacja.org"
203.161.61.57 - - [15/May/2025:12:17:42 +0000] "POST /wp-cron.php?doing_wp_cron=1747311462.0619730949401855468750 HTTP/1.1" 200 - "-" "WordPress/6.8.1; https://pacja.org"
3.18.105.157 - - [15/May/2025:12:17:38 +0000] "GET /shopdetail/6820827 HTTP/1.1" 404 32843 "-" "Mozilla/5.0 AppleWebKit/537.36 (KHTML, like Gecko; compatible; ClaudeBot/1.0; +claudebot@anthropic.com)"
66.249.68.37 - - [15/May/2025:12:17:42 +0000] "GET /shopdetail/8940650 HTTP/1.1" 200 19694 "-" "Mozilla/5.0 (Linux; Android 6.0.1; Nexus 5X Build/MMB29P) AppleWebKit/537.36 (KHTML, like Gecko) Chrome/136.0.7103.59 Mobile Safari/537.36 (compatible; Googlebot/2.1; +http://www.google.com/bot.html)"
3.18.105.157 - - [15/May/2025:12:17:41 +0000] "GET /shopdetail/21652849 HTTP/1.1" 404 32844 "-" "Mozilla/5.0 AppleWebKit/537.36 (KHTML, like Gecko; compatible; ClaudeBot/1.0; +claudebot@anthropic.com)"
66.249.79.199 - - [15/May/2025:12:17:43 +0000] "GET /?_gl=1*rgknbr*_ga*MzY3MjE1MDcwLjE3MzcwOTUyMjA.*_ga_0VKVKKN4NV*MTczNzEwMjM4NC4yLjEuMTczNzEwMjQ1My42MC4wLjA.&_bd_prev_page=https://pacja.org/detail.php?shopdetail/28117372 HTTP/1.1" 200 19998 "-" "Mozilla/5.0 (Linux; Android 6.0.1; Nexus 5X Build/MMB29P) AppleWebKit/537.36 (KHTML, like Gecko) Chrome/136.0.7103.59 Mobile Safari/537.36 (compatible; Googlebot/2.1; +http://www.google.com/bot.html)"
3.18.105.157 - - [15/May/2025:12:17:40 +0000] "GET /shopdetail/8717127 HTTP/1.1" 404 32843 "-" "Mozilla/5.0 AppleWebKit/537.36 (KHTML, like Gecko; compatible; ClaudeBot/1.0; +claudebot@anthropic.com)"
3.18.105.157 - - [15/May/2025:12:17:39 +0000] "GET /shopdetail/28322850 HTTP/1.1" 404 32843 "-" "Mozilla/5.0 AppleWebKit/537.36 (KHTML, like Gecko; compatible; ClaudeBot/1.0; +claudebot@anthropic.com)"
66.249.79.199 - - [15/May/2025:12:17:45 +0000] "POST /get-message-notify HTTP/1.1" 200 18757 "https://pacja.org/?_gl=1*rgknbr*_ga*MzY3MjE1MDcwLjE3MzcwOTUyMjA.*_ga_0VKVKKN4NV*MTczNzEwMjM4NC4yLjEuMTczNzEwMjQ1My42MC4wLjA.&_bd_prev_page=https://pacja.org/detail.php?shopdetail/28117372" "Mozilla/5.0 (Linux; Android 6.0.1; Nexus 5X Build/MMB29P) AppleWebKit/537.36 (KHTML, like Gecko) Chrome/135.0.7049.114 Mobile Safari/537.36 (compatible; Googlebot/2.1; +http://www.google.com/bot.html)"
3.18.105.157 - - [15/May/2025:12:17:43 +0000] "GET /shopdetail/19698894 HTTP/1.1" 404 32843 "-" "Mozilla/5.0 AppleWebKit/537.36 (KHTML, like Gecko; compatible; ClaudeBot/1.0; +claudebot@anthropic.com)"
3.18.105.157 - - [15/May/2025:12:17:44 +0000] "GET /shopdetail/10900072 HTTP/1.1" 404 32840 "-" "Mozilla/5.0 AppleWebKit/537.36 (KHTML, like Gecko; compatible; ClaudeBot/1.0; +claudebot@anthropic.com)"
3.18.105.157 - - [15/May/2025:12:17:44 +0000] "GET /shopdetail/30164149 HTTP/1.1" 404 32844 "-" "Mozilla/5.0 AppleWebKit/537.36 (KHTML, like Gecko; compatible; ClaudeBot/1.0; +claudebot@anthropic.com)"
3.18.105.157 - - [15/May/2025:12:17:42 +0000] "GET /shopdetail/7688427 HTTP/1.1" 404 32843 "-" "Mozilla/5.0 AppleWebKit/537.36 (KHTML, like Gecko; compatible; ClaudeBot/1.0; +claudebot@anthropic.com)"
216.173.99.41 - - [15/May/2025:12:18:10 +0000] "GET /africa-energy-transition-project/ HTTP/1.1" 200 45904 "-" "Mozilla/5.0 (Macintosh; Intel Mac OS X 10_15_7) AppleWebKit/537.36 (KHTML, like Gecko) Chrome/130.0.0.0 Safari/537.36"
102.215.34.108 - - [15/May/2025:12:18:09 +0000] "POST /wp-admin/admin-ajax.php HTTP/1.1" 200 101 "https://pacja.org/wp-admin/post.php?post=4782&action=edit" "Mozilla/5.0 (Windows NT 10.0; Win64; x64; rv:138.0) Gecko/20100101 Firefox/138.0"
102.215.34.108 - - [15/May/2025:12:18:12 +0000] "POST /wp-admin/admin-ajax.php HTTP/1.1" 200 101 "https://pacja.org/wp-admin/post.php?post=5067&action=edit" "Mozilla/5.0 (Windows NT 10.0; Win64; x64; rv:138.0) Gecko/20100101 Firefox/138.0"
102.215.34.108 - - [15/May/2025:12:18:17 +0000] "POST /wp-admin/admin-ajax.php HTTP/1.1" 200 101 "https://pacja.org/wp-admin/post.php?post=5062&action=edit" "Mozilla/5.0 (Windows NT 10.0; Win64; x64; rv:138.0) Gecko/20100101 Firefox/138.0"
3.139.87.133 - - [15/May/2025:12:18:18 +0000] "GET /shopdetail/21293272 HTTP/1.1" 404 32842 "-" "Mozilla/5.0 AppleWebKit/537.36 (KHTML, like Gecko; compatible; ClaudeBot/1.0; +claudebot@anthropic.com)"
3.139.87.133 - - [15/May/2025:12:18:18 +0000] "GET /shopdetail/28320449 HTTP/1.1" 404 32844 "-" "Mozilla/5.0 AppleWebKit/537.36 (KHTML, like Gecko; compatible; ClaudeBot/1.0; +claudebot@anthropic.com)"
3.139.87.133 - - [15/May/2025:12:18:18 +0000] "GET /shopdetail/10854405 HTTP/1.1" 404 32842 "-" "Mozilla/5.0 AppleWebKit/537.36 (KHTML, like Gecko; compatible; ClaudeBot/1.0; +claudebot@anthropic.com)"
3.139.87.133 - - [15/May/2025:12:18:19 +0000] "GET /shopdetail/30527850 HTTP/1.1" 404 32843 "-" "Mozilla/5.0 AppleWebKit/537.36 (KHTML, like Gecko; compatible; ClaudeBot/1.0; +claudebot@anthropic.com)"
3.139.87.133 - - [15/May/2025:12:18:19 +0000] "GET /shopdetail/1500805 HTTP/1.1" 404 32838 "-" "Mozilla/5.0 AppleWebKit/537.36 (KHTML, like Gecko; compatible; ClaudeBot/1.0; +claudebot@anthropic.com)"
3.139.87.133 - - [15/May/2025:12:18:20 +0000] "GET /shopdetail/29524694 HTTP/1.1" 404 32843 "-" "Mozilla/5.0 AppleWebKit/537.36 (KHTML, like Gecko; compatible; ClaudeBot/1.0; +claudebot@anthropic.com)"
3.139.87.133 - - [15/May/2025:12:18:20 +0000] "GET /shopdetail/25941450 HTTP/1.1" 404 32842 "-" "Mozilla/5.0 AppleWebKit/537.36 (KHTML, like Gecko; compatible; ClaudeBot/1.0; +claudebot@anthropic.com)"
40.77.167.72 - - [15/May/2025:12:18:21 +0000] "GET /wp-content/uploads/2022/10/PLACARD_3_page-0001-1086x1536.jpg HTTP/1.1" 200 288630 "-" "Mozilla/5.0 AppleWebKit/537.36 (KHTML, like Gecko; compatible; bingbot/2.0; +http://www.bing.com/bingbot.htm) Chrome/116.0.1938.76 Safari/537.36"
66.249.79.201 - - [15/May/2025:12:18:21 +0000] "GET /?_gl=1*rgknbr*_ga*MzY3MjE1MDcwLjE3MzcwOTUyMjA.*_ga_0VKVKKN4NV*MTczNzEwMjM4NC4yLjEuMTczNzEwMjQ1My42MC4wLjA.&_bd_prev_page=https://pacja.org/detail.php?shopdetail/3889738 HTTP/1.1" 200 20818 "-" "Mozilla/5.0 (compatible; Googlebot/2.1; +http://www.google.com/bot.html)"
3.139.87.133 - - [15/May/2025:12:18:20 +0000] "GET /shopdetail/2551183 HTTP/1.1" 404 32842 "-" "Mozilla/5.0 AppleWebKit/537.36 (KHTML, like Gecko; compatible; ClaudeBot/1.0; +claudebot@anthropic.com)"
193.186.4.171 - - [15/May/2025:12:18:22 +0000] "GET /shopdetail/23299072 HTTP/1.1" 200 376 "https://www.google.com/" "Mozilla/5.0 (Windows NT 10.0; Win64; x64) AppleWebKit/537.36 (KHTML, like Gecko) Chrome/136.0.0.0 Safari/537.36"
3.139.87.133 - - [15/May/2025:12:18:21 +0000] "GET /shopdetail/28995494 HTTP/1.1" 404 32844 "-" "Mozilla/5.0 AppleWebKit/537.36 (KHTML, like Gecko; compatible; ClaudeBot/1.0; +claudebot@anthropic.com)"
3.139.87.133 - - [15/May/2025:12:18:22 +0000] "GET /shopdetail/1163549 HTTP/1.1" 404 32841 "-" "Mozilla/5.0 AppleWebKit/537.36 (KHTML, like Gecko; compatible; ClaudeBot/1.0; +claudebot@anthropic.com)"
3.139.87.133 - - [15/May/2025:12:18:23 +0000] "GET /shopdetail/30926327 HTTP/1.1" 404 32844 "-" "Mozilla/5.0 AppleWebKit/537.36 (KHTML, like Gecko; compatible; ClaudeBot/1.0; +claudebot@anthropic.com)"
3.139.87.133 - - [15/May/2025:12:18:21 +0000] "GET /shopdetail/5549572 HTTP/1.1" 404 32841 "-" "Mozilla/5.0 AppleWebKit/537.36 (KHTML, like Gecko; compatible; ClaudeBot/1.0; +claudebot@anthropic.com)"
102.215.34.108 - - [15/May/2025:12:18:25 +0000] "POST /wp-admin/admin-ajax.php HTTP/1.1" 200 101 "https://pacja.org/wp-admin/post.php?post=5067&action=edit" "Mozilla/5.0 (Windows NT 10.0; Win64; x64; rv:138.0) Gecko/20100101 Firefox/138.0"
3.139.87.133 - - [15/May/2025:12:18:24 +0000] "GET /shopdetail/27354227 HTTP/1.1" 404 32843 "-" "Mozilla/5.0 AppleWebKit/537.36 (KHTML, like Gecko; compatible; ClaudeBot/1.0; +claudebot@anthropic.com)"
3.139.87.133 - - [15/May/2025:12:18:25 +0000] "GET /shopdetail/7217727 HTTP/1.1" 404 32841 "-" "Mozilla/5.0 AppleWebKit/537.36 (KHTML, like Gecko; compatible; ClaudeBot/1.0; +claudebot@anthropic.com)"
102.215.34.108 - - [15/May/2025:12:18:27 +0000] "POST /wp-admin/admin-ajax.php HTTP/1.1" 200 101 "https://pacja.org/wp-admin/post.php?post=5062&action=edit" "Mozilla/5.0 (Windows NT 10.0; Win64; x64; rv:138.0) Gecko/20100101 Firefox/138.0"
3.139.87.133 - - [15/May/2025:12:18:26 +0000] "GET /shopdetail/22477194 HTTP/1.1" 404 32844 "-" "Mozilla/5.0 AppleWebKit/537.36 (KHTML, like Gecko; compatible; ClaudeBot/1.0; +claudebot@anthropic.com)"
3.139.87.133 - - [15/May/2025:12:18:27 +0000] "GET /shopdetail/19139149 HTTP/1.1" 404 32843 "-" "Mozilla/5.0 AppleWebKit/537.36 (KHTML, like Gecko; compatible; ClaudeBot/1.0; +claudebot@anthropic.com)"
3.139.87.133 - - [15/May/2025:12:18:26 +0000] "GET /shopdetail/3961972 HTTP/1.1" 404 32840 "-" "Mozilla/5.0 AppleWebKit/537.36 (KHTML, like Gecko; compatible; ClaudeBot/1.0; +claudebot@anthropic.com)"
3.139.87.133 - - [15/May/2025:12:18:21 +0000] "GET /shopdetail/23626205 HTTP/1.1" 404 32843 "-" "Mozilla/5.0 AppleWebKit/537.36 (KHTML, like Gecko; compatible; ClaudeBot/1.0; +claudebot@anthropic.com)"
3.139.87.133 - - [15/May/2025:12:18:30 +0000] "GET /shopdetail/7906438 HTTP/1.1" 404 32842 "-" "Mozilla/5.0 AppleWebKit/537.36 (KHTML, like Gecko; compatible; ClaudeBot/1.0; +claudebot@anthropic.com)"
3.139.87.133 - - [15/May/2025:12:18:27 +0000] "GET /shopdetail/14612127 HTTP/1.1" 404 32842 "-" "Mozilla/5.0 AppleWebKit/537.36 (KHTML, like Gecko; compatible; ClaudeBot/1.0; +claudebot@anthropic.com)"
3.139.87.133 - - [15/May/2025:12:18:32 +0000] "GET /shopdetail/6638450 HTTP/1.1" 404 32841 "-" "Mozilla/5.0 AppleWebKit/537.36 (KHTML, like Gecko; compatible; ClaudeBot/1.0; +claudebot@anthropic.com)"
3.139.87.133 - - [15/May/2025:12:18:29 +0000] "GET /shopdetail/18029872 HTTP/1.1" 404 32840 "-" "Mozilla/5.0 AppleWebKit/537.36 (KHTML, like Gecko; compatible; ClaudeBot/1.0; +claudebot@anthropic.com)"
3.139.87.133 - - [15/May/2025:12:18:28 +0000] "GET /shopdetail/18199494 HTTP/1.1" 404 32843 "-" "Mozilla/5.0 AppleWebKit/537.36 (KHTML, like Gecko; compatible; ClaudeBot/1.0; +claudebot@anthropic.com)"
3.139.87.133 - - [15/May/2025:12:18:32 +0000] "GET /shopdetail/2462572 HTTP/1.1" 404 32841 "-" "Mozilla/5.0 AppleWebKit/537.36 (KHTML, like Gecko; compatible; ClaudeBot/1.0; +claudebot@anthropic.com)"
3.139.87.133 - - [15/May/2025:12:18:35 +0000] "GET /shopdetail/5584450 HTTP/1.1" 404 32841 "-" "Mozilla/5.0 AppleWebKit/537.36 (KHTML, like Gecko; compatible; ClaudeBot/1.0; +claudebot@anthropic.com)"
203.161.61.57 - - [15/May/2025:12:18:37 +0000] "POST /wp-cron.php?doing_wp_cron=1747311517.4237430095672607421875 HTTP/1.1" 200 - "-" "WordPress/6.8.1; https://pacja.org"
3.139.87.133 - - [15/May/2025:12:18:34 +0000] "GET /shopdetail/580672 HTTP/1.1" 404 32840 "-" "Mozilla/5.0 AppleWebKit/537.36 (KHTML, like Gecko; compatible; ClaudeBot/1.0; +claudebot@anthropic.com)"
203.161.61.57 - - [15/May/2025:12:18:38 +0000] "POST /wp-cron.php?doing_wp_cron=1747311518.2718949317932128906250 HTTP/1.1" 200 - "-" "WordPress/6.8.1; https://pacja.org"
3.139.87.133 - - [15/May/2025:12:18:33 +0000] "GET /shopdetail/9046305 HTTP/1.1" 404 32842 "-" "Mozilla/5.0 AppleWebKit/537.36 (KHTML, like Gecko; compatible; ClaudeBot/1.0; +claudebot@anthropic.com)"
3.139.87.133 - - [15/May/2025:12:18:37 +0000] "GET /shopdetail/29899549 HTTP/1.1" 404 32843 "-" "Mozilla/5.0 AppleWebKit/537.36 (KHTML, like Gecko; compatible; ClaudeBot/1.0; +claudebot@anthropic.com)"
217.113.194.234 - - [15/May/2025:12:18:39 +0000] "GET /category/press-release/page/2/ HTTP/1.1" 403 - "-" "Mozilla/5.0 (compatible; Barkrowler/0.9; +https://babbar.tech/crawler)"
3.139.87.133 - - [15/May/2025:12:18:37 +0000] "GET /shopdetail/21649383 HTTP/1.1" 404 32844 "-" "Mozilla/5.0 AppleWebKit/537.36 (KHTML, like Gecko; compatible; ClaudeBot/1.0; +claudebot@anthropic.com)"
3.139.87.133 - - [15/May/2025:12:18:38 +0000] "GET /shopdetail/25952594 HTTP/1.1" 404 32843 "-" "Mozilla/5.0 AppleWebKit/537.36 (KHTML, like Gecko; compatible; ClaudeBot/1.0; +claudebot@anthropic.com)"
102.215.34.108 - - [15/May/2025:12:18:38 +0000] "POST /wp-admin/admin-ajax.php HTTP/1.1" 200 147 "https://pacja.org/wp-admin/post.php?post=5062&action=edit" "Mozilla/5.0 (Windows NT 10.0; Win64; x64; rv:138.0) Gecko/20100101 Firefox/138.0"
3.139.87.133 - - [15/May/2025:12:18:40 +0000] "GET /shopdetail/845272 HTTP/1.1" 404 32840 "-" "Mozilla/5.0 AppleWebKit/537.36 (KHTML, like Gecko; compatible; ClaudeBot/1.0; +claudebot@anthropic.com)"
3.139.87.133 - - [15/May/2025:12:18:41 +0000] "GET /shopdetail/3463250 HTTP/1.1" 404 32841 "-" "Mozilla/5.0 AppleWebKit/537.36 (KHTML, like Gecko; compatible; ClaudeBot/1.0; +claudebot@anthropic.com)"
