196.191.61.48 - - [15/May/2025:12:37:43 +0000] "GET /wp-content/themes/pacja.../assets/animations/animations.min.css?ver=20.6.4 HTTP/1.1" 200 5418 "https://pacja.org/positioning-african-non-state-actors-at-the-heart-of-climate-policy-and-global-justice-for-acs-ii-and-beyond/" "Mozilla/5.0 (iPhone; CPU iPhone OS 18_4_1 like Mac OS X) AppleWebKit/605.1.15 (KHTML, like Gecko) Mobile/15E148 [LinkedInApp]/9.31.1083.5"
196.191.61.48 - - [15/May/2025:12:37:43 +0000] "GET /wp-content/themes/pacja.../assets/ui/jquery.ui.all.css?ver=20.6.4 HTTP/1.1" 200 3383 "https://pacja.org/positioning-african-non-state-actors-at-the-heart-of-climate-policy-and-global-justice-for-acs-ii-and-beyond/" "Mozilla/5.0 (iPhone; CPU iPhone OS 18_4_1 like Mac OS X) AppleWebKit/605.1.15 (KHTML, like Gecko) Mobile/15E148 [LinkedInApp]/9.31.1083.5"
196.191.61.48 - - [15/May/2025:12:37:43 +0000] "GET /wp-content/themes/pacja.../css/shortcodes.css?ver=20.6.4 HTTP/1.1" 200 22258 "https://pacja.org/positioning-african-non-state-actors-at-the-heart-of-climate-policy-and-global-justice-for-acs-ii-and-beyond/" "Mozilla/5.0 (iPhone; CPU iPhone OS 18_4_1 like Mac OS X) AppleWebKit/605.1.15 (KHTML, like Gecko) Mobile/15E148 [LinkedInApp]/9.31.1083.5"
196.191.61.48 - - [15/May/2025:12:37:44 +0000] "GET /wp-content/themes/pacja.../assets/jplayer/css/jplayer.blue.monday.css?ver=20.6.4 HTTP/1.1" 200 2146 "https://pacja.org/positioning-african-non-state-actors-at-the-heart-of-climate-policy-and-global-justice-for-acs-ii-and-beyond/" "Mozilla/5.0 (iPhone; CPU iPhone OS 18_4_1 like Mac OS X) AppleWebKit/605.1.15 (KHTML, like Gecko) Mobile/15E148 [LinkedInApp]/9.31.1083.5"
196.191.61.48 - - [15/May/2025:12:37:44 +0000] "GET /wp-content/themes/pacja.../css/responsive.css?ver=20.6.4 HTTP/1.1" 200 9964 "https://pacja.org/positioning-african-non-state-actors-at-the-heart-of-climate-policy-and-global-justice-for-acs-ii-and-beyond/" "Mozilla/5.0 (iPhone; CPU iPhone OS 18_4_1 like Mac OS X) AppleWebKit/605.1.15 (KHTML, like Gecko) Mobile/15E148 [LinkedInApp]/9.31.1083.5"
196.191.61.48 - - [15/May/2025:12:37:44 +0000] "GET /wp-content/plugins/jetpack/modules/likes/style.css?ver=14.3 HTTP/1.1" 200 1749 "https://pacja.org/positioning-african-non-state-actors-at-the-heart-of-climate-policy-and-global-justice-for-acs-ii-and-beyond/" "Mozilla/5.0 (iPhone; CPU iPhone OS 18_4_1 like Mac OS X) AppleWebKit/605.1.15 (KHTML, like Gecko) Mobile/15E148 [LinkedInApp]/9.31.1083.5"
196.191.61.48 - - [15/May/2025:12:37:44 +0000] "GET /wp-content/uploads/dynamic-mobmenu.css?ver=2.8.7-531 HTTP/1.1" 200 1934 "https://pacja.org/positioning-african-non-state-actors-at-the-heart-of-climate-policy-and-global-justice-for-acs-ii-and-beyond/" "Mozilla/5.0 (iPhone; CPU iPhone OS 18_4_1 like Mac OS X) AppleWebKit/605.1.15 (KHTML, like Gecko) Mobile/15E148 [LinkedInApp]/9.31.1083.5"
196.191.61.48 - - [15/May/2025:12:37:44 +0000] "GET /wp-content/plugins/tablepress/css/build/default.css?ver=3.0.4 HTTP/1.1" 200 1486 "https://pacja.org/positioning-african-non-state-actors-at-the-heart-of-climate-policy-and-global-justice-for-acs-ii-and-beyond/" "Mozilla/5.0 (iPhone; CPU iPhone OS 18_4_1 like Mac OS X) AppleWebKit/605.1.15 (KHTML, like Gecko) Mobile/15E148 [LinkedInApp]/9.31.1083.5"
196.191.61.48 - - [15/May/2025:12:37:44 +0000] "GET /wp-content/plugins/youtube-embed-plus/styles/ytprefs.min.css?ver=14.2.1.3 HTTP/1.1" 200 1786 "https://pacja.org/positioning-african-non-state-actors-at-the-heart-of-climate-policy-and-global-justice-for-acs-ii-and-beyond/" "Mozilla/5.0 (iPhone; CPU iPhone OS 18_4_1 like Mac OS X) AppleWebKit/605.1.15 (KHTML, like Gecko) Mobile/15E148 [LinkedInApp]/9.31.1083.5"
3.133.112.141 - - [15/May/2025:12:37:42 +0000] "GET /shopdetail/26093394 HTTP/1.1" 404 32842 "-" "Mozilla/5.0 AppleWebKit/537.36 (KHTML, like Gecko; compatible; ClaudeBot/1.0; +claudebot@anthropic.com)"
196.191.61.48 - - [15/May/2025:12:37:44 +0000] "GET /wp-content/plugins/elementor/assets/css/frontend.min.css?ver=3.27.6 HTTP/1.1" 200 7101 "https://pacja.org/positioning-african-non-state-actors-at-the-heart-of-climate-policy-and-global-justice-for-acs-ii-and-beyond/" "Mozilla/5.0 (iPhone; CPU iPhone OS 18_4_1 like Mac OS X) AppleWebKit/605.1.15 (KHTML, like Gecko) Mobile/15E148 [LinkedInApp]/9.31.1083.5"
196.191.61.48 - - [15/May/2025:12:37:44 +0000] "GET /wp-content/plugins/essential-addons-for-elementor-lite/assets/front-end/css/view/general.min.css?ver=6.1.4 HTTP/1.1" 200 1539 "https://pacja.org/positioning-african-non-state-actors-at-the-heart-of-climate-policy-and-global-justice-for-acs-ii-and-beyond/" "Mozilla/5.0 (iPhone; CPU iPhone OS 18_4_1 like Mac OS X) AppleWebKit/605.1.15 (KHTML, like Gecko) Mobile/15E148 [LinkedInApp]/9.31.1083.5"
196.191.61.48 - - [15/May/2025:12:37:44 +0000] "GET /wp-content/plugins/mobile-menu/includes/css/mobmenu.css?ver=2.8.7 HTTP/1.1" 200 2110 "https://pacja.org/positioning-african-non-state-actors-at-the-heart-of-climate-policy-and-global-justice-for-acs-ii-and-beyond/" "Mozilla/5.0 (iPhone; CPU iPhone OS 18_4_1 like Mac OS X) AppleWebKit/605.1.15 (KHTML, like Gecko) Mobile/15E148 [LinkedInApp]/9.31.1083.5"
196.191.61.48 - - [15/May/2025:12:37:44 +0000] "GET /wp-content/plugins/mobile-menu/includes/css/mobmenu-icons.css?ver=d6d318ac8eaa702f795eb12f2dd73d9f HTTP/1.1" 200 1391 "https://pacja.org/positioning-african-non-state-actors-at-the-heart-of-climate-policy-and-global-justice-for-acs-ii-and-beyond/" "Mozilla/5.0 (iPhone; CPU iPhone OS 18_4_1 like Mac OS X) AppleWebKit/605.1.15 (KHTML, like Gecko) Mobile/15E148 [LinkedInApp]/9.31.1083.5"
196.191.61.48 - - [15/May/2025:12:37:44 +0000] "GET /wp-includes/js/jquery/jquery.min.js?ver=3.7.1 HTTP/1.1" 200 30368 "https://pacja.org/positioning-african-non-state-actors-at-the-heart-of-climate-policy-and-global-justice-for-acs-ii-and-beyond/" "Mozilla/5.0 (iPhone; CPU iPhone OS 18_4_1 like Mac OS X) AppleWebKit/605.1.15 (KHTML, like Gecko) Mobile/15E148 [LinkedInApp]/9.31.1083.5"
196.191.61.48 - - [15/May/2025:12:37:44 +0000] "GET /wp-includes/js/jquery/jquery-migrate.min.js?ver=3.4.1 HTTP/1.1" 200 4872 "https://pacja.org/positioning-african-non-state-actors-at-the-heart-of-climate-policy-and-global-justice-for-acs-ii-and-beyond/" "Mozilla/5.0 (iPhone; CPU iPhone OS 18_4_1 like Mac OS X) AppleWebKit/605.1.15 (KHTML, like Gecko) Mobile/15E148 [LinkedInApp]/9.31.1083.5"
196.191.61.48 - - [15/May/2025:12:37:44 +0000] "GET /wp-content/plugins/jetpack/_inc/build/related-posts/related-posts.min.js?ver=20240116 HTTP/1.1" 200 1923 "https://pacja.org/positioning-african-non-state-actors-at-the-heart-of-climate-policy-and-global-justice-for-acs-ii-and-beyond/" "Mozilla/5.0 (iPhone; CPU iPhone OS 18_4_1 like Mac OS X) AppleWebKit/605.1.15 (KHTML, like Gecko) Mobile/15E148 [LinkedInApp]/9.31.1083.5"
196.191.61.48 - - [15/May/2025:12:37:44 +0000] "GET /wp-includes/js/jquery/ui/core.min.js?ver=1.13.3 HTTP/1.1" 200 7106 "https://pacja.org/positioning-african-non-state-actors-at-the-heart-of-climate-policy-and-global-justice-for-acs-ii-and-beyond/" "Mozilla/5.0 (iPhone; CPU iPhone OS 18_4_1 like Mac OS X) AppleWebKit/605.1.15 (KHTML, like Gecko) Mobile/15E148 [LinkedInApp]/9.31.1083.5"
196.191.61.48 - - [15/May/2025:12:37:44 +0000] "GET /wp-content/plugins/LayerSlider/assets/static/layerslider/js/layerslider.kreaturamedia.jquery.js?ver=7.11.0 HTTP/1.1" 200 63362 "https://pacja.org/positioning-african-non-state-actors-at-the-heart-of-climate-policy-and-global-justice-for-acs-ii-and-beyond/" "Mozilla/5.0 (iPhone; CPU iPhone OS 18_4_1 like Mac OS X) AppleWebKit/605.1.15 (KHTML, like Gecko) Mobile/15E148 [LinkedInApp]/9.31.1083.5"
196.191.61.48 - - [15/May/2025:12:37:44 +0000] "GET /wp-content/plugins/LayerSlider/assets/static/layerslider/js/layerslider.transitions.js?ver=7.11.0 HTTP/1.1" 200 4907 "https://pacja.org/positioning-african-non-state-actors-at-the-heart-of-climate-policy-and-global-justice-for-acs-ii-and-beyond/" "Mozilla/5.0 (iPhone; CPU iPhone OS 18_4_1 like Mac OS X) AppleWebKit/605.1.15 (KHTML, like Gecko) Mobile/15E148 [LinkedInApp]/9.31.1083.5"
196.191.61.48 - - [15/May/2025:12:37:44 +0000] "GET /wp-content/plugins/advance-search/inc/frontend/js/advance-search-frontend.js?ver=1.1.6 HTTP/1.1" 200 515 "https://pacja.org/positioning-african-non-state-actors-at-the-heart-of-climate-policy-and-global-justice-for-acs-ii-and-beyond/" "Mozilla/5.0 (iPhone; CPU iPhone OS 18_4_1 like Mac OS X) AppleWebKit/605.1.15 (KHTML, like Gecko) Mobile/15E148 [LinkedInApp]/9.31.1083.5"
196.191.61.48 - - [15/May/2025:12:37:44 +0000] "GET /wp-content/plugins/LayerSlider/assets/static/layerslider/js/layerslider.utils.js?ver=7.11.0 HTTP/1.1" 200 41565 "https://pacja.org/positioning-african-non-state-actors-at-the-heart-of-climate-policy-and-global-justice-for-acs-ii-and-beyond/" "Mozilla/5.0 (iPhone; CPU iPhone OS 18_4_1 like Mac OS X) AppleWebKit/605.1.15 (KHTML, like Gecko) Mobile/15E148 [LinkedInApp]/9.31.1083.5"
196.191.61.48 - - [15/May/2025:12:37:44 +0000] "GET /wp-content/plugins/download-manager/assets/js/front.min.js?ver=3.3.17 HTTP/1.1" 200 9513 "https://pacja.org/positioning-african-non-state-actors-at-the-heart-of-climate-policy-and-global-justice-for-acs-ii-and-beyond/" "Mozilla/5.0 (iPhone; CPU iPhone OS 18_4_1 like Mac OS X) AppleWebKit/605.1.15 (KHTML, like Gecko) Mobile/15E148 [LinkedInApp]/9.31.1083.5"
196.191.61.48 - - [15/May/2025:12:37:44 +0000] "GET /wp-content/plugins/download-manager/assets/js/wpdm.min.js?ver=d6d318ac8eaa702f795eb12f2dd73d9f HTTP/1.1" 200 470 "https://pacja.org/positioning-african-non-state-actors-at-the-heart-of-climate-policy-and-global-justice-for-acs-ii-and-beyond/" "Mozilla/5.0 (iPhone; CPU iPhone OS 18_4_1 like Mac OS X) AppleWebKit/605.1.15 (KHTML, like Gecko) Mobile/15E148 [LinkedInApp]/9.31.1083.5"
3.133.112.141 - - [15/May/2025:12:37:43 +0000] "GET /shopdetail/30727872 HTTP/1.1" 404 32841 "-" "Mozilla/5.0 AppleWebKit/537.36 (KHTML, like Gecko; compatible; ClaudeBot/1.0; +claudebot@anthropic.com)"
196.191.61.48 - - [15/May/2025:12:37:45 +0000] "GET /wp-includes/js/jquery/ui/mouse.min.js?ver=1.13.3 HTTP/1.1" 200 1098 "https://pacja.org/positioning-african-non-state-actors-at-the-heart-of-climate-policy-and-global-justice-for-acs-ii-and-beyond/" "Mozilla/5.0 (iPhone; CPU iPhone OS 18_4_1 like Mac OS X) AppleWebKit/605.1.15 (KHTML, like Gecko) Mobile/15E148 [LinkedInApp]/9.31.1083.5"
196.191.61.48 - - [15/May/2025:12:37:45 +0000] "GET /wp-includes/js/jquery/ui/sortable.min.js?ver=1.13.3 HTTP/1.1" 200 6586 "https://pacja.org/positioning-african-non-state-actors-at-the-heart-of-climate-policy-and-global-justice-for-acs-ii-and-beyond/" "Mozilla/5.0 (iPhone; CPU iPhone OS 18_4_1 like Mac OS X) AppleWebKit/605.1.15 (KHTML, like Gecko) Mobile/15E148 [LinkedInApp]/9.31.1083.5"
196.191.61.48 - - [15/May/2025:12:37:45 +0000] "GET /wp-includes/js/jquery/ui/datepicker.min.js?ver=1.13.3 HTTP/1.1" 200 10907 "https://pacja.org/positioning-african-non-state-actors-at-the-heart-of-climate-policy-and-global-justice-for-acs-ii-and-beyond/" "Mozilla/5.0 (iPhone; CPU iPhone OS 18_4_1 like Mac OS X) AppleWebKit/605.1.15 (KHTML, like Gecko) Mobile/15E148 [LinkedInApp]/9.31.1083.5"
196.191.61.48 - - [15/May/2025:12:37:45 +0000] "GET /wp-includes/js/jquery/ui/resizable.min.js?ver=1.13.3 HTTP/1.1" 200 5354 "https://pacja.org/positioning-african-non-state-actors-at-the-heart-of-climate-policy-and-global-justice-for-acs-ii-and-beyond/" "Mozilla/5.0 (iPhone; CPU iPhone OS 18_4_1 like Mac OS X) AppleWebKit/605.1.15 (KHTML, like Gecko) Mobile/15E148 [LinkedInApp]/9.31.1083.5"
196.191.61.48 - - [15/May/2025:12:37:45 +0000] "GET /wp-includes/js/jquery/ui/controlgroup.min.js?ver=1.13.3 HTTP/1.1" 200 1606 "https://pacja.org/positioning-african-non-state-actors-at-the-heart-of-climate-policy-and-global-justice-for-acs-ii-and-beyond/" "Mozilla/5.0 (iPhone; CPU iPhone OS 18_4_1 like Mac OS X) AppleWebKit/605.1.15 (KHTML, like Gecko) Mobile/15E148 [LinkedInApp]/9.31.1083.5"
196.191.61.48 - - [15/May/2025:12:37:45 +0000] "GET /wp-includes/js/jquery/ui/draggable.min.js?ver=1.13.3 HTTP/1.1" 200 4875 "https://pacja.org/positioning-african-non-state-actors-at-the-heart-of-climate-policy-and-global-justice-for-acs-ii-and-beyond/" "Mozilla/5.0 (iPhone; CPU iPhone OS 18_4_1 like Mac OS X) AppleWebKit/605.1.15 (KHTML, like Gecko) Mobile/15E148 [LinkedInApp]/9.31.1083.5"
196.191.61.48 - - [15/May/2025:12:37:45 +0000] "GET /wp-includes/js/jquery/ui/button.min.js?ver=1.13.3 HTTP/1.1" 200 1979 "https://pacja.org/positioning-african-non-state-actors-at-the-heart-of-climate-policy-and-global-justice-for-acs-ii-and-beyond/" "Mozilla/5.0 (iPhone; CPU iPhone OS 18_4_1 like Mac OS X) AppleWebKit/605.1.15 (KHTML, like Gecko) Mobile/15E148 [LinkedInApp]/9.31.1083.5"
196.191.61.48 - - [15/May/2025:12:37:45 +0000] "GET /wp-includes/js/jquery/ui/checkboxradio.min.js?ver=1.13.3 HTTP/1.1" 200 1422 "https://pacja.org/positioning-african-non-state-actors-at-the-heart-of-climate-policy-and-global-justice-for-acs-ii-and-beyond/" "Mozilla/5.0 (iPhone; CPU iPhone OS 18_4_1 like Mac OS X) AppleWebKit/605.1.15 (KHTML, like Gecko) Mobile/15E148 [LinkedInApp]/9.31.1083.5"
196.191.61.48 - - [15/May/2025:12:37:45 +0000] "GET /wp-includes/js/jquery/ui/dialog.min.js?ver=1.13.3 HTTP/1.1" 200 3832 "https://pacja.org/positioning-african-non-state-actors-at-the-heart-of-climate-policy-and-global-justice-for-acs-ii-and-beyond/" "Mozilla/5.0 (iPhone; CPU iPhone OS 18_4_1 like Mac OS X) AppleWebKit/605.1.15 (KHTML, like Gecko) Mobile/15E148 [LinkedInApp]/9.31.1083.5"
196.191.61.48 - - [15/May/2025:12:37:45 +0000] "GET /wp-content/plugins/events-manager/includes/js/events-manager.js?ver=6.6.4.4 HTTP/1.1" 200 116662 "https://pacja.org/positioning-african-non-state-actors-at-the-heart-of-climate-policy-and-global-justice-for-acs-ii-and-beyond/" "Mozilla/5.0 (iPhone; CPU iPhone OS 18_4_1 like Mac OS X) AppleWebKit/605.1.15 (KHTML, like Gecko) Mobile/15E148 [LinkedInApp]/9.31.1083.5"
196.191.61.48 - - [15/May/2025:12:37:45 +0000] "GET /wp-content/plugins/inline-google-spreadsheet-viewer/igsv-datatables.js?ver=d6d318ac8eaa702f795eb12f2dd73d9f HTTP/1.1" 200 853 "https://pacja.org/positioning-african-non-state-actors-at-the-heart-of-climate-policy-and-global-justice-for-acs-ii-and-beyond/" "Mozilla/5.0 (iPhone; CPU iPhone OS 18_4_1 like Mac OS X) AppleWebKit/605.1.15 (KHTML, like Gecko) Mobile/15E148 [LinkedInApp]/9.31.1083.5"
196.191.61.48 - - [15/May/2025:12:37:45 +0000] "GET /wp-content/plugins/flickr-viewer/public/js/cws-flickr-gallery-pro-public.js?ver=1.1.8 HTTP/1.1" 200 453 "https://pacja.org/positioning-african-non-state-actors-at-the-heart-of-climate-policy-and-global-justice-for-acs-ii-and-beyond/" "Mozilla/5.0 (iPhone; CPU iPhone OS 18_4_1 like Mac OS X) AppleWebKit/605.1.15 (KHTML, like Gecko) Mobile/15E148 [LinkedInApp]/9.31.1083.5"
196.191.61.48 - - [15/May/2025:12:37:45 +0000] "GET /wp-content/plugins/inline-google-spreadsheet-viewer/igsv-gvizcharts.js?ver=d6d318ac8eaa702f795eb12f2dd73d9f HTTP/1.1" 200 1144 "https://pacja.org/positioning-african-non-state-actors-at-the-heart-of-climate-policy-and-global-justice-for-acs-ii-and-beyond/" "Mozilla/5.0 (iPhone; CPU iPhone OS 18_4_1 like Mac OS X) AppleWebKit/605.1.15 (KHTML, like Gecko) Mobile/15E148 [LinkedInApp]/9.31.1083.5"
196.191.61.48 - - [15/May/2025:12:37:45 +0000] "GET /wp-content/plugins/youtube-embed-plus/scripts/ytprefs.min.js?ver=14.2.1.3 HTTP/1.1" 200 4761 "https://pacja.org/positioning-african-non-state-actors-at-the-heart-of-climate-policy-and-global-justice-for-acs-ii-and-beyond/" "Mozilla/5.0 (iPhone; CPU iPhone OS 18_4_1 like Mac OS X) AppleWebKit/605.1.15 (KHTML, like Gecko) Mobile/15E148 [LinkedInApp]/9.31.1083.5"
196.191.61.48 - - [15/May/2025:12:37:45 +0000] "GET /wp-content/plugins/mobile-menu/includes/js/mobmenu.js?ver=2.8.7 HTTP/1.1" 200 4029 "https://pacja.org/positioning-african-non-state-actors-at-the-heart-of-climate-policy-and-global-justice-for-acs-ii-and-beyond/" "Mozilla/5.0 (iPhone; CPU iPhone OS 18_4_1 like Mac OS X) AppleWebKit/605.1.15 (KHTML, like Gecko) Mobile/15E148 [LinkedInApp]/9.31.1083.5"
196.191.61.48 - - [15/May/2025:12:37:45 +0000] "GET /wp-content/plugins/revslider/sr6/assets/css/rs6.css?ver=6.7.18 HTTP/1.1" 200 12492 "https://pacja.org/positioning-african-non-state-actors-at-the-heart-of-climate-policy-and-global-justice-for-acs-ii-and-beyond/" "Mozilla/5.0 (iPhone; CPU iPhone OS 18_4_1 like Mac OS X) AppleWebKit/605.1.15 (KHTML, like Gecko) Mobile/15E148 [LinkedInApp]/9.31.1083.5"
196.191.61.48 - - [15/May/2025:12:37:45 +0000] "GET /wp-content/plugins/socialsnap/assets/css/socialsnap.css?ver=1.3.6 HTTP/1.1" 200 8248 "https://pacja.org/positioning-african-non-state-actors-at-the-heart-of-climate-policy-and-global-justice-for-acs-ii-and-beyond/" "Mozilla/5.0 (iPhone; CPU iPhone OS 18_4_1 like Mac OS X) AppleWebKit/605.1.15 (KHTML, like Gecko) Mobile/15E148 [LinkedInApp]/9.31.1083.5"
196.191.61.48 - - [15/May/2025:12:37:45 +0000] "GET /wp-content/plugins/gs-logo-slider/assets/libs/tippyjs/tippy-bundle.umd.min.js?ver=3.7.4 HTTP/1.1" 200 13759 "https://pacja.org/positioning-african-non-state-actors-at-the-heart-of-climate-policy-and-global-justice-for-acs-ii-and-beyond/" "Mozilla/5.0 (iPhone; CPU iPhone OS 18_4_1 like Mac OS X) AppleWebKit/605.1.15 (KHTML, like Gecko) Mobile/15E148 [LinkedInApp]/9.31.1083.5"
196.191.61.48 - - [15/May/2025:12:37:45 +0000] "GET /wp-content/plugins/gs-logo-slider/assets/libs/swiper-js/swiper.min.js?ver=3.7.4 HTTP/1.1" 200 39697 "https://pacja.org/positioning-african-non-state-actors-at-the-heart-of-climate-policy-and-global-justice-for-acs-ii-and-beyond/" "Mozilla/5.0 (iPhone; CPU iPhone OS 18_4_1 like Mac OS X) AppleWebKit/605.1.15 (KHTML, like Gecko) Mobile/15E148 [LinkedInApp]/9.31.1083.5"
3.133.112.141 - - [15/May/2025:12:37:42 +0000] "GET /shopdetail/18918649 HTTP/1.1" 404 32842 "-" "Mozilla/5.0 AppleWebKit/537.36 (KHTML, like Gecko; compatible; ClaudeBot/1.0; +claudebot@anthropic.com)"
196.191.61.48 - - [15/May/2025:12:37:45 +0000] "GET /wp-content/plugins/gs-logo-slider/assets/libs/images-loaded/images-loaded.min.js?ver=3.7.4 HTTP/1.1" 200 1810 "https://pacja.org/positioning-african-non-state-actors-at-the-heart-of-climate-policy-and-global-justice-for-acs-ii-and-beyond/" "Mozilla/5.0 (iPhone; CPU iPhone OS 18_4_1 like Mac OS X) AppleWebKit/605.1.15 (KHTML, like Gecko) Mobile/15E148 [LinkedInApp]/9.31.1083.5"
196.191.61.48 - - [15/May/2025:12:37:45 +0000] "GET /wp-content/plugins/gs-logo-slider/assets/js/gs-logo.min.js?ver=3.7.4 HTTP/1.1" 200 2450 "https://pacja.org/positioning-african-non-state-actors-at-the-heart-of-climate-policy-and-global-justice-for-acs-ii-and-beyond/" "Mozilla/5.0 (iPhone; CPU iPhone OS 18_4_1 like Mac OS X) AppleWebKit/605.1.15 (KHTML, like Gecko) Mobile/15E148 [LinkedInApp]/9.31.1083.5"
196.191.61.48 - - [15/May/2025:12:37:46 +0000] "GET /wp-includes/js/dist/dom-ready.min.js?ver=f77871ff7694fffea381 HTTP/1.1" 200 320 "https://pacja.org/positioning-african-non-state-actors-at-the-heart-of-climate-policy-and-global-justice-for-acs-ii-and-beyond/" "Mozilla/5.0 (iPhone; CPU iPhone OS 18_4_1 like Mac OS X) AppleWebKit/605.1.15 (KHTML, like Gecko) Mobile/15E148 [LinkedInApp]/9.31.1083.5"
196.191.61.48 - - [15/May/2025:12:37:46 +0000] "GET /wp-content/plugins/civist/civist-wordpress-blocks-embed.js?ver=1bdc5b775f7478bc9ab8 HTTP/1.1" 200 15019 "https://pacja.org/positioning-african-non-state-actors-at-the-heart-of-climate-policy-and-global-justice-for-acs-ii-and-beyond/" "Mozilla/5.0 (iPhone; CPU iPhone OS 18_4_1 like Mac OS X) AppleWebKit/605.1.15 (KHTML, like Gecko) Mobile/15E148 [LinkedInApp]/9.31.1083.5"
196.191.61.48 - - [15/May/2025:12:37:46 +0000] "GET /wp-includes/js/jquery/ui/menu.min.js?ver=1.13.3 HTTP/1.1" 200 3058 "https://pacja.org/positioning-african-non-state-actors-at-the-heart-of-climate-policy-and-global-justice-for-acs-ii-and-beyond/" "Mozilla/5.0 (iPhone; CPU iPhone OS 18_4_1 like Mac OS X) AppleWebKit/605.1.15 (KHTML, like Gecko) Mobile/15E148 [LinkedInApp]/9.31.1083.5"
196.191.61.48 - - [15/May/2025:12:37:46 +0000] "GET /wp-includes/js/dist/hooks.min.js?ver=4d63a3d491d11ffd8ac6 HTTP/1.1" 200 1648 "https://pacja.org/positioning-african-non-state-actors-at-the-heart-of-climate-policy-and-global-justice-for-acs-ii-and-beyond/" "Mozilla/5.0 (iPhone; CPU iPhone OS 18_4_1 like Mac OS X) AppleWebKit/605.1.15 (KHTML, like Gecko) Mobile/15E148 [LinkedInApp]/9.31.1083.5"
196.191.61.48 - - [15/May/2025:12:37:46 +0000] "GET /wp-includes/js/dist/i18n.min.js?ver=5e580eb46a90c2b997e6 HTTP/1.1" 200 3667 "https://pacja.org/positioning-african-non-state-actors-at-the-heart-of-climate-policy-and-global-justice-for-acs-ii-and-beyond/" "Mozilla/5.0 (iPhone; CPU iPhone OS 18_4_1 like Mac OS X) AppleWebKit/605.1.15 (KHTML, like Gecko) Mobile/15E148 [LinkedInApp]/9.31.1083.5"
196.191.61.48 - - [15/May/2025:12:37:46 +0000] "GET /wp-includes/js/dist/a11y.min.js?ver=3156534cc54473497e14 HTTP/1.1" 200 956 "https://pacja.org/positioning-african-non-state-actors-at-the-heart-of-climate-policy-and-global-justice-for-acs-ii-and-beyond/" "Mozilla/5.0 (iPhone; CPU iPhone OS 18_4_1 like Mac OS X) AppleWebKit/605.1.15 (KHTML, like Gecko) Mobile/15E148 [LinkedInApp]/9.31.1083.5"
196.191.61.48 - - [15/May/2025:12:37:46 +0000] "GET /wp-includes/js/jquery/ui/autocomplete.min.js?ver=1.13.3 HTTP/1.1" 200 2905 "https://pacja.org/positioning-african-non-state-actors-at-the-heart-of-climate-policy-and-global-justice-for-acs-ii-and-beyond/" "Mozilla/5.0 (iPhone; CPU iPhone OS 18_4_1 like Mac OS X) AppleWebKit/605.1.15 (KHTML, like Gecko) Mobile/15E148 [LinkedInApp]/9.31.1083.5"
196.191.61.48 - - [15/May/2025:12:37:46 +0000] "GET /wp-content/plugins/advance-search/inc/common/js/advance-search.js?ver=1.1.6 HTTP/1.1" 200 1185 "https://pacja.org/positioning-african-non-state-actors-at-the-heart-of-climate-policy-and-global-justice-for-acs-ii-and-beyond/" "Mozilla/5.0 (iPhone; CPU iPhone OS 18_4_1 like Mac OS X) AppleWebKit/605.1.15 (KHTML, like Gecko) Mobile/15E148 [LinkedInApp]/9.31.1083.5"
196.191.61.48 - - [15/May/2025:12:37:46 +0000] "GET /wp-content/plugins/contact-form-7/includes/swv/js/index.js?ver=6.0.6 HTTP/1.1" 200 3503 "https://pacja.org/positioning-african-non-state-actors-at-the-heart-of-climate-policy-and-global-justice-for-acs-ii-and-beyond/" "Mozilla/5.0 (iPhone; CPU iPhone OS 18_4_1 like Mac OS X) AppleWebKit/605.1.15 (KHTML, like Gecko) Mobile/15E148 [LinkedInApp]/9.31.1083.5"
196.191.61.48 - - [15/May/2025:12:37:46 +0000] "GET /wp-content/plugins/contact-form-7/includes/js/index.js?ver=6.0.6 HTTP/1.1" 200 4265 "https://pacja.org/positioning-african-non-state-actors-at-the-heart-of-climate-policy-and-global-justice-for-acs-ii-and-beyond/" "Mozilla/5.0 (iPhone; CPU iPhone OS 18_4_1 like Mac OS X) AppleWebKit/605.1.15 (KHTML, like Gecko) Mobile/15E148 [LinkedInApp]/9.31.1083.5"
196.191.61.48 - - [15/May/2025:12:37:46 +0000] "GET /wp-content/plugins/flickr-stream/js/frontend.min.js?ver=1.3 HTTP/1.1" 200 1777 "https://pacja.org/positioning-african-non-state-actors-at-the-heart-of-climate-policy-and-global-justice-for-acs-ii-and-beyond/" "Mozilla/5.0 (iPhone; CPU iPhone OS 18_4_1 like Mac OS X) AppleWebKit/605.1.15 (KHTML, like Gecko) Mobile/15E148 [LinkedInApp]/9.31.1083.5"
196.191.61.48 - - [15/May/2025:12:37:46 +0000] "GET /wp-includes/js/jquery/jquery.form.min.js?ver=4.3.0 HTTP/1.1" 200 5958 "https://pacja.org/positioning-african-non-state-actors-at-the-heart-of-climate-policy-and-global-justice-for-acs-ii-and-beyond/" "Mozilla/5.0 (iPhone; CPU iPhone OS 18_4_1 like Mac OS X) AppleWebKit/605.1.15 (KHTML, like Gecko) Mobile/15E148 [LinkedInApp]/9.31.1083.5"
196.191.61.48 - - [15/May/2025:12:37:46 +0000] "GET /wp-content/plugins/quick-event-manager/legacy/quick-event-manager.js?ver=9.14 HTTP/1.1" 200 4698 "https://pacja.org/positioning-african-non-state-actors-at-the-heart-of-climate-policy-and-global-justice-for-acs-ii-and-beyond/" "Mozilla/5.0 (iPhone; CPU iPhone OS 18_4_1 like Mac OS X) AppleWebKit/605.1.15 (KHTML, like Gecko) Mobile/15E148 [LinkedInApp]/9.31.1083.5"
196.191.61.48 - - [15/May/2025:12:37:46 +0000] "GET /wp-includes/js/jquery/ui/tabs.min.js?ver=1.13.3 HTTP/1.1" 200 3945 "https://pacja.org/positioning-african-non-state-actors-at-the-heart-of-climate-policy-and-global-justice-for-acs-ii-and-beyond/" "Mozilla/5.0 (iPhone; CPU iPhone OS 18_4_1 like Mac OS X) AppleWebKit/605.1.15 (KHTML, like Gecko) Mobile/15E148 [LinkedInApp]/9.31.1083.5"
196.191.61.48 - - [15/May/2025:12:37:46 +0000] "GET /wp-includes/js/jquery/ui/accordion.min.js?ver=1.13.3 HTTP/1.1" 200 2783 "https://pacja.org/positioning-african-non-state-actors-at-the-heart-of-climate-policy-and-global-justice-for-acs-ii-and-beyond/" "Mozilla/5.0 (iPhone; CPU iPhone OS 18_4_1 like Mac OS X) AppleWebKit/605.1.15 (KHTML, like Gecko) Mobile/15E148 [LinkedInApp]/9.31.1083.5"
196.191.61.48 - - [15/May/2025:12:37:46 +0000] "GET /wp-content/themes/pacja.../js/plugins.js?ver=20.6.4 HTTP/1.1" 200 53788 "https://pacja.org/positioning-african-non-state-actors-at-the-heart-of-climate-policy-and-global-justice-for-acs-ii-and-beyond/" "Mozilla/5.0 (iPhone; CPU iPhone OS 18_4_1 like Mac OS X) AppleWebKit/605.1.15 (KHTML, like Gecko) Mobile/15E148 [LinkedInApp]/9.31.1083.5"
196.191.61.48 - - [15/May/2025:12:37:46 +0000] "GET /wp-content/themes/pacja.../js/menu.js?ver=20.6.4 HTTP/1.1" 200 862 "https://pacja.org/positioning-african-non-state-actors-at-the-heart-of-climate-policy-and-global-justice-for-acs-ii-and-beyond/" "Mozilla/5.0 (iPhone; CPU iPhone OS 18_4_1 like Mac OS X) AppleWebKit/605.1.15 (KHTML, like Gecko) Mobile/15E148 [LinkedInApp]/9.31.1083.5"
3.133.112.141 - - [15/May/2025:12:37:44 +0000] "GET /shopdetail/28408649 HTTP/1.1" 404 32843 "-" "Mozilla/5.0 AppleWebKit/537.36 (KHTML, like Gecko; compatible; ClaudeBot/1.0; +claudebot@anthropic.com)"
196.191.61.48 - - [15/May/2025:12:37:46 +0000] "GET /wp-content/themes/pacja.../assets/animations/animations.min.js?ver=20.6.4 HTTP/1.1" 200 624 "https://pacja.org/positioning-african-non-state-actors-at-the-heart-of-climate-policy-and-global-justice-for-acs-ii-and-beyond/" "Mozilla/5.0 (iPhone; CPU iPhone OS 18_4_1 like Mac OS X) AppleWebKit/605.1.15 (KHTML, like Gecko) Mobile/15E148 [LinkedInApp]/9.31.1083.5"
196.191.61.48 - - [15/May/2025:12:37:46 +0000] "GET /wp-content/themes/pacja.../js/parallax/translate3d.js?ver=20.6.4 HTTP/1.1" 200 1659 "https://pacja.org/positioning-african-non-state-actors-at-the-heart-of-climate-policy-and-global-justice-for-acs-ii-and-beyond/" "Mozilla/5.0 (iPhone; CPU iPhone OS 18_4_1 like Mac OS X) AppleWebKit/605.1.15 (KHTML, like Gecko) Mobile/15E148 [LinkedInApp]/9.31.1083.5"
196.191.61.48 - - [15/May/2025:12:37:46 +0000] "GET /wp-content/themes/pacja.../assets/jplayer/jplayer.min.js?ver=20.6.4 HTTP/1.1" 200 12737 "https://pacja.org/positioning-african-non-state-actors-at-the-heart-of-climate-policy-and-global-justice-for-acs-ii-and-beyond/" "Mozilla/5.0 (iPhone; CPU iPhone OS 18_4_1 like Mac OS X) AppleWebKit/605.1.15 (KHTML, like Gecko) Mobile/15E148 [LinkedInApp]/9.31.1083.5"
196.191.61.48 - - [15/May/2025:12:37:46 +0000] "GET /wp-content/themes/pacja.../js/parallax/smoothscroll.js?ver=20.6.4 HTTP/1.1" 200 3038 "https://pacja.org/positioning-african-non-state-actors-at-the-heart-of-climate-policy-and-global-justice-for-acs-ii-and-beyond/" "Mozilla/5.0 (iPhone; CPU iPhone OS 18_4_1 like Mac OS X) AppleWebKit/605.1.15 (KHTML, like Gecko) Mobile/15E148 [LinkedInApp]/9.31.1083.5"
196.191.61.48 - - [15/May/2025:12:37:46 +0000] "GET /wp-content/themes/pacja.../js/scripts.js?ver=20.6.4 HTTP/1.1" 200 14701 "https://pacja.org/positioning-african-non-state-actors-at-the-heart-of-climate-policy-and-global-justice-for-acs-ii-and-beyond/" "Mozilla/5.0 (iPhone; CPU iPhone OS 18_4_1 like Mac OS X) AppleWebKit/605.1.15 (KHTML, like Gecko) Mobile/15E148 [LinkedInApp]/9.31.1083.5"
196.191.61.48 - - [15/May/2025:12:37:46 +0000] "GET /wp-includes/js/dist/vendor/wp-polyfill.min.js?ver=3.15.0 HTTP/1.1" 200 14471 "https://pacja.org/positioning-african-non-state-actors-at-the-heart-of-climate-policy-and-global-justice-for-acs-ii-and-beyond/" "Mozilla/5.0 (iPhone; CPU iPhone OS 18_4_1 like Mac OS X) AppleWebKit/605.1.15 (KHTML, like Gecko) Mobile/15E148 [LinkedInApp]/9.31.1083.5"
196.191.61.48 - - [15/May/2025:12:37:46 +0000] "GET /wp-content/plugins/contact-form-7/modules/recaptcha/index.js?ver=6.0.6 HTTP/1.1" 200 483 "https://pacja.org/positioning-african-non-state-actors-at-the-heart-of-climate-policy-and-global-justice-for-acs-ii-and-beyond/" "Mozilla/5.0 (iPhone; CPU iPhone OS 18_4_1 like Mac OS X) AppleWebKit/605.1.15 (KHTML, like Gecko) Mobile/15E148 [LinkedInApp]/9.31.1083.5"
196.191.61.48 - - [15/May/2025:12:37:47 +0000] "GET /wp-content/plugins/youtube-embed-plus/scripts/fitvids.min.js?ver=14.2.1.3 HTTP/1.1" 200 1051 "https://pacja.org/positioning-african-non-state-actors-at-the-heart-of-climate-policy-and-global-justice-for-acs-ii-and-beyond/" "Mozilla/5.0 (iPhone; CPU iPhone OS 18_4_1 like Mac OS X) AppleWebKit/605.1.15 (KHTML, like Gecko) Mobile/15E148 [LinkedInApp]/9.31.1083.5"
196.191.61.48 - - [15/May/2025:12:37:47 +0000] "GET /wp-content/plugins/essential-addons-for-elementor-lite/assets/front-end/js/view/general.min.js?ver=6.1.4 HTTP/1.1" 200 4088 "https://pacja.org/positioning-african-non-state-actors-at-the-heart-of-climate-policy-and-global-justice-for-acs-ii-and-beyond/" "Mozilla/5.0 (iPhone; CPU iPhone OS 18_4_1 like Mac OS X) AppleWebKit/605.1.15 (KHTML, like Gecko) Mobile/15E148 [LinkedInApp]/9.31.1083.5"
196.191.61.48 - - [15/May/2025:12:37:47 +0000] "GET /wp-content/plugins/add-search-to-menu/public/js/ivory-search.min.js?ver=5.5.9 HTTP/1.1" 200 1220 "https://pacja.org/positioning-african-non-state-actors-at-the-heart-of-climate-policy-and-global-justice-for-acs-ii-and-beyond/" "Mozilla/5.0 (iPhone; CPU iPhone OS 18_4_1 like Mac OS X) AppleWebKit/605.1.15 (KHTML, like Gecko) Mobile/15E148 [LinkedInApp]/9.31.1083.5"
196.191.61.48 - - [15/May/2025:12:37:47 +0000] "GET /wp-content/plugins/gtranslate/js/dwf.js?ver=d6d318ac8eaa702f795eb12f2dd73d9f HTTP/1.1" 200 6254 "https://pacja.org/positioning-african-non-state-actors-at-the-heart-of-climate-policy-and-global-justice-for-acs-ii-and-beyond/" "Mozilla/5.0 (iPhone; CPU iPhone OS 18_4_1 like Mac OS X) AppleWebKit/605.1.15 (KHTML, like Gecko) Mobile/15E148 [LinkedInApp]/9.31.1083.5"
196.191.61.48 - - [15/May/2025:12:37:47 +0000] "GET /wp-content/plugins/socialsnap/assets/js/socialsnap.js?ver=1.3.6 HTTP/1.1" 200 3902 "https://pacja.org/positioning-african-non-state-actors-at-the-heart-of-climate-policy-and-global-justice-for-acs-ii-and-beyond/" "Mozilla/5.0 (iPhone; CPU iPhone OS 18_4_1 like Mac OS X) AppleWebKit/605.1.15 (KHTML, like Gecko) Mobile/15E148 [LinkedInApp]/9.31.1083.5"
196.191.61.48 - - [15/May/2025:12:37:47 +0000] "GET /wp-content/plugins/jetpack/_inc/build/likes/queuehandler.min.js?ver=14.3 HTTP/1.1" 200 2608 "https://pacja.org/positioning-african-non-state-actors-at-the-heart-of-climate-policy-and-global-justice-for-acs-ii-and-beyond/" "Mozilla/5.0 (iPhone; CPU iPhone OS 18_4_1 like Mac OS X) AppleWebKit/605.1.15 (KHTML, like Gecko) Mobile/15E148 [LinkedInApp]/9.31.1083.5"
196.191.61.48 - - [15/May/2025:12:37:47 +0000] "GET /wp-content/plugins/jetpack/_inc/blocks/subscriptions/view.js?minify=false&ver=14.3 HTTP/1.1" 200 2253 "https://pacja.org/positioning-african-non-state-actors-at-the-heart-of-climate-policy-and-global-justice-for-acs-ii-and-beyond/" "Mozilla/5.0 (iPhone; CPU iPhone OS 18_4_1 like Mac OS X) AppleWebKit/605.1.15 (KHTML, like Gecko) Mobile/15E148 [LinkedInApp]/9.31.1083.5"
196.191.61.48 - - [15/May/2025:12:37:47 +0000] "GET /wp-content/plugins/akismet/_inc/akismet-frontend.js?ver=1740001267 HTTP/1.1" 200 3293 "https://pacja.org/positioning-african-non-state-actors-at-the-heart-of-climate-policy-and-global-justice-for-acs-ii-and-beyond/" "Mozilla/5.0 (iPhone; CPU iPhone OS 18_4_1 like Mac OS X) AppleWebKit/605.1.15 (KHTML, like Gecko) Mobile/15E148 [LinkedInApp]/9.31.1083.5"
196.191.61.48 - - [15/May/2025:12:37:47 +0000] "GET /wp-content/plugins/flickr-stream/photoswipe/photoswipe-custom.js HTTP/1.1" 200 16016 "https://pacja.org/positioning-african-non-state-actors-at-the-heart-of-climate-policy-and-global-justice-for-acs-ii-and-beyond/" "Mozilla/5.0 (iPhone; CPU iPhone OS 18_4_1 like Mac OS X) AppleWebKit/605.1.15 (KHTML, like Gecko) Mobile/15E148 [LinkedInApp]/9.31.1083.5"
196.191.61.48 - - [15/May/2025:12:37:47 +0000] "GET /wp-content/plugins/flickr-stream/photoswipe/photoswipe.css HTTP/1.1" 200 1307 "https://pacja.org/positioning-african-non-state-actors-at-the-heart-of-climate-policy-and-global-justice-for-acs-ii-and-beyond/" "Mozilla/5.0 (iPhone; CPU iPhone OS 18_4_1 like Mac OS X) AppleWebKit/605.1.15 (KHTML, like Gecko) Mobile/15E148 [LinkedInApp]/9.31.1083.5"
196.191.61.48 - - [15/May/2025:12:37:47 +0000] "GET /wp-content/plugins/google-analytics-for-wordpress/assets/js/frontend-gtag.min.js?ver=9.5.3 HTTP/1.1" 200 3277 "https://pacja.org/positioning-african-non-state-actors-at-the-heart-of-climate-policy-and-global-justice-for-acs-ii-and-beyond/" "Mozilla/5.0 (iPhone; CPU iPhone OS 18_4_1 like Mac OS X) AppleWebKit/605.1.15 (KHTML, like Gecko) Mobile/15E148 [LinkedInApp]/9.31.1083.5"
196.191.61.48 - - [15/May/2025:12:37:47 +0000] "GET /wp-content/plugins/interactive-3d-flipbook-powered-physics-engine/assets/js/client-locale-loader.js?ver=1.16.15 HTTP/1.1" 200 753 "https://pacja.org/positioning-african-non-state-actors-at-the-heart-of-climate-policy-and-global-justice-for-acs-ii-and-beyond/" "Mozilla/5.0 (iPhone; CPU iPhone OS 18_4_1 like Mac OS X) AppleWebKit/605.1.15 (KHTML, like Gecko) Mobile/15E148 [LinkedInApp]/9.31.1083.5"
196.191.61.48 - - [15/May/2025:12:37:47 +0000] "GET /wp-content/plugins/revslider/sr6/assets/js/rbtools.min.js?ver=6.7.18 HTTP/1.1" 200 61824 "https://pacja.org/positioning-african-non-state-actors-at-the-heart-of-climate-policy-and-global-justice-for-acs-ii-and-beyond/" "Mozilla/5.0 (iPhone; CPU iPhone OS 18_4_1 like Mac OS X) AppleWebKit/605.1.15 (KHTML, like Gecko) Mobile/15E148 [LinkedInApp]/9.31.1083.5"
3.133.112.141 - - [15/May/2025:12:37:45 +0000] "GET /shopdetail/6995650 HTTP/1.1" 404 32841 "-" "Mozilla/5.0 AppleWebKit/537.36 (KHTML, like Gecko; compatible; ClaudeBot/1.0; +claudebot@anthropic.com)"
196.191.61.48 - - [15/May/2025:12:37:47 +0000] "GET /wp-includes/js/comment-reply.min.js?ver=d6d318ac8eaa702f795eb12f2dd73d9f HTTP/1.1" 200 1375 "https://pacja.org/positioning-african-non-state-actors-at-the-heart-of-climate-policy-and-global-justice-for-acs-ii-and-beyond/" "Mozilla/5.0 (iPhone; CPU iPhone OS 18_4_1 like Mac OS X) AppleWebKit/605.1.15 (KHTML, like Gecko) Mobile/15E148 [LinkedInApp]/9.31.1083.5"
196.191.61.48 - - [15/May/2025:12:37:47 +0000] "GET /wp-content/uploads/matomo/matomo.js HTTP/1.1" 200 21952 "https://pacja.org/positioning-african-non-state-actors-at-the-heart-of-climate-policy-and-global-justice-for-acs-ii-and-beyond/" "Mozilla/5.0 (iPhone; CPU iPhone OS 18_4_1 like Mac OS X) AppleWebKit/605.1.15 (KHTML, like Gecko) Mobile/15E148 [LinkedInApp]/9.31.1083.5"
196.191.61.48 - - [15/May/2025:12:37:47 +0000] "GET /wp-content/themes/pacja.../fonts/mfn-icons.woff?23391439 HTTP/1.1" 200 80320 "https://pacja.org/positioning-african-non-state-actors-at-the-heart-of-climate-policy-and-global-justice-for-acs-ii-and-beyond/" "Mozilla/5.0 (iPhone; CPU iPhone OS 18_4_1 like Mac OS X) AppleWebKit/605.1.15 (KHTML, like Gecko) Mobile/15E148 [LinkedInApp]/9.31.1083.5"
196.191.61.48 - - [15/May/2025:12:37:47 +0000] "GET /wp-content/themes/pacja.../images/box_shadow.png HTTP/1.1" 200 108 "https://pacja.org/positioning-african-non-state-actors-at-the-heart-of-climate-policy-and-global-justice-for-acs-ii-and-beyond/" "Mozilla/5.0 (iPhone; CPU iPhone OS 18_4_1 like Mac OS X) AppleWebKit/605.1.15 (KHTML, like Gecko) Mobile/15E148 [LinkedInApp]/9.31.1083.5"
196.191.61.48 - - [15/May/2025:12:37:47 +0000] "GET /wp-content/uploads/2022/10/PACJA-Logo.png HTTP/1.1" 200 39094 "https://pacja.org/positioning-african-non-state-actors-at-the-heart-of-climate-policy-and-global-justice-for-acs-ii-and-beyond/" "Mozilla/5.0 (iPhone; CPU iPhone OS 18_4_1 like Mac OS X) AppleWebKit/605.1.15 (KHTML, like Gecko) Mobile/15E148 [LinkedInApp]/9.31.1083.5"
196.191.61.48 - - [15/May/2025:12:37:47 +0000] "GET /wp-content/plugins/revslider/sr6/assets/js/rs6.min.js?ver=6.7.18 HTTP/1.1" 200 108972 "https://pacja.org/positioning-african-non-state-actors-at-the-heart-of-climate-policy-and-global-justice-for-acs-ii-and-beyond/" "Mozilla/5.0 (iPhone; CPU iPhone OS 18_4_1 like Mac OS X) AppleWebKit/605.1.15 (KHTML, like Gecko) Mobile/15E148 [LinkedInApp]/9.31.1083.5"
196.191.61.48 - - [15/May/2025:12:37:48 +0000] "GET /wp-content/themes/pacja.../images/box_shadow_button.png HTTP/1.1" 200 108 "https://pacja.org/positioning-african-non-state-actors-at-the-heart-of-climate-policy-and-global-justice-for-acs-ii-and-beyond/" "Mozilla/5.0 (iPhone; CPU iPhone OS 18_4_1 like Mac OS X) AppleWebKit/605.1.15 (KHTML, like Gecko) Mobile/15E148 [LinkedInApp]/9.31.1083.5"
196.191.61.48 - - [15/May/2025:12:37:48 +0000] "GET /wp-content/plugins/gtranslate/flags/svg/en.svg HTTP/1.1" 200 446 "https://pacja.org/positioning-african-non-state-actors-at-the-heart-of-climate-policy-and-global-justice-for-acs-ii-and-beyond/" "Mozilla/5.0 (iPhone; CPU iPhone OS 18_4_1 like Mac OS X) AppleWebKit/605.1.15 (KHTML, like Gecko) Mobile/15E148 [LinkedInApp]/9.31.1083.5"
3.133.112.141 - - [15/May/2025:12:37:46 +0000] "GET /shopdetail/26053272 HTTP/1.1" 404 32841 "-" "Mozilla/5.0 AppleWebKit/537.36 (KHTML, like Gecko; compatible; ClaudeBot/1.0; +claudebot@anthropic.com)"
196.191.61.48 - - [15/May/2025:12:37:47 +0000] "GET /positioning-african-non-state-actors-at-the-heart-of-climate-policy-and-global-justice-for-acs-ii-and-beyond/?relatedposts=1 HTTP/1.1" 200 1404 "https://pacja.org/positioning-african-non-state-actors-at-the-heart-of-climate-policy-and-global-justice-for-acs-ii-and-beyond/" "Mozilla/5.0 (iPhone; CPU iPhone OS 18_4_1 like Mac OS X) AppleWebKit/605.1.15 (KHTML, like Gecko) Mobile/15E148 [LinkedInApp]/9.31.1083.5"
3.133.112.141 - - [15/May/2025:12:37:48 +0000] "GET /shopdetail/5012727 HTTP/1.1" 404 32842 "-" "Mozilla/5.0 AppleWebKit/537.36 (KHTML, like Gecko; compatible; ClaudeBot/1.0; +claudebot@anthropic.com)"
196.191.61.48 - - [15/May/2025:12:37:48 +0000] "POST /wp-content/plugins/matomo/app/matomo.php?action_name=Positioning%20African%20Non-State%20Actors%20at%20the%20Heart%20of%20Climate%20Policy%20and%20Global%20Justice%20for%20ACS-II%20and%20Beyond%20-%20PACJA%20-%20Panafrican%20Climate%20Justice%20Alliance&idsite=1&rec=1&r=168027&h=15&m=37&s=47&url=https%3A%2F%2Fpacja.org%2Fpositioning-african-non-state-actors-at-the-heart-of-climate-policy-and-global-justice-for-acs-ii-and-beyond%2F&urlref=https%3A%2F%2Fwww.linkedin.com%2F&_id=0c4c861d9065428c&_idn=1&send_image=0&_refts=1747312668&_ref=https%3A%2F%2Fwww.linkedin.com%2F&pv_id=aodbpU&pf_net=0&pf_srv=1889&pf_tfr=0&pf_dm1=5985&uadata=%7B%7D&pdf=1&qt=0&realp=0&wma=0&fla=0&java=0&ag=0&cookie=1&res=428x926 HTTP/1.1" 204 - "https://pacja.org/positioning-african-non-state-actors-at-the-heart-of-climate-policy-and-global-justice-for-acs-ii-and-beyond/" "Mozilla/5.0 (iPhone; CPU iPhone OS 18_4_1 like Mac OS X) AppleWebKit/605.1.15 (KHTML, like Gecko) Mobile/15E148 [LinkedInApp]/9.31.1083.5"
3.133.112.141 - - [15/May/2025:12:37:48 +0000] "GET /shopdetail/30326994 HTTP/1.1" 404 32843 "-" "Mozilla/5.0 AppleWebKit/537.36 (KHTML, like Gecko; compatible; ClaudeBot/1.0; +claudebot@anthropic.com)"
196.191.61.48 - - [15/May/2025:12:37:48 +0000] "GET /wp-json/contact-form-7/v1/contact-forms/102/feedback/schema HTTP/1.1" 200 156 "https://pacja.org/positioning-african-non-state-actors-at-the-heart-of-climate-policy-and-global-justice-for-acs-ii-and-beyond/" "Mozilla/5.0 (iPhone; CPU iPhone OS 18_4_1 like Mac OS X) AppleWebKit/605.1.15 (KHTML, like Gecko) Mobile/15E148 [LinkedInApp]/9.31.1083.5"
3.133.112.141 - - [15/May/2025:12:37:47 +0000] "GET /shopdetail/23866349 HTTP/1.1" 404 32843 "-" "Mozilla/5.0 AppleWebKit/537.36 (KHTML, like Gecko; compatible; ClaudeBot/1.0; +claudebot@anthropic.com)"
196.191.61.48 - - [15/May/2025:12:37:48 +0000] "GET /wp-json/contact-form-7/v1/contact-forms/102/refill HTTP/1.1" 200 22 "https://pacja.org/positioning-african-non-state-actors-at-the-heart-of-climate-policy-and-global-justice-for-acs-ii-and-beyond/" "Mozilla/5.0 (iPhone; CPU iPhone OS 18_4_1 like Mac OS X) AppleWebKit/605.1.15 (KHTML, like Gecko) Mobile/15E148 [LinkedInApp]/9.31.1083.5"
3.133.112.141 - - [15/May/2025:12:37:49 +0000] "GET /shopdetail/10700050 HTTP/1.1" 404 32840 "-" "Mozilla/5.0 AppleWebKit/537.36 (KHTML, like Gecko; compatible; ClaudeBot/1.0; +claudebot@anthropic.com)"
3.133.112.141 - - [15/May/2025:12:37:50 +0000] "GET /shopdetail/19897349 HTTP/1.1" 404 32842 "-" "Mozilla/5.0 AppleWebKit/537.36 (KHTML, like Gecko; compatible; ClaudeBot/1.0; +claudebot@anthropic.com)"
196.191.61.48 - - [15/May/2025:12:37:53 +0000] "GET /wp-content/themes/pacja.../images/top_bar_right_shadow.png HTTP/1.1" 200 115 "https://pacja.org/positioning-african-non-state-actors-at-the-heart-of-climate-policy-and-global-justice-for-acs-ii-and-beyond/" "Mozilla/5.0 (iPhone; CPU iPhone OS 18_4_1 like Mac OS X) AppleWebKit/605.1.15 (KHTML, like Gecko) Mobile/15E148 [LinkedInApp]/9.31.1083.5"
3.133.112.141 - - [15/May/2025:12:37:52 +0000] "GET /shopdetail/28099949 HTTP/1.1" 404 32842 "-" "Mozilla/5.0 AppleWebKit/537.36 (KHTML, like Gecko; compatible; ClaudeBot/1.0; +claudebot@anthropic.com)"
196.191.61.48 - - [15/May/2025:12:37:52 +0000] "POST /wp-content/plugins/matomo/app/matomo.php?download=https%3A%2F%2Fi0.wp.com%2Fpacja.org%2Fwp-content%2Fuploads%2F2025%2F05%2FNSA.jpg%3Ffit%3D1200%2C680%26ssl%3D1&idsite=1&rec=1&r=725199&h=15&m=37&s=52&url=https%3A%2F%2Fpacja.org%2Fpositioning-african-non-state-actors-at-the-heart-of-climate-policy-and-global-justice-for-acs-ii-and-beyond%2F&urlref=https%3A%2F%2Fwww.linkedin.com%2F&_id=0c4c861d9065428c&_idn=0&send_image=0&_refts=1747312668&_ref=https%3A%2F%2Fwww.linkedin.com%2F&pf_net=0&pf_srv=1889&pf_tfr=0&pf_dm1=5985&pf_dm2=1083&pf_onl=6&pv_id=aodbpU&uadata=%7B%7D&pdf=1&qt=0&realp=0&wma=0&fla=0&java=0&ag=0&cookie=1&res=428x926 HTTP/1.1" 204 - "https://pacja.org/positioning-african-non-state-actors-at-the-heart-of-climate-policy-and-global-justice-for-acs-ii-and-beyond/" "Mozilla/5.0 (iPhone; CPU iPhone OS 18_4_1 like Mac OS X) AppleWebKit/605.1.15 (KHTML, like Gecko) Mobile/15E148 [LinkedInApp]/9.31.1083.5"
3.133.112.141 - - [15/May/2025:12:37:51 +0000] "GET /shopdetail/11467405 HTTP/1.1" 404 32842 "-" "Mozilla/5.0 AppleWebKit/537.36 (KHTML, like Gecko; compatible; ClaudeBot/1.0; +claudebot@anthropic.com)"
3.133.112.141 - - [15/May/2025:12:37:53 +0000] "GET /shopdetail/26724349 HTTP/1.1" 404 32843 "-" "Mozilla/5.0 AppleWebKit/537.36 (KHTML, like Gecko; compatible; ClaudeBot/1.0; +claudebot@anthropic.com)"
3.133.112.141 - - [15/May/2025:12:37:52 +0000] "GET /shopdetail/30616050 HTTP/1.1" 404 32842 "-" "Mozilla/5.0 AppleWebKit/537.36 (KHTML, like Gecko; compatible; ClaudeBot/1.0; +claudebot@anthropic.com)"
3.133.112.141 - - [15/May/2025:12:37:54 +0000] "GET /shopdetail/576694 HTTP/1.1" 404 32841 "-" "Mozilla/5.0 AppleWebKit/537.36 (KHTML, like Gecko; compatible; ClaudeBot/1.0; +claudebot@anthropic.com)"
66.249.79.201 - - [15/May/2025:12:37:58 +0000] "GET /wp-content/uploads/2024/07/DSC_0058-copy.jpg HTTP/1.1" 200 300647 "-" "Googlebot-Image/1.0"
216.131.76.241 - - [15/May/2025:12:38:04 +0000] "GET /cisonecc-champions-community-driven-biodiversity-protection-in-lake-chilwa-basin/ HTTP/1.1" 200 246929 "-" "Mozilla/5.0 (Windows NT 10.0; Win64; x64) AppleWebKit/537.36 (KHTML, like Gecko) Chrome/126.0.0.0 Safari/537.36 Edg/126.0.0.0"
66.249.79.200 - - [15/May/2025:12:38:07 +0000] "GET /?_gl=1*rgknbr*_ga*MzY3MjE1MDcwLjE3MzcwOTUyMjA.*_ga_0VKVKKN4NV*MTczNzEwMjM4NC4yLjEuMTczNzEwMjQ1My42MC4wLjA.&_bd_prev_page=https://pacja.org/detail.php?shopdetail/30790527 HTTP/1.1" 200 20301 "-" "Mozilla/5.0 (Linux; Android 6.0.1; Nexus 5X Build/MMB29P) AppleWebKit/537.36 (KHTML, like Gecko) Chrome/136.0.7103.59 Mobile Safari/537.36 (compatible; Googlebot/2.1; +http://www.google.com/bot.html)"
216.131.76.241 - - [15/May/2025:12:38:09 +0000] "GET /positioning-african-non-state-actors-at-the-heart-of-climate-policy-and-global-justice-for-acs-ii-and-beyond/ HTTP/1.1" 200 263575 "-" "Mozilla/5.0 (Windows NT 10.0; Win64; x64) AppleWebKit/537.36 (KHTML, like Gecko) Chrome/126.0.0.0 Safari/537.36 Edg/126.0.0.0"
102.215.34.108 - - [15/May/2025:12:38:12 +0000] "POST /wp-admin/admin-ajax.php HTTP/1.1" 200 101 "https://pacja.org/wp-admin/post.php?post=4782&action=edit" "Mozilla/5.0 (Windows NT 10.0; Win64; x64; rv:138.0) Gecko/20100101 Firefox/138.0"
203.161.61.57 - - [15/May/2025:12:38:13 +0000] "POST /wp-admin/admin-ajax.php?action=as_async_request_queue_runner&nonce=4e22f572e8 HTTP/1.1" 200 - "-" "WordPress/6.8.1; https://pacja.org"
3.221.50.71 - - [15/May/2025:12:38:21 +0000] "GET /advancing-sustainable-development-insights-from-the-african-cso-pre-conference-towards-the-69th-un-civil-society-conference/ HTTP/1.1" 403 - "-" "Mozilla/5.0 AppleWebKit/537.36 (KHTML, like Gecko; compatible; Amazonbot/0.1; +https://developer.amazon.com/support/amazonbot) Chrome/119.0.6045.214 Safari/537.36"
66.249.79.200 - - [15/May/2025:12:38:22 +0000] "GET /shopdetail/12539927 HTTP/1.1" 200 18588 "-" "Mozilla/5.0 (Linux; Android 6.0.1; Nexus 5X Build/MMB29P) AppleWebKit/537.36 (KHTML, like Gecko) Chrome/136.0.7103.59 Mobile Safari/537.36 (compatible; Googlebot/2.1; +http://www.google.com/bot.html)"
66.249.68.39 - - [15/May/2025:12:38:23 +0000] "GET /shopdetail/12081472 HTTP/1.1" 200 20330 "-" "Mozilla/5.0 (Linux; Android 6.0.1; Nexus 5X Build/MMB29P) AppleWebKit/537.36 (KHTML, like Gecko) Chrome/136.0.7103.59 Mobile Safari/537.36 (compatible; Googlebot/2.1; +http://www.google.com/bot.html)"
18.117.229.13 - - [15/May/2025:12:38:23 +0000] "GET /shopdetail/24122449 HTTP/1.1" 404 32845 "-" "Mozilla/5.0 AppleWebKit/537.36 (KHTML, like Gecko; compatible; ClaudeBot/1.0; +claudebot@anthropic.com)"
18.117.229.13 - - [15/May/2025:12:38:23 +0000] "GET /shopdetail/25015350 HTTP/1.1" 404 32844 "-" "Mozilla/5.0 AppleWebKit/537.36 (KHTML, like Gecko; compatible; ClaudeBot/1.0; +claudebot@anthropic.com)"
18.117.229.13 - - [15/May/2025:12:38:23 +0000] "GET /shopdetail/26071349 HTTP/1.1" 404 32845 "-" "Mozilla/5.0 AppleWebKit/537.36 (KHTML, like Gecko; compatible; ClaudeBot/1.0; +claudebot@anthropic.com)"
18.117.229.13 - - [15/May/2025:12:38:24 +0000] "GET /shopdetail/30241205 HTTP/1.1" 404 32845 "-" "Mozilla/5.0 AppleWebKit/537.36 (KHTML, like Gecko; compatible; ClaudeBot/1.0; +claudebot@anthropic.com)"
18.117.229.13 - - [15/May/2025:12:38:24 +0000] "GET /shopdetail/27817272 HTTP/1.1" 404 32843 "-" "Mozilla/5.0 AppleWebKit/537.36 (KHTML, like Gecko; compatible; ClaudeBot/1.0; +claudebot@anthropic.com)"
18.117.229.13 - - [15/May/2025:12:38:25 +0000] "GET /shopdetail/25012949 HTTP/1.1" 404 32845 "-" "Mozilla/5.0 AppleWebKit/537.36 (KHTML, like Gecko; compatible; ClaudeBot/1.0; +claudebot@anthropic.com)"
18.117.229.13 - - [15/May/2025:12:38:25 +0000] "GET /shopdetail/26512349 HTTP/1.1" 404 32845 "-" "Mozilla/5.0 AppleWebKit/537.36 (KHTML, like Gecko; compatible; ClaudeBot/1.0; +claudebot@anthropic.com)"
18.117.229.13 - - [15/May/2025:12:38:26 +0000] "GET /shopdetail/3160527 HTTP/1.1" 404 32844 "-" "Mozilla/5.0 AppleWebKit/537.36 (KHTML, like Gecko; compatible; ClaudeBot/1.0; +claudebot@anthropic.com)"
18.117.229.13 - - [15/May/2025:12:38:27 +0000] "GET /shopdetail/20911649 HTTP/1.1" 404 32844 "-" "Mozilla/5.0 AppleWebKit/537.36 (KHTML, like Gecko; compatible; ClaudeBot/1.0; +claudebot@anthropic.com)"
18.117.229.13 - - [15/May/2025:12:38:26 +0000] "GET /shopdetail/23425349 HTTP/1.1" 404 32845 "-" "Mozilla/5.0 AppleWebKit/537.36 (KHTML, like Gecko; compatible; ClaudeBot/1.0; +claudebot@anthropic.com)"
18.117.229.13 - - [15/May/2025:12:38:28 +0000] "GET /shopdetail/26626572 HTTP/1.1" 404 32843 "-" "Mozilla/5.0 AppleWebKit/537.36 (KHTML, like Gecko; compatible; ClaudeBot/1.0; +claudebot@anthropic.com)"
18.117.229.13 - - [15/May/2025:12:38:30 +0000] "GET /shopdetail/26250150 HTTP/1.1" 404 32843 "-" "Mozilla/5.0 AppleWebKit/537.36 (KHTML, like Gecko; compatible; ClaudeBot/1.0; +claudebot@anthropic.com)"
18.117.229.13 - - [15/May/2025:12:38:31 +0000] "GET /shopdetail/23901949 HTTP/1.1" 404 32845 "-" "Mozilla/5.0 AppleWebKit/537.36 (KHTML, like Gecko; compatible; ClaudeBot/1.0; +claudebot@anthropic.com)"
102.215.34.108 - - [15/May/2025:12:38:32 +0000] "POST /wp-admin/admin-ajax.php HTTP/1.1" 200 101 "https://pacja.org/wp-admin/post.php?post=5062&action=edit" "Mozilla/5.0 (Windows NT 10.0; Win64; x64; rv:138.0) Gecko/20100101 Firefox/138.0"
18.117.229.13 - - [15/May/2025:12:38:32 +0000] "GET /shopdetail/700494 HTTP/1.1" 404 32843 "-" "Mozilla/5.0 AppleWebKit/537.36 (KHTML, like Gecko; compatible; ClaudeBot/1.0; +claudebot@anthropic.com)"
44.212.232.231 - - [15/May/2025:12:38:33 +0000] "GET /climate-security-in-the-horn-of-africa/ HTTP/1.1" 403 - "-" "Mozilla/5.0 AppleWebKit/537.36 (KHTML, like Gecko; compatible; Amazonbot/0.1; +https://developer.amazon.com/support/amazonbot) Chrome/119.0.6045.214 Safari/537.36"
18.117.229.13 - - [15/May/2025:12:38:29 +0000] "GET /shopdetail/26415649 HTTP/1.1" 404 32845 "-" "Mozilla/5.0 AppleWebKit/537.36 (KHTML, like Gecko; compatible; ClaudeBot/1.0; +claudebot@anthropic.com)"
18.117.229.13 - - [15/May/2025:12:38:33 +0000] "GET /shopdetail/2609272 HTTP/1.1" 404 32842 "-" "Mozilla/5.0 AppleWebKit/537.36 (KHTML, like Gecko; compatible; ClaudeBot/1.0; +claudebot@anthropic.com)"
18.117.229.13 - - [15/May/2025:12:38:32 +0000] "GET /shopdetail/568194 HTTP/1.1" 404 32843 "-" "Mozilla/5.0 AppleWebKit/537.36 (KHTML, like Gecko; compatible; ClaudeBot/1.0; +claudebot@anthropic.com)"
