66.249.68.38 - - [15/May/2025:13:44:01 +0000] "GET /shopdetail/24653516 HTTP/1.1" 200 20828 "-" "Mozilla/5.0 (Linux; Android 6.0.1; Nexus 5X Build/MMB29P) AppleWebKit/537.36 (KHTML, like Gecko) Chrome/136.0.7103.92 Mobile Safari/537.36 (compatible; GoogleOther)"
66.249.68.37 - - [15/May/2025:13:44:02 +0000] "GET /shopdetail/24709349 HTTP/1.1" 200 20009 "-" "Mozilla/5.0 (Linux; Android 6.0.1; Nexus 5X Build/MMB29P) AppleWebKit/537.36 (KHTML, like Gecko) Chrome/136.0.7103.92 Mobile Safari/537.36 (compatible; GoogleOther)"
47.128.62.96 - - [15/May/2025:13:44:03 +0000] "GET /index.php/component/dpcalendar/event/mithika-honorary-degree.php HTTP/1.1" 403 - "-" "Mozilla/5.0 (Linux; Android 5.0) AppleWebKit/537.36 (KHTML, like Gecko) Mobile Safari/537.36 (compatible; Bytespider; spider-feedback@bytedance.com)"
66.249.68.32 - - [15/May/2025:13:44:04 +0000] "GET /pcmypage?callback=product%2Fdetail%2F57262502 HTTP/1.1" 200 19647 "-" "Mozilla/5.0 (Linux; Android 6.0.1; Nexus 5X Build/MMB29P) AppleWebKit/537.36 (KHTML, like Gecko) Chrome/136.0.7103.92 Mobile Safari/537.36 (compatible; GoogleOther)"
66.249.68.37 - - [15/May/2025:13:44:04 +0000] "GET /shopdetail/20343450 HTTP/1.1" 200 19868 "-" "Mozilla/5.0 (Linux; Android 6.0.1; Nexus 5X Build/MMB29P) AppleWebKit/537.36 (KHTML, like Gecko) Chrome/136.0.7103.92 Mobile Safari/537.36 (compatible; GoogleOther)"
66.249.68.38 - - [15/May/2025:13:44:05 +0000] "GET /shopdetail/20455594 HTTP/1.1" 200 19107 "-" "Mozilla/5.0 (Linux; Android 6.0.1; Nexus 5X Build/MMB29P) AppleWebKit/537.36 (KHTML, like Gecko) Chrome/136.0.7103.92 Mobile Safari/537.36 (compatible; GoogleOther)"
66.249.68.38 - - [15/May/2025:13:44:06 +0000] "GET /shopdetail/20409816 HTTP/1.1" 200 20431 "-" "Mozilla/5.0 (Linux; Android 6.0.1; Nexus 5X Build/MMB29P) AppleWebKit/537.36 (KHTML, like Gecko) Chrome/136.0.7103.92 Mobile Safari/537.36 (compatible; GoogleOther)"
66.249.68.39 - - [15/May/2025:13:44:08 +0000] "GET /shopdetail/20495838 HTTP/1.1" 200 21188 "-" "Mozilla/5.0 (Linux; Android 6.0.1; Nexus 5X Build/MMB29P) AppleWebKit/537.36 (KHTML, like Gecko) Chrome/136.0.7103.92 Mobile Safari/537.36 (compatible; GoogleOther)"
66.249.68.37 - - [15/May/2025:13:44:08 +0000] "GET /shopdetail/21004327 HTTP/1.1" 200 20146 "-" "Mozilla/5.0 (Linux; Android 6.0.1; Nexus 5X Build/MMB29P) AppleWebKit/537.36 (KHTML, like Gecko) Chrome/136.0.7103.92 Mobile Safari/537.36 (compatible; GoogleOther)"
66.249.68.37 - - [15/May/2025:13:44:09 +0000] "GET /shopdetail/20537027 HTTP/1.1" 200 19943 "-" "Mozilla/5.0 (Linux; Android 6.0.1; Nexus 5X Build/MMB29P) AppleWebKit/537.36 (KHTML, like Gecko) Chrome/136.0.7103.92 Mobile Safari/537.36 (compatible; GoogleOther)"
66.249.68.38 - - [15/May/2025:13:44:12 +0000] "GET /shopdetail/21201727 HTTP/1.1" 200 19354 "-" "Mozilla/5.0 (Linux; Android 6.0.1; Nexus 5X Build/MMB29P) AppleWebKit/537.36 (KHTML, like Gecko) Chrome/136.0.7103.92 Mobile Safari/537.36 (compatible; GoogleOther)"
66.249.68.37 - - [15/May/2025:13:44:13 +0000] "GET /shopdetail/21412005 HTTP/1.1" 200 21660 "-" "Mozilla/5.0 (Linux; Android 6.0.1; Nexus 5X Build/MMB29P) AppleWebKit/537.36 (KHTML, like Gecko) Chrome/136.0.7103.92 Mobile Safari/537.36 (compatible; GoogleOther)"
66.249.68.37 - - [15/May/2025:13:44:14 +0000] "GET /shopdetail/21850305 HTTP/1.1" 200 19442 "-" "Mozilla/5.0 (Linux; Android 6.0.1; Nexus 5X Build/MMB29P) AppleWebKit/537.36 (KHTML, like Gecko) Chrome/136.0.7103.92 Mobile Safari/537.36 (compatible; GoogleOther)"
66.249.79.200 - - [15/May/2025:13:44:14 +0000] "GET /product/edit/32706707 HTTP/1.1" 200 18785 "-" "Mozilla/5.0 (Linux; Android 6.0.1; Nexus 5X Build/MMB29P) AppleWebKit/537.36 (KHTML, like Gecko) Chrome/136.0.7103.92 Mobile Safari/537.36 (compatible; Googlebot/2.1; +http://www.google.com/bot.html)"
66.249.68.37 - - [15/May/2025:13:44:15 +0000] "GET /shopdetail/21528472 HTTP/1.1" 200 23306 "-" "Mozilla/5.0 (Linux; Android 6.0.1; Nexus 5X Build/MMB29P) AppleWebKit/537.36 (KHTML, like Gecko) Chrome/136.0.7103.92 Mobile Safari/537.36 (compatible; GoogleOther)"
66.249.68.37 - - [15/May/2025:13:44:16 +0000] "GET /shopdetail/22133849 HTTP/1.1" 200 19348 "-" "Mozilla/5.0 (Linux; Android 6.0.1; Nexus 5X Build/MMB29P) AppleWebKit/537.36 (KHTML, like Gecko) Chrome/136.0.7103.92 Mobile Safari/537.36 (compatible; GoogleOther)"
66.249.68.38 - - [15/May/2025:13:44:17 +0000] "GET /shopdetail/18204983 HTTP/1.1" 200 19793 "-" "Mozilla/5.0 (Linux; Android 6.0.1; Nexus 5X Build/MMB29P) AppleWebKit/537.36 (KHTML, like Gecko) Chrome/136.0.7103.92 Mobile Safari/537.36 (compatible; GoogleOther)"
66.249.79.200 - - [15/May/2025:13:44:17 +0000] "GET /shopdetail/3923116 HTTP/1.1" 200 19068 "-" "Mozilla/5.0 (compatible; Googlebot/2.1; +http://www.google.com/bot.html)"
66.249.68.38 - - [15/May/2025:13:44:18 +0000] "GET /shopdetail/28304472 HTTP/1.1" 200 21079 "-" "Mozilla/5.0 (Linux; Android 6.0.1; Nexus 5X Build/MMB29P) AppleWebKit/537.36 (KHTML, like Gecko) Chrome/136.0.7103.92 Mobile Safari/537.36 (compatible; GoogleOther)"
66.249.68.37 - - [15/May/2025:13:44:19 +0000] "GET /shopdetail/20436427 HTTP/1.1" 200 19726 "-" "Mozilla/5.0 (Linux; Android 6.0.1; Nexus 5X Build/MMB29P) AppleWebKit/537.36 (KHTML, like Gecko) Chrome/136.0.7103.92 Mobile Safari/537.36 (compatible; GoogleOther)"
66.249.68.38 - - [15/May/2025:13:44:20 +0000] "GET /shopdetail/30347227 HTTP/1.1" 200 19893 "-" "Mozilla/5.0 (Linux; Android 6.0.1; Nexus 5X Build/MMB29P) AppleWebKit/537.36 (KHTML, like Gecko) Chrome/136.0.7103.92 Mobile Safari/537.36 (compatible; GoogleOther)"
66.249.68.38 - - [15/May/2025:13:44:21 +0000] "GET /shopdetail/10861161 HTTP/1.1" 200 19568 "-" "Mozilla/5.0 (Linux; Android 6.0.1; Nexus 5X Build/MMB29P) AppleWebKit/537.36 (KHTML, like Gecko) Chrome/136.0.7103.92 Mobile Safari/537.36 (compatible; GoogleOther)"
66.249.68.37 - - [15/May/2025:13:44:22 +0000] "GET /shopdetail/16819416 HTTP/1.1" 200 20971 "-" "Mozilla/5.0 (Linux; Android 6.0.1; Nexus 5X Build/MMB29P) AppleWebKit/537.36 (KHTML, like Gecko) Chrome/136.0.7103.92 Mobile Safari/537.36 (compatible; GoogleOther)"
66.249.68.38 - - [15/May/2025:13:44:23 +0000] "GET /shopdetail/20721305 HTTP/1.1" 200 20260 "-" "Mozilla/5.0 (Linux; Android 6.0.1; Nexus 5X Build/MMB29P) AppleWebKit/537.36 (KHTML, like Gecko) Chrome/136.0.7103.92 Mobile Safari/537.36 (compatible; GoogleOther)"
102.215.34.108 - - [15/May/2025:13:44:22 +0000] "POST /wp-admin/admin-ajax.php HTTP/1.1" 200 101 "https://pacja.org/wp-admin/post.php?post=4782&action=edit" "Mozilla/5.0 (Windows NT 10.0; Win64; x64; rv:138.0) Gecko/20100101 Firefox/138.0"
66.249.68.37 - - [15/May/2025:13:44:24 +0000] "GET /shopdetail/17515094 HTTP/1.1" 200 20272 "-" "Mozilla/5.0 (Linux; Android 6.0.1; Nexus 5X Build/MMB29P) AppleWebKit/537.36 (KHTML, like Gecko) Chrome/136.0.7103.92 Mobile Safari/537.36 (compatible; GoogleOther)"
66.249.68.37 - - [15/May/2025:13:44:25 +0000] "GET /shopdetail/17785016 HTTP/1.1" 200 20487 "-" "Mozilla/5.0 (Linux; Android 6.0.1; Nexus 5X Build/MMB29P) AppleWebKit/537.36 (KHTML, like Gecko) Chrome/136.0.7103.92 Mobile Safari/537.36 (compatible; GoogleOther)"
35.208.173.41 - - [15/May/2025:13:44:24 +0000] "GET /shopdetail/13605872 HTTP/1.1" 404 32840 "-" "Buck/2.4.5; (+https://app.hypefactors.com/media-monitoring/about.html)"
66.249.68.37 - - [15/May/2025:13:44:26 +0000] "GET /shopdetail/1082949 HTTP/1.1" 200 19077 "-" "Mozilla/5.0 (Linux; Android 6.0.1; Nexus 5X Build/MMB29P) AppleWebKit/537.36 (KHTML, like Gecko) Chrome/136.0.7103.92 Mobile Safari/537.36 (compatible; GoogleOther)"
66.249.68.37 - - [15/May/2025:13:44:27 +0000] "GET /shopdetail/1187905 HTTP/1.1" 200 18601 "-" "Mozilla/5.0 (Linux; Android 6.0.1; Nexus 5X Build/MMB29P) AppleWebKit/537.36 (KHTML, like Gecko) Chrome/136.0.7103.92 Mobile Safari/537.36 (compatible; GoogleOther)"
66.249.68.38 - - [15/May/2025:13:44:28 +0000] "GET /shopdetail/17456227 HTTP/1.1" 200 22015 "-" "Mozilla/5.0 (Linux; Android 6.0.1; Nexus 5X Build/MMB29P) AppleWebKit/537.36 (KHTML, like Gecko) Chrome/136.0.7103.92 Mobile Safari/537.36 (compatible; GoogleOther)"
66.249.68.37 - - [15/May/2025:13:44:29 +0000] "GET /shopdetail/24837461 HTTP/1.1" 200 19745 "-" "Mozilla/5.0 (Linux; Android 6.0.1; Nexus 5X Build/MMB29P) AppleWebKit/537.36 (KHTML, like Gecko) Chrome/136.0.7103.92 Mobile Safari/537.36 (compatible; GoogleOther)"
66.249.68.38 - - [15/May/2025:13:44:30 +0000] "GET /shopdetail/29649849 HTTP/1.1" 200 19346 "-" "Mozilla/5.0 (Linux; Android 6.0.1; Nexus 5X Build/MMB29P) AppleWebKit/537.36 (KHTML, like Gecko) Chrome/136.0.7103.92 Mobile Safari/537.36 (compatible; GoogleOther)"
66.249.68.37 - - [15/May/2025:13:44:31 +0000] "GET /shopdetail/30096527 HTTP/1.1" 200 19505 "-" "Mozilla/5.0 (Linux; Android 6.0.1; Nexus 5X Build/MMB29P) AppleWebKit/537.36 (KHTML, like Gecko) Chrome/136.0.7103.92 Mobile Safari/537.36 (compatible; GoogleOther)"
18.119.136.32 - - [15/May/2025:13:44:30 +0000] "GET /shopdetail/17844116 HTTP/1.1" 404 32842 "-" "Mozilla/5.0 AppleWebKit/537.36 (KHTML, like Gecko; compatible; ClaudeBot/1.0; +claudebot@anthropic.com)"
18.119.136.32 - - [15/May/2025:13:44:30 +0000] "GET /shopdetail/24410716 HTTP/1.1" 404 32843 "-" "Mozilla/5.0 AppleWebKit/537.36 (KHTML, like Gecko; compatible; ClaudeBot/1.0; +claudebot@anthropic.com)"
66.249.68.38 - - [15/May/2025:13:44:32 +0000] "GET /shopdetail/30264805 HTTP/1.1" 200 22875 "-" "Mozilla/5.0 (Linux; Android 6.0.1; Nexus 5X Build/MMB29P) AppleWebKit/537.36 (KHTML, like Gecko) Chrome/136.0.7103.92 Mobile Safari/537.36 (compatible; GoogleOther)"
18.119.136.32 - - [15/May/2025:13:44:31 +0000] "GET /shopdetail/10085372 HTTP/1.1" 404 32840 "-" "Mozilla/5.0 AppleWebKit/537.36 (KHTML, like Gecko; compatible; ClaudeBot/1.0; +claudebot@anthropic.com)"
66.249.68.37 - - [15/May/2025:13:44:33 +0000] "GET /shopdetail/3148905 HTTP/1.1" 200 20150 "-" "Mozilla/5.0 (Linux; Android 6.0.1; Nexus 5X Build/MMB29P) AppleWebKit/537.36 (KHTML, like Gecko) Chrome/136.0.7103.92 Mobile Safari/537.36 (compatible; GoogleOther)"
18.119.136.32 - - [15/May/2025:13:44:32 +0000] "GET /shopdetail/10280961 HTTP/1.1" 404 32842 "-" "Mozilla/5.0 AppleWebKit/537.36 (KHTML, like Gecko; compatible; ClaudeBot/1.0; +claudebot@anthropic.com)"
18.119.136.32 - - [15/May/2025:13:44:32 +0000] "GET /shopdetail/29207572 HTTP/1.1" 404 32842 "-" "Mozilla/5.0 AppleWebKit/537.36 (KHTML, like Gecko; compatible; ClaudeBot/1.0; +claudebot@anthropic.com)"
18.119.136.32 - - [15/May/2025:13:44:32 +0000] "GET /shopdetail/18603083 HTTP/1.1" 404 32842 "-" "Mozilla/5.0 AppleWebKit/537.36 (KHTML, like Gecko; compatible; ClaudeBot/1.0; +claudebot@anthropic.com)"
66.249.68.37 - - [15/May/2025:13:44:34 +0000] "GET /shopdetail/3391083 HTTP/1.1" 200 19876 "-" "Mozilla/5.0 (Linux; Android 6.0.1; Nexus 5X Build/MMB29P) AppleWebKit/537.36 (KHTML, like Gecko) Chrome/136.0.7103.92 Mobile Safari/537.36 (compatible; GoogleOther)"
18.119.136.32 - - [15/May/2025:13:44:33 +0000] "GET /shopdetail/15399427 HTTP/1.1" 404 32842 "-" "Mozilla/5.0 AppleWebKit/537.36 (KHTML, like Gecko; compatible; ClaudeBot/1.0; +claudebot@anthropic.com)"
66.249.68.38 - - [15/May/2025:13:44:35 +0000] "GET /shopdetail/3614294 HTTP/1.1" 200 20391 "-" "Mozilla/5.0 (Linux; Android 6.0.1; Nexus 5X Build/MMB29P) AppleWebKit/537.36 (KHTML, like Gecko) Chrome/136.0.7103.92 Mobile Safari/537.36 (compatible; GoogleOther)"
18.119.136.32 - - [15/May/2025:13:44:33 +0000] "GET /shopdetail/29083750 HTTP/1.1" 404 32843 "-" "Mozilla/5.0 AppleWebKit/537.36 (KHTML, like Gecko; compatible; ClaudeBot/1.0; +claudebot@anthropic.com)"
66.249.64.227 - - [15/May/2025:13:44:36 +0000] "GET /shopdetail/3859250 HTTP/1.1" 200 19599 "-" "Mozilla/5.0 (Linux; Android 6.0.1; Nexus 5X Build/MMB29P) AppleWebKit/537.36 (KHTML, like Gecko) Chrome/136.0.7103.92 Mobile Safari/537.36 (compatible; GoogleOther)"
18.119.136.32 - - [15/May/2025:13:44:34 +0000] "GET /shopdetail/16844494 HTTP/1.1" 404 32842 "-" "Mozilla/5.0 AppleWebKit/537.36 (KHTML, like Gecko; compatible; ClaudeBot/1.0; +claudebot@anthropic.com)"
66.249.68.38 - - [15/May/2025:13:44:37 +0000] "GET /shopdetail/3918605 HTTP/1.1" 200 21814 "-" "Mozilla/5.0 (Linux; Android 6.0.1; Nexus 5X Build/MMB29P) AppleWebKit/537.36 (KHTML, like Gecko) Chrome/136.0.7103.92 Mobile Safari/537.36 (compatible; GoogleOther)"
18.119.136.32 - - [15/May/2025:13:44:36 +0000] "GET /shopdetail/15802738 HTTP/1.1" 404 32842 "-" "Mozilla/5.0 AppleWebKit/537.36 (KHTML, like Gecko; compatible; ClaudeBot/1.0; +claudebot@anthropic.com)"
66.249.68.37 - - [15/May/2025:13:44:38 +0000] "GET /shopdetail/4727561 HTTP/1.1" 200 18992 "-" "Mozilla/5.0 (Linux; Android 6.0.1; Nexus 5X Build/MMB29P) AppleWebKit/537.36 (KHTML, like Gecko) Chrome/136.0.7103.92 Mobile Safari/537.36 (compatible; GoogleOther)"
18.119.136.32 - - [15/May/2025:13:44:35 +0000] "GET /shopdetail/26134916 HTTP/1.1" 404 32843 "-" "Mozilla/5.0 AppleWebKit/537.36 (KHTML, like Gecko; compatible; ClaudeBot/1.0; +claudebot@anthropic.com)"
66.249.68.39 - - [15/May/2025:13:44:39 +0000] "GET /shopdetail/4806005 HTTP/1.1" 200 19053 "-" "Mozilla/5.0 (Linux; Android 6.0.1; Nexus 5X Build/MMB29P) AppleWebKit/537.36 (KHTML, like Gecko) Chrome/136.0.7103.92 Mobile Safari/537.36 (compatible; GoogleOther)"
18.119.136.32 - - [15/May/2025:13:44:36 +0000] "GET /shopdetail/14007416 HTTP/1.1" 404 32842 "-" "Mozilla/5.0 AppleWebKit/537.36 (KHTML, like Gecko; compatible; ClaudeBot/1.0; +claudebot@anthropic.com)"
66.249.68.38 - - [15/May/2025:13:44:40 +0000] "GET /shopdetail/29865738 HTTP/1.1" 200 19467 "-" "Mozilla/5.0 (Linux; Android 6.0.1; Nexus 5X Build/MMB29P) AppleWebKit/537.36 (KHTML, like Gecko) Chrome/136.0.7103.92 Mobile Safari/537.36 (compatible; GoogleOther)"
18.119.136.32 - - [15/May/2025:13:44:38 +0000] "GET /shopdetail/2968183 HTTP/1.1" 404 32842 "-" "Mozilla/5.0 AppleWebKit/537.36 (KHTML, like Gecko; compatible; ClaudeBot/1.0; +claudebot@anthropic.com)"
66.249.68.38 - - [15/May/2025:13:44:41 +0000] "GET /shopdetail/30330805 HTTP/1.1" 200 19588 "-" "Mozilla/5.0 (Linux; Android 6.0.1; Nexus 5X Build/MMB29P) AppleWebKit/537.36 (KHTML, like Gecko) Chrome/136.0.7103.92 Mobile Safari/537.36 (compatible; GoogleOther)"
18.119.136.32 - - [15/May/2025:13:44:39 +0000] "GET /shopdetail/29327861 HTTP/1.1" 404 32843 "-" "Mozilla/5.0 AppleWebKit/537.36 (KHTML, like Gecko; compatible; ClaudeBot/1.0; +claudebot@anthropic.com)"
66.249.68.38 - - [15/May/2025:13:44:42 +0000] "GET /shopdetail/30403638 HTTP/1.1" 200 20068 "-" "Mozilla/5.0 (Linux; Android 6.0.1; Nexus 5X Build/MMB29P) AppleWebKit/537.36 (KHTML, like Gecko) Chrome/136.0.7103.92 Mobile Safari/537.36 (compatible; GoogleOther)"
18.119.136.32 - - [15/May/2025:13:44:40 +0000] "GET /shopdetail/15204172 HTTP/1.1" 404 32840 "-" "Mozilla/5.0 AppleWebKit/537.36 (KHTML, like Gecko; compatible; ClaudeBot/1.0; +claudebot@anthropic.com)"
66.249.68.39 - - [15/May/2025:13:44:43 +0000] "GET /shopdetail/17472050 HTTP/1.1" 200 20459 "-" "Mozilla/5.0 (Linux; Android 6.0.1; Nexus 5X Build/MMB29P) AppleWebKit/537.36 (KHTML, like Gecko) Chrome/136.0.7103.92 Mobile Safari/537.36 (compatible; GoogleOther)"
18.119.136.32 - - [15/May/2025:13:44:40 +0000] "GET /shopdetail/26307638 HTTP/1.1" 404 32843 "-" "Mozilla/5.0 AppleWebKit/537.36 (KHTML, like Gecko; compatible; ClaudeBot/1.0; +claudebot@anthropic.com)"
66.249.68.37 - - [15/May/2025:13:44:44 +0000] "GET /shopdetail/30020816 HTTP/1.1" 200 19595 "-" "Mozilla/5.0 (Linux; Android 6.0.1; Nexus 5X Build/MMB29P) AppleWebKit/537.36 (KHTML, like Gecko) Chrome/136.0.7103.92 Mobile Safari/537.36 (compatible; GoogleOther)"
18.119.136.32 - - [15/May/2025:13:44:41 +0000] "GET /shopdetail/28130327 HTTP/1.1" 404 32842 "-" "Mozilla/5.0 AppleWebKit/537.36 (KHTML, like Gecko; compatible; ClaudeBot/1.0; +claudebot@anthropic.com)"
66.249.68.37 - - [15/May/2025:13:44:45 +0000] "GET /shopdetail/30555238 HTTP/1.1" 200 21345 "-" "Mozilla/5.0 (Linux; Android 6.0.1; Nexus 5X Build/MMB29P) AppleWebKit/537.36 (KHTML, like Gecko) Chrome/136.0.7103.92 Mobile Safari/537.36 (compatible; GoogleOther)"
18.119.136.32 - - [15/May/2025:13:44:43 +0000] "GET /shopdetail/16866549 HTTP/1.1" 404 32842 "-" "Mozilla/5.0 AppleWebKit/537.36 (KHTML, like Gecko; compatible; ClaudeBot/1.0; +claudebot@anthropic.com)"
66.249.68.38 - - [15/May/2025:13:44:46 +0000] "GET /shopdetail/30561072 HTTP/1.1" 200 20183 "-" "Mozilla/5.0 (Linux; Android 6.0.1; Nexus 5X Build/MMB29P) AppleWebKit/537.36 (KHTML, like Gecko) Chrome/136.0.7103.92 Mobile Safari/537.36 (compatible; GoogleOther)"
18.119.136.32 - - [15/May/2025:13:44:39 +0000] "GET /shopdetail/28248038 HTTP/1.1" 404 32843 "-" "Mozilla/5.0 AppleWebKit/537.36 (KHTML, like Gecko; compatible; ClaudeBot/1.0; +claudebot@anthropic.com)"
66.249.68.32 - - [15/May/2025:13:44:47 +0000] "GET /shopdetail/25487394 HTTP/1.1" 200 21226 "-" "Mozilla/5.0 (Linux; Android 6.0.1; Nexus 5X Build/MMB29P) AppleWebKit/537.36 (KHTML, like Gecko) Chrome/136.0.7103.92 Mobile Safari/537.36 (compatible; GoogleOther)"
18.119.136.32 - - [15/May/2025:13:44:44 +0000] "GET /shopdetail/21803738 HTTP/1.1" 404 32844 "-" "Mozilla/5.0 AppleWebKit/537.36 (KHTML, like Gecko; compatible; ClaudeBot/1.0; +claudebot@anthropic.com)"
217.113.194.233 - - [15/May/2025:13:44:47 +0000] "GET /tutegrated-newsletter/feed/ HTTP/1.1" 403 - "-" "Mozilla/5.0 (compatible; Barkrowler/0.9; +https://babbar.tech/crawler)"
66.249.68.37 - - [15/May/2025:13:44:48 +0000] "GET /shopdetail/26443216 HTTP/1.1" 200 21215 "-" "Mozilla/5.0 (Linux; Android 6.0.1; Nexus 5X Build/MMB29P) AppleWebKit/537.36 (KHTML, like Gecko) Chrome/136.0.7103.92 Mobile Safari/537.36 (compatible; GoogleOther)"
18.119.136.32 - - [15/May/2025:13:44:45 +0000] "GET /shopdetail/1937538 HTTP/1.1" 404 32841 "-" "Mozilla/5.0 AppleWebKit/537.36 (KHTML, like Gecko; compatible; ClaudeBot/1.0; +claudebot@anthropic.com)"
66.249.68.32 - - [15/May/2025:13:44:49 +0000] "GET /shopdetail/26450705 HTTP/1.1" 200 20997 "-" "Mozilla/5.0 (Linux; Android 6.0.1; Nexus 5X Build/MMB29P) AppleWebKit/537.36 (KHTML, like Gecko) Chrome/136.0.7103.92 Mobile Safari/537.36 (compatible; GoogleOther)"
18.119.136.32 - - [15/May/2025:13:44:42 +0000] "GET /shopdetail/5421438 HTTP/1.1" 404 32842 "-" "Mozilla/5.0 AppleWebKit/537.36 (KHTML, like Gecko; compatible; ClaudeBot/1.0; +claudebot@anthropic.com)"
66.249.68.38 - - [15/May/2025:13:44:50 +0000] "GET /shopdetail/5208627 HTTP/1.1" 200 20604 "-" "Mozilla/5.0 (Linux; Android 6.0.1; Nexus 5X Build/MMB29P) AppleWebKit/537.36 (KHTML, like Gecko) Chrome/136.0.7103.92 Mobile Safari/537.36 (compatible; GoogleOther)"
18.119.136.32 - - [15/May/2025:13:44:46 +0000] "GET /shopdetail/4264172 HTTP/1.1" 404 32840 "-" "Mozilla/5.0 AppleWebKit/537.36 (KHTML, like Gecko; compatible; ClaudeBot/1.0; +claudebot@anthropic.com)"
66.249.68.38 - - [15/May/2025:13:44:51 +0000] "GET /shopdetail/5953916 HTTP/1.1" 200 19415 "-" "Mozilla/5.0 (Linux; Android 6.0.1; Nexus 5X Build/MMB29P) AppleWebKit/537.36 (KHTML, like Gecko) Chrome/136.0.7103.92 Mobile Safari/537.36 (compatible; GoogleOther)"
18.119.136.32 - - [15/May/2025:13:44:47 +0000] "GET /shopdetail/26131238 HTTP/1.1" 404 32843 "-" "Mozilla/5.0 AppleWebKit/537.36 (KHTML, like Gecko; compatible; ClaudeBot/1.0; +claudebot@anthropic.com)"
4.227.36.50 - - [15/May/2025:13:44:51 +0000] "GET /robots.txt HTTP/1.1" 200 162 "http://pacja.org/robots.txt" "Mozilla/5.0 AppleWebKit/537.36 (KHTML, like Gecko; compatible; GPTBot/1.2; +https://openai.com/gptbot)"
66.249.68.37 - - [15/May/2025:13:44:52 +0000] "GET /shopdetail/5986949 HTTP/1.1" 200 18004 "-" "Mozilla/5.0 (Linux; Android 6.0.1; Nexus 5X Build/MMB29P) AppleWebKit/537.36 (KHTML, like Gecko) Chrome/136.0.7103.92 Mobile Safari/537.36 (compatible; GoogleOther)"
18.119.136.32 - - [15/May/2025:13:44:50 +0000] "GET /shopdetail/6645550 HTTP/1.1" 404 32841 "-" "Mozilla/5.0 AppleWebKit/537.36 (KHTML, like Gecko; compatible; ClaudeBot/1.0; +claudebot@anthropic.com)"
66.249.68.37 - - [15/May/2025:13:44:53 +0000] "GET /shopdetail/8211494 HTTP/1.1" 200 19841 "-" "Mozilla/5.0 (Linux; Android 6.0.1; Nexus 5X Build/MMB29P) AppleWebKit/537.36 (KHTML, like Gecko) Chrome/136.0.7103.92 Mobile Safari/537.36 (compatible; GoogleOther)"
18.119.136.32 - - [15/May/2025:13:44:48 +0000] "GET /shopdetail/24503216 HTTP/1.1" 404 32843 "-" "Mozilla/5.0 AppleWebKit/537.36 (KHTML, like Gecko; compatible; ClaudeBot/1.0; +claudebot@anthropic.com)"
66.249.68.37 - - [15/May/2025:13:44:54 +0000] "GET /shopdetail/8771394 HTTP/1.1" 200 19412 "-" "Mozilla/5.0 (Linux; Android 6.0.1; Nexus 5X Build/MMB29P) AppleWebKit/537.36 (KHTML, like Gecko) Chrome/136.0.7103.92 Mobile Safari/537.36 (compatible; GoogleOther)"
18.119.136.32 - - [15/May/2025:13:44:52 +0000] "GET /shopdetail/12356527 HTTP/1.1" 404 32842 "-" "Mozilla/5.0 AppleWebKit/537.36 (KHTML, like Gecko; compatible; ClaudeBot/1.0; +claudebot@anthropic.com)"
66.249.68.39 - - [15/May/2025:13:44:55 +0000] "GET /shopdetail/8955916 HTTP/1.1" 200 19613 "-" "Mozilla/5.0 (Linux; Android 6.0.1; Nexus 5X Build/MMB29P) AppleWebKit/537.36 (KHTML, like Gecko) Chrome/136.0.7103.92 Mobile Safari/537.36 (compatible; GoogleOther)"
18.119.136.32 - - [15/May/2025:13:44:52 +0000] "GET /shopdetail/13136750 HTTP/1.1" 404 32842 "-" "Mozilla/5.0 AppleWebKit/537.36 (KHTML, like Gecko; compatible; ClaudeBot/1.0; +claudebot@anthropic.com)"
66.249.68.37 - - [15/May/2025:13:44:56 +0000] "GET /shopdetail/9215850 HTTP/1.1" 200 18748 "-" "Mozilla/5.0 (Linux; Android 6.0.1; Nexus 5X Build/MMB29P) AppleWebKit/537.36 (KHTML, like Gecko) Chrome/136.0.7103.92 Mobile Safari/537.36 (compatible; GoogleOther)"
18.119.136.32 - - [15/May/2025:13:44:54 +0000] "GET /shopdetail/15200950 HTTP/1.1" 404 32841 "-" "Mozilla/5.0 AppleWebKit/537.36 (KHTML, like Gecko; compatible; ClaudeBot/1.0; +claudebot@anthropic.com)"
66.249.68.39 - - [15/May/2025:13:44:57 +0000] "GET /shopdetail/9959427 HTTP/1.1" 200 20263 "-" "Mozilla/5.0 (Linux; Android 6.0.1; Nexus 5X Build/MMB29P) AppleWebKit/537.36 (KHTML, like Gecko) Chrome/136.0.7103.92 Mobile Safari/537.36 (compatible; GoogleOther)"
18.119.136.32 - - [15/May/2025:13:44:55 +0000] "GET /shopdetail/12977127 HTTP/1.1" 404 32843 "-" "Mozilla/5.0 AppleWebKit/537.36 (KHTML, like Gecko; compatible; ClaudeBot/1.0; +claudebot@anthropic.com)"
18.119.136.32 - - [15/May/2025:13:44:56 +0000] "GET /shopdetail/11493716 HTTP/1.1" 404 32843 "-" "Mozilla/5.0 AppleWebKit/537.36 (KHTML, like Gecko; compatible; ClaudeBot/1.0; +claudebot@anthropic.com)"
66.249.68.32 - - [15/May/2025:13:44:58 +0000] "GET /shopdetail/27425149 HTTP/1.1" 200 20651 "-" "Mozilla/5.0 (Linux; Android 6.0.1; Nexus 5X Build/MMB29P) AppleWebKit/537.36 (KHTML, like Gecko) Chrome/136.0.7103.92 Mobile Safari/537.36 (compatible; GoogleOther)"
47.238.13.16 - - [15/May/2025:13:44:57 +0000] "GET /index.php/featured-item-2/k2-category/itemlist/date/2018/amcen-take-home-points.php HTTP/1.1" 301 - "-" "Mozilla/5.0 (Macintosh; Intel Mac OS X 10_15_7) AppleWebKit/537.36 (KHTML, like Gecko) Chrome/109.0.0.0 Safari/537.36"
18.119.136.32 - - [15/May/2025:13:44:57 +0000] "GET /shopdetail/30316983 HTTP/1.1" 404 32843 "-" "Mozilla/5.0 AppleWebKit/537.36 (KHTML, like Gecko; compatible; ClaudeBot/1.0; +claudebot@anthropic.com)"
66.249.68.39 - - [15/May/2025:13:44:59 +0000] "GET /shopdetail/27776338 HTTP/1.1" 200 21005 "-" "Mozilla/5.0 (Linux; Android 6.0.1; Nexus 5X Build/MMB29P) AppleWebKit/537.36 (KHTML, like Gecko) Chrome/136.0.7103.92 Mobile Safari/537.36 (compatible; GoogleOther)"
66.249.79.199 - - [15/May/2025:13:44:59 +0000] "GET /?_gl=1*rgknbr*_ga*MzY3MjE1MDcwLjE3MzcwOTUyMjA.*_ga_0VKVKKN4NV*MTczNzEwMjM4NC4yLjEuMTczNzEwMjQ1My42MC4wLjA.&_bd_prev_page=https://pacja.org/detail.php?shopdetail/6208016 HTTP/1.1" 200 19951 "-" "Mozilla/5.0 (compatible; Googlebot/2.1; +http://www.google.com/bot.html)"
18.119.136.32 - - [15/May/2025:13:44:58 +0000] "GET /shopdetail/2632472 HTTP/1.1" 404 32840 "-" "Mozilla/5.0 AppleWebKit/537.36 (KHTML, like Gecko; compatible; ClaudeBot/1.0; +claudebot@anthropic.com)"
66.249.68.37 - - [15/May/2025:13:45:00 +0000] "GET /shopdetail/27530850 HTTP/1.1" 200 19736 "-" "Mozilla/5.0 (Linux; Android 6.0.1; Nexus 5X Build/MMB29P) AppleWebKit/537.36 (KHTML, like Gecko) Chrome/136.0.7103.92 Mobile Safari/537.36 (compatible; GoogleOther)"
8.210.108.0 - - [15/May/2025:13:44:59 +0000] "GET / HTTP/1.1" 200 59393 "https://www.pacja.org/index.php/featured-item-2/k2-category/itemlist/date/2018/amcen-take-home-points.php" "Mozilla/5.0 (Macintosh; Intel Mac OS X 10_15_7) AppleWebKit/537.36 (KHTML, like Gecko) Chrome/109.0.0.0 Safari/537.36"
66.249.68.37 - - [15/May/2025:13:45:01 +0000] "GET /shopdetail/26768450 HTTP/1.1" 200 23068 "-" "Mozilla/5.0 (Linux; Android 6.0.1; Nexus 5X Build/MMB29P) AppleWebKit/537.36 (KHTML, like Gecko) Chrome/136.0.7103.92 Mobile Safari/537.36 (compatible; GoogleOther)"
18.119.136.32 - - [15/May/2025:13:44:59 +0000] "GET /shopdetail/16697516 HTTP/1.1" 404 32842 "-" "Mozilla/5.0 AppleWebKit/537.36 (KHTML, like Gecko; compatible; ClaudeBot/1.0; +claudebot@anthropic.com)"
66.249.68.39 - - [15/May/2025:13:45:02 +0000] "GET /shopdetail/27555949 HTTP/1.1" 200 20261 "-" "Mozilla/5.0 (Linux; Android 6.0.1; Nexus 5X Build/MMB29P) AppleWebKit/537.36 (KHTML, like Gecko) Chrome/136.0.7103.92 Mobile Safari/537.36 (compatible; GoogleOther)"
66.249.68.39 - - [15/May/2025:13:45:03 +0000] "GET /shopdetail/14659716 HTTP/1.1" 200 20587 "-" "Mozilla/5.0 (Linux; Android 6.0.1; Nexus 5X Build/MMB29P) AppleWebKit/537.36 (KHTML, like Gecko) Chrome/136.0.7103.92 Mobile Safari/537.36 (compatible; GoogleOther)"
18.119.136.32 - - [15/May/2025:13:45:00 +0000] "GET /shopdetail/27071927 HTTP/1.1" 404 32844 "-" "Mozilla/5.0 AppleWebKit/537.36 (KHTML, like Gecko; compatible; ClaudeBot/1.0; +claudebot@anthropic.com)"
66.249.68.38 - - [15/May/2025:13:45:04 +0000] "GET /shopdetail/26642461 HTTP/1.1" 200 20825 "-" "Mozilla/5.0 (Linux; Android 6.0.1; Nexus 5X Build/MMB29P) AppleWebKit/537.36 (KHTML, like Gecko) Chrome/136.0.7103.92 Mobile Safari/537.36 (compatible; GoogleOther)"
18.119.136.32 - - [15/May/2025:13:45:02 +0000] "GET /shopdetail/17459883 HTTP/1.1" 404 32843 "-" "Mozilla/5.0 AppleWebKit/537.36 (KHTML, like Gecko; compatible; ClaudeBot/1.0; +claudebot@anthropic.com)"
66.249.68.38 - - [15/May/2025:13:45:05 +0000] "GET /shopdetail/25173361 HTTP/1.1" 200 24255 "-" "Mozilla/5.0 (Linux; Android 6.0.1; Nexus 5X Build/MMB29P) AppleWebKit/537.36 (KHTML, like Gecko) Chrome/136.0.7103.92 Mobile Safari/537.36 (compatible; GoogleOther)"
18.119.136.32 - - [15/May/2025:13:45:03 +0000] "GET /shopdetail/21519094 HTTP/1.1" 404 32843 "-" "Mozilla/5.0 AppleWebKit/537.36 (KHTML, like Gecko; compatible; ClaudeBot/1.0; +claudebot@anthropic.com)"
66.249.68.37 - - [15/May/2025:13:45:06 +0000] "GET /shopdetail/575616 HTTP/1.1" 200 20598 "-" "Mozilla/5.0 (Linux; Android 6.0.1; Nexus 5X Build/MMB29P) AppleWebKit/537.36 (KHTML, like Gecko) Chrome/136.0.7103.92 Mobile Safari/537.36 (compatible; GoogleOther)"
18.119.136.32 - - [15/May/2025:13:45:05 +0000] "GET /shopdetail/12621105 HTTP/1.1" 404 32842 "-" "Mozilla/5.0 AppleWebKit/537.36 (KHTML, like Gecko; compatible; ClaudeBot/1.0; +claudebot@anthropic.com)"
66.249.68.38 - - [15/May/2025:13:45:07 +0000] "GET /shopdetail/28224672 HTTP/1.1" 200 20439 "-" "Mozilla/5.0 (Linux; Android 6.0.1; Nexus 5X Build/MMB29P) AppleWebKit/537.36 (KHTML, like Gecko) Chrome/136.0.7103.92 Mobile Safari/537.36 (compatible; GoogleOther)"
122.8.185.103 - - [15/May/2025:13:45:05 +0000] "GET /pacja-partners-underscore-adaptation-and-finance-as-top-priorities-for-africa/ HTTP/1.1" 200 48974 "https://pacja.org/pacja-partners-underscore-adaptation-and-finance-as-top-priorities-for-africa/" "Mozilla/5.0 (Windows NT 10.0; Win64; x64) AppleWebKit/537.36 (KHTML, like Gecko) Chrome/101.0.4951.67 Safari/537.36"
18.119.136.32 - - [15/May/2025:13:45:06 +0000] "GET /shopdetail/961638 HTTP/1.1" 404 32841 "-" "Mozilla/5.0 AppleWebKit/537.36 (KHTML, like Gecko; compatible; ClaudeBot/1.0; +claudebot@anthropic.com)"
66.249.68.38 - - [15/May/2025:13:45:08 +0000] "GET /shopdetail/20735527 HTTP/1.1" 200 20896 "-" "Mozilla/5.0 (Linux; Android 6.0.1; Nexus 5X Build/MMB29P) AppleWebKit/537.36 (KHTML, like Gecko) Chrome/136.0.7103.92 Mobile Safari/537.36 (compatible; GoogleOther)"
66.249.68.37 - - [15/May/2025:13:45:09 +0000] "GET /shopdetail/28283450 HTTP/1.1" 200 20023 "-" "Mozilla/5.0 (Linux; Android 6.0.1; Nexus 5X Build/MMB29P) AppleWebKit/537.36 (KHTML, like Gecko) Chrome/136.0.7103.92 Mobile Safari/537.36 (compatible; GoogleOther)"
18.119.136.32 - - [15/May/2025:13:45:07 +0000] "GET /shopdetail/15090727 HTTP/1.1" 404 32841 "-" "Mozilla/5.0 AppleWebKit/537.36 (KHTML, like Gecko; compatible; ClaudeBot/1.0; +claudebot@anthropic.com)"
66.249.68.37 - - [15/May/2025:13:45:10 +0000] "GET /shopdetail/3287505 HTTP/1.1" 200 19184 "-" "Mozilla/5.0 (Linux; Android 6.0.1; Nexus 5X Build/MMB29P) AppleWebKit/537.36 (KHTML, like Gecko) Chrome/136.0.7103.92 Mobile Safari/537.36 (compatible; GoogleOther)"
18.119.136.32 - - [15/May/2025:13:45:08 +0000] "GET /shopdetail/3760227 HTTP/1.1" 404 32842 "-" "Mozilla/5.0 AppleWebKit/537.36 (KHTML, like Gecko; compatible; ClaudeBot/1.0; +claudebot@anthropic.com)"
66.249.68.37 - - [15/May/2025:13:45:11 +0000] "GET /shopdetail/3936727 HTTP/1.1" 200 19436 "-" "Mozilla/5.0 (Linux; Android 6.0.1; Nexus 5X Build/MMB29P) AppleWebKit/537.36 (KHTML, like Gecko) Chrome/136.0.7103.92 Mobile Safari/537.36 (compatible; GoogleOther)"
18.119.136.32 - - [15/May/2025:13:45:10 +0000] "GET /shopdetail/13551238 HTTP/1.1" 404 32842 "-" "Mozilla/5.0 AppleWebKit/537.36 (KHTML, like Gecko; compatible; ClaudeBot/1.0; +claudebot@anthropic.com)"
35.208.173.41 - - [15/May/2025:13:45:10 +0000] "GET /shopdetail/13627927 HTTP/1.1" 404 32842 "-" "Buck/2.4.5; (+https://app.hypefactors.com/media-monitoring/about.html)"
66.249.68.37 - - [15/May/2025:13:45:12 +0000] "GET /shopdetail/4199072 HTTP/1.1" 200 19637 "-" "Mozilla/5.0 (Linux; Android 6.0.1; Nexus 5X Build/MMB29P) AppleWebKit/537.36 (KHTML, like Gecko) Chrome/136.0.7103.92 Mobile Safari/537.36 (compatible; GoogleOther)"
66.249.68.37 - - [15/May/2025:13:45:13 +0000] "GET /shopdetail/4616205 HTTP/1.1" 200 18350 "-" "Mozilla/5.0 (Linux; Android 6.0.1; Nexus 5X Build/MMB29P) AppleWebKit/537.36 (KHTML, like Gecko) Chrome/136.0.7103.92 Mobile Safari/537.36 (compatible; GoogleOther)"
66.249.68.37 - - [15/May/2025:13:45:14 +0000] "GET /shopdetail/4626716 HTTP/1.1" 200 20500 "-" "Mozilla/5.0 (Linux; Android 6.0.1; Nexus 5X Build/MMB29P) AppleWebKit/537.36 (KHTML, like Gecko) Chrome/136.0.7103.92 Mobile Safari/537.36 (compatible; GoogleOther)"
66.249.68.37 - - [15/May/2025:13:45:15 +0000] "GET /shopdetail/4909361 HTTP/1.1" 200 19814 "-" "Mozilla/5.0 (Linux; Android 6.0.1; Nexus 5X Build/MMB29P) AppleWebKit/537.36 (KHTML, like Gecko) Chrome/136.0.7103.92 Mobile Safari/537.36 (compatible; GoogleOther)"
66.249.68.37 - - [15/May/2025:13:45:16 +0000] "GET /pcmypage?callback=product/review/55943010 HTTP/1.1" 200 18627 "-" "Mozilla/5.0 (Linux; Android 6.0.1; Nexus 5X Build/MMB29P) AppleWebKit/537.36 (KHTML, like Gecko) Chrome/136.0.7103.92 Mobile Safari/537.36 (compatible; GoogleOther)"
66.249.68.38 - - [15/May/2025:13:45:17 +0000] "GET /pcmypage?callback=/product%2Fdetail%2F55943010 HTTP/1.1" 200 21092 "-" "Mozilla/5.0 (Linux; Android 6.0.1; Nexus 5X Build/MMB29P) AppleWebKit/537.36 (KHTML, like Gecko) Chrome/136.0.7103.92 Mobile Safari/537.36 (compatible; GoogleOther)"
66.249.68.37 - - [15/May/2025:13:45:18 +0000] "GET /shopdetail/30034327 HTTP/1.1" 200 20207 "-" "Mozilla/5.0 (Linux; Android 6.0.1; Nexus 5X Build/MMB29P) AppleWebKit/537.36 (KHTML, like Gecko) Chrome/136.0.7103.92 Mobile Safari/537.36 (compatible; GoogleOther)"
66.249.68.38 - - [15/May/2025:13:45:19 +0000] "GET /shopdetail/29467249 HTTP/1.1" 200 21854 "-" "Mozilla/5.0 (Linux; Android 6.0.1; Nexus 5X Build/MMB29P) AppleWebKit/537.36 (KHTML, like Gecko) Chrome/136.0.7103.92 Mobile Safari/537.36 (compatible; GoogleOther)"
66.249.68.38 - - [15/May/2025:13:45:20 +0000] "GET /shopdetail/28865616 HTTP/1.1" 200 19530 "-" "Mozilla/5.0 (Linux; Android 6.0.1; Nexus 5X Build/MMB29P) AppleWebKit/537.36 (KHTML, like Gecko) Chrome/136.0.7103.92 Mobile Safari/537.36 (compatible; GoogleOther)"
66.249.68.38 - - [15/May/2025:13:45:21 +0000] "GET /shopdetail/28871972 HTTP/1.1" 200 19291 "-" "Mozilla/5.0 (Linux; Android 6.0.1; Nexus 5X Build/MMB29P) AppleWebKit/537.36 (KHTML, like Gecko) Chrome/136.0.7103.92 Mobile Safari/537.36 (compatible; GoogleOther)"
66.249.68.38 - - [15/May/2025:13:45:22 +0000] "GET /shopdetail/15790972 HTTP/1.1" 200 20389 "-" "Mozilla/5.0 (Linux; Android 6.0.1; Nexus 5X Build/MMB29P) AppleWebKit/537.36 (KHTML, like Gecko) Chrome/136.0.7103.92 Mobile Safari/537.36 (compatible; GoogleOther)"
66.249.68.37 - - [15/May/2025:13:45:23 +0000] "GET /shopdetail/26222627 HTTP/1.1" 200 20045 "-" "Mozilla/5.0 (Linux; Android 6.0.1; Nexus 5X Build/MMB29P) AppleWebKit/537.36 (KHTML, like Gecko) Chrome/136.0.7103.92 Mobile Safari/537.36 (compatible; GoogleOther)"
66.249.68.37 - - [15/May/2025:13:45:24 +0000] "GET /shopdetail/28487227 HTTP/1.1" 200 19790 "-" "Mozilla/5.0 (Linux; Android 6.0.1; Nexus 5X Build/MMB29P) AppleWebKit/537.36 (KHTML, like Gecko) Chrome/136.0.7103.92 Mobile Safari/537.36 (compatible; GoogleOther)"
66.249.68.37 - - [15/May/2025:13:45:25 +0000] "GET /shopdetail/14675983 HTTP/1.1" 200 19451 "-" "Mozilla/5.0 (Linux; Android 6.0.1; Nexus 5X Build/MMB29P) AppleWebKit/537.36 (KHTML, like Gecko) Chrome/136.0.7103.92 Mobile Safari/537.36 (compatible; GoogleOther)"
66.249.68.37 - - [15/May/2025:13:45:26 +0000] "GET /shopdetail/29813649 HTTP/1.1" 200 19838 "-" "Mozilla/5.0 (Linux; Android 6.0.1; Nexus 5X Build/MMB29P) AppleWebKit/537.36 (KHTML, like Gecko) Chrome/136.0.7103.92 Mobile Safari/537.36 (compatible; GoogleOther)"
66.249.68.38 - - [15/May/2025:13:45:27 +0000] "GET /shopdetail/29143316 HTTP/1.1" 200 19058 "-" "Mozilla/5.0 (Linux; Android 6.0.1; Nexus 5X Build/MMB29P) AppleWebKit/537.36 (KHTML, like Gecko) Chrome/136.0.7103.92 Mobile Safari/537.36 (compatible; GoogleOther)"
66.249.68.38 - - [15/May/2025:13:45:28 +0000] "GET /shopdetail/28729516 HTTP/1.1" 200 19692 "-" "Mozilla/5.0 (Linux; Android 6.0.1; Nexus 5X Build/MMB29P) AppleWebKit/537.36 (KHTML, like Gecko) Chrome/136.0.7103.92 Mobile Safari/537.36 (compatible; GoogleOther)"
66.249.68.37 - - [15/May/2025:13:45:29 +0000] "GET /shopdetail/27254283 HTTP/1.1" 200 21226 "-" "Mozilla/5.0 (Linux; Android 6.0.1; Nexus 5X Build/MMB29P) AppleWebKit/537.36 (KHTML, like Gecko) Chrome/136.0.7103.92 Mobile Safari/537.36 (compatible; GoogleOther)"
66.249.68.38 - - [15/May/2025:13:45:30 +0000] "GET /shopdetail/27366561 HTTP/1.1" 200 18869 "-" "Mozilla/5.0 (Linux; Android 6.0.1; Nexus 5X Build/MMB29P) AppleWebKit/537.36 (KHTML, like Gecko) Chrome/136.0.7103.92 Mobile Safari/537.36 (compatible; GoogleOther)"
66.249.68.38 - - [15/May/2025:13:45:31 +0000] "GET /shopdetail/27422616 HTTP/1.1" 200 19636 "-" "Mozilla/5.0 (Linux; Android 6.0.1; Nexus 5X Build/MMB29P) AppleWebKit/537.36 (KHTML, like Gecko) Chrome/136.0.7103.92 Mobile Safari/537.36 (compatible; GoogleOther)"
66.249.68.39 - - [15/May/2025:13:45:32 +0000] "GET /shopdetail/27567905 HTTP/1.1" 200 21095 "-" "Mozilla/5.0 (Linux; Android 6.0.1; Nexus 5X Build/MMB29P) AppleWebKit/537.36 (KHTML, like Gecko) Chrome/136.0.7103.92 Mobile Safari/537.36 (compatible; GoogleOther)"
66.249.68.37 - - [15/May/2025:13:45:33 +0000] "GET /shopdetail/28433938 HTTP/1.1" 200 20721 "-" "Mozilla/5.0 (Linux; Android 6.0.1; Nexus 5X Build/MMB29P) AppleWebKit/537.36 (KHTML, like Gecko) Chrome/136.0.7103.92 Mobile Safari/537.36 (compatible; GoogleOther)"
66.249.68.38 - - [15/May/2025:13:45:34 +0000] "GET /shopdetail/27692650 HTTP/1.1" 200 20659 "-" "Mozilla/5.0 (Linux; Android 6.0.1; Nexus 5X Build/MMB29P) AppleWebKit/537.36 (KHTML, like Gecko) Chrome/136.0.7103.92 Mobile Safari/537.36 (compatible; GoogleOther)"
66.249.68.37 - - [15/May/2025:13:45:35 +0000] "GET /shopdetail/27788050 HTTP/1.1" 200 24413 "-" "Mozilla/5.0 (Linux; Android 6.0.1; Nexus 5X Build/MMB29P) AppleWebKit/537.36 (KHTML, like Gecko) Chrome/136.0.7103.92 Mobile Safari/537.36 (compatible; GoogleOther)"
66.249.68.39 - - [15/May/2025:13:45:36 +0000] "GET /shopdetail/28319194 HTTP/1.1" 200 19393 "-" "Mozilla/5.0 (Linux; Android 6.0.1; Nexus 5X Build/MMB29P) AppleWebKit/537.36 (KHTML, like Gecko) Chrome/136.0.7103.92 Mobile Safari/537.36 (compatible; GoogleOther)"
66.249.68.38 - - [15/May/2025:13:45:37 +0000] "GET /shopdetail/27900816 HTTP/1.1" 200 21216 "-" "Mozilla/5.0 (Linux; Android 6.0.1; Nexus 5X Build/MMB29P) AppleWebKit/537.36 (KHTML, like Gecko) Chrome/136.0.7103.92 Mobile Safari/537.36 (compatible; GoogleOther)"
166.70.207.2 - - [15/May/2025:13:45:37 +0000] "GET /feed HTTP/1.1" 301 - "-" "Mozilla/5.0 (Macintosh; Intel Mac OS X 10_15_7) AppleWebKit/537.36 (KHTML, like Gecko) Chrome/123.0.0.0 Safari/537.36"
66.249.68.37 - - [15/May/2025:13:45:38 +0000] "GET /shopdetail/27985783 HTTP/1.1" 200 21746 "-" "Mozilla/5.0 (Linux; Android 6.0.1; Nexus 5X Build/MMB29P) AppleWebKit/537.36 (KHTML, like Gecko) Chrome/136.0.7103.92 Mobile Safari/537.36 (compatible; GoogleOther)"
35.208.173.41 - - [15/May/2025:13:45:38 +0000] "GET /shopdetail/13649972 HTTP/1.1" 404 32840 "-" "Buck/2.4.5; (+https://app.hypefactors.com/media-monitoring/about.html)"
66.249.68.39 - - [15/May/2025:13:45:39 +0000] "GET /shopdetail/28034005 HTTP/1.1" 200 20009 "-" "Mozilla/5.0 (Linux; Android 6.0.1; Nexus 5X Build/MMB29P) AppleWebKit/537.36 (KHTML, like Gecko) Chrome/136.0.7103.92 Mobile Safari/537.36 (compatible; GoogleOther)"
166.70.207.2 - - [15/May/2025:13:45:39 +0000] "GET /feed/ HTTP/1.1" 200 18482 "-" "Mozilla/5.0 (Macintosh; Intel Mac OS X 10_15_7) AppleWebKit/537.36 (KHTML, like Gecko) Chrome/123.0.0.0 Safari/537.36"
66.249.68.38 - - [15/May/2025:13:45:40 +0000] "GET /shopdetail/5799472 HTTP/1.1" 200 20408 "-" "Mozilla/5.0 (Linux; Android 6.0.1; Nexus 5X Build/MMB29P) AppleWebKit/537.36 (KHTML, like Gecko) Chrome/136.0.7103.92 Mobile Safari/537.36 (compatible; GoogleOther)"
66.249.68.37 - - [15/May/2025:13:45:41 +0000] "GET /shopdetail/25553861 HTTP/1.1" 200 19745 "-" "Mozilla/5.0 (Linux; Android 6.0.1; Nexus 5X Build/MMB29P) AppleWebKit/537.36 (KHTML, like Gecko) Chrome/136.0.7103.92 Mobile Safari/537.36 (compatible; GoogleOther)"
66.249.68.39 - - [15/May/2025:13:45:42 +0000] "GET /shopdetail/6657250 HTTP/1.1" 200 19677 "-" "Mozilla/5.0 (Linux; Android 6.0.1; Nexus 5X Build/MMB29P) AppleWebKit/537.36 (KHTML, like Gecko) Chrome/136.0.7103.92 Mobile Safari/537.36 (compatible; GoogleOther)"
203.161.61.57 - - [15/May/2025:13:45:43 +0000] "POST /wp-cron.php?doing_wp_cron=1747316743.1901459693908691406250 HTTP/1.1" 200 - "-" "WordPress/6.8.1; https://pacja.org"
3.15.38.243 - - [15/May/2025:13:45:42 +0000] "GET /shopdetail/14054372 HTTP/1.1" 404 32841 "-" "Mozilla/5.0 AppleWebKit/537.36 (KHTML, like Gecko; compatible; ClaudeBot/1.0; +claudebot@anthropic.com)"
203.161.61.57 - - [15/May/2025:13:45:43 +0000] "POST /wp-cron.php?doing_wp_cron=1747316743.6123819351196289062500 HTTP/1.1" 200 - "-" "WordPress/6.8.1; https://pacja.org"
3.15.38.243 - - [15/May/2025:13:45:42 +0000] "GET /shopdetail/5355283 HTTP/1.1" 404 32843 "-" "Mozilla/5.0 AppleWebKit/537.36 (KHTML, like Gecko; compatible; ClaudeBot/1.0; +claudebot@anthropic.com)"
66.249.68.37 - - [15/May/2025:13:45:43 +0000] "GET /shopdetail/7110161 HTTP/1.1" 200 20588 "-" "Mozilla/5.0 (Linux; Android 6.0.1; Nexus 5X Build/MMB29P) AppleWebKit/537.36 (KHTML, like Gecko) Chrome/136.0.7103.92 Mobile Safari/537.36 (compatible; GoogleOther)"
66.249.68.39 - - [15/May/2025:13:45:44 +0000] "GET /shopdetail/28836950 HTTP/1.1" 200 19707 "-" "Mozilla/5.0 (Linux; Android 6.0.1; Nexus 5X Build/MMB29P) AppleWebKit/537.36 (KHTML, like Gecko) Chrome/136.0.7103.92 Mobile Safari/537.36 (compatible; GoogleOther)"
3.15.38.243 - - [15/May/2025:13:45:44 +0000] "GET /shopdetail/14344227 HTTP/1.1" 404 32842 "-" "Mozilla/5.0 AppleWebKit/537.36 (KHTML, like Gecko; compatible; ClaudeBot/1.0; +claudebot@anthropic.com)"
3.15.38.243 - - [15/May/2025:13:45:44 +0000] "GET /shopdetail/23569749 HTTP/1.1" 404 32843 "-" "Mozilla/5.0 AppleWebKit/537.36 (KHTML, like Gecko; compatible; ClaudeBot/1.0; +claudebot@anthropic.com)"
66.249.68.32 - - [15/May/2025:13:45:45 +0000] "GET /shopdetail/28966094 HTTP/1.1" 200 20699 "-" "Mozilla/5.0 (Linux; Android 6.0.1; Nexus 5X Build/MMB29P) AppleWebKit/537.36 (KHTML, like Gecko) Chrome/136.0.7103.92 Mobile Safari/537.36 (compatible; GoogleOther)"
203.161.61.57 - - [15/May/2025:13:45:44 +0000] "POST /wp-admin/admin-ajax.php?action=async_litespeed&nonce=MGvE36ym52RPjrfEt7KWVpFwwGO9ovHY&litespeed_type=imgoptm HTTP/1.1" 200 21 "-" "WordPress/6.8.1; https://pacja.org"
66.249.68.39 - - [15/May/2025:13:45:46 +0000] "GET /shopdetail/16638305 HTTP/1.1" 200 20811 "-" "Mozilla/5.0 (Linux; Android 6.0.1; Nexus 5X Build/MMB29P) AppleWebKit/537.36 (KHTML, like Gecko) Chrome/136.0.7103.92 Mobile Safari/537.36 (compatible; GoogleOther)"
3.15.38.243 - - [15/May/2025:13:45:45 +0000] "GET /shopdetail/25910116 HTTP/1.1" 404 32844 "-" "Mozilla/5.0 AppleWebKit/537.36 (KHTML, like Gecko; compatible; ClaudeBot/1.0; +claudebot@anthropic.com)"
66.249.68.37 - - [15/May/2025:13:45:47 +0000] "GET /shopdetail/29086483 HTTP/1.1" 200 20525 "-" "Mozilla/5.0 (Linux; Android 6.0.1; Nexus 5X Build/MMB29P) AppleWebKit/537.36 (KHTML, like Gecko) Chrome/136.0.7103.92 Mobile Safari/537.36 (compatible; GoogleOther)"
3.15.38.243 - - [15/May/2025:13:45:46 +0000] "GET /shopdetail/8255227 HTTP/1.1" 404 32843 "-" "Mozilla/5.0 AppleWebKit/537.36 (KHTML, like Gecko; compatible; ClaudeBot/1.0; +claudebot@anthropic.com)"
66.249.68.38 - - [15/May/2025:13:45:48 +0000] "GET /shopdetail/29870249 HTTP/1.1" 200 21409 "-" "Mozilla/5.0 (Linux; Android 6.0.1; Nexus 5X Build/MMB29P) AppleWebKit/537.36 (KHTML, like Gecko) Chrome/136.0.7103.92 Mobile Safari/537.36 (compatible; GoogleOther)"
3.15.38.243 - - [15/May/2025:13:45:47 +0000] "GET /shopdetail/28119416 HTTP/1.1" 404 32844 "-" "Mozilla/5.0 AppleWebKit/537.36 (KHTML, like Gecko; compatible; ClaudeBot/1.0; +claudebot@anthropic.com)"
66.249.68.37 - - [15/May/2025:13:45:49 +0000] "GET /shopdetail/29962683 HTTP/1.1" 200 19966 "-" "Mozilla/5.0 (Linux; Android 6.0.1; Nexus 5X Build/MMB29P) AppleWebKit/537.36 (KHTML, like Gecko) Chrome/136.0.7103.92 Mobile Safari/537.36 (compatible; GoogleOther)"
3.15.38.243 - - [15/May/2025:13:45:48 +0000] "GET /shopdetail/18258761 HTTP/1.1" 404 32843 "-" "Mozilla/5.0 AppleWebKit/537.36 (KHTML, like Gecko; compatible; ClaudeBot/1.0; +claudebot@anthropic.com)"
66.249.68.32 - - [15/May/2025:13:45:50 +0000] "GET /shopdetail/14552416 HTTP/1.1" 200 20239 "-" "Mozilla/5.0 (Linux; Android 6.0.1; Nexus 5X Build/MMB29P) AppleWebKit/537.36 (KHTML, like Gecko) Chrome/136.0.7103.92 Mobile Safari/537.36 (compatible; GoogleOther)"
3.15.38.243 - - [15/May/2025:13:45:49 +0000] "GET /shopdetail/8431627 HTTP/1.1" 404 32843 "-" "Mozilla/5.0 AppleWebKit/537.36 (KHTML, like Gecko; compatible; ClaudeBot/1.0; +claudebot@anthropic.com)"
66.249.68.37 - - [15/May/2025:13:45:51 +0000] "GET /shopdetail/15335316 HTTP/1.1" 200 19905 "-" "Mozilla/5.0 (Linux; Android 6.0.1; Nexus 5X Build/MMB29P) AppleWebKit/537.36 (KHTML, like Gecko) Chrome/136.0.7103.92 Mobile Safari/537.36 (compatible; GoogleOther)"
3.15.38.243 - - [15/May/2025:13:45:50 +0000] "GET /shopdetail/22896405 HTTP/1.1" 404 32843 "-" "Mozilla/5.0 AppleWebKit/537.36 (KHTML, like Gecko; compatible; ClaudeBot/1.0; +claudebot@anthropic.com)"
66.249.68.38 - - [15/May/2025:13:45:52 +0000] "GET /shopdetail/28079027 HTTP/1.1" 200 19712 "-" "Mozilla/5.0 (Linux; Android 6.0.1; Nexus 5X Build/MMB29P) AppleWebKit/537.36 (KHTML, like Gecko) Chrome/136.0.7103.92 Mobile Safari/537.36 (compatible; GoogleOther)"
3.15.38.243 - - [15/May/2025:13:45:51 +0000] "GET /shopdetail/20835549 HTTP/1.1" 404 32843 "-" "Mozilla/5.0 AppleWebKit/537.36 (KHTML, like Gecko; compatible; ClaudeBot/1.0; +claudebot@anthropic.com)"
66.249.68.39 - - [15/May/2025:13:45:53 +0000] "GET /shopdetail/28783416 HTTP/1.1" 200 19911 "-" "Mozilla/5.0 (Linux; Android 6.0.1; Nexus 5X Build/MMB29P) AppleWebKit/537.36 (KHTML, like Gecko) Chrome/136.0.7103.92 Mobile Safari/537.36 (compatible; GoogleOther)"
3.15.38.243 - - [15/May/2025:13:45:52 +0000] "GET /shopdetail/12803938 HTTP/1.1" 404 32843 "-" "Mozilla/5.0 AppleWebKit/537.36 (KHTML, like Gecko; compatible; ClaudeBot/1.0; +claudebot@anthropic.com)"
66.249.68.39 - - [15/May/2025:13:45:54 +0000] "GET /shopdetail/15868561 HTTP/1.1" 200 21123 "-" "Mozilla/5.0 (Linux; Android 6.0.1; Nexus 5X Build/MMB29P) AppleWebKit/537.36 (KHTML, like Gecko) Chrome/136.0.7103.92 Mobile Safari/537.36 (compatible; GoogleOther)"
3.15.38.243 - - [15/May/2025:13:45:53 +0000] "GET /shopdetail/28505172 HTTP/1.1" 404 32842 "-" "Mozilla/5.0 AppleWebKit/537.36 (KHTML, like Gecko; compatible; ClaudeBot/1.0; +claudebot@anthropic.com)"
66.249.68.32 - - [15/May/2025:13:45:55 +0000] "GET /shopdetail/14671872 HTTP/1.1" 200 20596 "-" "Mozilla/5.0 (Linux; Android 6.0.1; Nexus 5X Build/MMB29P) AppleWebKit/537.36 (KHTML, like Gecko) Chrome/136.0.7103.92 Mobile Safari/537.36 (compatible; GoogleOther)"
3.15.38.243 - - [15/May/2025:13:45:54 +0000] "GET /shopdetail/15093927 HTTP/1.1" 404 32841 "-" "Mozilla/5.0 AppleWebKit/537.36 (KHTML, like Gecko; compatible; ClaudeBot/1.0; +claudebot@anthropic.com)"
66.249.68.39 - - [15/May/2025:13:45:56 +0000] "GET /shopdetail/14782749 HTTP/1.1" 200 19022 "-" "Mozilla/5.0 (Linux; Android 6.0.1; Nexus 5X Build/MMB29P) AppleWebKit/537.36 (KHTML, like Gecko) Chrome/136.0.7103.92 Mobile Safari/537.36 (compatible; GoogleOther)"
3.15.38.243 - - [15/May/2025:13:45:54 +0000] "GET /shopdetail/23756350 HTTP/1.1" 404 32843 "-" "Mozilla/5.0 AppleWebKit/537.36 (KHTML, like Gecko; compatible; ClaudeBot/1.0; +claudebot@anthropic.com)"
66.249.68.33 - - [15/May/2025:13:45:57 +0000] "GET /shopdetail/28578261 HTTP/1.1" 200 21569 "-" "Mozilla/5.0 (Linux; Android 6.0.1; Nexus 5X Build/MMB29P) AppleWebKit/537.36 (KHTML, like Gecko) Chrome/136.0.7103.92 Mobile Safari/537.36 (compatible; GoogleOther)"
3.15.38.243 - - [15/May/2025:13:45:56 +0000] "GET /shopdetail/1385661 HTTP/1.1" 404 32842 "-" "Mozilla/5.0 AppleWebKit/537.36 (KHTML, like Gecko; compatible; ClaudeBot/1.0; +claudebot@anthropic.com)"
66.249.68.37 - - [15/May/2025:13:45:58 +0000] "GET /shopdetail/14862605 HTTP/1.1" 200 20732 "-" "Mozilla/5.0 (Linux; Android 6.0.1; Nexus 5X Build/MMB29P) AppleWebKit/537.36 (KHTML, like Gecko) Chrome/136.0.7103.92 Mobile Safari/537.36 (compatible; GoogleOther)"
3.15.38.243 - - [15/May/2025:13:45:55 +0000] "GET /shopdetail/15543549 HTTP/1.1" 404 32842 "-" "Mozilla/5.0 AppleWebKit/537.36 (KHTML, like Gecko; compatible; ClaudeBot/1.0; +claudebot@anthropic.com)"
66.249.68.38 - - [15/May/2025:13:45:59 +0000] "POST /get-message-notify HTTP/1.1" 200 18767 "https://www.pacja.org/shopdetail/14943238" "Mozilla/5.0 (Linux; Android 6.0.1; Nexus 5X Build/MMB29P) AppleWebKit/537.36 (KHTML, like Gecko) Chrome/135.0.7049.114 Mobile Safari/537.36 (compatible; Googlebot/2.1; +http://www.google.com/bot.html)"
66.249.68.33 - - [15/May/2025:13:45:59 +0000] "GET /shopdetail/26120538 HTTP/1.1" 200 19029 "-" "Mozilla/5.0 (Linux; Android 6.0.1; Nexus 5X Build/MMB29P) AppleWebKit/537.36 (KHTML, like Gecko) Chrome/136.0.7103.92 Mobile Safari/537.36 (compatible; GoogleOther)"
3.15.38.243 - - [15/May/2025:13:45:58 +0000] "GET /shopdetail/25557938 HTTP/1.1" 404 32844 "-" "Mozilla/5.0 AppleWebKit/537.36 (KHTML, like Gecko; compatible; ClaudeBot/1.0; +claudebot@anthropic.com)"
66.249.68.32 - - [15/May/2025:13:46:00 +0000] "GET /shopdetail/28239649 HTTP/1.1" 200 23470 "-" "Mozilla/5.0 (Linux; Android 6.0.1; Nexus 5X Build/MMB29P) AppleWebKit/537.36 (KHTML, like Gecko) Chrome/136.0.7103.92 Mobile Safari/537.36 (compatible; GoogleOther)"
3.15.38.243 - - [15/May/2025:13:45:57 +0000] "GET /shopdetail/27843672 HTTP/1.1" 404 32842 "-" "Mozilla/5.0 AppleWebKit/537.36 (KHTML, like Gecko; compatible; ClaudeBot/1.0; +claudebot@anthropic.com)"
66.249.68.38 - - [15/May/2025:13:46:01 +0000] "GET /shopdetail/19733550 HTTP/1.1" 200 21076 "-" "Mozilla/5.0 (Linux; Android 6.0.1; Nexus 5X Build/MMB29P) AppleWebKit/537.36 (KHTML, like Gecko) Chrome/136.0.7103.92 Mobile Safari/537.36 (compatible; GoogleOther)"
3.15.38.243 - - [15/May/2025:13:46:00 +0000] "GET /shopdetail/1207705 HTTP/1.1" 404 32842 "-" "Mozilla/5.0 AppleWebKit/537.36 (KHTML, like Gecko; compatible; ClaudeBot/1.0; +claudebot@anthropic.com)"
154.41.95.1 - - [15/May/2025:13:46:01 +0000] "HEAD /cisonecc-champions-community-driven-biodiversity-protection-in-lake-chilwa-basin/?utm_source=rss&utm_medium=rss&utm_campaign=cisonecc-champions-community-driven-biodiversity-protection-in-lake-chilwa-basin HTTP/1.1" 200 - "-" "Mozilla/5.0 (Macintosh; Intel Mac OS X 10_15_7) AppleWebKit/537.36 (KHTML, like Gecko) Chrome/123.0.0.0 Safari/537.36"
66.249.68.39 - - [15/May/2025:13:46:02 +0000] "GET /shopdetail/28627850 HTTP/1.1" 200 19983 "-" "Mozilla/5.0 (Linux; Android 6.0.1; Nexus 5X Build/MMB29P) AppleWebKit/537.36 (KHTML, like Gecko) Chrome/136.0.7103.92 Mobile Safari/537.36 (compatible; GoogleOther)"
3.15.38.243 - - [15/May/2025:13:45:59 +0000] "GET /shopdetail/9920794 HTTP/1.1" 404 32843 "-" "Mozilla/5.0 AppleWebKit/537.36 (KHTML, like Gecko; compatible; ClaudeBot/1.0; +claudebot@anthropic.com)"
66.249.68.38 - - [15/May/2025:13:46:03 +0000] "GET /shopdetail/28975883 HTTP/1.1" 200 20383 "-" "Mozilla/5.0 (Linux; Android 6.0.1; Nexus 5X Build/MMB29P) AppleWebKit/537.36 (KHTML, like Gecko) Chrome/136.0.7103.92 Mobile Safari/537.36 (compatible; GoogleOther)"
3.15.38.243 - - [15/May/2025:13:46:01 +0000] "GET /shopdetail/18111550 HTTP/1.1" 404 32842 "-" "Mozilla/5.0 AppleWebKit/537.36 (KHTML, like Gecko; compatible; ClaudeBot/1.0; +claudebot@anthropic.com)"
66.249.68.37 - - [15/May/2025:13:46:04 +0000] "GET /shopdetail/29211950 HTTP/1.1" 200 21509 "-" "Mozilla/5.0 (Linux; Android 6.0.1; Nexus 5X Build/MMB29P) AppleWebKit/537.36 (KHTML, like Gecko) Chrome/136.0.7103.92 Mobile Safari/537.36 (compatible; GoogleOther)"
