3.15.7.241 - - [15/May/2025:12:58:07 +0000] "GET /shopdetail/10378438 HTTP/1.1" 404 32842 "-" "Mozilla/5.0 AppleWebKit/537.36 (KHTML, like Gecko; compatible; ClaudeBot/1.0; +claudebot@anthropic.com)"
3.15.7.241 - - [15/May/2025:12:58:06 +0000] "GET /shopdetail/27187450 HTTP/1.1" 404 32843 "-" "Mozilla/5.0 AppleWebKit/537.36 (KHTML, like Gecko; compatible; ClaudeBot/1.0; +claudebot@anthropic.com)"
3.15.7.241 - - [15/May/2025:12:58:09 +0000] "GET /shopdetail/15124594 HTTP/1.1" 404 32841 "-" "Mozilla/5.0 AppleWebKit/537.36 (KHTML, like Gecko; compatible; ClaudeBot/1.0; +claudebot@anthropic.com)"
3.15.7.241 - - [15/May/2025:12:58:08 +0000] "GET /shopdetail/14341005 HTTP/1.1" 404 32843 "-" "Mozilla/5.0 AppleWebKit/537.36 (KHTML, like Gecko; compatible; ClaudeBot/1.0; +claudebot@anthropic.com)"
3.15.7.241 - - [15/May/2025:12:58:10 +0000] "GET /shopdetail/13134772 HTTP/1.1" 404 32841 "-" "Mozilla/5.0 AppleWebKit/537.36 (KHTML, like Gecko; compatible; ClaudeBot/1.0; +claudebot@anthropic.com)"
3.15.7.241 - - [15/May/2025:12:58:12 +0000] "GET /shopdetail/12444727 HTTP/1.1" 404 32842 "-" "Mozilla/5.0 AppleWebKit/537.36 (KHTML, like Gecko; compatible; ClaudeBot/1.0; +claudebot@anthropic.com)"
3.15.7.241 - - [15/May/2025:12:58:13 +0000] "GET /shopdetail/22602616 HTTP/1.1" 404 32843 "-" "Mozilla/5.0 AppleWebKit/537.36 (KHTML, like Gecko; compatible; ClaudeBot/1.0; +claudebot@anthropic.com)"
3.15.7.241 - - [15/May/2025:12:58:11 +0000] "GET /shopdetail/22505938 HTTP/1.1" 404 32843 "-" "Mozilla/5.0 AppleWebKit/537.36 (KHTML, like Gecko; compatible; ClaudeBot/1.0; +claudebot@anthropic.com)"
3.15.7.241 - - [15/May/2025:12:58:14 +0000] "GET /shopdetail/17853383 HTTP/1.1" 404 32842 "-" "Mozilla/5.0 AppleWebKit/537.36 (KHTML, like Gecko; compatible; ClaudeBot/1.0; +claudebot@anthropic.com)"
102.215.34.108 - - [15/May/2025:12:58:15 +0000] "POST /wp-admin/admin-ajax.php HTTP/1.1" 200 101 "https://pacja.org/wp-admin/post.php?post=4782&action=edit" "Mozilla/5.0 (Windows NT 10.0; Win64; x64; rv:138.0) Gecko/20100101 Firefox/138.0"
3.15.7.241 - - [15/May/2025:12:58:11 +0000] "GET /shopdetail/12585505 HTTP/1.1" 404 32843 "-" "Mozilla/5.0 AppleWebKit/537.36 (KHTML, like Gecko; compatible; ClaudeBot/1.0; +claudebot@anthropic.com)"
203.161.61.57 - - [15/May/2025:12:58:18 +0000] "POST /wp-cron.php?doing_wp_cron=1747313898.4261610507965087890625 HTTP/1.1" 200 - "-" "WordPress/6.8.1; https://pacja.org"
3.15.7.241 - - [15/May/2025:12:58:16 +0000] "GET /shopdetail/11191883 HTTP/1.1" 404 32844 "-" "Mozilla/5.0 AppleWebKit/537.36 (KHTML, like Gecko; compatible; ClaudeBot/1.0; +claudebot@anthropic.com)"
203.161.61.57 - - [15/May/2025:12:58:18 +0000] "POST /wp-cron.php?doing_wp_cron=1747313898.7495229244232177734375 HTTP/1.1" 200 - "-" "WordPress/6.8.1; https://pacja.org"
203.161.61.57 - - [15/May/2025:12:58:19 +0000] "POST /wp-cron.php?doing_wp_cron=1747313899.3933649063110351562500 HTTP/1.1" 200 - "-" "WordPress/6.8.1; https://pacja.org"
3.15.7.241 - - [15/May/2025:12:58:15 +0000] "GET /shopdetail/25791383 HTTP/1.1" 404 32844 "-" "Mozilla/5.0 AppleWebKit/537.36 (KHTML, like Gecko; compatible; ClaudeBot/1.0; +claudebot@anthropic.com)"
203.161.61.57 - - [15/May/2025:12:58:20 +0000] "POST /wp-cron.php?doing_wp_cron=1747313900.4598999023437500000000 HTTP/1.1" 200 - "-" "WordPress/6.8.1; https://pacja.org"
3.15.7.241 - - [15/May/2025:12:58:15 +0000] "GET /shopdetail/25614983 HTTP/1.1" 404 32844 "-" "Mozilla/5.0 AppleWebKit/537.36 (KHTML, like Gecko; compatible; ClaudeBot/1.0; +claudebot@anthropic.com)"
3.15.7.241 - - [15/May/2025:12:58:20 +0000] "GET /shopdetail/14249961 HTTP/1.1" 404 32842 "-" "Mozilla/5.0 AppleWebKit/537.36 (KHTML, like Gecko; compatible; ClaudeBot/1.0; +claudebot@anthropic.com)"
203.161.61.57 - - [15/May/2025:12:58:20 +0000] "POST /wp-admin/admin-ajax.php?action=async_litespeed&nonce=YcWPGNwkYpbJSaW1sFA6i5xAQ6KnnbSn&litespeed_type=imgoptm HTTP/1.1" 200 21 "-" "WordPress/6.8.1; https://pacja.org"
3.15.7.241 - - [15/May/2025:12:58:21 +0000] "GET /shopdetail/13338549 HTTP/1.1" 404 32842 "-" "Mozilla/5.0 AppleWebKit/537.36 (KHTML, like Gecko; compatible; ClaudeBot/1.0; +claudebot@anthropic.com)"
3.15.7.241 - - [15/May/2025:12:58:18 +0000] "GET /shopdetail/12783950 HTTP/1.1" 404 32842 "-" "Mozilla/5.0 AppleWebKit/537.36 (KHTML, like Gecko; compatible; ClaudeBot/1.0; +claudebot@anthropic.com)"
203.161.61.57 - - [15/May/2025:12:58:16 +0000] "POST /wp-admin/admin-ajax.php?action=as_async_request_queue_runner&nonce=4e22f572e8 HTTP/1.1" 200 - "-" "WordPress/6.8.1; https://pacja.org"
3.15.7.241 - - [15/May/2025:12:58:22 +0000] "GET /shopdetail/6866072 HTTP/1.1" 404 32841 "-" "Mozilla/5.0 AppleWebKit/537.36 (KHTML, like Gecko; compatible; ClaudeBot/1.0; +claudebot@anthropic.com)"
3.15.7.241 - - [15/May/2025:12:58:21 +0000] "GET /shopdetail/20772461 HTTP/1.1" 404 32844 "-" "Mozilla/5.0 AppleWebKit/537.36 (KHTML, like Gecko; compatible; ClaudeBot/1.0; +claudebot@anthropic.com)"
3.15.7.241 - - [15/May/2025:12:58:24 +0000] "GET /shopdetail/19771738 HTTP/1.1" 404 32843 "-" "Mozilla/5.0 AppleWebKit/537.36 (KHTML, like Gecko; compatible; ClaudeBot/1.0; +claudebot@anthropic.com)"
3.15.7.241 - - [15/May/2025:12:58:25 +0000] "GET /shopdetail/17147872 HTTP/1.1" 404 32842 "-" "Mozilla/5.0 AppleWebKit/537.36 (KHTML, like Gecko; compatible; ClaudeBot/1.0; +claudebot@anthropic.com)"
3.15.7.241 - - [15/May/2025:12:58:26 +0000] "GET /shopdetail/23352938 HTTP/1.1" 404 32844 "-" "Mozilla/5.0 AppleWebKit/537.36 (KHTML, like Gecko; compatible; ClaudeBot/1.0; +claudebot@anthropic.com)"
3.15.7.241 - - [15/May/2025:12:58:28 +0000] "GET /shopdetail/16398083 HTTP/1.1" 404 32843 "-" "Mozilla/5.0 AppleWebKit/537.36 (KHTML, like Gecko; compatible; ClaudeBot/1.0; +claudebot@anthropic.com)"
3.15.7.241 - - [15/May/2025:12:58:28 +0000] "GET /shopdetail/5392738 HTTP/1.1" 404 32843 "-" "Mozilla/5.0 AppleWebKit/537.36 (KHTML, like Gecko; compatible; ClaudeBot/1.0; +claudebot@anthropic.com)"
3.15.7.241 - - [15/May/2025:12:58:29 +0000] "GET /shopdetail/9776650 HTTP/1.1" 404 32842 "-" "Mozilla/5.0 AppleWebKit/537.36 (KHTML, like Gecko; compatible; ClaudeBot/1.0; +claudebot@anthropic.com)"
3.15.7.241 - - [15/May/2025:12:58:30 +0000] "GET /shopdetail/21709738 HTTP/1.1" 404 32843 "-" "Mozilla/5.0 AppleWebKit/537.36 (KHTML, like Gecko; compatible; ClaudeBot/1.0; +claudebot@anthropic.com)"
3.15.7.241 - - [15/May/2025:12:58:31 +0000] "GET /shopdetail/18997583 HTTP/1.1" 404 32843 "-" "Mozilla/5.0 AppleWebKit/537.36 (KHTML, like Gecko; compatible; ClaudeBot/1.0; +claudebot@anthropic.com)"
203.161.61.57 - - [15/May/2025:12:58:40 +0000] "POST /wp-cron.php?doing_wp_cron=1747313920.4992849826812744140625 HTTP/1.1" 200 - "-" "WordPress/6.8.1; https://pacja.org"
35.208.173.41 - - [15/May/2025:12:58:39 +0000] "GET /shopdetail/11930072 HTTP/1.1" 404 32839 "-" "Buck/2.4.5; (+https://app.hypefactors.com/media-monitoring/about.html)"
66.249.79.199 - - [15/May/2025:12:58:41 +0000] "GET /shopdetail/11009649 HTTP/1.1" 200 19034 "-" "Mozilla/5.0 (compatible; Googlebot/2.1; +http://www.google.com/bot.html)"
203.161.61.57 - - [15/May/2025:12:58:41 +0000] "POST /wp-admin/admin-ajax.php?action=async_litespeed&nonce=dFz0YnAgDUubvAnxO0r3fP25O84jlXqa&litespeed_type=imgoptm HTTP/1.1" 200 21 "-" "WordPress/6.8.1; https://pacja.org"
18.217.108.153 - - [15/May/2025:12:59:03 +0000] "GET /shopdetail/24336083 HTTP/1.1" 404 32844 "-" "Mozilla/5.0 AppleWebKit/537.36 (KHTML, like Gecko; compatible; ClaudeBot/1.0; +claudebot@anthropic.com)"
18.217.108.153 - - [15/May/2025:12:59:04 +0000] "GET /shopdetail/28725672 HTTP/1.1" 404 32843 "-" "Mozilla/5.0 AppleWebKit/537.36 (KHTML, like Gecko; compatible; ClaudeBot/1.0; +claudebot@anthropic.com)"
18.217.108.153 - - [15/May/2025:12:59:05 +0000] "GET /shopdetail/22187961 HTTP/1.1" 404 32845 "-" "Mozilla/5.0 AppleWebKit/537.36 (KHTML, like Gecko; compatible; ClaudeBot/1.0; +claudebot@anthropic.com)"
18.217.108.153 - - [15/May/2025:12:59:05 +0000] "GET /shopdetail/25447683 HTTP/1.1" 404 32844 "-" "Mozilla/5.0 AppleWebKit/537.36 (KHTML, like Gecko; compatible; ClaudeBot/1.0; +claudebot@anthropic.com)"
18.217.108.153 - - [15/May/2025:12:59:07 +0000] "GET /shopdetail/8277250 HTTP/1.1" 404 32842 "-" "Mozilla/5.0 AppleWebKit/537.36 (KHTML, like Gecko; compatible; ClaudeBot/1.0; +claudebot@anthropic.com)"
18.217.108.153 - - [15/May/2025:12:59:08 +0000] "GET /shopdetail/30710172 HTTP/1.1" 404 32843 "-" "Mozilla/5.0 AppleWebKit/537.36 (KHTML, like Gecko; compatible; ClaudeBot/1.0; +claudebot@anthropic.com)"
18.217.108.153 - - [15/May/2025:12:59:09 +0000] "GET /shopdetail/12797505 HTTP/1.1" 404 32843 "-" "Mozilla/5.0 AppleWebKit/537.36 (KHTML, like Gecko; compatible; ClaudeBot/1.0; +claudebot@anthropic.com)"
18.217.108.153 - - [15/May/2025:12:59:09 +0000] "GET /shopdetail/17721172 HTTP/1.1" 404 32841 "-" "Mozilla/5.0 AppleWebKit/537.36 (KHTML, like Gecko; compatible; ClaudeBot/1.0; +claudebot@anthropic.com)"
18.217.108.153 - - [15/May/2025:12:59:11 +0000] "GET /shopdetail/10691383 HTTP/1.1" 404 32843 "-" "Mozilla/5.0 AppleWebKit/537.36 (KHTML, like Gecko; compatible; ClaudeBot/1.0; +claudebot@anthropic.com)"
18.217.108.153 - - [15/May/2025:12:59:12 +0000] "GET /shopdetail/20066861 HTTP/1.1" 404 32844 "-" "Mozilla/5.0 AppleWebKit/537.36 (KHTML, like Gecko; compatible; ClaudeBot/1.0; +claudebot@anthropic.com)"
18.217.108.153 - - [15/May/2025:12:59:13 +0000] "GET /shopdetail/29144627 HTTP/1.1" 404 32844 "-" "Mozilla/5.0 AppleWebKit/537.36 (KHTML, like Gecko; compatible; ClaudeBot/1.0; +claudebot@anthropic.com)"
18.217.108.153 - - [15/May/2025:12:59:13 +0000] "GET /shopdetail/18851049 HTTP/1.1" 404 32843 "-" "Mozilla/5.0 AppleWebKit/537.36 (KHTML, like Gecko; compatible; ClaudeBot/1.0; +claudebot@anthropic.com)"
18.217.108.153 - - [15/May/2025:12:59:14 +0000] "GET /shopdetail/24953483 HTTP/1.1" 404 32844 "-" "Mozilla/5.0 AppleWebKit/537.36 (KHTML, like Gecko; compatible; ClaudeBot/1.0; +claudebot@anthropic.com)"
18.217.108.153 - - [15/May/2025:12:59:15 +0000] "GET /shopdetail/24142983 HTTP/1.1" 404 32844 "-" "Mozilla/5.0 AppleWebKit/537.36 (KHTML, like Gecko; compatible; ClaudeBot/1.0; +claudebot@anthropic.com)"
18.217.108.153 - - [15/May/2025:12:59:16 +0000] "GET /shopdetail/812983 HTTP/1.1" 404 32841 "-" "Mozilla/5.0 AppleWebKit/537.36 (KHTML, like Gecko; compatible; ClaudeBot/1.0; +claudebot@anthropic.com)"
18.217.108.153 - - [15/May/2025:12:59:17 +0000] "GET /shopdetail/16160949 HTTP/1.1" 404 32844 "-" "Mozilla/5.0 AppleWebKit/537.36 (KHTML, like Gecko; compatible; ClaudeBot/1.0; +claudebot@anthropic.com)"
18.217.108.153 - - [15/May/2025:12:59:15 +0000] "GET /shopdetail/8167005 HTTP/1.1" 404 32843 "-" "Mozilla/5.0 AppleWebKit/537.36 (KHTML, like Gecko; compatible; ClaudeBot/1.0; +claudebot@anthropic.com)"
18.217.108.153 - - [15/May/2025:12:59:18 +0000] "GET /shopdetail/16942905 HTTP/1.1" 404 32844 "-" "Mozilla/5.0 AppleWebKit/537.36 (KHTML, like Gecko; compatible; ClaudeBot/1.0; +claudebot@anthropic.com)"
18.217.108.153 - - [15/May/2025:12:59:18 +0000] "GET /shopdetail/11559861 HTTP/1.1" 404 32843 "-" "Mozilla/5.0 AppleWebKit/537.36 (KHTML, like Gecko; compatible; ClaudeBot/1.0; +claudebot@anthropic.com)"
18.217.108.153 - - [15/May/2025:12:59:19 +0000] "GET /shopdetail/22646716 HTTP/1.1" 404 32844 "-" "Mozilla/5.0 AppleWebKit/537.36 (KHTML, like Gecko; compatible; ClaudeBot/1.0; +claudebot@anthropic.com)"
35.208.173.41 - - [15/May/2025:12:59:21 +0000] "GET /shopdetail/11952127 HTTP/1.1" 404 32842 "-" "Buck/2.4.5; (+https://app.hypefactors.com/media-monitoring/about.html)"
18.217.108.153 - - [15/May/2025:12:59:21 +0000] "GET /shopdetail/11042005 HTTP/1.1" 404 32843 "-" "Mozilla/5.0 AppleWebKit/537.36 (KHTML, like Gecko; compatible; ClaudeBot/1.0; +claudebot@anthropic.com)"
18.217.108.153 - - [15/May/2025:12:59:21 +0000] "GET /shopdetail/20559105 HTTP/1.1" 404 32844 "-" "Mozilla/5.0 AppleWebKit/537.36 (KHTML, like Gecko; compatible; ClaudeBot/1.0; +claudebot@anthropic.com)"
60.87.158.17 - - [15/May/2025:12:59:24 +0000] "GET /shopdetail/9905127 HTTP/1.1" 200 310 "https://www.google.com/" "Mozilla/5.0 (iPhone; CPU iPhone OS 17_1_2 like Mac OS X) AppleWebKit/605.1.15 (KHTML, like Gecko) Version/17.1.2 Mobile/15E148 Safari/604.1"
18.217.108.153 - - [15/May/2025:12:59:23 +0000] "GET /shopdetail/28207616 HTTP/1.1" 404 32844 "-" "Mozilla/5.0 AppleWebKit/537.36 (KHTML, like Gecko; compatible; ClaudeBot/1.0; +claudebot@anthropic.com)"
66.249.79.201 - - [15/May/2025:12:59:25 +0000] "GET /?_gl=1*rgknbr*_ga*MzY3MjE1MDcwLjE3MzcwOTUyMjA.*_ga_0VKVKKN4NV*MTczNzEwMjM4NC4yLjEuMTczNzEwMjQ1My42MC4wLjA.&_bd_prev_page=https://pacja.org/detail.php?shopdetail/18104449 HTTP/1.1" 200 19955 "-" "Mozilla/5.0 (Linux; Android 6.0.1; Nexus 5X Build/MMB29P) AppleWebKit/537.36 (KHTML, like Gecko) Chrome/136.0.7103.59 Mobile Safari/537.36 (compatible; Googlebot/2.1; +http://www.google.com/bot.html)"
18.217.108.153 - - [15/May/2025:12:59:24 +0000] "GET /shopdetail/13789750 HTTP/1.1" 404 32843 "-" "Mozilla/5.0 AppleWebKit/537.36 (KHTML, like Gecko; compatible; ClaudeBot/1.0; +claudebot@anthropic.com)"
66.249.79.201 - - [15/May/2025:12:59:26 +0000] "GET /?_gl=1*rgknbr*_ga*MzY3MjE1MDcwLjE3MzcwOTUyMjA.*_ga_0VKVKKN4NV*MTczNzEwMjM4NC4yLjEuMTczNzEwMjQ1My42MC4wLjA.&_bd_prev_page=https://pacja.org/detail.php?shopdetail/13501883 HTTP/1.1" 200 19359 "-" "Mozilla/5.0 (Linux; Android 6.0.1; Nexus 5X Build/MMB29P) AppleWebKit/537.36 (KHTML, like Gecko) Chrome/136.0.7103.59 Mobile Safari/537.36 (compatible; Googlebot/2.1; +http://www.google.com/bot.html)"
18.217.108.153 - - [15/May/2025:12:59:22 +0000] "GET /shopdetail/11786427 HTTP/1.1" 404 32843 "-" "Mozilla/5.0 AppleWebKit/537.36 (KHTML, like Gecko; compatible; ClaudeBot/1.0; +claudebot@anthropic.com)"
18.217.108.153 - - [15/May/2025:12:59:25 +0000] "GET /shopdetail/8285750 HTTP/1.1" 404 32842 "-" "Mozilla/5.0 AppleWebKit/537.36 (KHTML, like Gecko; compatible; ClaudeBot/1.0; +claudebot@anthropic.com)"
66.249.79.199 - - [15/May/2025:12:59:28 +0000] "POST /get-message-notify HTTP/1.1" 200 18757 "https://pacja.org/?_gl=1*rgknbr*_ga*MzY3MjE1MDcwLjE3MzcwOTUyMjA.*_ga_0VKVKKN4NV*MTczNzEwMjM4NC4yLjEuMTczNzEwMjQ1My42MC4wLjA.&_bd_prev_page=https://pacja.org/detail.php?shopdetail/18104449" "Mozilla/5.0 (Linux; Android 6.0.1; Nexus 5X Build/MMB29P) AppleWebKit/537.36 (KHTML, like Gecko) Chrome/135.0.7049.114 Mobile Safari/537.36 (compatible; Googlebot/2.1; +http://www.google.com/bot.html)"
18.217.108.153 - - [15/May/2025:12:59:27 +0000] "GET /shopdetail/28692716 HTTP/1.1" 404 32845 "-" "Mozilla/5.0 AppleWebKit/537.36 (KHTML, like Gecko; compatible; ClaudeBot/1.0; +claudebot@anthropic.com)"
18.217.108.153 - - [15/May/2025:12:59:26 +0000] "GET /shopdetail/28137783 HTTP/1.1" 404 32845 "-" "Mozilla/5.0 AppleWebKit/537.36 (KHTML, like Gecko; compatible; ClaudeBot/1.0; +claudebot@anthropic.com)"
18.217.108.153 - - [15/May/2025:12:59:28 +0000] "GET /shopdetail/2091261 HTTP/1.1" 404 32842 "-" "Mozilla/5.0 AppleWebKit/537.36 (KHTML, like Gecko; compatible; ClaudeBot/1.0; +claudebot@anthropic.com)"
18.217.108.153 - - [15/May/2025:12:59:30 +0000] "GET /shopdetail/29681283 HTTP/1.1" 404 32845 "-" "Mozilla/5.0 AppleWebKit/537.36 (KHTML, like Gecko; compatible; ClaudeBot/1.0; +claudebot@anthropic.com)"
18.217.108.153 - - [15/May/2025:12:59:31 +0000] "GET /shopdetail/8894672 HTTP/1.1" 404 32842 "-" "Mozilla/5.0 AppleWebKit/537.36 (KHTML, like Gecko; compatible; ClaudeBot/1.0; +claudebot@anthropic.com)"
18.217.108.153 - - [15/May/2025:12:59:32 +0000] "GET /shopdetail/10444583 HTTP/1.1" 404 32843 "-" "Mozilla/5.0 AppleWebKit/537.36 (KHTML, like Gecko; compatible; ClaudeBot/1.0; +claudebot@anthropic.com)"
18.217.108.153 - - [15/May/2025:12:59:29 +0000] "GET /shopdetail/13594527 HTTP/1.1" 404 32843 "-" "Mozilla/5.0 AppleWebKit/537.36 (KHTML, like Gecko; compatible; ClaudeBot/1.0; +claudebot@anthropic.com)"
18.217.108.153 - - [15/May/2025:12:59:34 +0000] "GET /shopdetail/21286750 HTTP/1.1" 404 32843 "-" "Mozilla/5.0 AppleWebKit/537.36 (KHTML, like Gecko; compatible; ClaudeBot/1.0; +claudebot@anthropic.com)"
18.217.108.153 - - [15/May/2025:12:59:33 +0000] "GET /shopdetail/20000716 HTTP/1.1" 404 32843 "-" "Mozilla/5.0 AppleWebKit/537.36 (KHTML, like Gecko; compatible; ClaudeBot/1.0; +claudebot@anthropic.com)"
217.113.194.238 - - [15/May/2025:12:59:37 +0000] "GET /pap-ii-report/ HTTP/1.1" 403 - "-" "Mozilla/5.0 (compatible; Barkrowler/0.9; +https://babbar.tech/crawler)"
203.161.61.57 - - [15/May/2025:12:59:37 +0000] "POST /wp-cron.php?doing_wp_cron=1747313977.3073658943176269531250 HTTP/1.1" 200 - "-" "WordPress/6.8.1; https://pacja.org"
18.217.108.153 - - [15/May/2025:12:59:36 +0000] "GET /shopdetail/19934561 HTTP/1.1" 404 32844 "-" "Mozilla/5.0 AppleWebKit/537.36 (KHTML, like Gecko; compatible; ClaudeBot/1.0; +claudebot@anthropic.com)"
18.217.108.153 - - [15/May/2025:12:59:35 +0000] "GET /shopdetail/16353983 HTTP/1.1" 404 32844 "-" "Mozilla/5.0 AppleWebKit/537.36 (KHTML, like Gecko; compatible; ClaudeBot/1.0; +claudebot@anthropic.com)"
203.161.61.57 - - [15/May/2025:12:59:39 +0000] "POST /wp-cron.php?doing_wp_cron=1747313979.2647318840026855468750 HTTP/1.1" 200 - "-" "WordPress/6.8.1; https://pacja.org"
18.217.108.153 - - [15/May/2025:12:59:36 +0000] "GET /shopdetail/20162205 HTTP/1.1" 404 32844 "-" "Mozilla/5.0 AppleWebKit/537.36 (KHTML, like Gecko; compatible; ClaudeBot/1.0; +claudebot@anthropic.com)"
18.217.108.153 - - [15/May/2025:12:59:37 +0000] "GET /shopdetail/13881172 HTTP/1.1" 404 32842 "-" "Mozilla/5.0 AppleWebKit/537.36 (KHTML, like Gecko; compatible; ClaudeBot/1.0; +claudebot@anthropic.com)"
18.217.108.153 - - [15/May/2025:12:59:38 +0000] "GET /shopdetail/8283683 HTTP/1.1" 404 32843 "-" "Mozilla/5.0 AppleWebKit/537.36 (KHTML, like Gecko; compatible; ClaudeBot/1.0; +claudebot@anthropic.com)"
203.161.61.57 - - [15/May/2025:12:59:40 +0000] "POST /wp-admin/admin-ajax.php?action=async_litespeed&nonce=0MlOEoyuQtATI8RscHGXBLzHFF8H7Ck2&litespeed_type=imgoptm HTTP/1.1" 200 21 "-" "WordPress/6.8.1; https://pacja.org"
66.249.79.199 - - [15/May/2025:12:59:45 +0000] "GET /shopdetail/5347605 HTTP/1.1" 200 19166 "-" "Mozilla/5.0 (compatible; Googlebot/2.1; +http://www.google.com/bot.html)"
113.149.250.241 - - [15/May/2025:12:59:54 +0000] "GET /?_gl=1*rgknbr*_ga*MzY3MjE1MDcwLjE3MzcwOTUyMjA.*_ga_0VKVKKN4NV*MTczNzEwMjM4NC4yLjEuMTczNzEwMjQ1My42MC4wLjA.&_bd_prev_page=https://mail.pacja.org/detail.php?shopdetail/1430498&gQT=3 HTTP/1.1" 200 290 "https://www.google.com/" "Mozilla/5.0 (iPhone; CPU iPhone OS 18_3_1 like Mac OS X) AppleWebKit/605.1.15 (KHTML, like Gecko) Version/18.3 Mobile/15E148 Safari/604.1"
66.249.79.201 - - [15/May/2025:13:00:03 +0000] "GET /?_gl=1*rgknbr*_ga*MzY3MjE1MDcwLjE3MzcwOTUyMjA.*_ga_0VKVKKN4NV*MTczNzEwMjM4NC4yLjEuMTczNzEwMjQ1My42MC4wLjA.&_bd_prev_page=https://pacja.org/detail.php?shopdetail/11964083 HTTP/1.1" 200 20882 "-" "Mozilla/5.0 (Linux; Android 6.0.1; Nexus 5X Build/MMB29P) AppleWebKit/537.36 (KHTML, like Gecko) Chrome/136.0.7103.59 Mobile Safari/537.36 (compatible; Googlebot/2.1; +http://www.google.com/bot.html)"
66.249.79.201 - - [15/May/2025:13:00:05 +0000] "GET /shopdetail/12839372 HTTP/1.1" 200 20733 "-" "Mozilla/5.0 (Linux; Android 6.0.1; Nexus 5X Build/MMB29P) AppleWebKit/537.36 (KHTML, like Gecko) Chrome/136.0.7103.59 Mobile Safari/537.36 (compatible; Googlebot/2.1; +http://www.google.com/bot.html)"
35.208.173.41 - - [15/May/2025:13:00:02 +0000] "GET /shopdetail/11974172 HTTP/1.1" 404 32840 "-" "Buck/2.4.5; (+https://app.hypefactors.com/media-monitoring/about.html)"
66.249.79.199 - - [15/May/2025:13:00:08 +0000] "GET /?_gl=1*rgknbr*_ga*MzY3MjE1MDcwLjE3MzcwOTUyMjA.*_ga_0VKVKKN4NV*MTczNzEwMjM4NC4yLjEuMTczNzEwMjQ1My42MC4wLjA.&_bd_prev_page=https://pacja.org/detail.php?shopdetail/13131550 HTTP/1.1" 200 20007 "-" "Mozilla/5.0 (Linux; Android 6.0.1; Nexus 5X Build/MMB29P) AppleWebKit/537.36 (KHTML, like Gecko) Chrome/136.0.7103.59 Mobile Safari/537.36 (compatible; Googlebot/2.1; +http://www.google.com/bot.html)"
3.129.194.130 - - [15/May/2025:13:00:06 +0000] "GET /shopdetail/25755761 HTTP/1.1" 404 32845 "-" "Mozilla/5.0 AppleWebKit/537.36 (KHTML, like Gecko; compatible; ClaudeBot/1.0; +claudebot@anthropic.com)"
3.129.194.130 - - [15/May/2025:13:00:06 +0000] "GET /shopdetail/2103272 HTTP/1.1" 404 32841 "-" "Mozilla/5.0 AppleWebKit/537.36 (KHTML, like Gecko; compatible; ClaudeBot/1.0; +claudebot@anthropic.com)"
3.129.194.130 - - [15/May/2025:13:00:07 +0000] "GET /shopdetail/20397616 HTTP/1.1" 404 32844 "-" "Mozilla/5.0 AppleWebKit/537.36 (KHTML, like Gecko; compatible; ClaudeBot/1.0; +claudebot@anthropic.com)"
3.129.194.130 - - [15/May/2025:13:00:08 +0000] "GET /shopdetail/12693683 HTTP/1.1" 404 32844 "-" "Mozilla/5.0 AppleWebKit/537.36 (KHTML, like Gecko; compatible; ClaudeBot/1.0; +claudebot@anthropic.com)"
66.249.79.200 - - [15/May/2025:13:00:10 +0000] "POST /get-message-notify HTTP/1.1" 200 18757 "https://pacja.org/?_gl=1*rgknbr*_ga*MzY3MjE1MDcwLjE3MzcwOTUyMjA.*_ga_0VKVKKN4NV*MTczNzEwMjM4NC4yLjEuMTczNzEwMjQ1My42MC4wLjA.&_bd_prev_page=https://pacja.org/detail.php?shopdetail/13131550" "Mozilla/5.0 (Linux; Android 6.0.1; Nexus 5X Build/MMB29P) AppleWebKit/537.36 (KHTML, like Gecko) Chrome/135.0.7049.114 Mobile Safari/537.36 (compatible; Googlebot/2.1; +http://www.google.com/bot.html)"
3.129.194.130 - - [15/May/2025:13:00:08 +0000] "GET /shopdetail/8122927 HTTP/1.1" 404 32843 "-" "Mozilla/5.0 AppleWebKit/537.36 (KHTML, like Gecko; compatible; ClaudeBot/1.0; +claudebot@anthropic.com)"
3.129.194.130 - - [15/May/2025:13:00:09 +0000] "GET /shopdetail/22227761 HTTP/1.1" 404 32843 "-" "Mozilla/5.0 AppleWebKit/537.36 (KHTML, like Gecko; compatible; ClaudeBot/1.0; +claudebot@anthropic.com)"
3.129.194.130 - - [15/May/2025:13:00:10 +0000] "GET /shopdetail/8790838 HTTP/1.1" 404 32844 "-" "Mozilla/5.0 AppleWebKit/537.36 (KHTML, like Gecko; compatible; ClaudeBot/1.0; +claudebot@anthropic.com)"
3.129.194.130 - - [15/May/2025:13:00:10 +0000] "GET /shopdetail/21786761 HTTP/1.1" 404 32845 "-" "Mozilla/5.0 AppleWebKit/537.36 (KHTML, like Gecko; compatible; ClaudeBot/1.0; +claudebot@anthropic.com)"
3.129.194.130 - - [15/May/2025:13:00:11 +0000] "GET /shopdetail/6248650 HTTP/1.1" 404 32842 "-" "Mozilla/5.0 AppleWebKit/537.36 (KHTML, like Gecko; compatible; ClaudeBot/1.0; +claudebot@anthropic.com)"
3.129.194.130 - - [15/May/2025:13:00:13 +0000] "GET /shopdetail/15115972 HTTP/1.1" 404 32840 "-" "Mozilla/5.0 AppleWebKit/537.36 (KHTML, like Gecko; compatible; ClaudeBot/1.0; +claudebot@anthropic.com)"
3.129.194.130 - - [15/May/2025:13:00:14 +0000] "GET /shopdetail/11143772 HTTP/1.1" 404 32842 "-" "Mozilla/5.0 AppleWebKit/537.36 (KHTML, like Gecko; compatible; ClaudeBot/1.0; +claudebot@anthropic.com)"
102.215.34.108 - - [15/May/2025:13:00:15 +0000] "POST /wp-admin/admin-ajax.php HTTP/1.1" 200 101 "https://pacja.org/wp-admin/post.php?post=4782&action=edit" "Mozilla/5.0 (Windows NT 10.0; Win64; x64; rv:138.0) Gecko/20100101 Firefox/138.0"
122.8.187.218 - - [15/May/2025:13:00:16 +0000] "GET /shopdetail/8829583 HTTP/1.1" 301 - "https://www.pacja.org/shopdetail/8829583" "Mozilla/5.0 (Macintosh; Intel Mac OS X 10_15_7) AppleWebKit/537.36 (KHTML, like Gecko) Chrome/131.0.0.0 Safari/537.36"
3.129.194.130 - - [15/May/2025:13:00:12 +0000] "GET /shopdetail/10226150 HTTP/1.1" 404 32842 "-" "Mozilla/5.0 AppleWebKit/537.36 (KHTML, like Gecko; compatible; ClaudeBot/1.0; +claudebot@anthropic.com)"
3.129.194.130 - - [15/May/2025:13:00:16 +0000] "GET /shopdetail/9082894 HTTP/1.1" 404 32843 "-" "Mozilla/5.0 AppleWebKit/537.36 (KHTML, like Gecko; compatible; ClaudeBot/1.0; +claudebot@anthropic.com)"
66.249.68.38 - - [15/May/2025:13:00:20 +0000] "GET /shopdetail/8207827 HTTP/1.1" 200 20233 "-" "Mozilla/5.0 (Linux; Android 6.0.1; Nexus 5X Build/MMB29P) AppleWebKit/537.36 (KHTML, like Gecko) Chrome/136.0.7103.59 Mobile Safari/537.36 (compatible; Googlebot/2.1; +http://www.google.com/bot.html)"
3.129.194.130 - - [15/May/2025:13:00:17 +0000] "GET /shopdetail/12765249 HTTP/1.1" 404 32844 "-" "Mozilla/5.0 AppleWebKit/537.36 (KHTML, like Gecko; compatible; ClaudeBot/1.0; +claudebot@anthropic.com)"
3.129.194.130 - - [15/May/2025:13:00:18 +0000] "GET /shopdetail/25681138 HTTP/1.1" 404 32844 "-" "Mozilla/5.0 AppleWebKit/537.36 (KHTML, like Gecko; compatible; ClaudeBot/1.0; +claudebot@anthropic.com)"
116.204.46.14 - - [15/May/2025:13:00:21 +0000] "GET /shopdetail/8829583 HTTP/1.1" 404 32842 "https://pacja.org/shopdetail/8829583" "Mozilla/5.0 (Macintosh; Intel Mac OS X 10_15_7) AppleWebKit/537.36 (KHTML, like Gecko) Chrome/131.0.0.0 Safari/537.36"
3.129.194.130 - - [15/May/2025:13:00:18 +0000] "GET /shopdetail/5347827 HTTP/1.1" 404 32843 "-" "Mozilla/5.0 AppleWebKit/537.36 (KHTML, like Gecko; compatible; ClaudeBot/1.0; +claudebot@anthropic.com)"
3.129.194.130 - - [15/May/2025:13:00:19 +0000] "GET /shopdetail/12530061 HTTP/1.1" 404 32842 "-" "Mozilla/5.0 AppleWebKit/537.36 (KHTML, like Gecko; compatible; ClaudeBot/1.0; +claudebot@anthropic.com)"
66.249.68.38 - - [15/May/2025:13:00:25 +0000] "GET /shopdetail/9099972 HTTP/1.1" 200 19179 "-" "Mozilla/5.0 (compatible; Googlebot/2.1; +http://www.google.com/bot.html)"
3.129.194.130 - - [15/May/2025:13:00:20 +0000] "GET /shopdetail/3495627 HTTP/1.1" 404 32843 "-" "Mozilla/5.0 AppleWebKit/537.36 (KHTML, like Gecko; compatible; ClaudeBot/1.0; +claudebot@anthropic.com)"
3.129.194.130 - - [15/May/2025:13:00:22 +0000] "GET /shopdetail/16149105 HTTP/1.1" 404 32843 "-" "Mozilla/5.0 AppleWebKit/537.36 (KHTML, like Gecko; compatible; ClaudeBot/1.0; +claudebot@anthropic.com)"
3.129.194.130 - - [15/May/2025:13:00:23 +0000] "GET /shopdetail/16494761 HTTP/1.1" 404 32844 "-" "Mozilla/5.0 AppleWebKit/537.36 (KHTML, like Gecko; compatible; ClaudeBot/1.0; +claudebot@anthropic.com)"
3.129.194.130 - - [15/May/2025:13:00:24 +0000] "GET /shopdetail/17963638 HTTP/1.1" 404 32844 "-" "Mozilla/5.0 AppleWebKit/537.36 (KHTML, like Gecko; compatible; ClaudeBot/1.0; +claudebot@anthropic.com)"
3.129.194.130 - - [15/May/2025:13:00:26 +0000] "GET /shopdetail/2045605 HTTP/1.1" 404 32842 "-" "Mozilla/5.0 AppleWebKit/537.36 (KHTML, like Gecko; compatible; ClaudeBot/1.0; +claudebot@anthropic.com)"
3.129.194.130 - - [15/May/2025:13:00:28 +0000] "GET /shopdetail/28245850 HTTP/1.1" 404 32843 "-" "Mozilla/5.0 AppleWebKit/537.36 (KHTML, like Gecko; compatible; ClaudeBot/1.0; +claudebot@anthropic.com)"
3.129.194.130 - - [15/May/2025:13:00:27 +0000] "GET /shopdetail/19247949 HTTP/1.1" 404 32844 "-" "Mozilla/5.0 AppleWebKit/537.36 (KHTML, like Gecko; compatible; ClaudeBot/1.0; +claudebot@anthropic.com)"
3.129.194.130 - - [15/May/2025:13:00:31 +0000] "GET /shopdetail/1958961 HTTP/1.1" 404 32842 "-" "Mozilla/5.0 AppleWebKit/537.36 (KHTML, like Gecko; compatible; ClaudeBot/1.0; +claudebot@anthropic.com)"
3.129.194.130 - - [15/May/2025:13:00:29 +0000] "GET /shopdetail/5962005 HTTP/1.1" 404 32843 "-" "Mozilla/5.0 AppleWebKit/537.36 (KHTML, like Gecko; compatible; ClaudeBot/1.0; +claudebot@anthropic.com)"
114.119.156.30 - - [15/May/2025:13:00:34 +0000] "GET /index.php/vacancies/item/download/assets/img/posts/energy-access.php HTTP/1.1" 403 - "https://pacja.org/index.php/vacancies/item/download/assets/img/posts/news10.png" "Mozilla/5.0 (Linux; Android 7.0;) AppleWebKit/537.36 (KHTML, like Gecko) Mobile Safari/537.36 (compatible; PetalBot;+https://webmaster.petalsearch.com/site/petalbot)"
3.129.194.130 - - [15/May/2025:13:00:33 +0000] "GET /shopdetail/15311205 HTTP/1.1" 404 32842 "-" "Mozilla/5.0 AppleWebKit/537.36 (KHTML, like Gecko; compatible; ClaudeBot/1.0; +claudebot@anthropic.com)"
3.129.194.130 - - [15/May/2025:13:00:34 +0000] "GET /shopdetail/9357727 HTTP/1.1" 404 32843 "-" "Mozilla/5.0 AppleWebKit/537.36 (KHTML, like Gecko; compatible; ClaudeBot/1.0; +claudebot@anthropic.com)"
3.129.194.130 - - [15/May/2025:13:00:34 +0000] "GET /shopdetail/14759950 HTTP/1.1" 404 32843 "-" "Mozilla/5.0 AppleWebKit/537.36 (KHTML, like Gecko; compatible; ClaudeBot/1.0; +claudebot@anthropic.com)"
23.137.105.172 - - [15/May/2025:13:00:37 +0000] "POST /wp-admin HTTP/1.1" 301 235 "https://pacja.org/wp-admin/" "Mozilla/5.0 (Windows NT 10.0; Win64; x64) AppleWebKit/537.36 (KHTML, like Gecko) Chrome/90.0.4430.85 Safari/537.36"
203.161.61.57 - - [15/May/2025:13:00:37 +0000] "POST /wp-cron.php?doing_wp_cron=1747314037.4633769989013671875000 HTTP/1.1" 200 - "-" "WordPress/6.8.1; https://pacja.org"
3.129.194.130 - - [15/May/2025:13:00:35 +0000] "GET /shopdetail/17442916 HTTP/1.1" 404 32844 "-" "Mozilla/5.0 AppleWebKit/537.36 (KHTML, like Gecko; compatible; ClaudeBot/1.0; +claudebot@anthropic.com)"
203.161.61.57 - - [15/May/2025:13:00:38 +0000] "POST /wp-cron.php?doing_wp_cron=1747314038.6478118896484375000000 HTTP/1.1" 200 - "-" "WordPress/6.8.1; https://pacja.org"
3.129.194.130 - - [15/May/2025:13:00:37 +0000] "GET /shopdetail/8349838 HTTP/1.1" 404 32844 "-" "Mozilla/5.0 AppleWebKit/537.36 (KHTML, like Gecko; compatible; ClaudeBot/1.0; +claudebot@anthropic.com)"
23.137.105.172 - - [15/May/2025:13:00:37 +0000] "GET /wp-admin/ HTTP/1.1" 302 - "https://pacja.org/wp-admin/" "Mozilla/5.0 (Windows NT 10.0; Win64; x64) AppleWebKit/537.36 (KHTML, like Gecko) Chrome/90.0.4430.85 Safari/537.36"
3.129.194.130 - - [15/May/2025:13:00:38 +0000] "GET /shopdetail/15112750 HTTP/1.1" 404 32841 "-" "Mozilla/5.0 AppleWebKit/537.36 (KHTML, like Gecko; compatible; ClaudeBot/1.0; +claudebot@anthropic.com)"
23.137.105.172 - - [15/May/2025:13:00:39 +0000] "GET /wp-login.php?redirect_to=https%3A%2F%2Fpacja.org%2Fwp-admin%2F&reauth=1 HTTP/1.1" 200 2617 "https://pacja.org/wp-admin/" "Mozilla/5.0 (Windows NT 10.0; Win64; x64) AppleWebKit/537.36 (KHTML, like Gecko) Chrome/90.0.4430.85 Safari/537.36"
3.129.194.130 - - [15/May/2025:13:00:39 +0000] "GET /shopdetail/17125738 HTTP/1.1" 404 32844 "-" "Mozilla/5.0 AppleWebKit/537.36 (KHTML, like Gecko; compatible; ClaudeBot/1.0; +claudebot@anthropic.com)"
23.137.105.172 - - [15/May/2025:13:00:40 +0000] "POST /wp-login.php HTTP/1.1" 401 1454 "https://pacja.org/wp-admin/" "Mozilla/5.0 (Windows NT 10.0; Win64; x64) AppleWebKit/537.36 (KHTML, like Gecko) Chrome/90.0.4430.85 Safari/537.36"
3.129.194.130 - - [15/May/2025:13:00:40 +0000] "GET /shopdetail/22134483 HTTP/1.1" 404 32844 "-" "Mozilla/5.0 AppleWebKit/537.36 (KHTML, like Gecko; compatible; ClaudeBot/1.0; +claudebot@anthropic.com)"
23.137.105.172 - - [15/May/2025:13:00:42 +0000] "POST /admin HTTP/1.1" 302 - "https://pacja.org/wp-admin/" "Mozilla/5.0 (Windows NT 10.0; Win64; x64) AppleWebKit/537.36 (KHTML, like Gecko) Chrome/90.0.4430.85 Safari/537.36"
3.129.194.130 - - [15/May/2025:13:00:41 +0000] "GET /shopdetail/1599327 HTTP/1.1" 404 32841 "-" "Mozilla/5.0 AppleWebKit/537.36 (KHTML, like Gecko; compatible; ClaudeBot/1.0; +claudebot@anthropic.com)"
3.129.194.130 - - [15/May/2025:13:00:42 +0000] "GET /shopdetail/2021983 HTTP/1.1" 404 32841 "-" "Mozilla/5.0 AppleWebKit/537.36 (KHTML, like Gecko; compatible; ClaudeBot/1.0; +claudebot@anthropic.com)"
23.137.105.172 - - [15/May/2025:13:00:43 +0000] "GET /wp-admin/ HTTP/1.1" 302 - "https://pacja.org/wp-admin/" "Mozilla/5.0 (Windows NT 10.0; Win64; x64) AppleWebKit/537.36 (KHTML, like Gecko) Chrome/90.0.4430.85 Safari/537.36"
23.137.105.172 - - [15/May/2025:13:00:44 +0000] "GET /wp-login.php?redirect_to=https%3A%2F%2Fpacja.org%2Fwp-admin%2F&reauth=1 HTTP/1.1" 200 2616 "https://pacja.org/wp-admin/" "Mozilla/5.0 (Windows NT 10.0; Win64; x64) AppleWebKit/537.36 (KHTML, like Gecko) Chrome/90.0.4430.85 Safari/537.36"
23.137.105.172 - - [15/May/2025:13:00:46 +0000] "POST /user/login HTTP/1.1" 404 32796 "https://pacja.org/wp-admin/" "Mozilla/5.0 (Windows NT 10.0; Win64; x64) AppleWebKit/537.36 (KHTML, like Gecko) Chrome/90.0.4430.85 Safari/537.36"
35.208.173.41 - - [15/May/2025:13:00:46 +0000] "GET /shopdetail/11996227 HTTP/1.1" 404 32842 "-" "Buck/2.4.5; (+https://app.hypefactors.com/media-monitoring/about.html)"
23.137.105.172 - - [15/May/2025:13:00:48 +0000] "POST /login HTTP/1.1" 302 - "https://pacja.org/wp-admin/" "Mozilla/5.0 (Windows NT 10.0; Win64; x64) AppleWebKit/537.36 (KHTML, like Gecko) Chrome/90.0.4430.85 Safari/537.36"
23.137.105.172 - - [15/May/2025:13:00:49 +0000] "GET /wp-login.php HTTP/1.1" 200 2617 "https://pacja.org/wp-admin/" "Mozilla/5.0 (Windows NT 10.0; Win64; x64) AppleWebKit/537.36 (KHTML, like Gecko) Chrome/90.0.4430.85 Safari/537.36"
23.137.105.172 - - [15/May/2025:13:00:51 +0000] "POST /dashboard HTTP/1.1" 302 - "https://pacja.org/wp-admin/" "Mozilla/5.0 (Windows NT 10.0; Win64; x64) AppleWebKit/537.36 (KHTML, like Gecko) Chrome/90.0.4430.85 Safari/537.36"
23.137.105.172 - - [15/May/2025:13:00:52 +0000] "GET /wp-admin/ HTTP/1.1" 302 - "https://pacja.org/wp-admin/" "Mozilla/5.0 (Windows NT 10.0; Win64; x64) AppleWebKit/537.36 (KHTML, like Gecko) Chrome/90.0.4430.85 Safari/537.36"
23.137.105.172 - - [15/May/2025:13:00:54 +0000] "GET /wp-login.php?redirect_to=https%3A%2F%2Fpacja.org%2Fwp-admin%2F&reauth=1 HTTP/1.1" 200 2615 "https://pacja.org/wp-admin/" "Mozilla/5.0 (Windows NT 10.0; Win64; x64) AppleWebKit/537.36 (KHTML, like Gecko) Chrome/90.0.4430.85 Safari/537.36"
23.137.105.172 - - [15/May/2025:13:01:01 +0000] "POST /cms HTTP/1.1" 404 32792 "https://pacja.org/wp-admin/" "Mozilla/5.0 (Windows NT 10.0; Win64; x64) AppleWebKit/537.36 (KHTML, like Gecko) Chrome/90.0.4430.85 Safari/537.36"
23.137.105.172 - - [15/May/2025:13:01:05 +0000] "POST /panel HTTP/1.1" 404 32792 "https://pacja.org/wp-admin/" "Mozilla/5.0 (Windows NT 10.0; Win64; x64) AppleWebKit/537.36 (KHTML, like Gecko) Chrome/90.0.4430.85 Safari/537.36"
23.137.105.172 - - [15/May/2025:13:01:07 +0000] "POST /backend HTTP/1.1" 404 32796 "https://pacja.org/wp-admin/" "Mozilla/5.0 (Windows NT 10.0; Win64; x64) AppleWebKit/537.36 (KHTML, like Gecko) Chrome/90.0.4430.85 Safari/537.36"
3.144.237.242 - - [15/May/2025:13:01:11 +0000] "GET /shopdetail/23356616 HTTP/1.1" 404 32844 "-" "Mozilla/5.0 AppleWebKit/537.36 (KHTML, like Gecko; compatible; ClaudeBot/1.0; +claudebot@anthropic.com)"
3.144.237.242 - - [15/May/2025:13:01:11 +0000] "GET /shopdetail/26972816 HTTP/1.1" 404 32844 "-" "Mozilla/5.0 AppleWebKit/537.36 (KHTML, like Gecko; compatible; ClaudeBot/1.0; +claudebot@anthropic.com)"
3.144.237.242 - - [15/May/2025:13:01:13 +0000] "GET /shopdetail/7671694 HTTP/1.1" 404 32842 "-" "Mozilla/5.0 AppleWebKit/537.36 (KHTML, like Gecko; compatible; ClaudeBot/1.0; +claudebot@anthropic.com)"
3.144.237.242 - - [15/May/2025:13:01:13 +0000] "GET /shopdetail/28406061 HTTP/1.1" 404 32843 "-" "Mozilla/5.0 AppleWebKit/537.36 (KHTML, like Gecko; compatible; ClaudeBot/1.0; +claudebot@anthropic.com)"
3.144.237.242 - - [15/May/2025:13:01:14 +0000] "GET /shopdetail/29041216 HTTP/1.1" 404 32844 "-" "Mozilla/5.0 AppleWebKit/537.36 (KHTML, like Gecko; compatible; ClaudeBot/1.0; +claudebot@anthropic.com)"
3.144.237.242 - - [15/May/2025:13:01:15 +0000] "GET /shopdetail/11392738 HTTP/1.1" 404 32843 "-" "Mozilla/5.0 AppleWebKit/537.36 (KHTML, like Gecko; compatible; ClaudeBot/1.0; +claudebot@anthropic.com)"
3.144.237.242 - - [15/May/2025:13:01:16 +0000] "GET /shopdetail/11772994 HTTP/1.1" 404 32843 "-" "Mozilla/5.0 AppleWebKit/537.36 (KHTML, like Gecko; compatible; ClaudeBot/1.0; +claudebot@anthropic.com)"
3.144.237.242 - - [15/May/2025:13:01:17 +0000] "GET /shopdetail/24071483 HTTP/1.1" 404 32843 "-" "Mozilla/5.0 AppleWebKit/537.36 (KHTML, like Gecko; compatible; ClaudeBot/1.0; +claudebot@anthropic.com)"
3.144.237.242 - - [15/May/2025:13:01:18 +0000] "GET /shopdetail/21283916 HTTP/1.1" 404 32844 "-" "Mozilla/5.0 AppleWebKit/537.36 (KHTML, like Gecko; compatible; ClaudeBot/1.0; +claudebot@anthropic.com)"
3.144.237.242 - - [15/May/2025:13:01:19 +0000] "GET /shopdetail/30541238 HTTP/1.1" 404 32844 "-" "Mozilla/5.0 AppleWebKit/537.36 (KHTML, like Gecko; compatible; ClaudeBot/1.0; +claudebot@anthropic.com)"
3.144.237.242 - - [15/May/2025:13:01:20 +0000] "GET /shopdetail/8078805 HTTP/1.1" 404 32843 "-" "Mozilla/5.0 AppleWebKit/537.36 (KHTML, like Gecko; compatible; ClaudeBot/1.0; +claudebot@anthropic.com)"
3.144.237.242 - - [15/May/2025:13:01:21 +0000] "GET /shopdetail/1066927 HTTP/1.1" 404 32841 "-" "Mozilla/5.0 AppleWebKit/537.36 (KHTML, like Gecko; compatible; ClaudeBot/1.0; +claudebot@anthropic.com)"
3.144.237.242 - - [15/May/2025:13:01:22 +0000] "GET /shopdetail/14488216 HTTP/1.1" 404 32843 "-" "Mozilla/5.0 AppleWebKit/537.36 (KHTML, like Gecko; compatible; ClaudeBot/1.0; +claudebot@anthropic.com)"
3.144.237.242 - - [15/May/2025:13:01:22 +0000] "GET /shopdetail/29658616 HTTP/1.1" 404 32844 "-" "Mozilla/5.0 AppleWebKit/537.36 (KHTML, like Gecko; compatible; ClaudeBot/1.0; +claudebot@anthropic.com)"
8.210.11.248 - - [15/May/2025:13:01:23 +0000] "GET /prev/using-joomla/extensions/components/content-component/list-all-categories/publications/prioritizing-renewable-energy-access-in-africa-s-covid-recovery-strategies?tmpl=component&print=1&layout=default HTTP/1.1" 404 33016 "-" "Mozilla/5.0 (Macintosh; Intel Mac OS X 10_15_7) AppleWebKit/537.36 (KHTML, like Gecko) Chrome/109.0.0.0 Safari/537.36"
3.144.237.242 - - [15/May/2025:13:01:23 +0000] "GET /shopdetail/16221683 HTTP/1.1" 404 32843 "-" "Mozilla/5.0 AppleWebKit/537.36 (KHTML, like Gecko; compatible; ClaudeBot/1.0; +claudebot@anthropic.com)"
3.144.237.242 - - [15/May/2025:13:01:25 +0000] "GET /shopdetail/12687250 HTTP/1.1" 404 32842 "-" "Mozilla/5.0 AppleWebKit/537.36 (KHTML, like Gecko; compatible; ClaudeBot/1.0; +claudebot@anthropic.com)"
3.144.237.242 - - [15/May/2025:13:01:23 +0000] "GET /shopdetail/14385105 HTTP/1.1" 404 32843 "-" "Mozilla/5.0 AppleWebKit/537.36 (KHTML, like Gecko; compatible; ClaudeBot/1.0; +claudebot@anthropic.com)"
3.144.237.242 - - [15/May/2025:13:01:26 +0000] "GET /shopdetail/10658650 HTTP/1.1" 404 32842 "-" "Mozilla/5.0 AppleWebKit/537.36 (KHTML, like Gecko; compatible; ClaudeBot/1.0; +claudebot@anthropic.com)"
3.144.237.242 - - [15/May/2025:13:01:25 +0000] "GET /shopdetail/28758861 HTTP/1.1" 404 32845 "-" "Mozilla/5.0 AppleWebKit/537.36 (KHTML, like Gecko; compatible; ClaudeBot/1.0; +claudebot@anthropic.com)"
3.144.237.242 - - [15/May/2025:13:01:28 +0000] "GET /shopdetail/17817761 HTTP/1.1" 404 32843 "-" "Mozilla/5.0 AppleWebKit/537.36 (KHTML, like Gecko; compatible; ClaudeBot/1.0; +claudebot@anthropic.com)"
35.208.173.41 - - [15/May/2025:13:01:30 +0000] "GET /shopdetail/12018272 HTTP/1.1" 404 32840 "-" "Buck/2.4.5; (+https://app.hypefactors.com/media-monitoring/about.html)"
3.144.237.242 - - [15/May/2025:13:01:28 +0000] "GET /shopdetail/3889327 HTTP/1.1" 404 32843 "-" "Mozilla/5.0 AppleWebKit/537.36 (KHTML, like Gecko; compatible; ClaudeBot/1.0; +claudebot@anthropic.com)"
3.144.237.242 - - [15/May/2025:13:01:29 +0000] "GET /shopdetail/23635894 HTTP/1.1" 404 32844 "-" "Mozilla/5.0 AppleWebKit/537.36 (KHTML, like Gecko; compatible; ClaudeBot/1.0; +claudebot@anthropic.com)"
3.144.237.242 - - [15/May/2025:13:01:31 +0000] "GET /shopdetail/18360538 HTTP/1.1" 404 32843 "-" "Mozilla/5.0 AppleWebKit/537.36 (KHTML, like Gecko; compatible; ClaudeBot/1.0; +claudebot@anthropic.com)"
3.144.237.242 - - [15/May/2025:13:01:32 +0000] "GET /shopdetail/4925672 HTTP/1.1" 404 32841 "-" "Mozilla/5.0 AppleWebKit/537.36 (KHTML, like Gecko; compatible; ClaudeBot/1.0; +claudebot@anthropic.com)"
3.144.237.242 - - [15/May/2025:13:01:33 +0000] "GET /shopdetail/21154450 HTTP/1.1" 404 32843 "-" "Mozilla/5.0 AppleWebKit/537.36 (KHTML, like Gecko; compatible; ClaudeBot/1.0; +claudebot@anthropic.com)"
3.144.237.242 - - [15/May/2025:13:01:31 +0000] "GET /shopdetail/12982405 HTTP/1.1" 404 32842 "-" "Mozilla/5.0 AppleWebKit/537.36 (KHTML, like Gecko; compatible; ClaudeBot/1.0; +claudebot@anthropic.com)"
3.144.237.242 - - [15/May/2025:13:01:35 +0000] "GET /shopdetail/3150283 HTTP/1.1" 404 32842 "-" "Mozilla/5.0 AppleWebKit/537.36 (KHTML, like Gecko; compatible; ClaudeBot/1.0; +claudebot@anthropic.com)"
3.144.237.242 - - [15/May/2025:13:01:34 +0000] "GET /shopdetail/24584049 HTTP/1.1" 404 32844 "-" "Mozilla/5.0 AppleWebKit/537.36 (KHTML, like Gecko; compatible; ClaudeBot/1.0; +claudebot@anthropic.com)"
3.144.237.242 - - [15/May/2025:13:01:36 +0000] "GET /shopdetail/15407905 HTTP/1.1" 404 32842 "-" "Mozilla/5.0 AppleWebKit/537.36 (KHTML, like Gecko; compatible; ClaudeBot/1.0; +claudebot@anthropic.com)"
3.144.237.242 - - [15/May/2025:13:01:37 +0000] "GET /shopdetail/19100961 HTTP/1.1" 404 32843 "-" "Mozilla/5.0 AppleWebKit/537.36 (KHTML, like Gecko; compatible; ClaudeBot/1.0; +claudebot@anthropic.com)"
3.144.237.242 - - [15/May/2025:13:01:38 +0000] "GET /shopdetail/25002938 HTTP/1.1" 404 32844 "-" "Mozilla/5.0 AppleWebKit/537.36 (KHTML, like Gecko; compatible; ClaudeBot/1.0; +claudebot@anthropic.com)"
3.144.237.242 - - [15/May/2025:13:01:39 +0000] "GET /shopdetail/27223072 HTTP/1.1" 404 32842 "-" "Mozilla/5.0 AppleWebKit/537.36 (KHTML, like Gecko; compatible; ClaudeBot/1.0; +claudebot@anthropic.com)"
3.144.237.242 - - [15/May/2025:13:01:41 +0000] "GET /shopdetail/27871005 HTTP/1.1" 404 32844 "-" "Mozilla/5.0 AppleWebKit/537.36 (KHTML, like Gecko; compatible; ClaudeBot/1.0; +claudebot@anthropic.com)"
3.144.237.242 - - [15/May/2025:13:01:42 +0000] "GET /shopdetail/20592994 HTTP/1.1" 404 32844 "-" "Mozilla/5.0 AppleWebKit/537.36 (KHTML, like Gecko; compatible; ClaudeBot/1.0; +claudebot@anthropic.com)"
3.144.237.242 - - [15/May/2025:13:01:40 +0000] "GET /shopdetail/19052561 HTTP/1.1" 404 32843 "-" "Mozilla/5.0 AppleWebKit/537.36 (KHTML, like Gecko; compatible; ClaudeBot/1.0; +claudebot@anthropic.com)"
35.208.173.41 - - [15/May/2025:13:02:03 +0000] "GET /shopdetail/12040327 HTTP/1.1" 404 32842 "-" "Buck/2.4.5; (+https://app.hypefactors.com/media-monitoring/about.html)"
217.113.194.240 - - [15/May/2025:13:02:07 +0000] "GET /pacja-rocks-glasgow/ HTTP/1.1" 403 - "-" "Mozilla/5.0 (compatible; Barkrowler/0.9; +https://babbar.tech/crawler)"
66.249.79.200 - - [15/May/2025:13:02:07 +0000] "GET /shopdetail/9244227 HTTP/1.1" 200 20356 "-" "Mozilla/5.0 (Linux; Android 6.0.1; Nexus 5X Build/MMB29P) AppleWebKit/537.36 (KHTML, like Gecko) Chrome/136.0.7103.59 Mobile Safari/537.36 (compatible; Googlebot/2.1; +http://www.google.com/bot.html)"
216.73.216.8 - - [15/May/2025:13:02:12 +0000] "GET /shopdetail/18382583 HTTP/1.1" 404 32842 "-" "Mozilla/5.0 AppleWebKit/537.36 (KHTML, like Gecko; compatible; ClaudeBot/1.0; +claudebot@anthropic.com)"
216.73.216.8 - - [15/May/2025:13:02:12 +0000] "GET /shopdetail/15156872 HTTP/1.1" 404 32839 "-" "Mozilla/5.0 AppleWebKit/537.36 (KHTML, like Gecko; compatible; ClaudeBot/1.0; +claudebot@anthropic.com)"
216.73.216.8 - - [15/May/2025:13:02:12 +0000] "GET /shopdetail/22996449 HTTP/1.1" 404 32842 "-" "Mozilla/5.0 AppleWebKit/537.36 (KHTML, like Gecko; compatible; ClaudeBot/1.0; +claudebot@anthropic.com)"
216.73.216.8 - - [15/May/2025:13:02:14 +0000] "GET /shopdetail/22496661 HTTP/1.1" 404 32842 "-" "Mozilla/5.0 AppleWebKit/537.36 (KHTML, like Gecko; compatible; ClaudeBot/1.0; +claudebot@anthropic.com)"
216.73.216.8 - - [15/May/2025:13:02:14 +0000] "GET /shopdetail/9184527 HTTP/1.1" 404 32841 "-" "Mozilla/5.0 AppleWebKit/537.36 (KHTML, like Gecko; compatible; ClaudeBot/1.0; +claudebot@anthropic.com)"
63.142.249.142 - - [15/May/2025:13:02:14 +0000] "POST /xmlrpc.php HTTP/1.1" 200 248 "-" "Mozilla/5.0 (Windows NT 10.0; Win64; x64; rv:94.0) Gecko/20100101 Firefox/94.0"
216.73.216.8 - - [15/May/2025:13:02:14 +0000] "GET /shopdetail/2078505 HTTP/1.1" 404 32841 "-" "Mozilla/5.0 AppleWebKit/537.36 (KHTML, like Gecko; compatible; ClaudeBot/1.0; +claudebot@anthropic.com)"
102.215.34.108 - - [15/May/2025:13:02:15 +0000] "POST /wp-admin/admin-ajax.php HTTP/1.1" 200 101 "https://pacja.org/wp-admin/post.php?post=4782&action=edit" "Mozilla/5.0 (Windows NT 10.0; Win64; x64; rv:138.0) Gecko/20100101 Firefox/138.0"
66.249.79.199 - - [15/May/2025:13:02:16 +0000] "GET /?_gl=1*rgknbr*_ga*MzY3MjE1MDcwLjE3MzcwOTUyMjA.*_ga_0VKVKKN4NV*MTczNzEwMjM4NC4yLjEuMTczNzEwMjQ1My42MC4wLjA.&_bd_prev_page=https://pacja.org/detail.php?shopdetail/14075127 HTTP/1.1" 200 19176 "-" "Mozilla/5.0 (Linux; Android 6.0.1; Nexus 5X Build/MMB29P) AppleWebKit/537.36 (KHTML, like Gecko) Chrome/136.0.7103.59 Mobile Safari/537.36 (compatible; Googlebot/2.1; +http://www.google.com/bot.html)"
216.73.216.8 - - [15/May/2025:13:02:15 +0000] "GET /shopdetail/11695005 HTTP/1.1" 404 32841 "-" "Mozilla/5.0 AppleWebKit/537.36 (KHTML, like Gecko; compatible; ClaudeBot/1.0; +claudebot@anthropic.com)"
216.73.216.8 - - [15/May/2025:13:02:15 +0000] "GET /shopdetail/27607961 HTTP/1.1" 404 32843 "-" "Mozilla/5.0 AppleWebKit/537.36 (KHTML, like Gecko; compatible; ClaudeBot/1.0; +claudebot@anthropic.com)"
66.249.79.199 - - [15/May/2025:13:02:19 +0000] "POST /get-message-notify HTTP/1.1" 200 18757 "https://pacja.org/?_gl=1*rgknbr*_ga*MzY3MjE1MDcwLjE3MzcwOTUyMjA.*_ga_0VKVKKN4NV*MTczNzEwMjM4NC4yLjEuMTczNzEwMjQ1My42MC4wLjA.&_bd_prev_page=https://pacja.org/detail.php?shopdetail/14075127" "Mozilla/5.0 (Linux; Android 6.0.1; Nexus 5X Build/MMB29P) AppleWebKit/537.36 (KHTML, like Gecko) Chrome/135.0.7049.114 Mobile Safari/537.36 (compatible; Googlebot/2.1; +http://www.google.com/bot.html)"
216.73.216.8 - - [15/May/2025:13:02:16 +0000] "GET /shopdetail/19012761 HTTP/1.1" 404 32842 "-" "Mozilla/5.0 AppleWebKit/537.36 (KHTML, like Gecko; compatible; ClaudeBot/1.0; +claudebot@anthropic.com)"
216.73.216.8 - - [15/May/2025:13:02:18 +0000] "GET /shopdetail/12756627 HTTP/1.1" 404 32842 "-" "Mozilla/5.0 AppleWebKit/537.36 (KHTML, like Gecko; compatible; ClaudeBot/1.0; +claudebot@anthropic.com)"
216.73.216.8 - - [15/May/2025:13:02:17 +0000] "GET /shopdetail/23591794 HTTP/1.1" 404 32842 "-" "Mozilla/5.0 AppleWebKit/537.36 (KHTML, like Gecko; compatible; ClaudeBot/1.0; +claudebot@anthropic.com)"
47.238.13.9 - - [15/May/2025:13:02:20 +0000] "GET /index.php/initiatives/acli?tmpl=component&print=1 HTTP/1.1" 301 - "-" "Mozilla/5.0 (Macintosh; Intel Mac OS X 10_15_7) AppleWebKit/537.36 (KHTML, like Gecko) Chrome/109.0.0.0 Safari/537.36"
216.73.216.8 - - [15/May/2025:13:02:20 +0000] "GET /shopdetail/22609750 HTTP/1.1" 404 32842 "-" "Mozilla/5.0 AppleWebKit/537.36 (KHTML, like Gecko; compatible; ClaudeBot/1.0; +claudebot@anthropic.com)"
216.73.216.8 - - [15/May/2025:13:02:21 +0000] "GET /shopdetail/12577027 HTTP/1.1" 404 32842 "-" "Mozilla/5.0 AppleWebKit/537.36 (KHTML, like Gecko; compatible; ClaudeBot/1.0; +claudebot@anthropic.com)"
47.238.13.9 - - [15/May/2025:13:02:22 +0000] "GET /initiatives-tabs/acli/?tmpl=component&amp%3Bprint=1 HTTP/1.1" 301 39889 "https://www.pacja.org/index.php/initiatives/acli?tmpl=component&print=1" "Mozilla/5.0 (Macintosh; Intel Mac OS X 10_15_7) AppleWebKit/537.36 (KHTML, like Gecko) Chrome/109.0.0.0 Safari/537.36"
216.73.216.8 - - [15/May/2025:13:02:22 +0000] "GET /shopdetail/18558983 HTTP/1.1" 404 32842 "-" "Mozilla/5.0 AppleWebKit/537.36 (KHTML, like Gecko; compatible; ClaudeBot/1.0; +claudebot@anthropic.com)"
47.238.13.8 - - [15/May/2025:13:02:24 +0000] "GET /wp-content/uploads/2022/09/ACLI.jpg HTTP/1.1" 200 20252 "https://pacja.org/initiatives-tabs/acli/?tmpl=component&amp%3Bprint=1" "Mozilla/5.0 (Macintosh; Intel Mac OS X 10_15_7) AppleWebKit/537.36 (KHTML, like Gecko) Chrome/109.0.0.0 Safari/537.36"
216.73.216.8 - - [15/May/2025:13:02:23 +0000] "GET /shopdetail/23371294 HTTP/1.1" 404 32843 "-" "Mozilla/5.0 AppleWebKit/537.36 (KHTML, like Gecko; compatible; ClaudeBot/1.0; +claudebot@anthropic.com)"
216.73.216.8 - - [15/May/2025:13:02:23 +0000] "GET /shopdetail/21504416 HTTP/1.1" 404 32841 "-" "Mozilla/5.0 AppleWebKit/537.36 (KHTML, like Gecko; compatible; ClaudeBot/1.0; +claudebot@anthropic.com)"
216.73.216.8 - - [15/May/2025:13:02:24 +0000] "GET /shopdetail/22643583 HTTP/1.1" 404 32843 "-" "Mozilla/5.0 AppleWebKit/537.36 (KHTML, like Gecko; compatible; ClaudeBot/1.0; +claudebot@anthropic.com)"
216.73.216.8 - - [15/May/2025:13:02:25 +0000] "GET /shopdetail/12806005 HTTP/1.1" 404 32842 "-" "Mozilla/5.0 AppleWebKit/537.36 (KHTML, like Gecko; compatible; ClaudeBot/1.0; +claudebot@anthropic.com)"
66.249.79.199 - - [15/May/2025:13:02:28 +0000] "GET /?_gl=1*rgknbr*_ga*MzY3MjE1MDcwLjE3MzcwOTUyMjA.*_ga_0VKVKKN4NV*MTczNzEwMjM4NC4yLjEuMTczNzEwMjQ1My42MC4wLjA.&_bd_prev_page=https://pacja.org/detail.php?shopdetail/12775249 HTTP/1.1" 200 19964 "-" "Mozilla/5.0 (compatible; Googlebot/2.1; +http://www.google.com/bot.html)"
216.73.216.8 - - [15/May/2025:13:02:27 +0000] "GET /shopdetail/24344561 HTTP/1.1" 404 32842 "-" "Mozilla/5.0 AppleWebKit/537.36 (KHTML, like Gecko; compatible; ClaudeBot/1.0; +claudebot@anthropic.com)"
216.73.216.8 - - [15/May/2025:13:02:28 +0000] "GET /shopdetail/11543872 HTTP/1.1" 404 32840 "-" "Mozilla/5.0 AppleWebKit/537.36 (KHTML, like Gecko; compatible; ClaudeBot/1.0; +claudebot@anthropic.com)"
216.73.216.8 - - [15/May/2025:13:02:26 +0000] "GET /shopdetail/11890750 HTTP/1.1" 404 32841 "-" "Mozilla/5.0 AppleWebKit/537.36 (KHTML, like Gecko; compatible; ClaudeBot/1.0; +claudebot@anthropic.com)"
216.73.216.8 - - [15/May/2025:13:02:29 +0000] "GET /shopdetail/12089061 HTTP/1.1" 404 32842 "-" "Mozilla/5.0 AppleWebKit/537.36 (KHTML, like Gecko; compatible; ClaudeBot/1.0; +claudebot@anthropic.com)"
216.73.216.8 - - [15/May/2025:13:02:30 +0000] "GET /shopdetail/10492938 HTTP/1.1" 404 32841 "-" "Mozilla/5.0 AppleWebKit/537.36 (KHTML, like Gecko; compatible; ClaudeBot/1.0; +claudebot@anthropic.com)"
216.73.216.8 - - [15/May/2025:13:02:32 +0000] "GET /shopdetail/24005338 HTTP/1.1" 404 32841 "-" "Mozilla/5.0 AppleWebKit/537.36 (KHTML, like Gecko; compatible; ClaudeBot/1.0; +claudebot@anthropic.com)"
216.73.216.8 - - [15/May/2025:13:02:31 +0000] "GET /shopdetail/16193205 HTTP/1.1" 404 32842 "-" "Mozilla/5.0 AppleWebKit/537.36 (KHTML, like Gecko; compatible; ClaudeBot/1.0; +claudebot@anthropic.com)"
216.73.216.8 - - [15/May/2025:13:02:34 +0000] "GET /shopdetail/9512072 HTTP/1.1" 404 32839 "-" "Mozilla/5.0 AppleWebKit/537.36 (KHTML, like Gecko; compatible; ClaudeBot/1.0; +claudebot@anthropic.com)"
69.171.230.4 - - [15/May/2025:13:02:34 +0000] "GET /positioning-african-non-state-actors-at-the-heart-of-climate-policy-and-global-justice-for-acs-ii-and-beyond/ HTTP/1.1" 200 263575 "-" "facebookexternalhit/1.1 (+http://www.facebook.com/externalhit_uatext.php)"
