60.128.46.46 - - [15/May/2025:13:20:25 +0000] "GET /shopdetail/11856838 HTTP/1.1" 200 338 "https://service.smt.docomo.ne.jp/portal/search/web/result.html?q=%E9%85%92%E4%BA%95%E4%B8%80%E5%9C%AD&utm_source=dmenu_top&utm_medium=owned&utm_campaign=dmenu_top_202205_searchbox" "Mozilla/5.0 (Linux; Android 10; K) AppleWebKit/537.36 (KHTML, like Gecko) Chrome/136.0.0.0 Mobile Safari/537.36"
3.128.171.15 - - [15/May/2025:13:20:24 +0000] "GET /shopdetail/28732516 HTTP/1.1" 404 32843 "-" "Mozilla/5.0 AppleWebKit/537.36 (KHTML, like Gecko; compatible; ClaudeBot/1.0; +claudebot@anthropic.com)"
3.128.171.15 - - [15/May/2025:13:20:22 +0000] "GET /shopdetail/25385216 HTTP/1.1" 404 32843 "-" "Mozilla/5.0 AppleWebKit/537.36 (KHTML, like Gecko; compatible; ClaudeBot/1.0; +claudebot@anthropic.com)"
3.128.171.15 - - [15/May/2025:13:20:23 +0000] "GET /shopdetail/11871427 HTTP/1.1" 404 32842 "-" "Mozilla/5.0 AppleWebKit/537.36 (KHTML, like Gecko; compatible; ClaudeBot/1.0; +claudebot@anthropic.com)"
3.128.171.15 - - [15/May/2025:13:20:25 +0000] "GET /shopdetail/22731849 HTTP/1.1" 404 32843 "-" "Mozilla/5.0 AppleWebKit/537.36 (KHTML, like Gecko; compatible; ClaudeBot/1.0; +claudebot@anthropic.com)"
35.208.173.41 - - [15/May/2025:13:20:28 +0000] "GET /shopdetail/12679772 HTTP/1.1" 404 32840 "-" "Buck/2.4.5; (+https://app.hypefactors.com/media-monitoring/about.html)"
3.128.171.15 - - [15/May/2025:13:20:26 +0000] "GET /shopdetail/28797105 HTTP/1.1" 404 32843 "-" "Mozilla/5.0 AppleWebKit/537.36 (KHTML, like Gecko; compatible; ClaudeBot/1.0; +claudebot@anthropic.com)"
3.128.171.15 - - [15/May/2025:13:20:28 +0000] "GET /shopdetail/7644327 HTTP/1.1" 404 32841 "-" "Mozilla/5.0 AppleWebKit/537.36 (KHTML, like Gecko; compatible; ClaudeBot/1.0; +claudebot@anthropic.com)"
3.128.171.15 - - [15/May/2025:13:20:30 +0000] "GET /shopdetail/14686661 HTTP/1.1" 404 32842 "-" "Mozilla/5.0 AppleWebKit/537.36 (KHTML, like Gecko; compatible; ClaudeBot/1.0; +claudebot@anthropic.com)"
3.128.171.15 - - [15/May/2025:13:20:27 +0000] "GET /shopdetail/8765572 HTTP/1.1" 404 32840 "-" "Mozilla/5.0 AppleWebKit/537.36 (KHTML, like Gecko; compatible; ClaudeBot/1.0; +claudebot@anthropic.com)"
3.128.171.15 - - [15/May/2025:13:20:31 +0000] "GET /shopdetail/15965561 HTTP/1.1" 404 32841 "-" "Mozilla/5.0 AppleWebKit/537.36 (KHTML, like Gecko; compatible; ClaudeBot/1.0; +claudebot@anthropic.com)"
3.128.171.15 - - [15/May/2025:13:20:33 +0000] "GET /shopdetail/27183938 HTTP/1.1" 404 32843 "-" "Mozilla/5.0 AppleWebKit/537.36 (KHTML, like Gecko; compatible; ClaudeBot/1.0; +claudebot@anthropic.com)"
3.128.171.15 - - [15/May/2025:13:20:34 +0000] "GET /shopdetail/14010250 HTTP/1.1" 404 32841 "-" "Mozilla/5.0 AppleWebKit/537.36 (KHTML, like Gecko; compatible; ClaudeBot/1.0; +claudebot@anthropic.com)"
3.128.171.15 - - [15/May/2025:13:20:32 +0000] "GET /shopdetail/13708072 HTTP/1.1" 404 32840 "-" "Mozilla/5.0 AppleWebKit/537.36 (KHTML, like Gecko; compatible; ClaudeBot/1.0; +claudebot@anthropic.com)"
3.128.171.15 - - [15/May/2025:13:20:36 +0000] "GET /shopdetail/13291105 HTTP/1.1" 404 32842 "-" "Mozilla/5.0 AppleWebKit/537.36 (KHTML, like Gecko; compatible; ClaudeBot/1.0; +claudebot@anthropic.com)"
3.128.171.15 - - [15/May/2025:13:20:37 +0000] "GET /shopdetail/23334561 HTTP/1.1" 404 32843 "-" "Mozilla/5.0 AppleWebKit/537.36 (KHTML, like Gecko; compatible; ClaudeBot/1.0; +claudebot@anthropic.com)"
3.128.171.15 - - [15/May/2025:13:20:35 +0000] "GET /shopdetail/18986416 HTTP/1.1" 404 32842 "-" "Mozilla/5.0 AppleWebKit/537.36 (KHTML, like Gecko; compatible; ClaudeBot/1.0; +claudebot@anthropic.com)"
3.128.171.15 - - [15/May/2025:13:20:38 +0000] "GET /shopdetail/14551294 HTTP/1.1" 404 32842 "-" "Mozilla/5.0 AppleWebKit/537.36 (KHTML, like Gecko; compatible; ClaudeBot/1.0; +claudebot@anthropic.com)"
3.128.171.15 - - [15/May/2025:13:20:39 +0000] "GET /shopdetail/29221916 HTTP/1.1" 404 32843 "-" "Mozilla/5.0 AppleWebKit/537.36 (KHTML, like Gecko; compatible; ClaudeBot/1.0; +claudebot@anthropic.com)"
3.128.171.15 - - [15/May/2025:13:20:39 +0000] "GET /shopdetail/17648505 HTTP/1.1" 404 32842 "-" "Mozilla/5.0 AppleWebKit/537.36 (KHTML, like Gecko; compatible; ClaudeBot/1.0; +claudebot@anthropic.com)"
3.128.171.15 - - [15/May/2025:13:20:41 +0000] "GET /shopdetail/23352316 HTTP/1.1" 404 32843 "-" "Mozilla/5.0 AppleWebKit/537.36 (KHTML, like Gecko; compatible; ClaudeBot/1.0; +claudebot@anthropic.com)"
3.128.171.15 - - [15/May/2025:13:20:42 +0000] "GET /shopdetail/3404227 HTTP/1.1" 404 32841 "-" "Mozilla/5.0 AppleWebKit/537.36 (KHTML, like Gecko; compatible; ClaudeBot/1.0; +claudebot@anthropic.com)"
3.128.171.15 - - [15/May/2025:13:20:44 +0000] "GET /shopdetail/19184861 HTTP/1.1" 404 32842 "-" "Mozilla/5.0 AppleWebKit/537.36 (KHTML, like Gecko; compatible; ClaudeBot/1.0; +claudebot@anthropic.com)"
66.249.93.141 - - [15/May/2025:13:20:45 +0000] "GET /.well-known/traffic-advice HTTP/1.1" 404 32850 "-" "Chrome Privacy Preserving Prefetch Proxy"
3.128.171.15 - - [15/May/2025:13:20:42 +0000] "GET /shopdetail/30751072 HTTP/1.1" 404 32841 "-" "Mozilla/5.0 AppleWebKit/537.36 (KHTML, like Gecko; compatible; ClaudeBot/1.0; +claudebot@anthropic.com)"
3.128.171.15 - - [15/May/2025:13:20:45 +0000] "GET /shopdetail/26593661 HTTP/1.1" 404 32843 "-" "Mozilla/5.0 AppleWebKit/537.36 (KHTML, like Gecko; compatible; ClaudeBot/1.0; +claudebot@anthropic.com)"
3.128.171.15 - - [15/May/2025:13:20:45 +0000] "GET /shopdetail/27160127 HTTP/1.1" 404 32843 "-" "Mozilla/5.0 AppleWebKit/537.36 (KHTML, like Gecko; compatible; ClaudeBot/1.0; +claudebot@anthropic.com)"
3.128.171.15 - - [15/May/2025:13:20:47 +0000] "GET /shopdetail/15234849 HTTP/1.1" 404 32841 "-" "Mozilla/5.0 AppleWebKit/537.36 (KHTML, like Gecko; compatible; ClaudeBot/1.0; +claudebot@anthropic.com)"
3.128.171.15 - - [15/May/2025:13:20:48 +0000] "GET /shopdetail/10449994 HTTP/1.1" 404 32841 "-" "Mozilla/5.0 AppleWebKit/537.36 (KHTML, like Gecko; compatible; ClaudeBot/1.0; +claudebot@anthropic.com)"
66.249.93.140 - - [15/May/2025:13:20:51 +0000] "GET /wp-content/uploads/2022/10/PACJA-Logo.png HTTP/1.1" 200 39094 "-" "Mozilla/5.0 (Windows NT 5.1; rv:11.0) Gecko Firefox/11.0 (via ggpht.com GoogleImageProxy)"
3.128.171.15 - - [15/May/2025:13:20:48 +0000] "GET /shopdetail/4444583 HTTP/1.1" 404 32840 "-" "Mozilla/5.0 AppleWebKit/537.36 (KHTML, like Gecko; compatible; ClaudeBot/1.0; +claudebot@anthropic.com)"
3.128.171.15 - - [15/May/2025:13:20:51 +0000] "GET /shopdetail/6365427 HTTP/1.1" 404 32841 "-" "Mozilla/5.0 AppleWebKit/537.36 (KHTML, like Gecko; compatible; ClaudeBot/1.0; +claudebot@anthropic.com)"
3.128.171.15 - - [15/May/2025:13:20:52 +0000] "GET /shopdetail/12892138 HTTP/1.1" 404 32842 "-" "Mozilla/5.0 AppleWebKit/537.36 (KHTML, like Gecko; compatible; ClaudeBot/1.0; +claudebot@anthropic.com)"
3.128.171.15 - - [15/May/2025:13:20:50 +0000] "GET /shopdetail/7505505 HTTP/1.1" 404 32841 "-" "Mozilla/5.0 AppleWebKit/537.36 (KHTML, like Gecko; compatible; ClaudeBot/1.0; +claudebot@anthropic.com)"
35.208.173.41 - - [15/May/2025:13:20:59 +0000] "GET /shopdetail/12701827 HTTP/1.1" 404 32841 "-" "Buck/2.4.5; (+https://app.hypefactors.com/media-monitoring/about.html)"
3.129.218.83 - - [15/May/2025:13:21:20 +0000] "GET /shopdetail/19206916 HTTP/1.1" 404 32842 "-" "Mozilla/5.0 AppleWebKit/537.36 (KHTML, like Gecko; compatible; ClaudeBot/1.0; +claudebot@anthropic.com)"
3.129.218.83 - - [15/May/2025:13:21:20 +0000] "GET /shopdetail/24811916 HTTP/1.1" 404 32843 "-" "Mozilla/5.0 AppleWebKit/537.36 (KHTML, like Gecko; compatible; ClaudeBot/1.0; +claudebot@anthropic.com)"
3.129.218.83 - - [15/May/2025:13:21:20 +0000] "GET /shopdetail/18483561 HTTP/1.1" 404 32842 "-" "Mozilla/5.0 AppleWebKit/537.36 (KHTML, like Gecko; compatible; ClaudeBot/1.0; +claudebot@anthropic.com)"
3.129.218.83 - - [15/May/2025:13:21:21 +0000] "GET /shopdetail/19147905 HTTP/1.1" 404 32843 "-" "Mozilla/5.0 AppleWebKit/537.36 (KHTML, like Gecko; compatible; ClaudeBot/1.0; +claudebot@anthropic.com)"
3.129.218.83 - - [15/May/2025:13:21:21 +0000] "GET /shopdetail/28791827 HTTP/1.1" 404 32844 "-" "Mozilla/5.0 AppleWebKit/537.36 (KHTML, like Gecko; compatible; ClaudeBot/1.0; +claudebot@anthropic.com)"
3.129.218.83 - - [15/May/2025:13:21:22 +0000] "GET /shopdetail/27303561 HTTP/1.1" 404 32843 "-" "Mozilla/5.0 AppleWebKit/537.36 (KHTML, like Gecko; compatible; ClaudeBot/1.0; +claudebot@anthropic.com)"
3.129.218.83 - - [15/May/2025:13:21:23 +0000] "GET /shopdetail/28350827 HTTP/1.1" 404 32844 "-" "Mozilla/5.0 AppleWebKit/537.36 (KHTML, like Gecko; compatible; ClaudeBot/1.0; +claudebot@anthropic.com)"
3.129.218.83 - - [15/May/2025:13:21:23 +0000] "GET /shopdetail/23621216 HTTP/1.1" 404 32843 "-" "Mozilla/5.0 AppleWebKit/537.36 (KHTML, like Gecko; compatible; ClaudeBot/1.0; +claudebot@anthropic.com)"
3.129.218.83 - - [15/May/2025:13:21:24 +0000] "GET /shopdetail/24278416 HTTP/1.1" 404 32844 "-" "Mozilla/5.0 AppleWebKit/537.36 (KHTML, like Gecko; compatible; ClaudeBot/1.0; +claudebot@anthropic.com)"
3.129.218.83 - - [15/May/2025:13:21:25 +0000] "GET /shopdetail/8261638 HTTP/1.1" 404 32842 "-" "Mozilla/5.0 AppleWebKit/537.36 (KHTML, like Gecko; compatible; ClaudeBot/1.0; +claudebot@anthropic.com)"
3.129.218.83 - - [15/May/2025:13:21:26 +0000] "GET /shopdetail/15733372 HTTP/1.1" 404 32840 "-" "Mozilla/5.0 AppleWebKit/537.36 (KHTML, like Gecko; compatible; ClaudeBot/1.0; +claudebot@anthropic.com)"
3.129.218.83 - - [15/May/2025:13:21:27 +0000] "GET /shopdetail/8792905 HTTP/1.1" 404 32843 "-" "Mozilla/5.0 AppleWebKit/537.36 (KHTML, like Gecko; compatible; ClaudeBot/1.0; +claudebot@anthropic.com)"
3.129.218.83 - - [15/May/2025:13:21:23 +0000] "GET /shopdetail/18236716 HTTP/1.1" 404 32843 "-" "Mozilla/5.0 AppleWebKit/537.36 (KHTML, like Gecko; compatible; ClaudeBot/1.0; +claudebot@anthropic.com)"
3.129.218.83 - - [15/May/2025:13:21:28 +0000] "GET /shopdetail/28472216 HTTP/1.1" 404 32844 "-" "Mozilla/5.0 AppleWebKit/537.36 (KHTML, like Gecko; compatible; ClaudeBot/1.0; +claudebot@anthropic.com)"
3.129.218.83 - - [15/May/2025:13:21:29 +0000] "GET /shopdetail/27722516 HTTP/1.1" 404 32844 "-" "Mozilla/5.0 AppleWebKit/537.36 (KHTML, like Gecko; compatible; ClaudeBot/1.0; +claudebot@anthropic.com)"
3.129.218.83 - - [15/May/2025:13:21:30 +0000] "GET /shopdetail/17373694 HTTP/1.1" 404 32843 "-" "Mozilla/5.0 AppleWebKit/537.36 (KHTML, like Gecko; compatible; ClaudeBot/1.0; +claudebot@anthropic.com)"
3.129.218.83 - - [15/May/2025:13:21:29 +0000] "GET /shopdetail/16854705 HTTP/1.1" 404 32843 "-" "Mozilla/5.0 AppleWebKit/537.36 (KHTML, like Gecko; compatible; ClaudeBot/1.0; +claudebot@anthropic.com)"
3.129.218.83 - - [15/May/2025:13:21:33 +0000] "GET /shopdetail/29940183 HTTP/1.1" 404 32844 "-" "Mozilla/5.0 AppleWebKit/537.36 (KHTML, like Gecko; compatible; ClaudeBot/1.0; +claudebot@anthropic.com)"
3.129.218.83 - - [15/May/2025:13:21:34 +0000] "GET /shopdetail/9165772 HTTP/1.1" 404 32841 "-" "Mozilla/5.0 AppleWebKit/537.36 (KHTML, like Gecko; compatible; ClaudeBot/1.0; +claudebot@anthropic.com)"
3.129.218.83 - - [15/May/2025:13:21:35 +0000] "GET /shopdetail/13401350 HTTP/1.1" 404 32842 "-" "Mozilla/5.0 AppleWebKit/537.36 (KHTML, like Gecko; compatible; ClaudeBot/1.0; +claudebot@anthropic.com)"
3.129.218.83 - - [15/May/2025:13:21:32 +0000] "GET /shopdetail/8674150 HTTP/1.1" 404 32840 "-" "Mozilla/5.0 AppleWebKit/537.36 (KHTML, like Gecko; compatible; ClaudeBot/1.0; +claudebot@anthropic.com)"
3.129.218.83 - - [15/May/2025:13:21:37 +0000] "GET /shopdetail/13531583 HTTP/1.1" 404 32843 "-" "Mozilla/5.0 AppleWebKit/537.36 (KHTML, like Gecko; compatible; ClaudeBot/1.0; +claudebot@anthropic.com)"
3.129.218.83 - - [15/May/2025:13:21:38 +0000] "GET /shopdetail/15645983 HTTP/1.1" 404 32842 "-" "Mozilla/5.0 AppleWebKit/537.36 (KHTML, like Gecko; compatible; ClaudeBot/1.0; +claudebot@anthropic.com)"
3.129.218.83 - - [15/May/2025:13:21:36 +0000] "GET /shopdetail/27862527 HTTP/1.1" 404 32844 "-" "Mozilla/5.0 AppleWebKit/537.36 (KHTML, like Gecko; compatible; ClaudeBot/1.0; +claudebot@anthropic.com)"
35.208.173.41 - - [15/May/2025:13:21:40 +0000] "GET /shopdetail/12723872 HTTP/1.1" 404 32840 "-" "Buck/2.4.5; (+https://app.hypefactors.com/media-monitoring/about.html)"
3.129.218.83 - - [15/May/2025:13:21:31 +0000] "GET /shopdetail/11595438 HTTP/1.1" 404 32843 "-" "Mozilla/5.0 AppleWebKit/537.36 (KHTML, like Gecko; compatible; ClaudeBot/1.0; +claudebot@anthropic.com)"
203.161.61.57 - - [15/May/2025:13:21:42 +0000] "POST /wp-cron.php?doing_wp_cron=1747315302.8133480548858642578125 HTTP/1.1" 200 - "-" "WordPress/6.8.1; https://pacja.org"
3.129.218.83 - - [15/May/2025:13:21:39 +0000] "GET /shopdetail/9457749 HTTP/1.1" 404 32843 "-" "Mozilla/5.0 AppleWebKit/537.36 (KHTML, like Gecko; compatible; ClaudeBot/1.0; +claudebot@anthropic.com)"
203.161.61.57 - - [15/May/2025:13:21:43 +0000] "POST /wp-cron.php?doing_wp_cron=1747315303.6606860160827636718750 HTTP/1.1" 200 - "-" "WordPress/6.8.1; https://pacja.org"
3.129.218.83 - - [15/May/2025:13:21:40 +0000] "GET /shopdetail/27497716 HTTP/1.1" 404 32844 "-" "Mozilla/5.0 AppleWebKit/537.36 (KHTML, like Gecko; compatible; ClaudeBot/1.0; +claudebot@anthropic.com)"
3.129.218.83 - - [15/May/2025:13:21:43 +0000] "GET /shopdetail/6477650 HTTP/1.1" 404 32842 "-" "Mozilla/5.0 AppleWebKit/537.36 (KHTML, like Gecko; compatible; ClaudeBot/1.0; +claudebot@anthropic.com)"
203.161.61.57 - - [15/May/2025:13:21:45 +0000] "POST /wp-cron.php?doing_wp_cron=1747315305.6602380275726318359375 HTTP/1.1" 200 - "-" "WordPress/6.8.1; https://pacja.org"
3.129.218.83 - - [15/May/2025:13:21:41 +0000] "GET /shopdetail/14396949 HTTP/1.1" 404 32841 "-" "Mozilla/5.0 AppleWebKit/537.36 (KHTML, like Gecko; compatible; ClaudeBot/1.0; +claudebot@anthropic.com)"
203.161.61.57 - - [15/May/2025:13:21:44 +0000] "POST /wp-admin/admin-ajax.php?action=async_litespeed&nonce=2lc7OJyUacTs50QVsOgBxX9uFX9eNyIY&litespeed_type=imgoptm HTTP/1.1" 200 21 "-" "WordPress/6.8.1; https://pacja.org"
3.129.218.83 - - [15/May/2025:13:21:44 +0000] "GET /shopdetail/19037650 HTTP/1.1" 404 32842 "-" "Mozilla/5.0 AppleWebKit/537.36 (KHTML, like Gecko; compatible; ClaudeBot/1.0; +claudebot@anthropic.com)"
3.129.218.83 - - [15/May/2025:13:21:45 +0000] "GET /shopdetail/22121816 HTTP/1.1" 404 32844 "-" "Mozilla/5.0 AppleWebKit/537.36 (KHTML, like Gecko; compatible; ClaudeBot/1.0; +claudebot@anthropic.com)"
3.129.218.83 - - [15/May/2025:13:21:46 +0000] "GET /shopdetail/7800650 HTTP/1.1" 404 32842 "-" "Mozilla/5.0 AppleWebKit/537.36 (KHTML, like Gecko; compatible; ClaudeBot/1.0; +claudebot@anthropic.com)"
66.249.79.200 - - [15/May/2025:13:21:48 +0000] "GET /pcmypage?callback=product/review/50241762 HTTP/1.1" 200 19848 "-" "Mozilla/5.0 (Linux; Android 6.0.1; Nexus 5X Build/MMB29P) AppleWebKit/537.36 (KHTML, like Gecko) Chrome/136.0.7103.92 Mobile Safari/537.36 (compatible; Googlebot/2.1; +http://www.google.com/bot.html)"
66.249.79.201 - - [15/May/2025:13:21:48 +0000] "GET /?_gl=1*rgknbr*_ga*MzY3MjE1MDcwLjE3MzcwOTUyMjA.*_ga_0VKVKKN4NV*MTczNzEwMjM4NC4yLjEuMTczNzEwMjQ1My42MC4wLjA.&_bd_prev_page=https://pacja.org/detail.php?shopdetail/18104449 HTTP/1.1" 200 19955 "-" "Mozilla/5.0 (Linux; Android 6.0.1; Nexus 5X Build/MMB29P) AppleWebKit/537.36 (KHTML, like Gecko) Chrome/136.0.7103.92 Mobile Safari/537.36 (compatible; Googlebot/2.1; +http://www.google.com/bot.html)"
3.129.218.83 - - [15/May/2025:13:21:47 +0000] "GET /shopdetail/18189549 HTTP/1.1" 404 32843 "-" "Mozilla/5.0 AppleWebKit/537.36 (KHTML, like Gecko; compatible; ClaudeBot/1.0; +claudebot@anthropic.com)"
3.129.218.83 - - [15/May/2025:13:21:48 +0000] "GET /shopdetail/20937983 HTTP/1.1" 404 32842 "-" "Mozilla/5.0 AppleWebKit/537.36 (KHTML, like Gecko; compatible; ClaudeBot/1.0; +claudebot@anthropic.com)"
66.249.68.39 - - [15/May/2025:13:21:50 +0000] "GET /shopdetail/6686683 HTTP/1.1" 200 18563 "-" "Mozilla/5.0 (Linux; Android 6.0.1; Nexus 5X Build/MMB29P) AppleWebKit/537.36 (KHTML, like Gecko) Chrome/136.0.7103.59 Mobile Safari/537.36 (compatible; Googlebot/2.1; +http://www.google.com/bot.html)"
3.129.218.83 - - [15/May/2025:13:21:49 +0000] "GET /shopdetail/18486405 HTTP/1.1" 404 32842 "-" "Mozilla/5.0 AppleWebKit/537.36 (KHTML, like Gecko; compatible; ClaudeBot/1.0; +claudebot@anthropic.com)"
3.129.218.83 - - [15/May/2025:13:21:50 +0000] "GET /shopdetail/21433961 HTTP/1.1" 404 32843 "-" "Mozilla/5.0 AppleWebKit/537.36 (KHTML, like Gecko; compatible; ClaudeBot/1.0; +claudebot@anthropic.com)"
3.129.218.83 - - [15/May/2025:13:21:51 +0000] "GET /shopdetail/15579838 HTTP/1.1" 404 32842 "-" "Mozilla/5.0 AppleWebKit/537.36 (KHTML, like Gecko; compatible; ClaudeBot/1.0; +claudebot@anthropic.com)"
66.249.79.200 - - [15/May/2025:13:21:53 +0000] "POST /get-message-notify HTTP/1.1" 200 18757 "https://pacja.org/?_gl=1*rgknbr*_ga*MzY3MjE1MDcwLjE3MzcwOTUyMjA.*_ga_0VKVKKN4NV*MTczNzEwMjM4NC4yLjEuMTczNzEwMjQ1My42MC4wLjA.&_bd_prev_page=https://pacja.org/detail.php?shopdetail/18104449" "Mozilla/5.0 (Linux; Android 6.0.1; Nexus 5X Build/MMB29P) AppleWebKit/537.36 (KHTML, like Gecko) Chrome/135.0.7049.114 Mobile Safari/537.36 (compatible; Googlebot/2.1; +http://www.google.com/bot.html)"
183.86.49.81 - - [15/May/2025:13:21:53 +0000] "GET /shopdetail/15126616 HTTP/1.1" 200 349 "https://service.smt.docomo.ne.jp/portal/search/web/result.html?q=%E3%82%B9%E3%82%AD%E3%82%BA&utm_source=dmenu_top&utm_medium=owned&utm_campaign=dmenu_top_202205_searchbox" "Mozilla/5.0 (Linux; Android 10; K) AppleWebKit/537.36 (KHTML, like Gecko) Chrome/136.0.0.0 Mobile Safari/537.36"
3.129.218.83 - - [15/May/2025:13:21:52 +0000] "GET /shopdetail/8287938 HTTP/1.1" 404 32843 "-" "Mozilla/5.0 AppleWebKit/537.36 (KHTML, like Gecko; compatible; ClaudeBot/1.0; +claudebot@anthropic.com)"
3.129.218.83 - - [15/May/2025:13:21:48 +0000] "GET /shopdetail/20695438 HTTP/1.1" 404 32843 "-" "Mozilla/5.0 AppleWebKit/537.36 (KHTML, like Gecko; compatible; ClaudeBot/1.0; +claudebot@anthropic.com)"
217.178.51.82 - - [15/May/2025:13:22:05 +0000] "GET /shopdetail/7675505 HTTP/1.1" 200 351 "https://www.google.com/" "Mozilla/5.0 (Linux; Android 10; K) AppleWebKit/537.36 (KHTML, like Gecko) Chrome/136.0.0.0 Safari/537.36"
217.113.194.234 - - [15/May/2025:13:22:12 +0000] "GET /tutegrated-newsletter/ HTTP/1.1" 403 - "-" "Mozilla/5.0 (compatible; Barkrowler/0.9; +https://babbar.tech/crawler)"
66.249.68.39 - - [15/May/2025:13:22:12 +0000] "POST /get-message-notify HTTP/1.1" 200 18767 "https://www.pacja.org/shopdetail/19883950" "Mozilla/5.0 (Linux; Android 6.0.1; Nexus 5X Build/MMB29P) AppleWebKit/537.36 (KHTML, like Gecko) Chrome/135.0.7049.114 Mobile Safari/537.36 (compatible; Googlebot/2.1; +http://www.google.com/bot.html)"
35.208.173.41 - - [15/May/2025:13:22:16 +0000] "GET /shopdetail/12745927 HTTP/1.1" 404 32842 "-" "Buck/2.4.5; (+https://app.hypefactors.com/media-monitoring/about.html)"
102.215.34.108 - - [15/May/2025:13:22:17 +0000] "POST /wp-admin/admin-ajax.php HTTP/1.1" 200 101 "https://pacja.org/wp-admin/post.php?post=4782&action=edit" "Mozilla/5.0 (Windows NT 10.0; Win64; x64; rv:138.0) Gecko/20100101 Firefox/138.0"
3.129.250.3 - - [15/May/2025:13:22:25 +0000] "GET /shopdetail/22241338 HTTP/1.1" 404 32843 "-" "Mozilla/5.0 AppleWebKit/537.36 (KHTML, like Gecko; compatible; ClaudeBot/1.0; +claudebot@anthropic.com)"
3.129.250.3 - - [15/May/2025:13:22:25 +0000] "GET /shopdetail/16623938 HTTP/1.1" 404 32843 "-" "Mozilla/5.0 AppleWebKit/537.36 (KHTML, like Gecko; compatible; ClaudeBot/1.0; +claudebot@anthropic.com)"
3.129.250.3 - - [15/May/2025:13:22:25 +0000] "GET /shopdetail/12863672 HTTP/1.1" 404 32841 "-" "Mozilla/5.0 AppleWebKit/537.36 (KHTML, like Gecko; compatible; ClaudeBot/1.0; +claudebot@anthropic.com)"
3.129.250.3 - - [15/May/2025:13:22:26 +0000] "GET /shopdetail/9298072 HTTP/1.1" 404 32840 "-" "Mozilla/5.0 AppleWebKit/537.36 (KHTML, like Gecko; compatible; ClaudeBot/1.0; +claudebot@anthropic.com)"
3.129.250.3 - - [15/May/2025:13:22:26 +0000] "GET /shopdetail/29173516 HTTP/1.1" 404 32844 "-" "Mozilla/5.0 AppleWebKit/537.36 (KHTML, like Gecko; compatible; ClaudeBot/1.0; +claudebot@anthropic.com)"
3.129.250.3 - - [15/May/2025:13:22:27 +0000] "GET /shopdetail/13492894 HTTP/1.1" 404 32843 "-" "Mozilla/5.0 AppleWebKit/537.36 (KHTML, like Gecko; compatible; ClaudeBot/1.0; +claudebot@anthropic.com)"
3.129.250.3 - - [15/May/2025:13:22:28 +0000] "GET /shopdetail/12654994 HTTP/1.1" 404 32843 "-" "Mozilla/5.0 AppleWebKit/537.36 (KHTML, like Gecko; compatible; ClaudeBot/1.0; +claudebot@anthropic.com)"
3.129.250.3 - - [15/May/2025:13:22:28 +0000] "GET /shopdetail/11286738 HTTP/1.1" 404 32843 "-" "Mozilla/5.0 AppleWebKit/537.36 (KHTML, like Gecko; compatible; ClaudeBot/1.0; +claudebot@anthropic.com)"
3.129.250.3 - - [15/May/2025:13:22:28 +0000] "GET /shopdetail/20852183 HTTP/1.1" 404 32843 "-" "Mozilla/5.0 AppleWebKit/537.36 (KHTML, like Gecko; compatible; ClaudeBot/1.0; +claudebot@anthropic.com)"
3.129.250.3 - - [15/May/2025:13:22:30 +0000] "GET /shopdetail/27487672 HTTP/1.1" 404 32842 "-" "Mozilla/5.0 AppleWebKit/537.36 (KHTML, like Gecko; compatible; ClaudeBot/1.0; +claudebot@anthropic.com)"
3.129.250.3 - - [15/May/2025:13:22:29 +0000] "GET /shopdetail/12673705 HTTP/1.1" 404 32843 "-" "Mozilla/5.0 AppleWebKit/537.36 (KHTML, like Gecko; compatible; ClaudeBot/1.0; +claudebot@anthropic.com)"
3.129.250.3 - - [15/May/2025:13:22:32 +0000] "GET /shopdetail/29188727 HTTP/1.1" 404 32844 "-" "Mozilla/5.0 AppleWebKit/537.36 (KHTML, like Gecko; compatible; ClaudeBot/1.0; +claudebot@anthropic.com)"
66.249.68.38 - - [15/May/2025:13:22:35 +0000] "GET /shopdetail/16330038 HTTP/1.1" 200 19998 "-" "Mozilla/5.0 (compatible; Googlebot/2.1; +http://www.google.com/bot.html)"
3.129.250.3 - - [15/May/2025:13:22:33 +0000] "GET /shopdetail/28946172 HTTP/1.1" 404 32842 "-" "Mozilla/5.0 AppleWebKit/537.36 (KHTML, like Gecko; compatible; ClaudeBot/1.0; +claudebot@anthropic.com)"
110.238.111.175 - - [15/May/2025:13:22:33 +0000] "GET /?print=1&tmpl=component HTTP/1.1" 200 59425 "https://pacja.org/?print=1&tmpl=component" "Mozilla/5.0 (Windows NT 10.0; Win64; x64) AppleWebKit/537.36 (KHTML, like Gecko) Chrome/107.0.0.0 Safari/537.36"
3.129.250.3 - - [15/May/2025:13:22:35 +0000] "GET /shopdetail/27585916 HTTP/1.1" 404 32844 "-" "Mozilla/5.0 AppleWebKit/537.36 (KHTML, like Gecko; compatible; ClaudeBot/1.0; +claudebot@anthropic.com)"
3.129.250.3 - - [15/May/2025:13:22:35 +0000] "GET /shopdetail/11383461 HTTP/1.1" 404 32843 "-" "Mozilla/5.0 AppleWebKit/537.36 (KHTML, like Gecko; compatible; ClaudeBot/1.0; +claudebot@anthropic.com)"
3.129.250.3 - - [15/May/2025:13:22:35 +0000] "GET /shopdetail/6472372 HTTP/1.1" 404 32841 "-" "Mozilla/5.0 AppleWebKit/537.36 (KHTML, like Gecko; compatible; ClaudeBot/1.0; +claudebot@anthropic.com)"
3.129.250.3 - - [15/May/2025:13:22:32 +0000] "GET /shopdetail/20250405 HTTP/1.1" 404 32842 "-" "Mozilla/5.0 AppleWebKit/537.36 (KHTML, like Gecko; compatible; ClaudeBot/1.0; +claudebot@anthropic.com)"
90.188.160.161 - - [15/May/2025:13:22:38 +0000] "GET /pan-african-climate-justice-alliance-pacja-statement-at-the-inaugural-global-south-ngo-forum-in-baku/ HTTP/1.1" 200 50605 "https://yandex.ru/" "Mozilla/5.0 (Windows NT 10.0; Win64; x64) AppleWebKit/537.36 (KHTML, like Gecko) Chrome/134.0.0.0 YaBrowser/25.4.0.0 Safari/537.36"
90.188.160.161 - - [15/May/2025:13:22:40 +0000] "GET /wp-content/plugins/formidable/css/formidableforms.css?ver=2192154 HTTP/1.1" 200 8568 "https://pacja.org/pan-african-climate-justice-alliance-pacja-statement-at-the-inaugural-global-south-ngo-forum-in-baku/" "Mozilla/5.0 (Windows NT 10.0; Win64; x64) AppleWebKit/537.36 (KHTML, like Gecko) Chrome/134.0.0.0 YaBrowser/25.4.0.0 Safari/537.36"
103.131.71.32 - - [15/May/2025:13:22:40 +0000] "GET /robots.txt HTTP/1.1" 200 162 "-" "Mozilla/5.0 (compatible; coccocbot-image/1.0; +http://help.coccoc.com/searchengine)"
90.188.160.161 - - [15/May/2025:13:22:40 +0000] "GET /wp-content/plugins/gs-logo-slider/assets/libs/swiper-js/swiper.min.css?ver=3.7.4 HTTP/1.1" 200 4583 "https://pacja.org/pan-african-climate-justice-alliance-pacja-statement-at-the-inaugural-global-south-ngo-forum-in-baku/" "Mozilla/5.0 (Windows NT 10.0; Win64; x64) AppleWebKit/537.36 (KHTML, like Gecko) Chrome/134.0.0.0 YaBrowser/25.4.0.0 Safari/537.36"
3.129.250.3 - - [15/May/2025:13:22:38 +0000] "GET /shopdetail/24521583 HTTP/1.1" 404 32843 "-" "Mozilla/5.0 AppleWebKit/537.36 (KHTML, like Gecko; compatible; ClaudeBot/1.0; +claudebot@anthropic.com)"
90.188.160.161 - - [15/May/2025:13:22:40 +0000] "GET /wp-content/plugins/gs-logo-slider/assets/libs/tippyjs/tippy.css?ver=3.7.4 HTTP/1.1" 200 589 "https://pacja.org/pan-african-climate-justice-alliance-pacja-statement-at-the-inaugural-global-south-ngo-forum-in-baku/" "Mozilla/5.0 (Windows NT 10.0; Win64; x64) AppleWebKit/537.36 (KHTML, like Gecko) Chrome/134.0.0.0 YaBrowser/25.4.0.0 Safari/537.36"
90.188.160.161 - - [15/May/2025:13:22:40 +0000] "GET /wp-content/plugins/gs-logo-slider/assets/css/gs-logo.min.css?ver=3.7.4 HTTP/1.1" 200 1866 "https://pacja.org/pan-african-climate-justice-alliance-pacja-statement-at-the-inaugural-global-south-ngo-forum-in-baku/" "Mozilla/5.0 (Windows NT 10.0; Win64; x64) AppleWebKit/537.36 (KHTML, like Gecko) Chrome/134.0.0.0 YaBrowser/25.4.0.0 Safari/537.36"
90.188.160.161 - - [15/May/2025:13:22:40 +0000] "GET /wp-content/plugins/jetpack/modules/related-posts/related-posts.css?ver=20240116 HTTP/1.1" 200 1763 "https://pacja.org/pan-african-climate-justice-alliance-pacja-statement-at-the-inaugural-global-south-ngo-forum-in-baku/" "Mozilla/5.0 (Windows NT 10.0; Win64; x64) AppleWebKit/537.36 (KHTML, like Gecko) Chrome/134.0.0.0 YaBrowser/25.4.0.0 Safari/537.36"
90.188.160.161 - - [15/May/2025:13:22:40 +0000] "GET /wp-content/plugins/LayerSlider/assets/static/layerslider/css/layerslider.css?ver=7.11.0 HTTP/1.1" 200 5323 "https://pacja.org/pan-african-climate-justice-alliance-pacja-statement-at-the-inaugural-global-south-ngo-forum-in-baku/" "Mozilla/5.0 (Windows NT 10.0; Win64; x64) AppleWebKit/537.36 (KHTML, like Gecko) Chrome/134.0.0.0 YaBrowser/25.4.0.0 Safari/537.36"
90.188.160.161 - - [15/May/2025:13:22:40 +0000] "GET /wp-includes/css/dist/block-library/style.min.css?ver=d6d318ac8eaa702f795eb12f2dd73d9f HTTP/1.1" 200 15323 "https://pacja.org/pan-african-climate-justice-alliance-pacja-statement-at-the-inaugural-global-south-ngo-forum-in-baku/" "Mozilla/5.0 (Windows NT 10.0; Win64; x64) AppleWebKit/537.36 (KHTML, like Gecko) Chrome/134.0.0.0 YaBrowser/25.4.0.0 Safari/537.36"
90.188.160.161 - - [15/May/2025:13:22:40 +0000] "GET /wp-content/plugins/civist/civist-wordpress-blocks-embed.css?ver=1bdc5b775f7478bc9ab8 HTTP/1.1" 200 369 "https://pacja.org/pan-african-climate-justice-alliance-pacja-statement-at-the-inaugural-global-south-ngo-forum-in-baku/" "Mozilla/5.0 (Windows NT 10.0; Win64; x64) AppleWebKit/537.36 (KHTML, like Gecko) Chrome/134.0.0.0 YaBrowser/25.4.0.0 Safari/537.36"
90.188.160.161 - - [15/May/2025:13:22:41 +0000] "GET /wp-includes/js/mediaelement/mediaelementplayer-legacy.min.css?ver=4.2.17 HTTP/1.1" 200 2592 "https://pacja.org/pan-african-climate-justice-alliance-pacja-statement-at-the-inaugural-global-south-ngo-forum-in-baku/" "Mozilla/5.0 (Windows NT 10.0; Win64; x64) AppleWebKit/537.36 (KHTML, like Gecko) Chrome/134.0.0.0 YaBrowser/25.4.0.0 Safari/537.36"
90.188.160.161 - - [15/May/2025:13:22:41 +0000] "GET /wp-includes/js/mediaelement/wp-mediaelement.min.css?ver=d6d318ac8eaa702f795eb12f2dd73d9f HTTP/1.1" 200 1156 "https://pacja.org/pan-african-climate-justice-alliance-pacja-statement-at-the-inaugural-global-south-ngo-forum-in-baku/" "Mozilla/5.0 (Windows NT 10.0; Win64; x64) AppleWebKit/537.36 (KHTML, like Gecko) Chrome/134.0.0.0 YaBrowser/25.4.0.0 Safari/537.36"
90.188.160.161 - - [15/May/2025:13:22:41 +0000] "GET /wp-content/plugins/advance-search/inc/common/css/jquery-ui.css?ver=1.1.6 HTTP/1.1" 200 8394 "https://pacja.org/pan-african-climate-justice-alliance-pacja-statement-at-the-inaugural-global-south-ngo-forum-in-baku/" "Mozilla/5.0 (Windows NT 10.0; Win64; x64) AppleWebKit/537.36 (KHTML, like Gecko) Chrome/134.0.0.0 YaBrowser/25.4.0.0 Safari/537.36"
90.188.160.161 - - [15/May/2025:13:22:41 +0000] "GET /wp-content/plugins/advance-search/inc/common/css/advance-search-common.css?ver=1.1.6 HTTP/1.1" 200 856 "https://pacja.org/pan-african-climate-justice-alliance-pacja-statement-at-the-inaugural-global-south-ngo-forum-in-baku/" "Mozilla/5.0 (Windows NT 10.0; Win64; x64) AppleWebKit/537.36 (KHTML, like Gecko) Chrome/134.0.0.0 YaBrowser/25.4.0.0 Safari/537.36"
90.188.160.161 - - [15/May/2025:13:22:41 +0000] "GET /wp-content/plugins/download-manager/assets/css/front.min.css?ver=d6d318ac8eaa702f795eb12f2dd73d9f HTTP/1.1" 200 11726 "https://pacja.org/pan-african-climate-justice-alliance-pacja-statement-at-the-inaugural-global-south-ngo-forum-in-baku/" "Mozilla/5.0 (Windows NT 10.0; Win64; x64) AppleWebKit/537.36 (KHTML, like Gecko) Chrome/134.0.0.0 YaBrowser/25.4.0.0 Safari/537.36"
90.188.160.161 - - [15/May/2025:13:22:41 +0000] "GET /wp-content/plugins/download-manager/assets/wpdm-iconfont/css/wpdm-icons.css?ver=d6d318ac8eaa702f795eb12f2dd73d9f HTTP/1.1" 200 1125 "https://pacja.org/pan-african-climate-justice-alliance-pacja-statement-at-the-inaugural-global-south-ngo-forum-in-baku/" "Mozilla/5.0 (Windows NT 10.0; Win64; x64) AppleWebKit/537.36 (KHTML, like Gecko) Chrome/134.0.0.0 YaBrowser/25.4.0.0 Safari/537.36"
90.188.160.161 - - [15/May/2025:13:22:41 +0000] "GET /wp-content/plugins/flickr-stream/css/frontend.min.css?ver=1.3 HTTP/1.1" 200 416 "https://pacja.org/pan-african-climate-justice-alliance-pacja-statement-at-the-inaugural-global-south-ngo-forum-in-baku/" "Mozilla/5.0 (Windows NT 10.0; Win64; x64) AppleWebKit/537.36 (KHTML, like Gecko) Chrome/134.0.0.0 YaBrowser/25.4.0.0 Safari/537.36"
90.188.160.161 - - [15/May/2025:13:22:41 +0000] "GET /wp-content/plugins/events-manager/includes/css/events-manager.min.css?ver=6.6.4.4 HTTP/1.1" 200 47888 "https://pacja.org/pan-african-climate-justice-alliance-pacja-statement-at-the-inaugural-global-south-ngo-forum-in-baku/" "Mozilla/5.0 (Windows NT 10.0; Win64; x64) AppleWebKit/537.36 (KHTML, like Gecko) Chrome/134.0.0.0 YaBrowser/25.4.0.0 Safari/537.36"
3.129.250.3 - - [15/May/2025:13:22:36 +0000] "GET /shopdetail/22786150 HTTP/1.1" 404 32842 "-" "Mozilla/5.0 AppleWebKit/537.36 (KHTML, like Gecko; compatible; ClaudeBot/1.0; +claudebot@anthropic.com)"
90.188.160.161 - - [15/May/2025:13:22:41 +0000] "GET /wp-content/plugins/elementor/assets/lib/font-awesome/css/font-awesome.min.css?ver=4.7.0 HTTP/1.1" 200 7052 "https://pacja.org/pan-african-climate-justice-alliance-pacja-statement-at-the-inaugural-global-south-ngo-forum-in-baku/" "Mozilla/5.0 (Windows NT 10.0; Win64; x64) AppleWebKit/537.36 (KHTML, like Gecko) Chrome/134.0.0.0 YaBrowser/25.4.0.0 Safari/537.36"
90.188.160.161 - - [15/May/2025:13:22:41 +0000] "GET /wp-content/plugins/flickr-viewer/public/css/cws-flickr-gallery-pro-public.css?ver=1.1.8 HTTP/1.1" 200 1533 "https://pacja.org/pan-african-climate-justice-alliance-pacja-statement-at-the-inaugural-global-south-ngo-forum-in-baku/" "Mozilla/5.0 (Windows NT 10.0; Win64; x64) AppleWebKit/537.36 (KHTML, like Gecko) Chrome/134.0.0.0 YaBrowser/25.4.0.0 Safari/537.36"
90.188.160.161 - - [15/May/2025:13:22:41 +0000] "GET /wp-content/plugins/advance-search/assets/css/font-awesome.min.css?ver=1.1.6 HTTP/1.1" 200 7053 "https://pacja.org/pan-african-climate-justice-alliance-pacja-statement-at-the-inaugural-global-south-ngo-forum-in-baku/" "Mozilla/5.0 (Windows NT 10.0; Win64; x64) AppleWebKit/537.36 (KHTML, like Gecko) Chrome/134.0.0.0 YaBrowser/25.4.0.0 Safari/537.36"
103.131.71.35 - - [15/May/2025:13:22:42 +0000] "GET /wp-content/uploads/2022/10/Duration-2.png HTTP/1.1" 304 - "-" "Mozilla/5.0 (compatible; coccocbot-image/1.0; +http://help.coccoc.com/searchengine)"
90.188.160.161 - - [15/May/2025:13:22:42 +0000] "GET /wp-content/plugins/flickr-viewer/public/css/default.css?ver=1.1.8 HTTP/1.1" 200 773 "https://pacja.org/pan-african-climate-justice-alliance-pacja-statement-at-the-inaugural-global-south-ngo-forum-in-baku/" "Mozilla/5.0 (Windows NT 10.0; Win64; x64) AppleWebKit/537.36 (KHTML, like Gecko) Chrome/134.0.0.0 YaBrowser/25.4.0.0 Safari/537.36"
90.188.160.161 - - [15/May/2025:13:22:42 +0000] "GET /wp-content/plugins/flickr-viewer/public/css/component.css?ver=1.1.8 HTTP/1.1" 200 965 "https://pacja.org/pan-african-climate-justice-alliance-pacja-statement-at-the-inaugural-global-south-ngo-forum-in-baku/" "Mozilla/5.0 (Windows NT 10.0; Win64; x64) AppleWebKit/537.36 (KHTML, like Gecko) Chrome/134.0.0.0 YaBrowser/25.4.0.0 Safari/537.36"
90.188.160.161 - - [15/May/2025:13:22:42 +0000] "GET /wp-content/plugins/quick-event-manager/legacy/quick-event-manager.css?ver=9.14 HTTP/1.1" 200 2402 "https://pacja.org/pan-african-climate-justice-alliance-pacja-statement-at-the-inaugural-global-south-ngo-forum-in-baku/" "Mozilla/5.0 (Windows NT 10.0; Win64; x64) AppleWebKit/537.36 (KHTML, like Gecko) Chrome/134.0.0.0 YaBrowser/25.4.0.0 Safari/537.36"
90.188.160.161 - - [15/May/2025:13:22:42 +0000] "GET /wp-content/plugins/quick-event-manager/ui/user/css/style.css?ver=9.14 HTTP/1.1" 200 881 "https://pacja.org/pan-african-climate-justice-alliance-pacja-statement-at-the-inaugural-global-south-ngo-forum-in-baku/" "Mozilla/5.0 (Windows NT 10.0; Win64; x64) AppleWebKit/537.36 (KHTML, like Gecko) Chrome/134.0.0.0 YaBrowser/25.4.0.0 Safari/537.36"
90.188.160.161 - - [15/May/2025:13:22:42 +0000] "GET /wp-content/plugins/contact-form-7/includes/css/styles.css?ver=6.0.6 HTTP/1.1" 200 1015 "https://pacja.org/pan-african-climate-justice-alliance-pacja-statement-at-the-inaugural-global-south-ngo-forum-in-baku/" "Mozilla/5.0 (Windows NT 10.0; Win64; x64) AppleWebKit/537.36 (KHTML, like Gecko) Chrome/134.0.0.0 YaBrowser/25.4.0.0 Safari/537.36"
90.188.160.161 - - [15/May/2025:13:22:42 +0000] "GET /wp-content/plugins/search-filter/style.css?ver=1 HTTP/1.1" 200 272 "https://pacja.org/pan-african-climate-justice-alliance-pacja-statement-at-the-inaugural-global-south-ngo-forum-in-baku/" "Mozilla/5.0 (Windows NT 10.0; Win64; x64) AppleWebKit/537.36 (KHTML, like Gecko) Chrome/134.0.0.0 YaBrowser/25.4.0.0 Safari/537.36"
3.129.250.3 - - [15/May/2025:13:22:39 +0000] "GET /shopdetail/9672927 HTTP/1.1" 404 32843 "-" "Mozilla/5.0 AppleWebKit/537.36 (KHTML, like Gecko; compatible; ClaudeBot/1.0; +claudebot@anthropic.com)"
90.188.160.161 - - [15/May/2025:13:22:42 +0000] "GET /wp-content/plugins/add-search-to-menu/public/css/ivory-search.min.css?ver=5.5.9 HTTP/1.1" 200 1695 "https://pacja.org/pan-african-climate-justice-alliance-pacja-statement-at-the-inaugural-global-south-ngo-forum-in-baku/" "Mozilla/5.0 (Windows NT 10.0; Win64; x64) AppleWebKit/537.36 (KHTML, like Gecko) Chrome/134.0.0.0 YaBrowser/25.4.0.0 Safari/537.36"
90.188.160.161 - - [15/May/2025:13:22:42 +0000] "GET /wp-content/themes/pacja.../style.css?ver=20.6.4 HTTP/1.1" 200 129 "https://pacja.org/pan-african-climate-justice-alliance-pacja-statement-at-the-inaugural-global-south-ngo-forum-in-baku/" "Mozilla/5.0 (Windows NT 10.0; Win64; x64) AppleWebKit/537.36 (KHTML, like Gecko) Chrome/134.0.0.0 YaBrowser/25.4.0.0 Safari/537.36"
90.188.160.161 - - [15/May/2025:13:22:42 +0000] "GET /wp-content/plugins/flickr-viewer/public/css/lightbox/lightbox.css?ver=1.1.8 HTTP/1.1" 200 1011 "https://pacja.org/pan-african-climate-justice-alliance-pacja-statement-at-the-inaugural-global-south-ngo-forum-in-baku/" "Mozilla/5.0 (Windows NT 10.0; Win64; x64) AppleWebKit/537.36 (KHTML, like Gecko) Chrome/134.0.0.0 YaBrowser/25.4.0.0 Safari/537.36"
90.188.160.161 - - [15/May/2025:13:22:43 +0000] "GET /wp-content/themes/pacja.../css/base.css?ver=20.6.4 HTTP/1.1" 200 12203 "https://pacja.org/pan-african-climate-justice-alliance-pacja-statement-at-the-inaugural-global-south-ngo-forum-in-baku/" "Mozilla/5.0 (Windows NT 10.0; Win64; x64) AppleWebKit/537.36 (KHTML, like Gecko) Chrome/134.0.0.0 YaBrowser/25.4.0.0 Safari/537.36"
90.188.160.161 - - [15/May/2025:13:22:43 +0000] "GET /wp-content/themes/pacja.../css/layout.css?ver=20.6.4 HTTP/1.1" 200 19789 "https://pacja.org/pan-african-climate-justice-alliance-pacja-statement-at-the-inaugural-global-south-ngo-forum-in-baku/" "Mozilla/5.0 (Windows NT 10.0; Win64; x64) AppleWebKit/537.36 (KHTML, like Gecko) Chrome/134.0.0.0 YaBrowser/25.4.0.0 Safari/537.36"
90.188.160.161 - - [15/May/2025:13:22:43 +0000] "GET /wp-content/themes/pacja.../css/shortcodes.css?ver=20.6.4 HTTP/1.1" 200 22258 "https://pacja.org/pan-african-climate-justice-alliance-pacja-statement-at-the-inaugural-global-south-ngo-forum-in-baku/" "Mozilla/5.0 (Windows NT 10.0; Win64; x64) AppleWebKit/537.36 (KHTML, like Gecko) Chrome/134.0.0.0 YaBrowser/25.4.0.0 Safari/537.36"
90.188.160.161 - - [15/May/2025:13:22:43 +0000] "GET /wp-content/themes/pacja.../assets/animations/animations.min.css?ver=20.6.4 HTTP/1.1" 200 5418 "https://pacja.org/pan-african-climate-justice-alliance-pacja-statement-at-the-inaugural-global-south-ngo-forum-in-baku/" "Mozilla/5.0 (Windows NT 10.0; Win64; x64) AppleWebKit/537.36 (KHTML, like Gecko) Chrome/134.0.0.0 YaBrowser/25.4.0.0 Safari/537.36"
90.188.160.161 - - [15/May/2025:13:22:43 +0000] "GET /wp-content/themes/pacja.../assets/ui/jquery.ui.all.css?ver=20.6.4 HTTP/1.1" 200 3383 "https://pacja.org/pan-african-climate-justice-alliance-pacja-statement-at-the-inaugural-global-south-ngo-forum-in-baku/" "Mozilla/5.0 (Windows NT 10.0; Win64; x64) AppleWebKit/537.36 (KHTML, like Gecko) Chrome/134.0.0.0 YaBrowser/25.4.0.0 Safari/537.36"
90.188.160.161 - - [15/May/2025:13:22:43 +0000] "GET /wp-content/themes/pacja.../assets/jplayer/css/jplayer.blue.monday.css?ver=20.6.4 HTTP/1.1" 200 2146 "https://pacja.org/pan-african-climate-justice-alliance-pacja-statement-at-the-inaugural-global-south-ngo-forum-in-baku/" "Mozilla/5.0 (Windows NT 10.0; Win64; x64) AppleWebKit/537.36 (KHTML, like Gecko) Chrome/134.0.0.0 YaBrowser/25.4.0.0 Safari/537.36"
90.188.160.161 - - [15/May/2025:13:22:43 +0000] "GET /wp-content/themes/pacja.../css/responsive.css?ver=20.6.4 HTTP/1.1" 200 9964 "https://pacja.org/pan-african-climate-justice-alliance-pacja-statement-at-the-inaugural-global-south-ngo-forum-in-baku/" "Mozilla/5.0 (Windows NT 10.0; Win64; x64) AppleWebKit/537.36 (KHTML, like Gecko) Chrome/134.0.0.0 YaBrowser/25.4.0.0 Safari/537.36"
3.129.250.3 - - [15/May/2025:13:22:40 +0000] "GET /shopdetail/12804027 HTTP/1.1" 404 32843 "-" "Mozilla/5.0 AppleWebKit/537.36 (KHTML, like Gecko; compatible; ClaudeBot/1.0; +claudebot@anthropic.com)"
90.188.160.161 - - [15/May/2025:13:22:43 +0000] "GET /wp-content/plugins/jetpack/modules/likes/style.css?ver=14.3 HTTP/1.1" 200 1749 "https://pacja.org/pan-african-climate-justice-alliance-pacja-statement-at-the-inaugural-global-south-ngo-forum-in-baku/" "Mozilla/5.0 (Windows NT 10.0; Win64; x64) AppleWebKit/537.36 (KHTML, like Gecko) Chrome/134.0.0.0 YaBrowser/25.4.0.0 Safari/537.36"
90.188.160.161 - - [15/May/2025:13:22:43 +0000] "GET /wp-content/plugins/tablepress/css/build/default.css?ver=3.0.4 HTTP/1.1" 200 1486 "https://pacja.org/pan-african-climate-justice-alliance-pacja-statement-at-the-inaugural-global-south-ngo-forum-in-baku/" "Mozilla/5.0 (Windows NT 10.0; Win64; x64) AppleWebKit/537.36 (KHTML, like Gecko) Chrome/134.0.0.0 YaBrowser/25.4.0.0 Safari/537.36"
90.188.160.161 - - [15/May/2025:13:22:43 +0000] "GET /wp-content/plugins/youtube-embed-plus/styles/ytprefs.min.css?ver=14.2.1.3 HTTP/1.1" 200 1786 "https://pacja.org/pan-african-climate-justice-alliance-pacja-statement-at-the-inaugural-global-south-ngo-forum-in-baku/" "Mozilla/5.0 (Windows NT 10.0; Win64; x64) AppleWebKit/537.36 (KHTML, like Gecko) Chrome/134.0.0.0 YaBrowser/25.4.0.0 Safari/537.36"
90.188.160.161 - - [15/May/2025:13:22:43 +0000] "GET /wp-content/plugins/elementor/assets/css/frontend.min.css?ver=3.27.6 HTTP/1.1" 200 7101 "https://pacja.org/pan-african-climate-justice-alliance-pacja-statement-at-the-inaugural-global-south-ngo-forum-in-baku/" "Mozilla/5.0 (Windows NT 10.0; Win64; x64) AppleWebKit/537.36 (KHTML, like Gecko) Chrome/134.0.0.0 YaBrowser/25.4.0.0 Safari/537.36"
90.188.160.161 - - [15/May/2025:13:22:43 +0000] "GET /wp-content/plugins/essential-addons-for-elementor-lite/assets/front-end/css/view/general.min.css?ver=6.1.4 HTTP/1.1" 200 1539 "https://pacja.org/pan-african-climate-justice-alliance-pacja-statement-at-the-inaugural-global-south-ngo-forum-in-baku/" "Mozilla/5.0 (Windows NT 10.0; Win64; x64) AppleWebKit/537.36 (KHTML, like Gecko) Chrome/134.0.0.0 YaBrowser/25.4.0.0 Safari/537.36"
90.188.160.161 - - [15/May/2025:13:22:44 +0000] "GET /wp-includes/js/jquery/jquery.min.js?ver=3.7.1 HTTP/1.1" 200 30368 "https://pacja.org/pan-african-climate-justice-alliance-pacja-statement-at-the-inaugural-global-south-ngo-forum-in-baku/" "Mozilla/5.0 (Windows NT 10.0; Win64; x64) AppleWebKit/537.36 (KHTML, like Gecko) Chrome/134.0.0.0 YaBrowser/25.4.0.0 Safari/537.36"
90.188.160.161 - - [15/May/2025:13:22:44 +0000] "GET /wp-includes/js/jquery/jquery-migrate.min.js?ver=3.4.1 HTTP/1.1" 200 4872 "https://pacja.org/pan-african-climate-justice-alliance-pacja-statement-at-the-inaugural-global-south-ngo-forum-in-baku/" "Mozilla/5.0 (Windows NT 10.0; Win64; x64) AppleWebKit/537.36 (KHTML, like Gecko) Chrome/134.0.0.0 YaBrowser/25.4.0.0 Safari/537.36"
90.188.160.161 - - [15/May/2025:13:22:44 +0000] "GET /wp-content/plugins/jetpack/_inc/build/related-posts/related-posts.min.js?ver=20240116 HTTP/1.1" 200 1923 "https://pacja.org/pan-african-climate-justice-alliance-pacja-statement-at-the-inaugural-global-south-ngo-forum-in-baku/" "Mozilla/5.0 (Windows NT 10.0; Win64; x64) AppleWebKit/537.36 (KHTML, like Gecko) Chrome/134.0.0.0 YaBrowser/25.4.0.0 Safari/537.36"
90.188.160.161 - - [15/May/2025:13:22:44 +0000] "GET /wp-content/plugins/LayerSlider/assets/static/layerslider/js/layerslider.utils.js?ver=7.11.0 HTTP/1.1" 200 41565 "https://pacja.org/pan-african-climate-justice-alliance-pacja-statement-at-the-inaugural-global-south-ngo-forum-in-baku/" "Mozilla/5.0 (Windows NT 10.0; Win64; x64) AppleWebKit/537.36 (KHTML, like Gecko) Chrome/134.0.0.0 YaBrowser/25.4.0.0 Safari/537.36"
90.188.160.161 - - [15/May/2025:13:22:44 +0000] "GET /wp-content/plugins/LayerSlider/assets/static/layerslider/js/layerslider.kreaturamedia.jquery.js?ver=7.11.0 HTTP/1.1" 200 63362 "https://pacja.org/pan-african-climate-justice-alliance-pacja-statement-at-the-inaugural-global-south-ngo-forum-in-baku/" "Mozilla/5.0 (Windows NT 10.0; Win64; x64) AppleWebKit/537.36 (KHTML, like Gecko) Chrome/134.0.0.0 YaBrowser/25.4.0.0 Safari/537.36"
90.188.160.161 - - [15/May/2025:13:22:44 +0000] "GET /wp-content/plugins/LayerSlider/assets/static/layerslider/js/layerslider.transitions.js?ver=7.11.0 HTTP/1.1" 200 4907 "https://pacja.org/pan-african-climate-justice-alliance-pacja-statement-at-the-inaugural-global-south-ngo-forum-in-baku/" "Mozilla/5.0 (Windows NT 10.0; Win64; x64) AppleWebKit/537.36 (KHTML, like Gecko) Chrome/134.0.0.0 YaBrowser/25.4.0.0 Safari/537.36"
90.188.160.161 - - [15/May/2025:13:22:44 +0000] "GET /wp-includes/js/jquery/ui/core.min.js?ver=1.13.3 HTTP/1.1" 200 7106 "https://pacja.org/pan-african-climate-justice-alliance-pacja-statement-at-the-inaugural-global-south-ngo-forum-in-baku/" "Mozilla/5.0 (Windows NT 10.0; Win64; x64) AppleWebKit/537.36 (KHTML, like Gecko) Chrome/134.0.0.0 YaBrowser/25.4.0.0 Safari/537.36"
90.188.160.161 - - [15/May/2025:13:22:44 +0000] "GET /wp-content/plugins/advance-search/inc/frontend/js/advance-search-frontend.js?ver=1.1.6 HTTP/1.1" 200 515 "https://pacja.org/pan-african-climate-justice-alliance-pacja-statement-at-the-inaugural-global-south-ngo-forum-in-baku/" "Mozilla/5.0 (Windows NT 10.0; Win64; x64) AppleWebKit/537.36 (KHTML, like Gecko) Chrome/134.0.0.0 YaBrowser/25.4.0.0 Safari/537.36"
3.129.250.3 - - [15/May/2025:13:22:41 +0000] "GET /shopdetail/9523894 HTTP/1.1" 404 32842 "-" "Mozilla/5.0 AppleWebKit/537.36 (KHTML, like Gecko; compatible; ClaudeBot/1.0; +claudebot@anthropic.com)"
90.188.160.161 - - [15/May/2025:13:22:44 +0000] "GET /wp-content/plugins/download-manager/assets/js/front.min.js?ver=3.3.17 HTTP/1.1" 200 9513 "https://pacja.org/pan-african-climate-justice-alliance-pacja-statement-at-the-inaugural-global-south-ngo-forum-in-baku/" "Mozilla/5.0 (Windows NT 10.0; Win64; x64) AppleWebKit/537.36 (KHTML, like Gecko) Chrome/134.0.0.0 YaBrowser/25.4.0.0 Safari/537.36"
90.188.160.161 - - [15/May/2025:13:22:44 +0000] "GET /wp-includes/js/jquery/ui/mouse.min.js?ver=1.13.3 HTTP/1.1" 200 1098 "https://pacja.org/pan-african-climate-justice-alliance-pacja-statement-at-the-inaugural-global-south-ngo-forum-in-baku/" "Mozilla/5.0 (Windows NT 10.0; Win64; x64) AppleWebKit/537.36 (KHTML, like Gecko) Chrome/134.0.0.0 YaBrowser/25.4.0.0 Safari/537.36"
90.188.160.161 - - [15/May/2025:13:22:44 +0000] "GET /wp-includes/js/jquery/ui/sortable.min.js?ver=1.13.3 HTTP/1.1" 200 6586 "https://pacja.org/pan-african-climate-justice-alliance-pacja-statement-at-the-inaugural-global-south-ngo-forum-in-baku/" "Mozilla/5.0 (Windows NT 10.0; Win64; x64) AppleWebKit/537.36 (KHTML, like Gecko) Chrome/134.0.0.0 YaBrowser/25.4.0.0 Safari/537.36"
90.188.160.161 - - [15/May/2025:13:22:44 +0000] "GET /wp-includes/js/jquery/ui/datepicker.min.js?ver=1.13.3 HTTP/1.1" 200 10907 "https://pacja.org/pan-african-climate-justice-alliance-pacja-statement-at-the-inaugural-global-south-ngo-forum-in-baku/" "Mozilla/5.0 (Windows NT 10.0; Win64; x64) AppleWebKit/537.36 (KHTML, like Gecko) Chrome/134.0.0.0 YaBrowser/25.4.0.0 Safari/537.36"
90.188.160.161 - - [15/May/2025:13:22:44 +0000] "GET /wp-includes/js/jquery/ui/resizable.min.js?ver=1.13.3 HTTP/1.1" 200 5354 "https://pacja.org/pan-african-climate-justice-alliance-pacja-statement-at-the-inaugural-global-south-ngo-forum-in-baku/" "Mozilla/5.0 (Windows NT 10.0; Win64; x64) AppleWebKit/537.36 (KHTML, like Gecko) Chrome/134.0.0.0 YaBrowser/25.4.0.0 Safari/537.36"
90.188.160.161 - - [15/May/2025:13:22:44 +0000] "GET /wp-includes/js/jquery/ui/draggable.min.js?ver=1.13.3 HTTP/1.1" 200 4875 "https://pacja.org/pan-african-climate-justice-alliance-pacja-statement-at-the-inaugural-global-south-ngo-forum-in-baku/" "Mozilla/5.0 (Windows NT 10.0; Win64; x64) AppleWebKit/537.36 (KHTML, like Gecko) Chrome/134.0.0.0 YaBrowser/25.4.0.0 Safari/537.36"
90.188.160.161 - - [15/May/2025:13:22:44 +0000] "GET /wp-includes/js/jquery/ui/controlgroup.min.js?ver=1.13.3 HTTP/1.1" 200 1606 "https://pacja.org/pan-african-climate-justice-alliance-pacja-statement-at-the-inaugural-global-south-ngo-forum-in-baku/" "Mozilla/5.0 (Windows NT 10.0; Win64; x64) AppleWebKit/537.36 (KHTML, like Gecko) Chrome/134.0.0.0 YaBrowser/25.4.0.0 Safari/537.36"
90.188.160.161 - - [15/May/2025:13:22:45 +0000] "GET /wp-content/plugins/download-manager/assets/js/wpdm.min.js?ver=d6d318ac8eaa702f795eb12f2dd73d9f HTTP/1.1" 200 470 "https://pacja.org/pan-african-climate-justice-alliance-pacja-statement-at-the-inaugural-global-south-ngo-forum-in-baku/" "Mozilla/5.0 (Windows NT 10.0; Win64; x64) AppleWebKit/537.36 (KHTML, like Gecko) Chrome/134.0.0.0 YaBrowser/25.4.0.0 Safari/537.36"
90.188.160.161 - - [15/May/2025:13:22:45 +0000] "GET /wp-includes/js/jquery/ui/checkboxradio.min.js?ver=1.13.3 HTTP/1.1" 200 1422 "https://pacja.org/pan-african-climate-justice-alliance-pacja-statement-at-the-inaugural-global-south-ngo-forum-in-baku/" "Mozilla/5.0 (Windows NT 10.0; Win64; x64) AppleWebKit/537.36 (KHTML, like Gecko) Chrome/134.0.0.0 YaBrowser/25.4.0.0 Safari/537.36"
90.188.160.161 - - [15/May/2025:13:22:45 +0000] "GET /wp-includes/js/jquery/ui/button.min.js?ver=1.13.3 HTTP/1.1" 200 1979 "https://pacja.org/pan-african-climate-justice-alliance-pacja-statement-at-the-inaugural-global-south-ngo-forum-in-baku/" "Mozilla/5.0 (Windows NT 10.0; Win64; x64) AppleWebKit/537.36 (KHTML, like Gecko) Chrome/134.0.0.0 YaBrowser/25.4.0.0 Safari/537.36"
90.188.160.161 - - [15/May/2025:13:22:45 +0000] "GET /wp-includes/js/jquery/ui/dialog.min.js?ver=1.13.3 HTTP/1.1" 200 3832 "https://pacja.org/pan-african-climate-justice-alliance-pacja-statement-at-the-inaugural-global-south-ngo-forum-in-baku/" "Mozilla/5.0 (Windows NT 10.0; Win64; x64) AppleWebKit/537.36 (KHTML, like Gecko) Chrome/134.0.0.0 YaBrowser/25.4.0.0 Safari/537.36"
90.188.160.161 - - [15/May/2025:13:22:45 +0000] "GET /wp-content/plugins/flickr-viewer/public/js/cws-flickr-gallery-pro-public.js?ver=1.1.8 HTTP/1.1" 200 453 "https://pacja.org/pan-african-climate-justice-alliance-pacja-statement-at-the-inaugural-global-south-ngo-forum-in-baku/" "Mozilla/5.0 (Windows NT 10.0; Win64; x64) AppleWebKit/537.36 (KHTML, like Gecko) Chrome/134.0.0.0 YaBrowser/25.4.0.0 Safari/537.36"
90.188.160.161 - - [15/May/2025:13:22:45 +0000] "GET /wp-content/plugins/events-manager/includes/js/events-manager.js?ver=6.6.4.4 HTTP/1.1" 200 116662 "https://pacja.org/pan-african-climate-justice-alliance-pacja-statement-at-the-inaugural-global-south-ngo-forum-in-baku/" "Mozilla/5.0 (Windows NT 10.0; Win64; x64) AppleWebKit/537.36 (KHTML, like Gecko) Chrome/134.0.0.0 YaBrowser/25.4.0.0 Safari/537.36"
90.188.160.161 - - [15/May/2025:13:22:45 +0000] "GET /wp-content/plugins/inline-google-spreadsheet-viewer/igsv-datatables.js?ver=d6d318ac8eaa702f795eb12f2dd73d9f HTTP/1.1" 200 853 "https://pacja.org/pan-african-climate-justice-alliance-pacja-statement-at-the-inaugural-global-south-ngo-forum-in-baku/" "Mozilla/5.0 (Windows NT 10.0; Win64; x64) AppleWebKit/537.36 (KHTML, like Gecko) Chrome/134.0.0.0 YaBrowser/25.4.0.0 Safari/537.36"
3.129.250.3 - - [15/May/2025:13:22:43 +0000] "GET /shopdetail/28379716 HTTP/1.1" 404 32844 "-" "Mozilla/5.0 AppleWebKit/537.36 (KHTML, like Gecko; compatible; ClaudeBot/1.0; +claudebot@anthropic.com)"
