18.190.159.222 - - [15/May/2025:12:42:55 +0000] "GET /shopdetail/12444705 HTTP/1.1" 404 32842 "-" "Mozilla/5.0 AppleWebKit/537.36 (KHTML, like Gecko; compatible; ClaudeBot/1.0; +claudebot@anthropic.com)"
18.190.159.222 - - [15/May/2025:12:42:56 +0000] "GET /shopdetail/12797527 HTTP/1.1" 404 32843 "-" "Mozilla/5.0 AppleWebKit/537.36 (KHTML, like Gecko; compatible; ClaudeBot/1.0; +claudebot@anthropic.com)"
18.190.159.222 - - [15/May/2025:12:42:53 +0000] "GET /shopdetail/20118105 HTTP/1.1" 404 32843 "-" "Mozilla/5.0 AppleWebKit/537.36 (KHTML, like Gecko; compatible; ClaudeBot/1.0; +claudebot@anthropic.com)"
18.190.159.222 - - [15/May/2025:12:42:57 +0000] "GET /shopdetail/15392261 HTTP/1.1" 404 32842 "-" "Mozilla/5.0 AppleWebKit/537.36 (KHTML, like Gecko; compatible; ClaudeBot/1.0; +claudebot@anthropic.com)"
18.190.159.222 - - [15/May/2025:12:42:58 +0000] "GET /shopdetail/20110961 HTTP/1.1" 404 32843 "-" "Mozilla/5.0 AppleWebKit/537.36 (KHTML, like Gecko; compatible; ClaudeBot/1.0; +claudebot@anthropic.com)"
18.190.159.222 - - [15/May/2025:12:42:59 +0000] "GET /shopdetail/11342205 HTTP/1.1" 404 32843 "-" "Mozilla/5.0 AppleWebKit/537.36 (KHTML, like Gecko; compatible; ClaudeBot/1.0; +claudebot@anthropic.com)"
18.190.159.222 - - [15/May/2025:12:43:00 +0000] "GET /shopdetail/22279005 HTTP/1.1" 404 32844 "-" "Mozilla/5.0 AppleWebKit/537.36 (KHTML, like Gecko; compatible; ClaudeBot/1.0; +claudebot@anthropic.com)"
18.190.159.222 - - [15/May/2025:12:43:02 +0000] "GET /shopdetail/30486472 HTTP/1.1" 404 32842 "-" "Mozilla/5.0 AppleWebKit/537.36 (KHTML, like Gecko; compatible; ClaudeBot/1.0; +claudebot@anthropic.com)"
18.190.159.222 - - [15/May/2025:12:43:01 +0000] "GET /shopdetail/12941649 HTTP/1.1" 404 32843 "-" "Mozilla/5.0 AppleWebKit/537.36 (KHTML, like Gecko; compatible; ClaudeBot/1.0; +claudebot@anthropic.com)"
18.190.159.222 - - [15/May/2025:12:43:03 +0000] "GET /shopdetail/23638961 HTTP/1.1" 404 32844 "-" "Mozilla/5.0 AppleWebKit/537.36 (KHTML, like Gecko; compatible; ClaudeBot/1.0; +claudebot@anthropic.com)"
18.190.159.222 - - [15/May/2025:12:43:04 +0000] "GET /shopdetail/15193816 HTTP/1.1" 404 32842 "-" "Mozilla/5.0 AppleWebKit/537.36 (KHTML, like Gecko; compatible; ClaudeBot/1.0; +claudebot@anthropic.com)"
18.190.159.222 - - [15/May/2025:12:43:05 +0000] "GET /shopdetail/27678416 HTTP/1.1" 404 32844 "-" "Mozilla/5.0 AppleWebKit/537.36 (KHTML, like Gecko; compatible; ClaudeBot/1.0; +claudebot@anthropic.com)"
18.190.159.222 - - [15/May/2025:12:43:06 +0000] "GET /shopdetail/29590905 HTTP/1.1" 404 32844 "-" "Mozilla/5.0 AppleWebKit/537.36 (KHTML, like Gecko; compatible; ClaudeBot/1.0; +claudebot@anthropic.com)"
18.190.159.222 - - [15/May/2025:12:43:08 +0000] "GET /shopdetail/7164549 HTTP/1.1" 404 32843 "-" "Mozilla/5.0 AppleWebKit/537.36 (KHTML, like Gecko; compatible; ClaudeBot/1.0; +claudebot@anthropic.com)"
18.190.159.222 - - [15/May/2025:12:43:07 +0000] "GET /shopdetail/17777961 HTTP/1.1" 404 32842 "-" "Mozilla/5.0 AppleWebKit/537.36 (KHTML, like Gecko; compatible; ClaudeBot/1.0; +claudebot@anthropic.com)"
18.190.159.222 - - [15/May/2025:12:43:09 +0000] "GET /shopdetail/24451749 HTTP/1.1" 404 32844 "-" "Mozilla/5.0 AppleWebKit/537.36 (KHTML, like Gecko; compatible; ClaudeBot/1.0; +claudebot@anthropic.com)"
18.190.159.222 - - [15/May/2025:12:43:10 +0000] "GET /shopdetail/15149716 HTTP/1.1" 404 32842 "-" "Mozilla/5.0 AppleWebKit/537.36 (KHTML, like Gecko; compatible; ClaudeBot/1.0; +claudebot@anthropic.com)"
18.190.159.222 - - [15/May/2025:12:43:11 +0000] "GET /shopdetail/14752816 HTTP/1.1" 404 32843 "-" "Mozilla/5.0 AppleWebKit/537.36 (KHTML, like Gecko; compatible; ClaudeBot/1.0; +claudebot@anthropic.com)"
18.190.159.222 - - [15/May/2025:12:43:13 +0000] "GET /shopdetail/20441716 HTTP/1.1" 404 32843 "-" "Mozilla/5.0 AppleWebKit/537.36 (KHTML, like Gecko; compatible; ClaudeBot/1.0; +claudebot@anthropic.com)"
203.161.61.57 - - [15/May/2025:12:43:15 +0000] "POST /wp-cron.php?doing_wp_cron=1747312995.9647810459136962890625 HTTP/1.1" 200 - "-" "WordPress/6.8.1; https://pacja.org"
18.190.159.222 - - [15/May/2025:12:43:12 +0000] "GET /shopdetail/10978038 HTTP/1.1" 404 32843 "-" "Mozilla/5.0 AppleWebKit/537.36 (KHTML, like Gecko; compatible; ClaudeBot/1.0; +claudebot@anthropic.com)"
18.190.159.222 - - [15/May/2025:12:43:14 +0000] "GET /shopdetail/30781605 HTTP/1.1" 404 32844 "-" "Mozilla/5.0 AppleWebKit/537.36 (KHTML, like Gecko; compatible; ClaudeBot/1.0; +claudebot@anthropic.com)"
203.161.61.57 - - [15/May/2025:12:42:40 +0000] "GET /wp-admin/admin-ajax.php?action=wordfence_doScan&isFork=1&scanMode=standard&cronKey=437c910fbe3ae5bb6e84ed825d9272b6&signature=b20673c3274379bbfae751987900fea121e385134e7bd66cfd7371d478bf96cb HTTP/1.1" 200 - "-" "WordPress/6.8.1; https://pacja.org"
66.249.68.38 - - [15/May/2025:12:43:30 +0000] "GET /shopdetail/10054816 HTTP/1.1" 200 19632 "-" "Mozilla/5.0 (compatible; Googlebot/2.1; +http://www.google.com/bot.html)"
203.161.61.57 - - [15/May/2025:12:43:42 +0000] "POST /wp-cron.php?doing_wp_cron=1747313022.0573620796203613281250 HTTP/1.1" 200 - "-" "WordPress/6.8.1; https://pacja.org"
18.119.99.38 - - [15/May/2025:12:43:41 +0000] "GET /shopdetail/15984549 HTTP/1.1" 404 32843 "-" "Mozilla/5.0 AppleWebKit/537.36 (KHTML, like Gecko; compatible; ClaudeBot/1.0; +claudebot@anthropic.com)"
18.119.99.38 - - [15/May/2025:12:43:41 +0000] "GET /shopdetail/14904094 HTTP/1.1" 404 32844 "-" "Mozilla/5.0 AppleWebKit/537.36 (KHTML, like Gecko; compatible; ClaudeBot/1.0; +claudebot@anthropic.com)"
18.119.99.38 - - [15/May/2025:12:43:41 +0000] "GET /shopdetail/30651483 HTTP/1.1" 404 32844 "-" "Mozilla/5.0 AppleWebKit/537.36 (KHTML, like Gecko; compatible; ClaudeBot/1.0; +claudebot@anthropic.com)"
18.119.99.38 - - [15/May/2025:12:43:42 +0000] "GET /shopdetail/13509538 HTTP/1.1" 404 32843 "-" "Mozilla/5.0 AppleWebKit/537.36 (KHTML, like Gecko; compatible; ClaudeBot/1.0; +claudebot@anthropic.com)"
18.119.99.38 - - [15/May/2025:12:43:42 +0000] "GET /shopdetail/20485816 HTTP/1.1" 404 32844 "-" "Mozilla/5.0 AppleWebKit/537.36 (KHTML, like Gecko; compatible; ClaudeBot/1.0; +claudebot@anthropic.com)"
18.119.99.38 - - [15/May/2025:12:43:43 +0000] "GET /shopdetail/12463916 HTTP/1.1" 404 32843 "-" "Mozilla/5.0 AppleWebKit/537.36 (KHTML, like Gecko; compatible; ClaudeBot/1.0; +claudebot@anthropic.com)"
203.161.61.57 - - [15/May/2025:12:43:43 +0000] "POST /wp-admin/admin-ajax.php?action=async_litespeed&nonce=hkjl1DOYFKIIwKBHBdfZKdEY9juUOOZy&litespeed_type=imgoptm HTTP/1.1" 200 21 "-" "WordPress/6.8.1; https://pacja.org"
18.119.99.38 - - [15/May/2025:12:43:44 +0000] "GET /shopdetail/15553750 HTTP/1.1" 404 32842 "-" "Mozilla/5.0 AppleWebKit/537.36 (KHTML, like Gecko; compatible; ClaudeBot/1.0; +claudebot@anthropic.com)"
18.119.99.38 - - [15/May/2025:12:43:44 +0000] "GET /shopdetail/17381061 HTTP/1.1" 404 32844 "-" "Mozilla/5.0 AppleWebKit/537.36 (KHTML, like Gecko; compatible; ClaudeBot/1.0; +claudebot@anthropic.com)"
18.119.99.38 - - [15/May/2025:12:43:44 +0000] "GET /shopdetail/18042561 HTTP/1.1" 404 32844 "-" "Mozilla/5.0 AppleWebKit/537.36 (KHTML, like Gecko; compatible; ClaudeBot/1.0; +claudebot@anthropic.com)"
18.119.99.38 - - [15/May/2025:12:43:46 +0000] "GET /shopdetail/28931583 HTTP/1.1" 404 32845 "-" "Mozilla/5.0 AppleWebKit/537.36 (KHTML, like Gecko; compatible; ClaudeBot/1.0; +claudebot@anthropic.com)"
18.119.99.38 - - [15/May/2025:12:43:47 +0000] "GET /shopdetail/17361850 HTTP/1.1" 404 32843 "-" "Mozilla/5.0 AppleWebKit/537.36 (KHTML, like Gecko; compatible; ClaudeBot/1.0; +claudebot@anthropic.com)"
18.119.99.38 - - [15/May/2025:12:43:48 +0000] "GET /shopdetail/15631749 HTTP/1.1" 404 32843 "-" "Mozilla/5.0 AppleWebKit/537.36 (KHTML, like Gecko; compatible; ClaudeBot/1.0; +claudebot@anthropic.com)"
18.119.99.38 - - [15/May/2025:12:43:49 +0000] "GET /shopdetail/20146583 HTTP/1.1" 404 32844 "-" "Mozilla/5.0 AppleWebKit/537.36 (KHTML, like Gecko; compatible; ClaudeBot/1.0; +claudebot@anthropic.com)"
18.119.99.38 - - [15/May/2025:12:43:50 +0000] "GET /shopdetail/17604405 HTTP/1.1" 404 32844 "-" "Mozilla/5.0 AppleWebKit/537.36 (KHTML, like Gecko; compatible; ClaudeBot/1.0; +claudebot@anthropic.com)"
18.119.99.38 - - [15/May/2025:12:43:45 +0000] "GET /shopdetail/21742661 HTTP/1.1" 404 32844 "-" "Mozilla/5.0 AppleWebKit/537.36 (KHTML, like Gecko; compatible; ClaudeBot/1.0; +claudebot@anthropic.com)"
18.119.99.38 - - [15/May/2025:12:43:50 +0000] "GET /shopdetail/4594927 HTTP/1.1" 404 32843 "-" "Mozilla/5.0 AppleWebKit/537.36 (KHTML, like Gecko; compatible; ClaudeBot/1.0; +claudebot@anthropic.com)"
18.119.99.38 - - [15/May/2025:12:43:52 +0000] "GET /shopdetail/18784894 HTTP/1.1" 404 32844 "-" "Mozilla/5.0 AppleWebKit/537.36 (KHTML, like Gecko; compatible; ClaudeBot/1.0; +claudebot@anthropic.com)"
18.119.99.38 - - [15/May/2025:12:43:53 +0000] "GET /shopdetail/3779072 HTTP/1.1" 404 32842 "-" "Mozilla/5.0 AppleWebKit/537.36 (KHTML, like Gecko; compatible; ClaudeBot/1.0; +claudebot@anthropic.com)"
18.119.99.38 - - [15/May/2025:12:43:51 +0000] "GET /shopdetail/10973783 HTTP/1.1" 404 32843 "-" "Mozilla/5.0 AppleWebKit/537.36 (KHTML, like Gecko; compatible; ClaudeBot/1.0; +claudebot@anthropic.com)"
18.119.99.38 - - [15/May/2025:12:43:54 +0000] "GET /shopdetail/28975061 HTTP/1.1" 404 32845 "-" "Mozilla/5.0 AppleWebKit/537.36 (KHTML, like Gecko; compatible; ClaudeBot/1.0; +claudebot@anthropic.com)"
18.119.99.38 - - [15/May/2025:12:43:57 +0000] "GET /shopdetail/607072 HTTP/1.1" 404 32841 "-" "Mozilla/5.0 AppleWebKit/537.36 (KHTML, like Gecko; compatible; ClaudeBot/1.0; +claudebot@anthropic.com)"
18.119.99.38 - - [15/May/2025:12:43:55 +0000] "GET /shopdetail/22606916 HTTP/1.1" 404 32845 "-" "Mozilla/5.0 AppleWebKit/537.36 (KHTML, like Gecko; compatible; ClaudeBot/1.0; +claudebot@anthropic.com)"
66.249.68.37 - - [15/May/2025:12:44:00 +0000] "GET /shopdetail/10508916 HTTP/1.1" 200 18730 "-" "Mozilla/5.0 (Linux; Android 6.0.1; Nexus 5X Build/MMB29P) AppleWebKit/537.36 (KHTML, like Gecko) Chrome/136.0.7103.59 Mobile Safari/537.36 (compatible; Googlebot/2.1; +http://www.google.com/bot.html)"
18.119.99.38 - - [15/May/2025:12:43:58 +0000] "GET /shopdetail/22631805 HTTP/1.1" 404 32844 "-" "Mozilla/5.0 AppleWebKit/537.36 (KHTML, like Gecko; compatible; ClaudeBot/1.0; +claudebot@anthropic.com)"
66.249.79.201 - - [15/May/2025:12:44:00 +0000] "GET /pcmypage?callback=product/detail/64009938 HTTP/1.1" 200 19488 "-" "Mozilla/5.0 (Linux; Android 6.0.1; Nexus 5X Build/MMB29P) AppleWebKit/537.36 (KHTML, like Gecko) Chrome/136.0.7103.59 Mobile Safari/537.36 (compatible; Googlebot/2.1; +http://www.google.com/bot.html)"
18.119.99.38 - - [15/May/2025:12:43:59 +0000] "GET /shopdetail/27762938 HTTP/1.1" 404 32845 "-" "Mozilla/5.0 AppleWebKit/537.36 (KHTML, like Gecko; compatible; ClaudeBot/1.0; +claudebot@anthropic.com)"
217.113.194.236 - - [15/May/2025:12:44:01 +0000] "GET /docs/bandarqq/ HTTP/1.1" 200 167446 "-" "Mozilla/5.0 (compatible; Barkrowler/0.9; +https://babbar.tech/crawler)"
18.119.99.38 - - [15/May/2025:12:44:00 +0000] "GET /shopdetail/23092016 HTTP/1.1" 404 32844 "-" "Mozilla/5.0 AppleWebKit/537.36 (KHTML, like Gecko; compatible; ClaudeBot/1.0; +claudebot@anthropic.com)"
18.119.99.38 - - [15/May/2025:12:44:01 +0000] "GET /shopdetail/18089505 HTTP/1.1" 404 32844 "-" "Mozilla/5.0 AppleWebKit/537.36 (KHTML, like Gecko; compatible; ClaudeBot/1.0; +claudebot@anthropic.com)"
18.119.99.38 - - [15/May/2025:12:44:03 +0000] "GET /shopdetail/20085849 HTTP/1.1" 404 32844 "-" "Mozilla/5.0 AppleWebKit/537.36 (KHTML, like Gecko; compatible; ClaudeBot/1.0; +claudebot@anthropic.com)"
18.119.99.38 - - [15/May/2025:12:44:04 +0000] "GET /shopdetail/20284294 HTTP/1.1" 404 32843 "-" "Mozilla/5.0 AppleWebKit/537.36 (KHTML, like Gecko; compatible; ClaudeBot/1.0; +claudebot@anthropic.com)"
18.119.99.38 - - [15/May/2025:12:44:02 +0000] "GET /shopdetail/24455438 HTTP/1.1" 404 32844 "-" "Mozilla/5.0 AppleWebKit/537.36 (KHTML, like Gecko; compatible; ClaudeBot/1.0; +claudebot@anthropic.com)"
18.119.99.38 - - [15/May/2025:12:44:05 +0000] "GET /shopdetail/15223005 HTTP/1.1" 404 32842 "-" "Mozilla/5.0 AppleWebKit/537.36 (KHTML, like Gecko; compatible; ClaudeBot/1.0; +claudebot@anthropic.com)"
18.119.99.38 - - [15/May/2025:12:44:06 +0000] "GET /shopdetail/14942783 HTTP/1.1" 404 32844 "-" "Mozilla/5.0 AppleWebKit/537.36 (KHTML, like Gecko; compatible; ClaudeBot/1.0; +claudebot@anthropic.com)"
18.119.99.38 - - [15/May/2025:12:44:07 +0000] "GET /shopdetail/12794661 HTTP/1.1" 404 32844 "-" "Mozilla/5.0 AppleWebKit/537.36 (KHTML, like Gecko; compatible; ClaudeBot/1.0; +claudebot@anthropic.com)"
18.119.99.38 - - [15/May/2025:12:44:09 +0000] "GET /shopdetail/21746961 HTTP/1.1" 404 32845 "-" "Mozilla/5.0 AppleWebKit/537.36 (KHTML, like Gecko; compatible; ClaudeBot/1.0; +claudebot@anthropic.com)"
18.119.99.38 - - [15/May/2025:12:44:10 +0000] "GET /shopdetail/18442305 HTTP/1.1" 404 32844 "-" "Mozilla/5.0 AppleWebKit/537.36 (KHTML, like Gecko; compatible; ClaudeBot/1.0; +claudebot@anthropic.com)"
18.119.99.38 - - [15/May/2025:12:44:11 +0000] "GET /shopdetail/12397761 HTTP/1.1" 404 32844 "-" "Mozilla/5.0 AppleWebKit/537.36 (KHTML, like Gecko; compatible; ClaudeBot/1.0; +claudebot@anthropic.com)"
57.141.2.30 - - [15/May/2025:12:44:12 +0000] "GET /shopdetail/14812038 HTTP/1.1" 404 155266 "-" "meta-externalagent/1.1 (+https://developers.facebook.com/docs/sharing/webmasters/crawler)"
18.119.99.38 - - [15/May/2025:12:44:08 +0000] "GET /shopdetail/19365561 HTTP/1.1" 404 32844 "-" "Mozilla/5.0 AppleWebKit/537.36 (KHTML, like Gecko; compatible; ClaudeBot/1.0; +claudebot@anthropic.com)"
18.119.99.38 - - [15/May/2025:12:44:12 +0000] "GET /shopdetail/14532316 HTTP/1.1" 404 32843 "-" "Mozilla/5.0 AppleWebKit/537.36 (KHTML, like Gecko; compatible; ClaudeBot/1.0; +claudebot@anthropic.com)"
203.161.61.57 - - [15/May/2025:12:44:15 +0000] "POST /wp-cron.php?doing_wp_cron=1747313055.0602440834045410156250 HTTP/1.1" 200 - "-" "WordPress/6.8.1; https://pacja.org"
102.215.34.108 - - [15/May/2025:12:44:13 +0000] "POST /wp-admin/admin-ajax.php HTTP/1.1" 200 101 "https://pacja.org/wp-admin/post.php?post=4782&action=edit" "Mozilla/5.0 (Windows NT 10.0; Win64; x64; rv:138.0) Gecko/20100101 Firefox/138.0"
203.161.61.57 - - [15/May/2025:12:43:27 +0000] "GET /wp-admin/admin-ajax.php?action=wordfence_doScan&isFork=1&scanMode=standard&cronKey=820986525959273a4995e06d8541e1b2&signature=9e140244bad1b04fb998e1a1b7083ef3b1b8cb79ba5e643c23d209bec939d0e5 HTTP/1.1" 200 - "-" "WordPress/6.8.1; https://pacja.org"
66.249.79.199 - - [15/May/2025:12:44:15 +0000] "GET /shopdetail/10674061 HTTP/1.1" 200 18818 "-" "Mozilla/5.0 (compatible; Googlebot/2.1; +http://www.google.com/bot.html)"
18.119.99.38 - - [15/May/2025:12:44:13 +0000] "GET /shopdetail/14892272 HTTP/1.1" 404 32842 "-" "Mozilla/5.0 AppleWebKit/537.36 (KHTML, like Gecko; compatible; ClaudeBot/1.0; +claudebot@anthropic.com)"
18.119.99.38 - - [15/May/2025:12:44:15 +0000] "GET /shopdetail/10347116 HTTP/1.1" 404 32843 "-" "Mozilla/5.0 AppleWebKit/537.36 (KHTML, like Gecko; compatible; ClaudeBot/1.0; +claudebot@anthropic.com)"
203.161.61.57 - - [15/May/2025:12:44:17 +0000] "POST /wp-cron.php?doing_wp_cron=1747313057.7810370922088623046875 HTTP/1.1" 200 - "-" "WordPress/6.8.1; https://pacja.org"
217.113.194.236 - - [15/May/2025:12:44:17 +0000] "GET /dnp-spotlights/ HTTP/1.1" 403 - "-" "Mozilla/5.0 (compatible; Barkrowler/0.9; +https://babbar.tech/crawler)"
18.119.99.38 - - [15/May/2025:12:44:14 +0000] "GET /shopdetail/13172372 HTTP/1.1" 404 32842 "-" "Mozilla/5.0 AppleWebKit/537.36 (KHTML, like Gecko; compatible; ClaudeBot/1.0; +claudebot@anthropic.com)"
18.119.99.38 - - [15/May/2025:12:44:16 +0000] "GET /shopdetail/20763983 HTTP/1.1" 404 32845 "-" "Mozilla/5.0 AppleWebKit/537.36 (KHTML, like Gecko; compatible; ClaudeBot/1.0; +claudebot@anthropic.com)"
18.119.99.38 - - [15/May/2025:12:44:17 +0000] "GET /shopdetail/4340983 HTTP/1.1" 404 32843 "-" "Mozilla/5.0 AppleWebKit/537.36 (KHTML, like Gecko; compatible; ClaudeBot/1.0; +claudebot@anthropic.com)"
18.119.99.38 - - [15/May/2025:12:44:18 +0000] "GET /shopdetail/20794516 HTTP/1.1" 404 32844 "-" "Mozilla/5.0 AppleWebKit/537.36 (KHTML, like Gecko; compatible; ClaudeBot/1.0; +claudebot@anthropic.com)"
18.119.99.38 - - [15/May/2025:12:44:20 +0000] "GET /shopdetail/12453205 HTTP/1.1" 404 32842 "-" "Mozilla/5.0 AppleWebKit/537.36 (KHTML, like Gecko; compatible; ClaudeBot/1.0; +claudebot@anthropic.com)"
66.249.68.37 - - [15/May/2025:12:44:22 +0000] "POST /get-message-notify HTTP/1.1" 200 18767 "https://www.pacja.org/shopdetail/18872127" "Mozilla/5.0 (Linux; Android 6.0.1; Nexus 5X Build/MMB29P) AppleWebKit/537.36 (KHTML, like Gecko) Chrome/135.0.7049.114 Mobile Safari/537.36 (compatible; Googlebot/2.1; +http://www.google.com/bot.html)"
18.119.99.38 - - [15/May/2025:12:44:21 +0000] "GET /shopdetail/20168638 HTTP/1.1" 404 32844 "-" "Mozilla/5.0 AppleWebKit/537.36 (KHTML, like Gecko; compatible; ClaudeBot/1.0; +claudebot@anthropic.com)"
18.119.99.38 - - [15/May/2025:12:44:19 +0000] "GET /shopdetail/14889416 HTTP/1.1" 404 32844 "-" "Mozilla/5.0 AppleWebKit/537.36 (KHTML, like Gecko; compatible; ClaudeBot/1.0; +claudebot@anthropic.com)"
18.119.99.38 - - [15/May/2025:12:44:22 +0000] "GET /shopdetail/12561383 HTTP/1.1" 404 32844 "-" "Mozilla/5.0 AppleWebKit/537.36 (KHTML, like Gecko; compatible; ClaudeBot/1.0; +claudebot@anthropic.com)"
52.167.144.219 - - [15/May/2025:12:44:25 +0000] "GET /wp-content/uploads/2022/10/PLACARD_1_page-0002-724x1024.jpg HTTP/1.1" 200 89837 "-" "Mozilla/5.0 AppleWebKit/537.36 (KHTML, like Gecko; compatible; bingbot/2.0; +http://www.bing.com/bingbot.htm) Chrome/116.0.1938.76 Safari/537.36"
18.119.99.38 - - [15/May/2025:12:44:23 +0000] "GET /shopdetail/16234461 HTTP/1.1" 404 32844 "-" "Mozilla/5.0 AppleWebKit/537.36 (KHTML, like Gecko; compatible; ClaudeBot/1.0; +claudebot@anthropic.com)"
102.215.34.108 - - [15/May/2025:12:44:32 +0000] "POST /wp-admin/admin-ajax.php HTTP/1.1" 200 101 "https://pacja.org/wp-admin/post.php?post=5062&action=edit" "Mozilla/5.0 (Windows NT 10.0; Win64; x64; rv:138.0) Gecko/20100101 Firefox/138.0"
52.167.144.219 - - [15/May/2025:12:44:35 +0000] "GET /feature/osu_main/index.html HTTP/1.1" 200 20188 "-" "Mozilla/5.0 AppleWebKit/537.36 (KHTML, like Gecko; compatible; bingbot/2.0; +http://www.bing.com/bingbot.htm) Chrome/116.0.1938.76 Safari/537.36"
203.161.61.57 - - [15/May/2025:12:44:33 +0000] "POST /wp-admin/admin-ajax.php?action=as_async_request_queue_runner&nonce=4e22f572e8 HTTP/1.1" 200 - "-" "WordPress/6.8.1; https://pacja.org"
66.249.79.199 - - [15/May/2025:12:44:42 +0000] "GET /?_gl=1*rgknbr*_ga*MzY3MjE1MDcwLjE3MzcwOTUyMjA.*_ga_0VKVKKN4NV*MTczNzEwMjM4NC4yLjEuMTczNzEwMjQ1My42MC4wLjA.&_bd_prev_page=https://pacja.org/detail.php?shopdetail/5653705 HTTP/1.1" 200 19644 "-" "Mozilla/5.0 (compatible; Googlebot/2.1; +http://www.google.com/bot.html)"
66.249.68.37 - - [15/May/2025:12:44:42 +0000] "GET /shopdetail/10405661 HTTP/1.1" 200 19615 "-" "Mozilla/5.0 (Linux; Android 6.0.1; Nexus 5X Build/MMB29P) AppleWebKit/537.36 (KHTML, like Gecko) Chrome/136.0.7103.59 Mobile Safari/537.36 (compatible; Googlebot/2.1; +http://www.google.com/bot.html)"
66.249.79.203 - - [15/May/2025:12:44:55 +0000] "GET /shopdetail/14945298 HTTP/1.1" 200 18569 "-" "Mozilla/5.0 (Linux; Android 6.0.1; Nexus 5X Build/MMB29P) AppleWebKit/537.36 (KHTML, like Gecko) Chrome/136.0.7103.59 Mobile Safari/537.36 (compatible; GoogleOther)"
18.119.0.207 - - [15/May/2025:12:44:54 +0000] "GET /shopdetail/17692605 HTTP/1.1" 404 32844 "-" "Mozilla/5.0 AppleWebKit/537.36 (KHTML, like Gecko; compatible; ClaudeBot/1.0; +claudebot@anthropic.com)"
18.119.0.207 - - [15/May/2025:12:44:54 +0000] "GET /shopdetail/12296783 HTTP/1.1" 404 32844 "-" "Mozilla/5.0 AppleWebKit/537.36 (KHTML, like Gecko; compatible; ClaudeBot/1.0; +claudebot@anthropic.com)"
18.119.0.207 - - [15/May/2025:12:44:54 +0000] "GET /shopdetail/10372005 HTTP/1.1" 404 32843 "-" "Mozilla/5.0 AppleWebKit/537.36 (KHTML, like Gecko; compatible; ClaudeBot/1.0; +claudebot@anthropic.com)"
18.119.0.207 - - [15/May/2025:12:44:55 +0000] "GET /shopdetail/14876638 HTTP/1.1" 404 32844 "-" "Mozilla/5.0 AppleWebKit/537.36 (KHTML, like Gecko; compatible; ClaudeBot/1.0; +claudebot@anthropic.com)"
18.119.0.207 - - [15/May/2025:12:44:56 +0000] "GET /shopdetail/18706905 HTTP/1.1" 404 32844 "-" "Mozilla/5.0 AppleWebKit/537.36 (KHTML, like Gecko; compatible; ClaudeBot/1.0; +claudebot@anthropic.com)"
18.119.0.207 - - [15/May/2025:12:44:56 +0000] "GET /shopdetail/20291661 HTTP/1.1" 404 32843 "-" "Mozilla/5.0 AppleWebKit/537.36 (KHTML, like Gecko; compatible; ClaudeBot/1.0; +claudebot@anthropic.com)"
18.119.0.207 - - [15/May/2025:12:44:57 +0000] "GET /shopdetail/18199750 HTTP/1.1" 404 32844 "-" "Mozilla/5.0 AppleWebKit/537.36 (KHTML, like Gecko; compatible; ClaudeBot/1.0; +claudebot@anthropic.com)"
18.119.0.207 - - [15/May/2025:12:44:57 +0000] "GET /shopdetail/23381505 HTTP/1.1" 404 32844 "-" "Mozilla/5.0 AppleWebKit/537.36 (KHTML, like Gecko; compatible; ClaudeBot/1.0; +claudebot@anthropic.com)"
18.119.0.207 - - [15/May/2025:12:44:58 +0000] "GET /shopdetail/13779549 HTTP/1.1" 404 32844 "-" "Mozilla/5.0 AppleWebKit/537.36 (KHTML, like Gecko; compatible; ClaudeBot/1.0; +claudebot@anthropic.com)"
18.119.0.207 - - [15/May/2025:12:44:57 +0000] "GET /shopdetail/12155216 HTTP/1.1" 404 32844 "-" "Mozilla/5.0 AppleWebKit/537.36 (KHTML, like Gecko; compatible; ClaudeBot/1.0; +claudebot@anthropic.com)"
203.161.61.57 - - [15/May/2025:12:44:14 +0000] "GET /wp-admin/admin-ajax.php?action=wordfence_doScan&isFork=1&scanMode=standard&cronKey=aef5782e5efa55ba30e49cb8147cb192&signature=426a79acb74d88252c3bbb621e1bbcaece649b3f509c28b4574dbe833640f433 HTTP/1.1" 200 - "-" "WordPress/6.8.1; https://pacja.org"
18.119.0.207 - - [15/May/2025:12:45:00 +0000] "GET /shopdetail/29502705 HTTP/1.1" 404 32845 "-" "Mozilla/5.0 AppleWebKit/537.36 (KHTML, like Gecko; compatible; ClaudeBot/1.0; +claudebot@anthropic.com)"
18.119.0.207 - - [15/May/2025:12:45:00 +0000] "GET /shopdetail/8972649 HTTP/1.1" 404 32844 "-" "Mozilla/5.0 AppleWebKit/537.36 (KHTML, like Gecko; compatible; ClaudeBot/1.0; +claudebot@anthropic.com)"
18.119.0.207 - - [15/May/2025:12:45:04 +0000] "GET /shopdetail/17317750 HTTP/1.1" 404 32843 "-" "Mozilla/5.0 AppleWebKit/537.36 (KHTML, like Gecko; compatible; ClaudeBot/1.0; +claudebot@anthropic.com)"
18.119.0.207 - - [15/May/2025:12:45:06 +0000] "GET /shopdetail/7130672 HTTP/1.1" 404 32842 "-" "Mozilla/5.0 AppleWebKit/537.36 (KHTML, like Gecko; compatible; ClaudeBot/1.0; +claudebot@anthropic.com)"
18.119.0.207 - - [15/May/2025:12:45:02 +0000] "GET /shopdetail/26002616 HTTP/1.1" 404 32845 "-" "Mozilla/5.0 AppleWebKit/537.36 (KHTML, like Gecko; compatible; ClaudeBot/1.0; +claudebot@anthropic.com)"
18.119.0.207 - - [15/May/2025:12:45:07 +0000] "GET /shopdetail/20234783 HTTP/1.1" 404 32843 "-" "Mozilla/5.0 AppleWebKit/537.36 (KHTML, like Gecko; compatible; ClaudeBot/1.0; +claudebot@anthropic.com)"
18.119.0.207 - - [15/May/2025:12:45:08 +0000] "GET /shopdetail/21557783 HTTP/1.1" 404 32845 "-" "Mozilla/5.0 AppleWebKit/537.36 (KHTML, like Gecko; compatible; ClaudeBot/1.0; +claudebot@anthropic.com)"
18.119.0.207 - - [15/May/2025:12:45:06 +0000] "GET /shopdetail/23954805 HTTP/1.1" 404 32845 "-" "Mozilla/5.0 AppleWebKit/537.36 (KHTML, like Gecko; compatible; ClaudeBot/1.0; +claudebot@anthropic.com)"
18.119.0.207 - - [15/May/2025:12:45:09 +0000] "GET /shopdetail/19081750 HTTP/1.1" 404 32843 "-" "Mozilla/5.0 AppleWebKit/537.36 (KHTML, like Gecko; compatible; ClaudeBot/1.0; +claudebot@anthropic.com)"
18.119.0.207 - - [15/May/2025:12:45:10 +0000] "GET /shopdetail/1738461 HTTP/1.1" 404 32843 "-" "Mozilla/5.0 AppleWebKit/537.36 (KHTML, like Gecko; compatible; ClaudeBot/1.0; +claudebot@anthropic.com)"
18.119.0.207 - - [15/May/2025:12:45:11 +0000] "GET /shopdetail/20587583 HTTP/1.1" 404 32844 "-" "Mozilla/5.0 AppleWebKit/537.36 (KHTML, like Gecko; compatible; ClaudeBot/1.0; +claudebot@anthropic.com)"
18.119.0.207 - - [15/May/2025:12:45:13 +0000] "GET /shopdetail/14671750 HTTP/1.1" 404 32843 "-" "Mozilla/5.0 AppleWebKit/537.36 (KHTML, like Gecko; compatible; ClaudeBot/1.0; +claudebot@anthropic.com)"
18.119.0.207 - - [15/May/2025:12:45:15 +0000] "GET /shopdetail/7139150 HTTP/1.1" 404 32842 "-" "Mozilla/5.0 AppleWebKit/537.36 (KHTML, like Gecko; compatible; ClaudeBot/1.0; +claudebot@anthropic.com)"
18.119.0.207 - - [15/May/2025:12:45:15 +0000] "GET /shopdetail/19904038 HTTP/1.1" 404 32845 "-" "Mozilla/5.0 AppleWebKit/537.36 (KHTML, like Gecko; compatible; ClaudeBot/1.0; +claudebot@anthropic.com)"
18.119.0.207 - - [15/May/2025:12:45:16 +0000] "GET /shopdetail/17626450 HTTP/1.1" 404 32843 "-" "Mozilla/5.0 AppleWebKit/537.36 (KHTML, like Gecko; compatible; ClaudeBot/1.0; +claudebot@anthropic.com)"
18.119.0.207 - - [15/May/2025:12:45:17 +0000] "GET /shopdetail/16391650 HTTP/1.1" 404 32843 "-" "Mozilla/5.0 AppleWebKit/537.36 (KHTML, like Gecko; compatible; ClaudeBot/1.0; +claudebot@anthropic.com)"
18.119.0.207 - - [15/May/2025:12:45:18 +0000] "GET /shopdetail/13707983 HTTP/1.1" 404 32844 "-" "Mozilla/5.0 AppleWebKit/537.36 (KHTML, like Gecko; compatible; ClaudeBot/1.0; +claudebot@anthropic.com)"
18.119.0.207 - - [15/May/2025:12:45:20 +0000] "GET /shopdetail/4010238 HTTP/1.1" 404 32842 "-" "Mozilla/5.0 AppleWebKit/537.36 (KHTML, like Gecko; compatible; ClaudeBot/1.0; +claudebot@anthropic.com)"
66.249.68.38 - - [15/May/2025:12:45:23 +0000] "GET /shopdetail/10568794 HTTP/1.1" 200 19145 "-" "Mozilla/5.0 (compatible; Googlebot/2.1; +http://www.google.com/bot.html)"
18.119.0.207 - - [15/May/2025:12:45:19 +0000] "GET /shopdetail/18787961 HTTP/1.1" 404 32844 "-" "Mozilla/5.0 AppleWebKit/537.36 (KHTML, like Gecko; compatible; ClaudeBot/1.0; +claudebot@anthropic.com)"
66.249.79.200 - - [15/May/2025:12:45:24 +0000] "GET /?_gl=1*rgknbr*_ga*MzY3MjE1MDcwLjE3MzcwOTUyMjA.*_ga_0VKVKKN4NV*MTczNzEwMjM4NC4yLjEuMTczNzEwMjQ1My42MC4wLjA.&_bd_prev_page=https://pacja.org/detail.php?shopdetail/5598383 HTTP/1.1" 200 19816 "-" "Mozilla/5.0 (Linux; Android 6.0.1; Nexus 5X Build/MMB29P) AppleWebKit/537.36 (KHTML, like Gecko) Chrome/136.0.7103.59 Mobile Safari/537.36 (compatible; Googlebot/2.1; +http://www.google.com/bot.html)"
18.119.0.207 - - [15/May/2025:12:45:21 +0000] "GET /shopdetail/14481805 HTTP/1.1" 404 32844 "-" "Mozilla/5.0 AppleWebKit/537.36 (KHTML, like Gecko; compatible; ClaudeBot/1.0; +claudebot@anthropic.com)"
18.119.0.207 - - [15/May/2025:12:45:22 +0000] "GET /shopdetail/13742816 HTTP/1.1" 404 32844 "-" "Mozilla/5.0 AppleWebKit/537.36 (KHTML, like Gecko; compatible; ClaudeBot/1.0; +claudebot@anthropic.com)"
18.119.0.207 - - [15/May/2025:12:45:24 +0000] "GET /shopdetail/9369549 HTTP/1.1" 404 32844 "-" "Mozilla/5.0 AppleWebKit/537.36 (KHTML, like Gecko; compatible; ClaudeBot/1.0; +claudebot@anthropic.com)"
18.119.0.207 - - [15/May/2025:12:45:23 +0000] "GET /shopdetail/15443527 HTTP/1.1" 404 32843 "-" "Mozilla/5.0 AppleWebKit/537.36 (KHTML, like Gecko; compatible; ClaudeBot/1.0; +claudebot@anthropic.com)"
18.119.0.207 - - [15/May/2025:12:45:25 +0000] "GET /shopdetail/15361738 HTTP/1.1" 404 32843 "-" "Mozilla/5.0 AppleWebKit/537.36 (KHTML, like Gecko; compatible; ClaudeBot/1.0; +claudebot@anthropic.com)"
18.119.0.207 - - [15/May/2025:12:45:26 +0000] "GET /shopdetail/27851138 HTTP/1.1" 404 32845 "-" "Mozilla/5.0 AppleWebKit/537.36 (KHTML, like Gecko; compatible; ClaudeBot/1.0; +claudebot@anthropic.com)"
203.161.61.57 - - [15/May/2025:12:45:03 +0000] "GET /wp-admin/admin-ajax.php?action=wordfence_doScan&isFork=1&scanMode=standard&cronKey=fc9669b4eb4d3b57d64b2723c0d69dd3&signature=39fd64a6d04f073943f5953d17b324898dc898c125e4605666bdd23c85c84055 HTTP/1.1" 200 - "-" "WordPress/6.8.1; https://pacja.org"
216.73.216.104 - - [15/May/2025:12:45:55 +0000] "GET /shopdetail/16403494 HTTP/1.1" 404 32842 "-" "Mozilla/5.0 AppleWebKit/537.36 (KHTML, like Gecko; compatible; ClaudeBot/1.0; +claudebot@anthropic.com)"
216.73.216.104 - - [15/May/2025:12:45:55 +0000] "GET /shopdetail/788750 HTTP/1.1" 404 32841 "-" "Mozilla/5.0 AppleWebKit/537.36 (KHTML, like Gecko; compatible; ClaudeBot/1.0; +claudebot@anthropic.com)"
216.73.216.104 - - [15/May/2025:12:45:56 +0000] "GET /shopdetail/2003061 HTTP/1.1" 404 32842 "-" "Mozilla/5.0 AppleWebKit/537.36 (KHTML, like Gecko; compatible; ClaudeBot/1.0; +claudebot@anthropic.com)"
216.73.216.104 - - [15/May/2025:12:45:56 +0000] "GET /shopdetail/20256838 HTTP/1.1" 404 32842 "-" "Mozilla/5.0 AppleWebKit/537.36 (KHTML, like Gecko; compatible; ClaudeBot/1.0; +claudebot@anthropic.com)"
216.73.216.104 - - [15/May/2025:12:45:57 +0000] "GET /shopdetail/17141350 HTTP/1.1" 404 32842 "-" "Mozilla/5.0 AppleWebKit/537.36 (KHTML, like Gecko; compatible; ClaudeBot/1.0; +claudebot@anthropic.com)"
216.73.216.104 - - [15/May/2025:12:45:57 +0000] "GET /shopdetail/9779872 HTTP/1.1" 404 32841 "-" "Mozilla/5.0 AppleWebKit/537.36 (KHTML, like Gecko; compatible; ClaudeBot/1.0; +claudebot@anthropic.com)"
203.161.61.57 - - [15/May/2025:12:45:53 +0000] "POST /wp-admin/admin-ajax.php?action=as_async_request_queue_runner&nonce=e2c5951c47 HTTP/1.1" 200 - "-" "WordPress/6.8.1; https://pacja.org"
216.73.216.104 - - [15/May/2025:12:45:58 +0000] "GET /shopdetail/19469894 HTTP/1.1" 404 32843 "-" "Mozilla/5.0 AppleWebKit/537.36 (KHTML, like Gecko; compatible; ClaudeBot/1.0; +claudebot@anthropic.com)"
216.73.216.104 - - [15/May/2025:12:46:00 +0000] "GET /shopdetail/20537050 HTTP/1.1" 404 32842 "-" "Mozilla/5.0 AppleWebKit/537.36 (KHTML, like Gecko; compatible; ClaudeBot/1.0; +claudebot@anthropic.com)"
216.73.216.104 - - [15/May/2025:12:45:59 +0000] "GET /shopdetail/30182738 HTTP/1.1" 404 32844 "-" "Mozilla/5.0 AppleWebKit/537.36 (KHTML, like Gecko; compatible; ClaudeBot/1.0; +claudebot@anthropic.com)"
216.73.216.104 - - [15/May/2025:12:46:02 +0000] "GET /shopdetail/9600250 HTTP/1.1" 404 32841 "-" "Mozilla/5.0 AppleWebKit/537.36 (KHTML, like Gecko; compatible; ClaudeBot/1.0; +claudebot@anthropic.com)"
216.73.216.104 - - [15/May/2025:12:46:03 +0000] "GET /shopdetail/24165094 HTTP/1.1" 404 32843 "-" "Mozilla/5.0 AppleWebKit/537.36 (KHTML, like Gecko; compatible; ClaudeBot/1.0; +claudebot@anthropic.com)"
66.249.68.37 - - [15/May/2025:12:46:05 +0000] "GET /safe_search/config?return_url=%2Fproduct%2Fdetail%2F31211837 HTTP/1.1" 200 19843 "-" "Mozilla/5.0 (Linux; Android 6.0.1; Nexus 5X Build/MMB29P) AppleWebKit/537.36 (KHTML, like Gecko) Chrome/136.0.7103.59 Mobile Safari/537.36 (compatible; Googlebot/2.1; +http://www.google.com/bot.html)"
216.73.216.104 - - [15/May/2025:12:46:04 +0000] "GET /shopdetail/21793905 HTTP/1.1" 404 32844 "-" "Mozilla/5.0 AppleWebKit/537.36 (KHTML, like Gecko; compatible; ClaudeBot/1.0; +claudebot@anthropic.com)"
216.73.216.104 - - [15/May/2025:12:46:05 +0000] "GET /shopdetail/16895961 HTTP/1.1" 404 32843 "-" "Mozilla/5.0 AppleWebKit/537.36 (KHTML, like Gecko; compatible; ClaudeBot/1.0; +claudebot@anthropic.com)"
216.73.216.104 - - [15/May/2025:12:46:01 +0000] "GET /shopdetail/28651194 HTTP/1.1" 404 32844 "-" "Mozilla/5.0 AppleWebKit/537.36 (KHTML, like Gecko; compatible; ClaudeBot/1.0; +claudebot@anthropic.com)"
216.73.216.104 - - [15/May/2025:12:46:06 +0000] "GET /shopdetail/23551383 HTTP/1.1" 404 32843 "-" "Mozilla/5.0 AppleWebKit/537.36 (KHTML, like Gecko; compatible; ClaudeBot/1.0; +claudebot@anthropic.com)"
216.73.216.104 - - [15/May/2025:12:46:07 +0000] "GET /shopdetail/20791449 HTTP/1.1" 404 32843 "-" "Mozilla/5.0 AppleWebKit/537.36 (KHTML, like Gecko; compatible; ClaudeBot/1.0; +claudebot@anthropic.com)"
216.73.216.104 - - [15/May/2025:12:46:09 +0000] "GET /shopdetail/17478538 HTTP/1.1" 404 32842 "-" "Mozilla/5.0 AppleWebKit/537.36 (KHTML, like Gecko; compatible; ClaudeBot/1.0; +claudebot@anthropic.com)"
216.73.216.104 - - [15/May/2025:12:46:07 +0000] "GET /shopdetail/24181738 HTTP/1.1" 404 32844 "-" "Mozilla/5.0 AppleWebKit/537.36 (KHTML, like Gecko; compatible; ClaudeBot/1.0; +claudebot@anthropic.com)"
216.73.216.104 - - [15/May/2025:12:46:11 +0000] "GET /shopdetail/21271138 HTTP/1.1" 404 32844 "-" "Mozilla/5.0 AppleWebKit/537.36 (KHTML, like Gecko; compatible; ClaudeBot/1.0; +claudebot@anthropic.com)"
216.73.216.104 - - [15/May/2025:12:46:09 +0000] "GET /shopdetail/13282605 HTTP/1.1" 404 32842 "-" "Mozilla/5.0 AppleWebKit/537.36 (KHTML, like Gecko; compatible; ClaudeBot/1.0; +claudebot@anthropic.com)"
102.215.34.108 - - [15/May/2025:12:46:13 +0000] "POST /wp-admin/admin-ajax.php HTTP/1.1" 200 101 "https://pacja.org/wp-admin/post.php?post=4782&action=edit" "Mozilla/5.0 (Windows NT 10.0; Win64; x64; rv:138.0) Gecko/20100101 Firefox/138.0"
216.73.216.104 - - [15/May/2025:12:46:13 +0000] "GET /shopdetail/11771838 HTTP/1.1" 404 32843 "-" "Mozilla/5.0 AppleWebKit/537.36 (KHTML, like Gecko; compatible; ClaudeBot/1.0; +claudebot@anthropic.com)"
216.73.216.104 - - [15/May/2025:12:46:14 +0000] "GET /shopdetail/12841627 HTTP/1.1" 404 32843 "-" "Mozilla/5.0 AppleWebKit/537.36 (KHTML, like Gecko; compatible; ClaudeBot/1.0; +claudebot@anthropic.com)"
216.73.216.104 - - [15/May/2025:12:46:10 +0000] "GET /shopdetail/20578316 HTTP/1.1" 404 32843 "-" "Mozilla/5.0 AppleWebKit/537.36 (KHTML, like Gecko; compatible; ClaudeBot/1.0; +claudebot@anthropic.com)"
203.161.61.57 - - [15/May/2025:12:46:18 +0000] "POST /wp-cron.php?doing_wp_cron=1747313178.3085050582885742187500 HTTP/1.1" 200 - "-" "WordPress/6.8.1; https://pacja.org"
216.73.216.104 - - [15/May/2025:12:46:15 +0000] "GET /shopdetail/11893472 HTTP/1.1" 404 32842 "-" "Mozilla/5.0 AppleWebKit/537.36 (KHTML, like Gecko; compatible; ClaudeBot/1.0; +claudebot@anthropic.com)"
203.161.61.57 - - [15/May/2025:12:46:19 +0000] "POST /wp-cron.php?doing_wp_cron=1747313179.3731861114501953125000 HTTP/1.1" 200 - "-" "WordPress/6.8.1; https://pacja.org"
216.73.216.104 - - [15/May/2025:12:46:16 +0000] "GET /shopdetail/22386416 HTTP/1.1" 404 32843 "-" "Mozilla/5.0 AppleWebKit/537.36 (KHTML, like Gecko; compatible; ClaudeBot/1.0; +claudebot@anthropic.com)"
203.161.61.57 - - [15/May/2025:12:46:20 +0000] "POST /wp-cron.php?doing_wp_cron=1747313180.3948240280151367187500 HTTP/1.1" 200 - "-" "WordPress/6.8.1; https://pacja.org"
216.73.216.104 - - [15/May/2025:12:46:17 +0000] "GET /shopdetail/17733861 HTTP/1.1" 404 32842 "-" "Mozilla/5.0 AppleWebKit/537.36 (KHTML, like Gecko; compatible; ClaudeBot/1.0; +claudebot@anthropic.com)"
216.73.216.104 - - [15/May/2025:12:46:19 +0000] "GET /shopdetail/20276483 HTTP/1.1" 404 32841 "-" "Mozilla/5.0 AppleWebKit/537.36 (KHTML, like Gecko; compatible; ClaudeBot/1.0; +claudebot@anthropic.com)"
203.161.61.57 - - [15/May/2025:12:46:20 +0000] "POST /wp-admin/admin-ajax.php?action=async_litespeed&nonce=8jDGCrXwjeptKCWGkXKEWZ4qAkVHQEgS&litespeed_type=imgoptm HTTP/1.1" 200 21 "-" "WordPress/6.8.1; https://pacja.org"
216.73.216.104 - - [15/May/2025:12:46:20 +0000] "GET /shopdetail/18402238 HTTP/1.1" 404 32842 "-" "Mozilla/5.0 AppleWebKit/537.36 (KHTML, like Gecko; compatible; ClaudeBot/1.0; +claudebot@anthropic.com)"
216.73.216.104 - - [15/May/2025:12:46:22 +0000] "GET /shopdetail/24763516 HTTP/1.1" 404 32844 "-" "Mozilla/5.0 AppleWebKit/537.36 (KHTML, like Gecko; compatible; ClaudeBot/1.0; +claudebot@anthropic.com)"
106.133.20.227 - - [15/May/2025:12:46:24 +0000] "GET /shopdetail/15551038 HTTP/1.1" 200 306 "https://www.google.com/" "Mozilla/5.0 (iPhone; CPU iPhone OS 18_4_1 like Mac OS X) AppleWebKit/605.1.15 (KHTML, like Gecko) Version/18.4 Mobile/15E148 Safari/604.1"
216.73.216.104 - - [15/May/2025:12:46:23 +0000] "GET /shopdetail/10349972 HTTP/1.1" 404 32840 "-" "Mozilla/5.0 AppleWebKit/537.36 (KHTML, like Gecko; compatible; ClaudeBot/1.0; +claudebot@anthropic.com)"
216.73.216.104 - - [15/May/2025:12:46:24 +0000] "GET /shopdetail/20548894 HTTP/1.1" 404 32843 "-" "Mozilla/5.0 AppleWebKit/537.36 (KHTML, like Gecko; compatible; ClaudeBot/1.0; +claudebot@anthropic.com)"
216.73.216.104 - - [15/May/2025:12:46:25 +0000] "GET /shopdetail/10441372 HTTP/1.1" 404 32840 "-" "Mozilla/5.0 AppleWebKit/537.36 (KHTML, like Gecko; compatible; ClaudeBot/1.0; +claudebot@anthropic.com)"
216.73.216.104 - - [15/May/2025:12:46:26 +0000] "GET /shopdetail/13440172 HTTP/1.1" 404 32841 "-" "Mozilla/5.0 AppleWebKit/537.36 (KHTML, like Gecko; compatible; ClaudeBot/1.0; +claudebot@anthropic.com)"
216.73.216.104 - - [15/May/2025:12:46:27 +0000] "GET /shopdetail/28267905 HTTP/1.1" 404 32844 "-" "Mozilla/5.0 AppleWebKit/537.36 (KHTML, like Gecko; compatible; ClaudeBot/1.0; +claudebot@anthropic.com)"
216.73.216.104 - - [15/May/2025:12:46:28 +0000] "GET /shopdetail/14363072 HTTP/1.1" 404 32841 "-" "Mozilla/5.0 AppleWebKit/537.36 (KHTML, like Gecko; compatible; ClaudeBot/1.0; +claudebot@anthropic.com)"
216.73.216.104 - - [15/May/2025:12:46:29 +0000] "GET /shopdetail/13478216 HTTP/1.1" 404 32842 "-" "Mozilla/5.0 AppleWebKit/537.36 (KHTML, like Gecko; compatible; ClaudeBot/1.0; +claudebot@anthropic.com)"
216.73.216.104 - - [15/May/2025:12:46:30 +0000] "GET /shopdetail/7663072 HTTP/1.1" 404 32841 "-" "Mozilla/5.0 AppleWebKit/537.36 (KHTML, like Gecko; compatible; ClaudeBot/1.0; +claudebot@anthropic.com)"
216.73.216.104 - - [15/May/2025:12:46:31 +0000] "GET /shopdetail/11187872 HTTP/1.1" 404 32841 "-" "Mozilla/5.0 AppleWebKit/537.36 (KHTML, like Gecko; compatible; ClaudeBot/1.0; +claudebot@anthropic.com)"
216.73.216.104 - - [15/May/2025:12:46:32 +0000] "GET /shopdetail/10261772 HTTP/1.1" 404 32840 "-" "Mozilla/5.0 AppleWebKit/537.36 (KHTML, like Gecko; compatible; ClaudeBot/1.0; +claudebot@anthropic.com)"
216.73.216.104 - - [15/May/2025:12:46:33 +0000] "GET /shopdetail/28876827 HTTP/1.1" 404 32844 "-" "Mozilla/5.0 AppleWebKit/537.36 (KHTML, like Gecko; compatible; ClaudeBot/1.0; +claudebot@anthropic.com)"
216.73.216.104 - - [15/May/2025:12:46:34 +0000] "GET /shopdetail/19387616 HTTP/1.1" 404 32843 "-" "Mozilla/5.0 AppleWebKit/537.36 (KHTML, like Gecko; compatible; ClaudeBot/1.0; +claudebot@anthropic.com)"
66.249.68.37 - - [15/May/2025:12:46:35 +0000] "GET /shopdetail/3932105 HTTP/1.1" 200 20965 "-" "Mozilla/5.0 (compatible; Googlebot/2.1; +http://www.google.com/bot.html)"
216.73.216.104 - - [15/May/2025:12:46:35 +0000] "GET /shopdetail/27038961 HTTP/1.1" 404 32844 "-" "Mozilla/5.0 AppleWebKit/537.36 (KHTML, like Gecko; compatible; ClaudeBot/1.0; +claudebot@anthropic.com)"
203.161.61.57 - - [15/May/2025:12:46:37 +0000] "POST /wp-cron.php?doing_wp_cron=1747313197.6006870269775390625000 HTTP/1.1" 200 - "-" "WordPress/6.8.1; https://pacja.org"
216.73.216.104 - - [15/May/2025:12:46:36 +0000] "GET /shopdetail/29604472 HTTP/1.1" 404 32842 "-" "Mozilla/5.0 AppleWebKit/537.36 (KHTML, like Gecko; compatible; ClaudeBot/1.0; +claudebot@anthropic.com)"
203.161.61.57 - - [15/May/2025:12:46:38 +0000] "POST /wp-cron.php?doing_wp_cron=1747313198.6094889640808105468750 HTTP/1.1" 200 - "-" "WordPress/6.8.1; https://pacja.org"
216.73.216.104 - - [15/May/2025:12:46:37 +0000] "GET /shopdetail/11187850 HTTP/1.1" 404 32842 "-" "Mozilla/5.0 AppleWebKit/537.36 (KHTML, like Gecko; compatible; ClaudeBot/1.0; +claudebot@anthropic.com)"
216.73.216.104 - - [15/May/2025:12:46:38 +0000] "GET /shopdetail/8478927 HTTP/1.1" 404 32843 "-" "Mozilla/5.0 AppleWebKit/537.36 (KHTML, like Gecko; compatible; ClaudeBot/1.0; +claudebot@anthropic.com)"
216.73.216.104 - - [15/May/2025:12:46:39 +0000] "GET /shopdetail/20786038 HTTP/1.1" 404 32843 "-" "Mozilla/5.0 AppleWebKit/537.36 (KHTML, like Gecko; compatible; ClaudeBot/1.0; +claudebot@anthropic.com)"
203.161.61.57 - - [15/May/2025:12:45:52 +0000] "GET /wp-admin/admin-ajax.php?action=wordfence_doScan&isFork=1&scanMode=standard&cronKey=1f531d8ae40681094266229ca3a81ef6&signature=741a5bf0f40cfe23fdd82d3ee675648e12e6ea09d3c6425052affcf974469550 HTTP/1.1" 200 - "-" "WordPress/6.8.1; https://pacja.org"
216.73.216.104 - - [15/May/2025:12:46:40 +0000] "GET /shopdetail/18586449 HTTP/1.1" 404 32843 "-" "Mozilla/5.0 AppleWebKit/537.36 (KHTML, like Gecko; compatible; ClaudeBot/1.0; +claudebot@anthropic.com)"
216.73.216.104 - - [15/May/2025:12:46:41 +0000] "GET /shopdetail/13704772 HTTP/1.1" 404 32841 "-" "Mozilla/5.0 AppleWebKit/537.36 (KHTML, like Gecko; compatible; ClaudeBot/1.0; +claudebot@anthropic.com)"
66.249.68.37 - - [15/May/2025:12:46:48 +0000] "GET /shopdetail/10589227 HTTP/1.1" 200 18885 "-" "Mozilla/5.0 (Linux; Android 6.0.1; Nexus 5X Build/MMB29P) AppleWebKit/537.36 (KHTML, like Gecko) Chrome/136.0.7103.59 Mobile Safari/537.36 (compatible; Googlebot/2.1; +http://www.google.com/bot.html)"
217.113.194.237 - - [15/May/2025:12:46:48 +0000] "GET /climate-justice-torch/ HTTP/1.1" 403 - "-" "Mozilla/5.0 (compatible; Barkrowler/0.9; +https://babbar.tech/crawler)"
66.249.79.201 - - [15/May/2025:12:47:10 +0000] "GET /shopdetail/10488016 HTTP/1.1" 200 18909 "-" "Mozilla/5.0 (compatible; Googlebot/2.1; +http://www.google.com/bot.html)"
18.221.158.72 - - [15/May/2025:12:47:22 +0000] "GET /shopdetail/23003816 HTTP/1.1" 404 32844 "-" "Mozilla/5.0 AppleWebKit/537.36 (KHTML, like Gecko; compatible; ClaudeBot/1.0; +claudebot@anthropic.com)"
18.221.158.72 - - [15/May/2025:12:47:23 +0000] "GET /shopdetail/14095616 HTTP/1.1" 404 32844 "-" "Mozilla/5.0 AppleWebKit/537.36 (KHTML, like Gecko; compatible; ClaudeBot/1.0; +claudebot@anthropic.com)"
18.221.158.72 - - [15/May/2025:12:47:23 +0000] "GET /shopdetail/12759838 HTTP/1.1" 404 32844 "-" "Mozilla/5.0 AppleWebKit/537.36 (KHTML, like Gecko; compatible; ClaudeBot/1.0; +claudebot@anthropic.com)"
18.221.158.72 - - [15/May/2025:12:47:24 +0000] "GET /shopdetail/24939916 HTTP/1.1" 404 32845 "-" "Mozilla/5.0 AppleWebKit/537.36 (KHTML, like Gecko; compatible; ClaudeBot/1.0; +claudebot@anthropic.com)"
18.221.158.72 - - [15/May/2025:12:47:25 +0000] "GET /shopdetail/12897549 HTTP/1.1" 404 32844 "-" "Mozilla/5.0 AppleWebKit/537.36 (KHTML, like Gecko; compatible; ClaudeBot/1.0; +claudebot@anthropic.com)"
18.221.158.72 - - [15/May/2025:12:47:26 +0000] "GET /shopdetail/24062216 HTTP/1.1" 404 32844 "-" "Mozilla/5.0 AppleWebKit/537.36 (KHTML, like Gecko; compatible; ClaudeBot/1.0; +claudebot@anthropic.com)"
18.221.158.72 - - [15/May/2025:12:47:27 +0000] "GET /shopdetail/26487716 HTTP/1.1" 404 32845 "-" "Mozilla/5.0 AppleWebKit/537.36 (KHTML, like Gecko; compatible; ClaudeBot/1.0; +claudebot@anthropic.com)"
18.221.158.72 - - [15/May/2025:12:47:28 +0000] "GET /shopdetail/24013816 HTTP/1.1" 404 32844 "-" "Mozilla/5.0 AppleWebKit/537.36 (KHTML, like Gecko; compatible; ClaudeBot/1.0; +claudebot@anthropic.com)"
203.161.61.57 - - [15/May/2025:12:46:40 +0000] "GET /wp-admin/admin-ajax.php?action=wordfence_doScan&isFork=1&scanMode=standard&cronKey=95c17e5c20751faf138d57a48e322151&signature=2d3f3a29ba3885468724b364fb3071b744ae0ccbdd757de008904569ab6070e9 HTTP/1.1" 200 - "-" "WordPress/6.8.1; https://pacja.org"
18.221.158.72 - - [15/May/2025:12:47:28 +0000] "GET /shopdetail/26452883 HTTP/1.1" 404 32845 "-" "Mozilla/5.0 AppleWebKit/537.36 (KHTML, like Gecko; compatible; ClaudeBot/1.0; +claudebot@anthropic.com)"
18.221.158.72 - - [15/May/2025:12:47:29 +0000] "GET /shopdetail/22202649 HTTP/1.1" 404 32844 "-" "Mozilla/5.0 AppleWebKit/537.36 (KHTML, like Gecko; compatible; ClaudeBot/1.0; +claudebot@anthropic.com)"
18.221.158.72 - - [15/May/2025:12:47:31 +0000] "GET /shopdetail/21491638 HTTP/1.1" 404 32845 "-" "Mozilla/5.0 AppleWebKit/537.36 (KHTML, like Gecko; compatible; ClaudeBot/1.0; +claudebot@anthropic.com)"
18.221.158.72 - - [15/May/2025:12:47:32 +0000] "GET /shopdetail/17905961 HTTP/1.1" 404 32844 "-" "Mozilla/5.0 AppleWebKit/537.36 (KHTML, like Gecko; compatible; ClaudeBot/1.0; +claudebot@anthropic.com)"
18.221.158.72 - - [15/May/2025:12:47:32 +0000] "GET /shopdetail/14986883 HTTP/1.1" 404 32844 "-" "Mozilla/5.0 AppleWebKit/537.36 (KHTML, like Gecko; compatible; ClaudeBot/1.0; +claudebot@anthropic.com)"
18.221.158.72 - - [15/May/2025:12:47:33 +0000] "GET /shopdetail/11758316 HTTP/1.1" 404 32844 "-" "Mozilla/5.0 AppleWebKit/537.36 (KHTML, like Gecko; compatible; ClaudeBot/1.0; +claudebot@anthropic.com)"
18.221.158.72 - - [15/May/2025:12:47:34 +0000] "GET /shopdetail/28776616 HTTP/1.1" 404 32845 "-" "Mozilla/5.0 AppleWebKit/537.36 (KHTML, like Gecko; compatible; ClaudeBot/1.0; +claudebot@anthropic.com)"
18.221.158.72 - - [15/May/2025:12:47:35 +0000] "GET /shopdetail/12076283 HTTP/1.1" 404 32844 "-" "Mozilla/5.0 AppleWebKit/537.36 (KHTML, like Gecko; compatible; ClaudeBot/1.0; +claudebot@anthropic.com)"
18.221.158.72 - - [15/May/2025:12:47:34 +0000] "GET /shopdetail/25857538 HTTP/1.1" 404 32845 "-" "Mozilla/5.0 AppleWebKit/537.36 (KHTML, like Gecko; compatible; ClaudeBot/1.0; +claudebot@anthropic.com)"
18.221.158.72 - - [15/May/2025:12:47:36 +0000] "GET /shopdetail/15686072 HTTP/1.1" 404 32841 "-" "Mozilla/5.0 AppleWebKit/537.36 (KHTML, like Gecko; compatible; ClaudeBot/1.0; +claudebot@anthropic.com)"
18.221.158.72 - - [15/May/2025:12:47:37 +0000] "GET /shopdetail/28546072 HTTP/1.1" 404 32843 "-" "Mozilla/5.0 AppleWebKit/537.36 (KHTML, like Gecko; compatible; ClaudeBot/1.0; +claudebot@anthropic.com)"
18.221.158.72 - - [15/May/2025:12:47:39 +0000] "GET /shopdetail/16182994 HTTP/1.1" 404 32844 "-" "Mozilla/5.0 AppleWebKit/537.36 (KHTML, like Gecko; compatible; ClaudeBot/1.0; +claudebot@anthropic.com)"
66.249.79.199 - - [15/May/2025:12:47:40 +0000] "GET /?_gl=1*rgknbr*_ga*MzY3MjE1MDcwLjE3MzcwOTUyMjA.*_ga_0VKVKKN4NV*MTczNzEwMjM4NC4yLjEuMTczNzEwMjQ1My42MC4wLjA.&_bd_prev_page=https://pacja.org/detail.php?shopdetail/13385716 HTTP/1.1" 200 19083 "-" "Mozilla/5.0 (compatible; Googlebot/2.1; +http://www.google.com/bot.html)"
18.221.158.72 - - [15/May/2025:12:47:40 +0000] "GET /shopdetail/8585950 HTTP/1.1" 404 32843 "-" "Mozilla/5.0 AppleWebKit/537.36 (KHTML, like Gecko; compatible; ClaudeBot/1.0; +claudebot@anthropic.com)"
18.221.158.72 - - [15/May/2025:12:47:41 +0000] "GET /shopdetail/11893450 HTTP/1.1" 404 32843 "-" "Mozilla/5.0 AppleWebKit/537.36 (KHTML, like Gecko; compatible; ClaudeBot/1.0; +claudebot@anthropic.com)"
18.221.158.72 - - [15/May/2025:12:47:38 +0000] "GET /shopdetail/20490116 HTTP/1.1" 404 32844 "-" "Mozilla/5.0 AppleWebKit/537.36 (KHTML, like Gecko; compatible; ClaudeBot/1.0; +claudebot@anthropic.com)"
18.221.158.72 - - [15/May/2025:12:47:42 +0000] "GET /shopdetail/2289716 HTTP/1.1" 404 32844 "-" "Mozilla/5.0 AppleWebKit/537.36 (KHTML, like Gecko; compatible; ClaudeBot/1.0; +claudebot@anthropic.com)"
66.249.68.39 - - [15/May/2025:12:47:45 +0000] "GET /pcmypage?callback=/product%2Fdetail%2F80033804 HTTP/1.1" 200 21032 "-" "Mozilla/5.0 (compatible; Googlebot/2.1; +http://www.google.com/bot.html)"
18.221.158.72 - - [15/May/2025:12:47:43 +0000] "GET /shopdetail/19463038 HTTP/1.1" 404 32844 "-" "Mozilla/5.0 AppleWebKit/537.36 (KHTML, like Gecko; compatible; ClaudeBot/1.0; +claudebot@anthropic.com)"
18.221.158.72 - - [15/May/2025:12:47:44 +0000] "GET /shopdetail/14441049 HTTP/1.1" 404 32844 "-" "Mozilla/5.0 AppleWebKit/537.36 (KHTML, like Gecko; compatible; ClaudeBot/1.0; +claudebot@anthropic.com)"
18.221.158.72 - - [15/May/2025:12:47:45 +0000] "GET /shopdetail/9222705 HTTP/1.1" 404 32843 "-" "Mozilla/5.0 AppleWebKit/537.36 (KHTML, like Gecko; compatible; ClaudeBot/1.0; +claudebot@anthropic.com)"
18.221.158.72 - - [15/May/2025:12:47:46 +0000] "GET /shopdetail/17182616 HTTP/1.1" 404 32844 "-" "Mozilla/5.0 AppleWebKit/537.36 (KHTML, like Gecko; compatible; ClaudeBot/1.0; +claudebot@anthropic.com)"
18.221.158.72 - - [15/May/2025:12:47:48 +0000] "GET /shopdetail/26339927 HTTP/1.1" 404 32845 "-" "Mozilla/5.0 AppleWebKit/537.36 (KHTML, like Gecko; compatible; ClaudeBot/1.0; +claudebot@anthropic.com)"
18.221.158.72 - - [15/May/2025:12:47:47 +0000] "GET /shopdetail/27771605 HTTP/1.1" 404 32845 "-" "Mozilla/5.0 AppleWebKit/537.36 (KHTML, like Gecko; compatible; ClaudeBot/1.0; +claudebot@anthropic.com)"
18.221.158.72 - - [15/May/2025:12:47:49 +0000] "GET /shopdetail/9181305 HTTP/1.1" 404 32844 "-" "Mozilla/5.0 AppleWebKit/537.36 (KHTML, like Gecko; compatible; ClaudeBot/1.0; +claudebot@anthropic.com)"
18.221.158.72 - - [15/May/2025:12:47:50 +0000] "GET /shopdetail/20379861 HTTP/1.1" 404 32844 "-" "Mozilla/5.0 AppleWebKit/537.36 (KHTML, like Gecko; compatible; ClaudeBot/1.0; +claudebot@anthropic.com)"
18.221.158.72 - - [15/May/2025:12:47:51 +0000] "GET /shopdetail/27143350 HTTP/1.1" 404 32844 "-" "Mozilla/5.0 AppleWebKit/537.36 (KHTML, like Gecko; compatible; ClaudeBot/1.0; +claudebot@anthropic.com)"
18.221.158.72 - - [15/May/2025:12:47:52 +0000] "GET /shopdetail/14735061 HTTP/1.1" 404 32844 "-" "Mozilla/5.0 AppleWebKit/537.36 (KHTML, like Gecko; compatible; ClaudeBot/1.0; +claudebot@anthropic.com)"
18.221.158.72 - - [15/May/2025:12:47:53 +0000] "GET /shopdetail/20776761 HTTP/1.1" 404 32844 "-" "Mozilla/5.0 AppleWebKit/537.36 (KHTML, like Gecko; compatible; ClaudeBot/1.0; +claudebot@anthropic.com)"
18.221.158.72 - - [15/May/2025:12:47:54 +0000] "GET /shopdetail/15446727 HTTP/1.1" 404 32842 "-" "Mozilla/5.0 AppleWebKit/537.36 (KHTML, like Gecko; compatible; ClaudeBot/1.0; +claudebot@anthropic.com)"
18.221.158.72 - - [15/May/2025:12:47:55 +0000] "GET /shopdetail/18346961 HTTP/1.1" 404 32844 "-" "Mozilla/5.0 AppleWebKit/537.36 (KHTML, like Gecko; compatible; ClaudeBot/1.0; +claudebot@anthropic.com)"
18.221.158.72 - - [15/May/2025:12:47:56 +0000] "GET /shopdetail/25744572 HTTP/1.1" 404 32843 "-" "Mozilla/5.0 AppleWebKit/537.36 (KHTML, like Gecko; compatible; ClaudeBot/1.0; +claudebot@anthropic.com)"
18.221.158.72 - - [15/May/2025:12:47:51 +0000] "GET /shopdetail/20218149 HTTP/1.1" 404 32843 "-" "Mozilla/5.0 AppleWebKit/537.36 (KHTML, like Gecko; compatible; ClaudeBot/1.0; +claudebot@anthropic.com)"
18.221.158.72 - - [15/May/2025:12:47:57 +0000] "GET /shopdetail/11452472 HTTP/1.1" 404 32842 "-" "Mozilla/5.0 AppleWebKit/537.36 (KHTML, like Gecko; compatible; ClaudeBot/1.0; +claudebot@anthropic.com)"
18.221.158.72 - - [15/May/2025:12:47:58 +0000] "GET /shopdetail/30308927 HTTP/1.1" 404 32845 "-" "Mozilla/5.0 AppleWebKit/537.36 (KHTML, like Gecko; compatible; ClaudeBot/1.0; +claudebot@anthropic.com)"
