105.179.11.30 - - [15/May/2025:13:23:05 +0000] "GET /wp-includes/js/dist/i18n.min.js?ver=5e580eb46a90c2b997e6 HTTP/1.1" 200 3667 "https://pacja.org/" "Mozilla/5.0 (Windows NT 10.0; Win64; x64) AppleWebKit/537.36 (KHTML, like Gecko) Chrome/136.0.0.0 Safari/537.36"
105.179.11.30 - - [15/May/2025:13:23:05 +0000] "GET /wp-includes/js/dist/a11y.min.js?ver=3156534cc54473497e14 HTTP/1.1" 200 956 "https://pacja.org/" "Mozilla/5.0 (Windows NT 10.0; Win64; x64) AppleWebKit/537.36 (KHTML, like Gecko) Chrome/136.0.0.0 Safari/537.36"
105.179.11.30 - - [15/May/2025:13:23:05 +0000] "GET /wp-includes/js/jquery/ui/autocomplete.min.js?ver=1.13.3 HTTP/1.1" 200 2905 "https://pacja.org/" "Mozilla/5.0 (Windows NT 10.0; Win64; x64) AppleWebKit/537.36 (KHTML, like Gecko) Chrome/136.0.0.0 Safari/537.36"
105.179.11.30 - - [15/May/2025:13:23:05 +0000] "GET /wp-content/plugins/advance-search/inc/common/js/advance-search.js?ver=1.1.6 HTTP/1.1" 200 1185 "https://pacja.org/" "Mozilla/5.0 (Windows NT 10.0; Win64; x64) AppleWebKit/537.36 (KHTML, like Gecko) Chrome/136.0.0.0 Safari/537.36"
105.179.11.30 - - [15/May/2025:13:23:05 +0000] "GET /wp-content/plugins/contact-form-7/includes/swv/js/index.js?ver=6.0.6 HTTP/1.1" 200 3503 "https://pacja.org/" "Mozilla/5.0 (Windows NT 10.0; Win64; x64) AppleWebKit/537.36 (KHTML, like Gecko) Chrome/136.0.0.0 Safari/537.36"
105.179.11.30 - - [15/May/2025:13:23:05 +0000] "GET /wp-content/plugins/contact-form-7/includes/js/index.js?ver=6.0.6 HTTP/1.1" 200 4265 "https://pacja.org/" "Mozilla/5.0 (Windows NT 10.0; Win64; x64) AppleWebKit/537.36 (KHTML, like Gecko) Chrome/136.0.0.0 Safari/537.36"
105.179.11.30 - - [15/May/2025:13:23:05 +0000] "GET /wp-includes/js/jquery/jquery.form.min.js?ver=4.3.0 HTTP/1.1" 200 5958 "https://pacja.org/" "Mozilla/5.0 (Windows NT 10.0; Win64; x64) AppleWebKit/537.36 (KHTML, like Gecko) Chrome/136.0.0.0 Safari/537.36"
105.179.11.30 - - [15/May/2025:13:23:05 +0000] "GET /wp-content/plugins/flickr-stream/js/frontend.min.js?ver=1.3 HTTP/1.1" 200 1777 "https://pacja.org/" "Mozilla/5.0 (Windows NT 10.0; Win64; x64) AppleWebKit/537.36 (KHTML, like Gecko) Chrome/136.0.0.0 Safari/537.36"
105.179.11.30 - - [15/May/2025:13:23:05 +0000] "GET /wp-content/plugins/quick-event-manager/legacy/quick-event-manager.js?ver=9.14 HTTP/1.1" 200 4698 "https://pacja.org/" "Mozilla/5.0 (Windows NT 10.0; Win64; x64) AppleWebKit/537.36 (KHTML, like Gecko) Chrome/136.0.0.0 Safari/537.36"
105.179.11.30 - - [15/May/2025:13:23:06 +0000] "GET /wp-includes/js/jquery/ui/accordion.min.js?ver=1.13.3 HTTP/1.1" 200 2783 "https://pacja.org/" "Mozilla/5.0 (Windows NT 10.0; Win64; x64) AppleWebKit/537.36 (KHTML, like Gecko) Chrome/136.0.0.0 Safari/537.36"
105.179.11.30 - - [15/May/2025:13:23:06 +0000] "GET /wp-includes/js/jquery/ui/tabs.min.js?ver=1.13.3 HTTP/1.1" 200 3945 "https://pacja.org/" "Mozilla/5.0 (Windows NT 10.0; Win64; x64) AppleWebKit/537.36 (KHTML, like Gecko) Chrome/136.0.0.0 Safari/537.36"
105.179.11.30 - - [15/May/2025:13:23:06 +0000] "GET /wp-content/themes/pacja.../js/plugins.js?ver=20.6.4 HTTP/1.1" 200 53788 "https://pacja.org/" "Mozilla/5.0 (Windows NT 10.0; Win64; x64) AppleWebKit/537.36 (KHTML, like Gecko) Chrome/136.0.0.0 Safari/537.36"
105.179.11.30 - - [15/May/2025:13:23:06 +0000] "GET /wp-content/themes/pacja.../js/menu.js?ver=20.6.4 HTTP/1.1" 200 862 "https://pacja.org/" "Mozilla/5.0 (Windows NT 10.0; Win64; x64) AppleWebKit/537.36 (KHTML, like Gecko) Chrome/136.0.0.0 Safari/537.36"
105.179.11.30 - - [15/May/2025:13:23:06 +0000] "GET /wp-content/themes/pacja.../assets/animations/animations.min.js?ver=20.6.4 HTTP/1.1" 200 624 "https://pacja.org/" "Mozilla/5.0 (Windows NT 10.0; Win64; x64) AppleWebKit/537.36 (KHTML, like Gecko) Chrome/136.0.0.0 Safari/537.36"
105.179.11.30 - - [15/May/2025:13:23:06 +0000] "GET /wp-content/themes/pacja.../assets/jplayer/jplayer.min.js?ver=20.6.4 HTTP/1.1" 200 12737 "https://pacja.org/" "Mozilla/5.0 (Windows NT 10.0; Win64; x64) AppleWebKit/537.36 (KHTML, like Gecko) Chrome/136.0.0.0 Safari/537.36"
105.179.11.30 - - [15/May/2025:13:23:06 +0000] "GET /wp-content/themes/pacja.../js/parallax/translate3d.js?ver=20.6.4 HTTP/1.1" 200 1659 "https://pacja.org/" "Mozilla/5.0 (Windows NT 10.0; Win64; x64) AppleWebKit/537.36 (KHTML, like Gecko) Chrome/136.0.0.0 Safari/537.36"
105.179.11.30 - - [15/May/2025:13:23:06 +0000] "GET /wp-content/themes/pacja.../js/parallax/smoothscroll.js?ver=20.6.4 HTTP/1.1" 200 3038 "https://pacja.org/" "Mozilla/5.0 (Windows NT 10.0; Win64; x64) AppleWebKit/537.36 (KHTML, like Gecko) Chrome/136.0.0.0 Safari/537.36"
105.179.11.30 - - [15/May/2025:13:23:06 +0000] "GET /wp-content/themes/pacja.../js/scripts.js?ver=20.6.4 HTTP/1.1" 200 14701 "https://pacja.org/" "Mozilla/5.0 (Windows NT 10.0; Win64; x64) AppleWebKit/537.36 (KHTML, like Gecko) Chrome/136.0.0.0 Safari/537.36"
105.179.11.30 - - [15/May/2025:13:23:07 +0000] "GET /wp-content/plugins/essential-addons-for-elementor-lite/assets/front-end/js/view/general.min.js?ver=6.1.4 HTTP/1.1" 200 4088 "https://pacja.org/" "Mozilla/5.0 (Windows NT 10.0; Win64; x64) AppleWebKit/537.36 (KHTML, like Gecko) Chrome/136.0.0.0 Safari/537.36"
105.179.11.30 - - [15/May/2025:13:23:07 +0000] "GET /wp-content/plugins/contact-form-7/modules/recaptcha/index.js?ver=6.0.6 HTTP/1.1" 200 483 "https://pacja.org/" "Mozilla/5.0 (Windows NT 10.0; Win64; x64) AppleWebKit/537.36 (KHTML, like Gecko) Chrome/136.0.0.0 Safari/537.36"
105.179.11.30 - - [15/May/2025:13:23:07 +0000] "GET /wp-includes/js/dist/vendor/wp-polyfill.min.js?ver=3.15.0 HTTP/1.1" 200 14471 "https://pacja.org/" "Mozilla/5.0 (Windows NT 10.0; Win64; x64) AppleWebKit/537.36 (KHTML, like Gecko) Chrome/136.0.0.0 Safari/537.36"
105.179.11.30 - - [15/May/2025:13:23:07 +0000] "GET /wp-content/plugins/youtube-embed-plus/scripts/fitvids.min.js?ver=14.2.1.3 HTTP/1.1" 200 1051 "https://pacja.org/" "Mozilla/5.0 (Windows NT 10.0; Win64; x64) AppleWebKit/537.36 (KHTML, like Gecko) Chrome/136.0.0.0 Safari/537.36"
105.179.11.30 - - [15/May/2025:13:23:07 +0000] "GET /wp-content/plugins/add-search-to-menu/public/js/ivory-search.min.js?ver=5.5.9 HTTP/1.1" 200 1220 "https://pacja.org/" "Mozilla/5.0 (Windows NT 10.0; Win64; x64) AppleWebKit/537.36 (KHTML, like Gecko) Chrome/136.0.0.0 Safari/537.36"
105.179.11.30 - - [15/May/2025:13:23:07 +0000] "GET /wp-content/plugins/js_composer/assets/js/dist/js_composer_front.min.js?ver=7.9 HTTP/1.1" 200 5146 "https://pacja.org/" "Mozilla/5.0 (Windows NT 10.0; Win64; x64) AppleWebKit/537.36 (KHTML, like Gecko) Chrome/136.0.0.0 Safari/537.36"
105.179.11.30 - - [15/May/2025:13:23:07 +0000] "GET /wp-content/plugins/interactive-geo-maps-premium/assets/public/map-service/app.min.js?ver=1.5.6 HTTP/1.1" 200 22845 "https://pacja.org/" "Mozilla/5.0 (Windows NT 10.0; Win64; x64) AppleWebKit/537.36 (KHTML, like Gecko) Chrome/136.0.0.0 Safari/537.36"
105.179.11.30 - - [15/May/2025:13:23:07 +0000] "GET /wp-content/plugins/google-analytics-for-wordpress/assets/js/frontend-gtag.min.js?ver=9.5.3 HTTP/1.1" 200 3277 "https://pacja.org/" "Mozilla/5.0 (Windows NT 10.0; Win64; x64) AppleWebKit/537.36 (KHTML, like Gecko) Chrome/136.0.0.0 Safari/537.36"
105.179.11.30 - - [15/May/2025:13:23:07 +0000] "GET /wp-content/plugins/interactive-3d-flipbook-powered-physics-engine/assets/js/client-locale-loader.js?ver=1.16.15 HTTP/1.1" 200 753 "https://pacja.org/" "Mozilla/5.0 (Windows NT 10.0; Win64; x64) AppleWebKit/537.36 (KHTML, like Gecko) Chrome/136.0.0.0 Safari/537.36"
105.179.11.30 - - [15/May/2025:13:23:07 +0000] "GET /wp-content/plugins/revslider/sr6/assets/js/rbtools.min.js?ver=6.7.18 HTTP/1.1" 200 61824 "https://pacja.org/" "Mozilla/5.0 (Windows NT 10.0; Win64; x64) AppleWebKit/537.36 (KHTML, like Gecko) Chrome/136.0.0.0 Safari/537.36"
105.179.11.30 - - [15/May/2025:13:23:08 +0000] "GET /wp-content/plugins/gtranslate/js/dwf.js?ver=d6d318ac8eaa702f795eb12f2dd73d9f HTTP/1.1" 200 6254 "https://pacja.org/" "Mozilla/5.0 (Windows NT 10.0; Win64; x64) AppleWebKit/537.36 (KHTML, like Gecko) Chrome/136.0.0.0 Safari/537.36"
105.179.11.30 - - [15/May/2025:13:23:08 +0000] "GET /wp-content/plugins/akismet/_inc/akismet-frontend.js?ver=1740001267 HTTP/1.1" 200 3293 "https://pacja.org/" "Mozilla/5.0 (Windows NT 10.0; Win64; x64) AppleWebKit/537.36 (KHTML, like Gecko) Chrome/136.0.0.0 Safari/537.36"
105.179.11.30 - - [15/May/2025:13:23:08 +0000] "GET /wp-content/uploads/2022/09/people-1.png HTTP/1.1" 200 2874 "https://pacja.org/" "Mozilla/5.0 (Windows NT 10.0; Win64; x64) AppleWebKit/537.36 (KHTML, like Gecko) Chrome/136.0.0.0 Safari/537.36"
105.179.11.30 - - [15/May/2025:13:23:08 +0000] "GET /wp-content/uploads/2022/09/rights-based-2.png HTTP/1.1" 200 3848 "https://pacja.org/" "Mozilla/5.0 (Windows NT 10.0; Win64; x64) AppleWebKit/537.36 (KHTML, like Gecko) Chrome/136.0.0.0 Safari/537.36"
105.179.11.30 - - [15/May/2025:13:23:08 +0000] "GET /wp-content/uploads/2022/09/justice-rights-based-1.png HTTP/1.1" 200 3215 "https://pacja.org/" "Mozilla/5.0 (Windows NT 10.0; Win64; x64) AppleWebKit/537.36 (KHTML, like Gecko) Chrome/136.0.0.0 Safari/537.36"
105.179.11.30 - - [15/May/2025:13:23:08 +0000] "GET /wp-content/uploads/2024/09/54_operation_countries_blue_background.png HTTP/1.1" 200 6677 "https://pacja.org/" "Mozilla/5.0 (Windows NT 10.0; Win64; x64) AppleWebKit/537.36 (KHTML, like Gecko) Chrome/136.0.0.0 Safari/537.36"
105.179.11.30 - - [15/May/2025:13:23:08 +0000] "GET /wp-content/uploads/2024/09/centered_2000_plus_members.png HTTP/1.1" 200 6115 "https://pacja.org/" "Mozilla/5.0 (Windows NT 10.0; Win64; x64) AppleWebKit/537.36 (KHTML, like Gecko) Chrome/136.0.0.0 Safari/537.36"
105.179.11.30 - - [15/May/2025:13:23:08 +0000] "GET /wp-content/plugins/gtranslate/flags/svg/en.svg HTTP/1.1" 200 446 "https://pacja.org/" "Mozilla/5.0 (Windows NT 10.0; Win64; x64) AppleWebKit/537.36 (KHTML, like Gecko) Chrome/136.0.0.0 Safari/537.36"
105.179.11.30 - - [15/May/2025:13:23:08 +0000] "GET /wp-content/uploads/2024/09/4_thematic_areas_green_background.png HTTP/1.1" 200 4847 "https://pacja.org/" "Mozilla/5.0 (Windows NT 10.0; Win64; x64) AppleWebKit/537.36 (KHTML, like Gecko) Chrome/136.0.0.0 Safari/537.36"
105.179.11.30 - - [15/May/2025:13:23:09 +0000] "GET /wp-content/uploads/2022/10/partners-and-donors.png HTTP/1.1" 200 12915 "https://pacja.org/" "Mozilla/5.0 (Windows NT 10.0; Win64; x64) AppleWebKit/537.36 (KHTML, like Gecko) Chrome/136.0.0.0 Safari/537.36"
105.179.11.30 - - [15/May/2025:13:23:09 +0000] "GET /wp-includes/js/wp-emoji-release.min.js?ver=d6d318ac8eaa702f795eb12f2dd73d9f HTTP/1.1" 200 5166 "https://pacja.org/" "Mozilla/5.0 (Windows NT 10.0; Win64; x64) AppleWebKit/537.36 (KHTML, like Gecko) Chrome/136.0.0.0 Safari/537.36"
105.179.11.30 - - [15/May/2025:13:23:09 +0000] "GET /wp-content/uploads/matomo/matomo.js HTTP/1.1" 200 21952 "https://pacja.org/" "Mozilla/5.0 (Windows NT 10.0; Win64; x64) AppleWebKit/537.36 (KHTML, like Gecko) Chrome/136.0.0.0 Safari/537.36"
105.179.11.30 - - [15/May/2025:13:23:07 +0000] "GET /wp-content/plugins/revslider/sr6/assets/js/rs6.min.js?ver=6.7.18 HTTP/1.1" 200 108972 "https://pacja.org/" "Mozilla/5.0 (Windows NT 10.0; Win64; x64) AppleWebKit/537.36 (KHTML, like Gecko) Chrome/136.0.0.0 Safari/537.36"
105.179.11.30 - - [15/May/2025:13:23:08 +0000] "GET /wp-json/contact-form-7/v1/contact-forms/102/feedback/schema HTTP/1.1" 200 156 "https://pacja.org/" "Mozilla/5.0 (Windows NT 10.0; Win64; x64) AppleWebKit/537.36 (KHTML, like Gecko) Chrome/136.0.0.0 Safari/537.36"
105.179.11.30 - - [15/May/2025:13:23:09 +0000] "POST /wp-content/plugins/matomo/app/matomo.php?action_name=PACJA-%20Pan%20African%20Climate%20Justice%20Alliance&idsite=1&rec=1&r=104549&h=14&m=23&s=8&url=https%3A%2F%2Fpacja.org%2F&urlref=https%3A%2F%2Fwww.google.com%2F&_id=34269048e8d33d82&_idn=1&send_image=0&_refts=1747315388&_ref=https%3A%2F%2Fwww.google.com%2F&pv_id=A1epyF&pf_net=739&pf_srv=4104&pf_tfr=1&pf_dm1=11374&uadata=%7B%22formFactors%22%3A%5B%22Desktop%22%5D%2C%22fullVersionList%22%3A%5B%7B%22brand%22%3A%22Chromium%22%2C%22version%22%3A%22136.0.7103.93%22%7D%2C%7B%22brand%22%3A%22Google%20Chrome%22%2C%22version%22%3A%22136.0.7103.93%22%7D%2C%7B%22brand%22%3A%22Not.A%2FBrand%22%2C%22version%22%3A%2299.0.0.0%22%7D%5D%2C%22mobile%22%3Afalse%2C%22model%22%3A%22%22%2C%22platform%22%3A%22Windows%22%2C%22platformVersion%22%3A%2210.0.0%22%7D&pdf=1&qt=0&realp=0&wma=0&fla=0&java=0&ag=0&cookie=1&res=1366x768 HTTP/1.1" 204 - "https://pacja.org/" "Mozilla/5.0 (Windows NT 10.0; Win64; x64) AppleWebKit/537.36 (KHTML, like Gecko) Chrome/136.0.0.0 Safari/537.36"
105.179.11.30 - - [15/May/2025:13:23:12 +0000] "GET /wp-content/uploads/2025/05/NSSCJ-V_Cohort-V-closedj-scaled-e1746691383365.jpg HTTP/1.1" 200 161620 "https://pacja.org/" "Mozilla/5.0 (Windows NT 10.0; Win64; x64) AppleWebKit/537.36 (KHTML, like Gecko) Chrome/136.0.0.0 Safari/537.36"
105.179.11.30 - - [15/May/2025:13:23:08 +0000] "GET /wp-content/uploads/2024/03/Decade-of-action-.png HTTP/1.1" 200 578061 "https://pacja.org/" "Mozilla/5.0 (Windows NT 10.0; Win64; x64) AppleWebKit/537.36 (KHTML, like Gecko) Chrome/136.0.0.0 Safari/537.36"
105.179.11.30 - - [15/May/2025:13:23:16 +0000] "GET /wp-content/uploads/2023/01/Latest_news_.jpg HTTP/1.1" 200 145105 "https://pacja.org/" "Mozilla/5.0 (Windows NT 10.0; Win64; x64) AppleWebKit/537.36 (KHTML, like Gecko) Chrome/136.0.0.0 Safari/537.36"
105.179.11.30 - - [15/May/2025:13:23:16 +0000] "GET /wp-content/uploads/2022/10/logo2.png HTTP/1.1" 200 112411 "https://pacja.org/" "Mozilla/5.0 (Windows NT 10.0; Win64; x64) AppleWebKit/537.36 (KHTML, like Gecko) Chrome/136.0.0.0 Safari/537.36"
35.208.173.41 - - [15/May/2025:13:23:20 +0000] "GET /shopdetail/12790027 HTTP/1.1" 404 32841 "-" "Buck/2.4.5; (+https://app.hypefactors.com/media-monitoring/about.html)"
47.238.13.15 - - [15/May/2025:13:23:22 +0000] "GET /3d-flip-book-category-sitemap.xml HTTP/1.1" 200 4298 "-" "Mozilla/5.0 (Macintosh; Intel Mac OS X 10_15_7) AppleWebKit/537.36 (KHTML, like Gecko) Chrome/109.0.0.0 Safari/537.36"
52.15.242.179 - - [15/May/2025:13:23:29 +0000] "GET /robots.txt HTTP/1.1" 200 162 "-" "Mozilla/5.0 AppleWebKit/537.36 (KHTML, like Gecko; compatible; ClaudeBot/1.0; +claudebot@anthropic.com)"
52.15.242.179 - - [15/May/2025:13:23:29 +0000] "GET /shopdetail/22011561 HTTP/1.1" 404 32844 "-" "Mozilla/5.0 AppleWebKit/537.36 (KHTML, like Gecko; compatible; ClaudeBot/1.0; +claudebot@anthropic.com)"
52.15.242.179 - - [15/May/2025:13:23:30 +0000] "GET /shopdetail/24351705 HTTP/1.1" 404 32844 "-" "Mozilla/5.0 AppleWebKit/537.36 (KHTML, like Gecko; compatible; ClaudeBot/1.0; +claudebot@anthropic.com)"
52.15.242.179 - - [15/May/2025:13:23:30 +0000] "GET /shopdetail/17248761 HTTP/1.1" 404 32843 "-" "Mozilla/5.0 AppleWebKit/537.36 (KHTML, like Gecko; compatible; ClaudeBot/1.0; +claudebot@anthropic.com)"
52.15.242.179 - - [15/May/2025:13:23:31 +0000] "GET /shopdetail/30320738 HTTP/1.1" 404 32844 "-" "Mozilla/5.0 AppleWebKit/537.36 (KHTML, like Gecko; compatible; ClaudeBot/1.0; +claudebot@anthropic.com)"
52.15.242.179 - - [15/May/2025:13:23:31 +0000] "GET /shopdetail/963583 HTTP/1.1" 404 32841 "-" "Mozilla/5.0 AppleWebKit/537.36 (KHTML, like Gecko; compatible; ClaudeBot/1.0; +claudebot@anthropic.com)"
52.15.242.179 - - [15/May/2025:13:23:31 +0000] "GET /shopdetail/30243927 HTTP/1.1" 404 32844 "-" "Mozilla/5.0 AppleWebKit/537.36 (KHTML, like Gecko; compatible; ClaudeBot/1.0; +claudebot@anthropic.com)"
52.15.242.179 - - [15/May/2025:13:23:32 +0000] "GET /shopdetail/14363050 HTTP/1.1" 404 32842 "-" "Mozilla/5.0 AppleWebKit/537.36 (KHTML, like Gecko; compatible; ClaudeBot/1.0; +claudebot@anthropic.com)"
52.15.242.179 - - [15/May/2025:13:23:33 +0000] "GET /shopdetail/14479738 HTTP/1.1" 404 32843 "-" "Mozilla/5.0 AppleWebKit/537.36 (KHTML, like Gecko; compatible; ClaudeBot/1.0; +claudebot@anthropic.com)"
52.15.242.179 - - [15/May/2025:13:23:33 +0000] "GET /shopdetail/10595727 HTTP/1.1" 404 32842 "-" "Mozilla/5.0 AppleWebKit/537.36 (KHTML, like Gecko; compatible; ClaudeBot/1.0; +claudebot@anthropic.com)"
52.15.242.179 - - [15/May/2025:13:23:34 +0000] "GET /shopdetail/20322983 HTTP/1.1" 404 32843 "-" "Mozilla/5.0 AppleWebKit/537.36 (KHTML, like Gecko; compatible; ClaudeBot/1.0; +claudebot@anthropic.com)"
105.179.11.30 - - [15/May/2025:13:23:38 +0000] "GET /wp-content/uploads/2022/10/policy.png HTTP/1.1" 200 2521 "https://pacja.org/" "Mozilla/5.0 (Windows NT 10.0; Win64; x64) AppleWebKit/537.36 (KHTML, like Gecko) Chrome/136.0.0.0 Safari/537.36"
52.15.242.179 - - [15/May/2025:13:23:36 +0000] "GET /shopdetail/17229550 HTTP/1.1" 404 32843 "-" "Mozilla/5.0 AppleWebKit/537.36 (KHTML, like Gecko; compatible; ClaudeBot/1.0; +claudebot@anthropic.com)"
105.179.11.30 - - [15/May/2025:13:23:38 +0000] "GET /wp-content/uploads/2022/10/engagement.png HTTP/1.1" 200 3003 "https://pacja.org/" "Mozilla/5.0 (Windows NT 10.0; Win64; x64) AppleWebKit/537.36 (KHTML, like Gecko) Chrome/136.0.0.0 Safari/537.36"
105.179.11.30 - - [15/May/2025:13:23:39 +0000] "GET /wp-content/uploads/2022/10/strengthening-institutions.png HTTP/1.1" 200 2729 "https://pacja.org/" "Mozilla/5.0 (Windows NT 10.0; Win64; x64) AppleWebKit/537.36 (KHTML, like Gecko) Chrome/136.0.0.0 Safari/537.36"
105.179.11.30 - - [15/May/2025:13:23:39 +0000] "GET /wp-content/uploads/2022/10/research.png HTTP/1.1" 200 3198 "https://pacja.org/" "Mozilla/5.0 (Windows NT 10.0; Win64; x64) AppleWebKit/537.36 (KHTML, like Gecko) Chrome/136.0.0.0 Safari/537.36"
105.179.11.30 - - [15/May/2025:13:23:39 +0000] "GET /wp-content/uploads/2022/10/SIDA-icon.png HTTP/1.1" 200 5523 "https://pacja.org/" "Mozilla/5.0 (Windows NT 10.0; Win64; x64) AppleWebKit/537.36 (KHTML, like Gecko) Chrome/136.0.0.0 Safari/537.36"
105.179.11.30 - - [15/May/2025:13:23:39 +0000] "GET /wp-content/uploads/2022/09/project.png HTTP/1.1" 200 4614 "https://pacja.org/" "Mozilla/5.0 (Windows NT 10.0; Win64; x64) AppleWebKit/537.36 (KHTML, like Gecko) Chrome/136.0.0.0 Safari/537.36"
105.179.11.30 - - [15/May/2025:13:23:39 +0000] "GET /wp-content/uploads/2022/10/IKI-Project-icon.png HTTP/1.1" 200 8743 "https://pacja.org/" "Mozilla/5.0 (Windows NT 10.0; Win64; x64) AppleWebKit/537.36 (KHTML, like Gecko) Chrome/136.0.0.0 Safari/537.36"
105.179.11.30 - - [15/May/2025:13:23:16 +0000] "GET /wp-content/uploads/2025/05/EJ-Campaign1-1.png HTTP/1.1" 200 1164990 "https://pacja.org/" "Mozilla/5.0 (Windows NT 10.0; Win64; x64) AppleWebKit/537.36 (KHTML, like Gecko) Chrome/136.0.0.0 Safari/537.36"
52.15.242.179 - - [15/May/2025:13:23:35 +0000] "GET /shopdetail/21204983 HTTP/1.1" 404 32844 "-" "Mozilla/5.0 AppleWebKit/537.36 (KHTML, like Gecko; compatible; ClaudeBot/1.0; +claudebot@anthropic.com)"
52.15.242.179 - - [15/May/2025:13:23:39 +0000] "GET /shopdetail/2818916 HTTP/1.1" 404 32843 "-" "Mozilla/5.0 AppleWebKit/537.36 (KHTML, like Gecko; compatible; ClaudeBot/1.0; +claudebot@anthropic.com)"
105.179.11.30 - - [15/May/2025:13:23:38 +0000] "GET /wp-content/uploads/2022/09/about-pic.jpg HTTP/1.1" 200 121442 "https://pacja.org/" "Mozilla/5.0 (Windows NT 10.0; Win64; x64) AppleWebKit/537.36 (KHTML, like Gecko) Chrome/136.0.0.0 Safari/537.36"
52.15.242.179 - - [15/May/2025:13:23:37 +0000] "GET /shopdetail/9545949 HTTP/1.1" 404 32843 "-" "Mozilla/5.0 AppleWebKit/537.36 (KHTML, like Gecko; compatible; ClaudeBot/1.0; +claudebot@anthropic.com)"
52.15.242.179 - - [15/May/2025:13:23:40 +0000] "GET /shopdetail/10446650 HTTP/1.1" 404 32842 "-" "Mozilla/5.0 AppleWebKit/537.36 (KHTML, like Gecko; compatible; ClaudeBot/1.0; +claudebot@anthropic.com)"
52.15.242.179 - - [15/May/2025:13:23:41 +0000] "GET /shopdetail/1694983 HTTP/1.1" 404 32842 "-" "Mozilla/5.0 AppleWebKit/537.36 (KHTML, like Gecko; compatible; ClaudeBot/1.0; +claudebot@anthropic.com)"
52.15.242.179 - - [15/May/2025:13:23:42 +0000] "GET /shopdetail/4294705 HTTP/1.1" 404 32842 "-" "Mozilla/5.0 AppleWebKit/537.36 (KHTML, like Gecko; compatible; ClaudeBot/1.0; +claudebot@anthropic.com)"
203.161.61.57 - - [15/May/2025:13:23:45 +0000] "POST /wp-cron.php?doing_wp_cron=1747315425.7760229110717773437500 HTTP/1.1" 200 - "-" "WordPress/6.8.1; https://pacja.org"
52.15.242.179 - - [15/May/2025:13:23:44 +0000] "GET /shopdetail/16891661 HTTP/1.1" 404 32843 "-" "Mozilla/5.0 AppleWebKit/537.36 (KHTML, like Gecko; compatible; ClaudeBot/1.0; +claudebot@anthropic.com)"
66.249.79.199 - - [15/May/2025:13:23:46 +0000] "GET /?_gl=1*rgknbr*_ga*MzY3MjE1MDcwLjE3MzcwOTUyMjA.*_ga_0VKVKKN4NV*MTczNzEwMjM4NC4yLjEuMTczNzEwMjQ1My42MC4wLjA.&_bd_prev_page=https://pacja.org/detail.php?shopdetail/13191638 HTTP/1.1" 200 21245 "-" "Mozilla/5.0 (Linux; Android 6.0.1; Nexus 5X Build/MMB29P) AppleWebKit/537.36 (KHTML, like Gecko) Chrome/136.0.7103.92 Mobile Safari/537.36 (compatible; Googlebot/2.1; +http://www.google.com/bot.html)"
203.161.61.57 - - [15/May/2025:13:23:46 +0000] "POST /wp-cron.php?doing_wp_cron=1747315426.8978428840637207031250 HTTP/1.1" 200 - "-" "WordPress/6.8.1; https://pacja.org"
52.15.242.179 - - [15/May/2025:13:23:40 +0000] "GET /shopdetail/27119738 HTTP/1.1" 404 32844 "-" "Mozilla/5.0 AppleWebKit/537.36 (KHTML, like Gecko; compatible; ClaudeBot/1.0; +claudebot@anthropic.com)"
203.161.61.57 - - [15/May/2025:13:23:48 +0000] "POST /wp-cron.php?doing_wp_cron=1747315428.1246490478515625000000 HTTP/1.1" 200 - "-" "WordPress/6.8.1; https://pacja.org"
52.15.242.179 - - [15/May/2025:13:23:45 +0000] "GET /shopdetail/28907350 HTTP/1.1" 404 32843 "-" "Mozilla/5.0 AppleWebKit/537.36 (KHTML, like Gecko; compatible; ClaudeBot/1.0; +claudebot@anthropic.com)"
52.15.242.179 - - [15/May/2025:13:23:46 +0000] "GET /shopdetail/4671738 HTTP/1.1" 404 32842 "-" "Mozilla/5.0 AppleWebKit/537.36 (KHTML, like Gecko; compatible; ClaudeBot/1.0; +claudebot@anthropic.com)"
105.179.11.30 - - [15/May/2025:13:23:47 +0000] "GET /wp-content/uploads/2025/03/4th-Loss-and-Damage-Conference_.jpg HTTP/1.1" 200 233551 "https://pacja.org/" "Mozilla/5.0 (Windows NT 10.0; Win64; x64) AppleWebKit/537.36 (KHTML, like Gecko) Chrome/136.0.0.0 Safari/537.36"
203.161.61.57 - - [15/May/2025:13:23:48 +0000] "POST /wp-admin/admin-ajax.php?action=async_litespeed&nonce=gdtXgVgcYJgyMYx74UU1uzOrNsuy22kT&litespeed_type=imgoptm HTTP/1.1" 200 21 "-" "WordPress/6.8.1; https://pacja.org"
52.15.242.179 - - [15/May/2025:13:23:48 +0000] "GET /shopdetail/11477727 HTTP/1.1" 404 32843 "-" "Mozilla/5.0 AppleWebKit/537.36 (KHTML, like Gecko; compatible; ClaudeBot/1.0; +claudebot@anthropic.com)"
203.161.61.57 - - [15/May/2025:13:23:51 +0000] "POST /wp-cron.php?doing_wp_cron=1747315431.1940000057220458984375 HTTP/1.1" 200 - "-" "WordPress/6.8.1; https://pacja.org"
52.15.242.179 - - [15/May/2025:13:23:43 +0000] "GET /shopdetail/9427072 HTTP/1.1" 404 32841 "-" "Mozilla/5.0 AppleWebKit/537.36 (KHTML, like Gecko; compatible; ClaudeBot/1.0; +claudebot@anthropic.com)"
52.15.242.179 - - [15/May/2025:13:23:49 +0000] "GET /shopdetail/10945327 HTTP/1.1" 404 32842 "-" "Mozilla/5.0 AppleWebKit/537.36 (KHTML, like Gecko; compatible; ClaudeBot/1.0; +claudebot@anthropic.com)"
52.15.242.179 - - [15/May/2025:13:23:50 +0000] "GET /shopdetail/17579516 HTTP/1.1" 404 32843 "-" "Mozilla/5.0 AppleWebKit/537.36 (KHTML, like Gecko; compatible; ClaudeBot/1.0; +claudebot@anthropic.com)"
52.15.242.179 - - [15/May/2025:13:23:52 +0000] "GET /shopdetail/22165916 HTTP/1.1" 404 32844 "-" "Mozilla/5.0 AppleWebKit/537.36 (KHTML, like Gecko; compatible; ClaudeBot/1.0; +claudebot@anthropic.com)"
105.179.11.30 - - [15/May/2025:13:23:32 +0000] "GET /wp-content/uploads/2025/04/EJ-Campaign.png HTTP/1.1" 200 926030 "https://pacja.org/" "Mozilla/5.0 (Windows NT 10.0; Win64; x64) AppleWebKit/537.36 (KHTML, like Gecko) Chrome/136.0.0.0 Safari/537.36"
52.15.242.179 - - [15/May/2025:13:23:51 +0000] "GET /shopdetail/19973583 HTTP/1.1" 404 32843 "-" "Mozilla/5.0 AppleWebKit/537.36 (KHTML, like Gecko; compatible; ClaudeBot/1.0; +claudebot@anthropic.com)"
52.15.242.179 - - [15/May/2025:13:23:55 +0000] "GET /shopdetail/2951838 HTTP/1.1" 404 32843 "-" "Mozilla/5.0 AppleWebKit/537.36 (KHTML, like Gecko; compatible; ClaudeBot/1.0; +claudebot@anthropic.com)"
52.15.242.179 - - [15/May/2025:13:23:55 +0000] "GET /shopdetail/5587172 HTTP/1.1" 404 32841 "-" "Mozilla/5.0 AppleWebKit/537.36 (KHTML, like Gecko; compatible; ClaudeBot/1.0; +claudebot@anthropic.com)"
52.15.242.179 - - [15/May/2025:13:23:57 +0000] "GET /shopdetail/15815516 HTTP/1.1" 404 32842 "-" "Mozilla/5.0 AppleWebKit/537.36 (KHTML, like Gecko; compatible; ClaudeBot/1.0; +claudebot@anthropic.com)"
52.15.242.179 - - [15/May/2025:13:23:58 +0000] "GET /shopdetail/7505527 HTTP/1.1" 404 32843 "-" "Mozilla/5.0 AppleWebKit/537.36 (KHTML, like Gecko; compatible; ClaudeBot/1.0; +claudebot@anthropic.com)"
52.15.242.179 - - [15/May/2025:13:23:59 +0000] "GET /shopdetail/19091583 HTTP/1.1" 404 32843 "-" "Mozilla/5.0 AppleWebKit/537.36 (KHTML, like Gecko; compatible; ClaudeBot/1.0; +claudebot@anthropic.com)"
52.15.242.179 - - [15/May/2025:13:24:00 +0000] "GET /shopdetail/27494583 HTTP/1.1" 404 32844 "-" "Mozilla/5.0 AppleWebKit/537.36 (KHTML, like Gecko; compatible; ClaudeBot/1.0; +claudebot@anthropic.com)"
52.15.242.179 - - [15/May/2025:13:24:01 +0000] "GET /shopdetail/1825105 HTTP/1.1" 404 32842 "-" "Mozilla/5.0 AppleWebKit/537.36 (KHTML, like Gecko; compatible; ClaudeBot/1.0; +claudebot@anthropic.com)"
52.15.242.179 - - [15/May/2025:13:24:02 +0000] "GET /shopdetail/17707516 HTTP/1.1" 404 32843 "-" "Mozilla/5.0 AppleWebKit/537.36 (KHTML, like Gecko; compatible; ClaudeBot/1.0; +claudebot@anthropic.com)"
35.208.173.41 - - [15/May/2025:13:24:04 +0000] "GET /shopdetail/12812072 HTTP/1.1" 404 32840 "-" "Buck/2.4.5; (+https://app.hypefactors.com/media-monitoring/about.html)"
52.15.242.179 - - [15/May/2025:13:24:04 +0000] "GET /shopdetail/14583550 HTTP/1.1" 404 32843 "-" "Mozilla/5.0 AppleWebKit/537.36 (KHTML, like Gecko; compatible; ClaudeBot/1.0; +claudebot@anthropic.com)"
52.15.242.179 - - [15/May/2025:13:24:05 +0000] "GET /shopdetail/16221772 HTTP/1.1" 404 32841 "-" "Mozilla/5.0 AppleWebKit/537.36 (KHTML, like Gecko; compatible; ClaudeBot/1.0; +claudebot@anthropic.com)"
126.129.220.222 - - [15/May/2025:13:24:11 +0000] "GET /shopdetail/2873949 HTTP/1.1" 200 342 "https://www.google.com/" "Mozilla/5.0 (Linux; Android 10; K) AppleWebKit/537.36 (KHTML, like Gecko) Chrome/136.0.0.0 Mobile Safari/537.36"
105.179.11.30 - - [15/May/2025:13:24:08 +0000] "GET /wp-content/uploads/2025/02/Mission-300-Statement-.png HTTP/1.1" 200 274672 "https://pacja.org/" "Mozilla/5.0 (Windows NT 10.0; Win64; x64) AppleWebKit/537.36 (KHTML, like Gecko) Chrome/136.0.0.0 Safari/537.36"
105.179.11.30 - - [15/May/2025:13:23:52 +0000] "GET /wp-content/uploads/2025/02/AACJ-GCM-2025.png HTTP/1.1" 200 1753950 "https://pacja.org/" "Mozilla/5.0 (Windows NT 10.0; Win64; x64) AppleWebKit/537.36 (KHTML, like Gecko) Chrome/136.0.0.0 Safari/537.36"
102.215.34.108 - - [15/May/2025:13:24:17 +0000] "POST /wp-admin/admin-ajax.php HTTP/1.1" 200 101 "https://pacja.org/wp-admin/post.php?post=4782&action=edit" "Mozilla/5.0 (Windows NT 10.0; Win64; x64; rv:138.0) Gecko/20100101 Firefox/138.0"
105.179.11.30 - - [15/May/2025:13:24:14 +0000] "GET /wp-content/uploads/2025/02/Website-Designs-Sliders-4.png HTTP/1.1" 200 860952 "https://pacja.org/" "Mozilla/5.0 (Windows NT 10.0; Win64; x64) AppleWebKit/537.36 (KHTML, like Gecko) Chrome/136.0.0.0 Safari/537.36"
57.141.2.15 - - [15/May/2025:13:24:30 +0000] "GET /shopdetail/14238738 HTTP/1.1" 404 155266 "-" "meta-externalagent/1.1 (+https://developers.facebook.com/docs/sharing/webmasters/crawler)"
3.19.74.8 - - [15/May/2025:13:24:31 +0000] "GET /shopdetail/5965227 HTTP/1.1" 404 32844 "-" "Mozilla/5.0 AppleWebKit/537.36 (KHTML, like Gecko; compatible; ClaudeBot/1.0; +claudebot@anthropic.com)"
57.141.2.3 - - [15/May/2025:13:24:31 +0000] "GET /shopdetail/2282783 HTTP/1.1" 404 155257 "-" "meta-externalagent/1.1 (+https://developers.facebook.com/docs/sharing/webmasters/crawler)"
3.19.74.8 - - [15/May/2025:13:24:32 +0000] "GET /shopdetail/23683061 HTTP/1.1" 404 32845 "-" "Mozilla/5.0 AppleWebKit/537.36 (KHTML, like Gecko; compatible; ClaudeBot/1.0; +claudebot@anthropic.com)"
3.19.74.8 - - [15/May/2025:13:24:33 +0000] "GET /shopdetail/23006650 HTTP/1.1" 404 32843 "-" "Mozilla/5.0 AppleWebKit/537.36 (KHTML, like Gecko; compatible; ClaudeBot/1.0; +claudebot@anthropic.com)"
3.19.74.8 - - [15/May/2025:13:24:34 +0000] "GET /shopdetail/29383972 HTTP/1.1" 404 32844 "-" "Mozilla/5.0 AppleWebKit/537.36 (KHTML, like Gecko; compatible; ClaudeBot/1.0; +claudebot@anthropic.com)"
3.19.74.8 - - [15/May/2025:13:24:35 +0000] "GET /shopdetail/13853061 HTTP/1.1" 404 32844 "-" "Mozilla/5.0 AppleWebKit/537.36 (KHTML, like Gecko; compatible; ClaudeBot/1.0; +claudebot@anthropic.com)"
3.19.74.8 - - [15/May/2025:13:24:36 +0000] "GET /shopdetail/24141038 HTTP/1.1" 404 32845 "-" "Mozilla/5.0 AppleWebKit/537.36 (KHTML, like Gecko; compatible; ClaudeBot/1.0; +claudebot@anthropic.com)"
35.208.173.41 - - [15/May/2025:13:24:37 +0000] "GET /shopdetail/12834127 HTTP/1.1" 404 32842 "-" "Buck/2.4.5; (+https://app.hypefactors.com/media-monitoring/about.html)"
3.19.74.8 - - [15/May/2025:13:24:37 +0000] "GET /shopdetail/965150 HTTP/1.1" 404 32841 "-" "Mozilla/5.0 AppleWebKit/537.36 (KHTML, like Gecko; compatible; ClaudeBot/1.0; +claudebot@anthropic.com)"
3.19.74.8 - - [15/May/2025:13:24:38 +0000] "GET /shopdetail/14771794 HTTP/1.1" 404 32845 "-" "Mozilla/5.0 AppleWebKit/537.36 (KHTML, like Gecko; compatible; ClaudeBot/1.0; +claudebot@anthropic.com)"
3.19.74.8 - - [15/May/2025:13:24:39 +0000] "GET /shopdetail/24035861 HTTP/1.1" 404 32845 "-" "Mozilla/5.0 AppleWebKit/537.36 (KHTML, like Gecko; compatible; ClaudeBot/1.0; +claudebot@anthropic.com)"
3.19.74.8 - - [15/May/2025:13:24:40 +0000] "GET /shopdetail/19478650 HTTP/1.1" 404 32844 "-" "Mozilla/5.0 AppleWebKit/537.36 (KHTML, like Gecko; compatible; ClaudeBot/1.0; +claudebot@anthropic.com)"
217.113.194.237 - - [15/May/2025:13:24:42 +0000] "GET /sb60-press-statements/ HTTP/1.1" 403 - "-" "Mozilla/5.0 (compatible; Barkrowler/0.9; +https://babbar.tech/crawler)"
3.19.74.8 - - [15/May/2025:13:24:41 +0000] "GET /shopdetail/28289950 HTTP/1.1" 404 32845 "-" "Mozilla/5.0 AppleWebKit/537.36 (KHTML, like Gecko; compatible; ClaudeBot/1.0; +claudebot@anthropic.com)"
3.19.74.8 - - [15/May/2025:13:24:42 +0000] "GET /shopdetail/15884505 HTTP/1.1" 404 32843 "-" "Mozilla/5.0 AppleWebKit/537.36 (KHTML, like Gecko; compatible; ClaudeBot/1.0; +claudebot@anthropic.com)"
66.249.79.200 - - [15/May/2025:13:24:44 +0000] "GET /?_gl=1*rgknbr*_ga*MzY3MjE1MDcwLjE3MzcwOTUyMjA.*_ga_0VKVKKN4NV*MTczNzEwMjM4NC4yLjEuMTczNzEwMjQ1My42MC4wLjA.&_bd_prev_page=https://pacja.org/detail.php?shopdetail/7752472 HTTP/1.1" 200 21581 "-" "Mozilla/5.0 (compatible; Googlebot/2.1; +http://www.google.com/bot.html)"
3.19.74.8 - - [15/May/2025:13:24:43 +0000] "GET /shopdetail/17660283 HTTP/1.1" 404 32844 "-" "Mozilla/5.0 AppleWebKit/537.36 (KHTML, like Gecko; compatible; ClaudeBot/1.0; +claudebot@anthropic.com)"
3.19.74.8 - - [15/May/2025:13:24:44 +0000] "GET /shopdetail/12287516 HTTP/1.1" 404 32844 "-" "Mozilla/5.0 AppleWebKit/537.36 (KHTML, like Gecko; compatible; ClaudeBot/1.0; +claudebot@anthropic.com)"
3.19.74.8 - - [15/May/2025:13:24:45 +0000] "GET /shopdetail/23616916 HTTP/1.1" 404 32845 "-" "Mozilla/5.0 AppleWebKit/537.36 (KHTML, like Gecko; compatible; ClaudeBot/1.0; +claudebot@anthropic.com)"
3.19.74.8 - - [15/May/2025:13:24:44 +0000] "GET /shopdetail/11551338 HTTP/1.1" 404 32844 "-" "Mozilla/5.0 AppleWebKit/537.36 (KHTML, like Gecko; compatible; ClaudeBot/1.0; +claudebot@anthropic.com)"
3.19.74.8 - - [15/May/2025:13:24:46 +0000] "GET /shopdetail/22565650 HTTP/1.1" 404 32843 "-" "Mozilla/5.0 AppleWebKit/537.36 (KHTML, like Gecko; compatible; ClaudeBot/1.0; +claudebot@anthropic.com)"
3.19.74.8 - - [15/May/2025:13:24:47 +0000] "GET /shopdetail/30650861 HTTP/1.1" 404 32845 "-" "Mozilla/5.0 AppleWebKit/537.36 (KHTML, like Gecko; compatible; ClaudeBot/1.0; +claudebot@anthropic.com)"
105.179.11.30 - - [15/May/2025:13:24:45 +0000] "GET /wp-content/uploads/2025/02/Mission-300-Deliver_.jpg HTTP/1.1" 200 176952 "https://pacja.org/" "Mozilla/5.0 (Windows NT 10.0; Win64; x64) AppleWebKit/537.36 (KHTML, like Gecko) Chrome/136.0.0.0 Safari/537.36"
3.19.74.8 - - [15/May/2025:13:24:49 +0000] "GET /shopdetail/25906983 HTTP/1.1" 404 32845 "-" "Mozilla/5.0 AppleWebKit/537.36 (KHTML, like Gecko; compatible; ClaudeBot/1.0; +claudebot@anthropic.com)"
3.19.74.8 - - [15/May/2025:13:24:48 +0000] "GET /shopdetail/13963316 HTTP/1.1" 404 32844 "-" "Mozilla/5.0 AppleWebKit/537.36 (KHTML, like Gecko; compatible; ClaudeBot/1.0; +claudebot@anthropic.com)"
3.19.74.8 - - [15/May/2025:13:24:51 +0000] "GET /shopdetail/24273338 HTTP/1.1" 404 32845 "-" "Mozilla/5.0 AppleWebKit/537.36 (KHTML, like Gecko; compatible; ClaudeBot/1.0; +claudebot@anthropic.com)"
3.19.74.8 - - [15/May/2025:13:24:52 +0000] "GET /shopdetail/27033105 HTTP/1.1" 404 32845 "-" "Mozilla/5.0 AppleWebKit/537.36 (KHTML, like Gecko; compatible; ClaudeBot/1.0; +claudebot@anthropic.com)"
3.19.74.8 - - [15/May/2025:13:24:53 +0000] "GET /shopdetail/22643649 HTTP/1.1" 404 32845 "-" "Mozilla/5.0 AppleWebKit/537.36 (KHTML, like Gecko; compatible; ClaudeBot/1.0; +claudebot@anthropic.com)"
3.19.74.8 - - [15/May/2025:13:24:54 +0000] "GET /shopdetail/8574583 HTTP/1.1" 404 32844 "-" "Mozilla/5.0 AppleWebKit/537.36 (KHTML, like Gecko; compatible; ClaudeBot/1.0; +claudebot@anthropic.com)"
3.19.74.8 - - [15/May/2025:13:24:55 +0000] "GET /shopdetail/18902516 HTTP/1.1" 404 32845 "-" "Mozilla/5.0 AppleWebKit/537.36 (KHTML, like Gecko; compatible; ClaudeBot/1.0; +claudebot@anthropic.com)"
3.19.74.8 - - [15/May/2025:13:24:50 +0000] "GET /shopdetail/29276927 HTTP/1.1" 404 32845 "-" "Mozilla/5.0 AppleWebKit/537.36 (KHTML, like Gecko; compatible; ClaudeBot/1.0; +claudebot@anthropic.com)"
3.19.74.8 - - [15/May/2025:13:24:57 +0000] "GET /shopdetail/2069216 HTTP/1.1" 404 32844 "-" "Mozilla/5.0 AppleWebKit/537.36 (KHTML, like Gecko; compatible; ClaudeBot/1.0; +claudebot@anthropic.com)"
3.19.74.8 - - [15/May/2025:13:24:58 +0000] "GET /shopdetail/20262249 HTTP/1.1" 404 32843 "-" "Mozilla/5.0 AppleWebKit/537.36 (KHTML, like Gecko; compatible; ClaudeBot/1.0; +claudebot@anthropic.com)"
3.19.74.8 - - [15/May/2025:13:24:59 +0000] "GET /shopdetail/16486283 HTTP/1.1" 404 32844 "-" "Mozilla/5.0 AppleWebKit/537.36 (KHTML, like Gecko; compatible; ClaudeBot/1.0; +claudebot@anthropic.com)"
3.19.74.8 - - [15/May/2025:13:24:56 +0000] "GET /shopdetail/14646861 HTTP/1.1" 404 32844 "-" "Mozilla/5.0 AppleWebKit/537.36 (KHTML, like Gecko; compatible; ClaudeBot/1.0; +claudebot@anthropic.com)"
35.208.173.41 - - [15/May/2025:13:25:02 +0000] "GET /shopdetail/12856172 HTTP/1.1" 404 32840 "-" "Buck/2.4.5; (+https://app.hypefactors.com/media-monitoring/about.html)"
105.179.11.30 - - [15/May/2025:13:24:52 +0000] "GET /wp-content/uploads/2024/11/Terrafund-for-AFR100.png HTTP/1.1" 200 1723643 "https://pacja.org/" "Mozilla/5.0 (Windows NT 10.0; Win64; x64) AppleWebKit/537.36 (KHTML, like Gecko) Chrome/136.0.0.0 Safari/537.36"
3.19.74.8 - - [15/May/2025:13:25:00 +0000] "GET /shopdetail/1687527 HTTP/1.1" 404 32843 "-" "Mozilla/5.0 AppleWebKit/537.36 (KHTML, like Gecko; compatible; ClaudeBot/1.0; +claudebot@anthropic.com)"
3.19.74.8 - - [15/May/2025:13:25:02 +0000] "GET /shopdetail/10702772 HTTP/1.1" 404 32842 "-" "Mozilla/5.0 AppleWebKit/537.36 (KHTML, like Gecko; compatible; ClaudeBot/1.0; +claudebot@anthropic.com)"
3.19.74.8 - - [15/May/2025:13:25:04 +0000] "GET /shopdetail/19390450 HTTP/1.1" 404 32844 "-" "Mozilla/5.0 AppleWebKit/537.36 (KHTML, like Gecko; compatible; ClaudeBot/1.0; +claudebot@anthropic.com)"
66.249.79.201 - - [15/May/2025:13:25:07 +0000] "GET /download/press-statements/ HTTP/1.1" 200 19320 "-" "Mozilla/5.0 (Linux; Android 6.0.1; Nexus 5X Build/MMB29P) AppleWebKit/537.36 (KHTML, like Gecko) Chrome/136.0.7103.92 Mobile Safari/537.36 (compatible; Googlebot/2.1; +http://www.google.com/bot.html)"
105.179.11.30 - - [15/May/2025:13:25:11 +0000] "GET /wp-content/uploads/2022/10/norad.png HTTP/1.1" 200 9609 "https://pacja.org/" "Mozilla/5.0 (Windows NT 10.0; Win64; x64) AppleWebKit/537.36 (KHTML, like Gecko) Chrome/136.0.0.0 Safari/537.36"
105.179.11.30 - - [15/May/2025:13:25:12 +0000] "GET /wp-content/uploads/2022/10/Accer-Awards.jpg HTTP/1.1" 200 5805 "https://pacja.org/" "Mozilla/5.0 (Windows NT 10.0; Win64; x64) AppleWebKit/537.36 (KHTML, like Gecko) Chrome/136.0.0.0 Safari/537.36"
105.179.11.30 - - [15/May/2025:13:25:12 +0000] "GET /wp-content/uploads/2022/09/ACSEA-2.jpg HTTP/1.1" 200 5264 "https://pacja.org/" "Mozilla/5.0 (Windows NT 10.0; Win64; x64) AppleWebKit/537.36 (KHTML, like Gecko) Chrome/136.0.0.0 Safari/537.36"
105.179.11.30 - - [15/May/2025:13:25:12 +0000] "GET /wp-content/uploads/2022/09/summer-school-1.jpg HTTP/1.1" 200 9368 "https://pacja.org/" "Mozilla/5.0 (Windows NT 10.0; Win64; x64) AppleWebKit/537.36 (KHTML, like Gecko) Chrome/136.0.0.0 Safari/537.36"
105.179.11.30 - - [15/May/2025:13:25:12 +0000] "GET /wp-content/uploads/2022/09/SYPLACTICE.png HTTP/1.1" 200 28606 "https://pacja.org/" "Mozilla/5.0 (Windows NT 10.0; Win64; x64) AppleWebKit/537.36 (KHTML, like Gecko) Chrome/136.0.0.0 Safari/537.36"
105.179.11.30 - - [15/May/2025:13:25:13 +0000] "GET /wp-content/uploads/2022/09/GCF.png HTTP/1.1" 200 8016 "https://pacja.org/" "Mozilla/5.0 (Windows NT 10.0; Win64; x64) AppleWebKit/537.36 (KHTML, like Gecko) Chrome/136.0.0.0 Safari/537.36"
105.179.11.30 - - [15/May/2025:13:25:11 +0000] "GET /wp-content/uploads/2025/01/PACJA_LOGO.png HTTP/1.1" 200 219262 "https://pacja.org/" "Mozilla/5.0 (Windows NT 10.0; Win64; x64) AppleWebKit/537.36 (KHTML, like Gecko) Chrome/136.0.0.0 Safari/537.36"
105.179.11.30 - - [15/May/2025:13:24:30 +0000] "GET /wp-content/uploads/2024/11/Pre-COP29-.png HTTP/1.1" 200 1201441 "https://pacja.org/" "Mozilla/5.0 (Windows NT 10.0; Win64; x64) AppleWebKit/537.36 (KHTML, like Gecko) Chrome/136.0.0.0 Safari/537.36"
105.179.11.30 - - [15/May/2025:13:25:16 +0000] "GET /wp-content/uploads/2022/09/favi.jpg HTTP/1.1" 200 4219 "https://pacja.org/" "Mozilla/5.0 (Windows NT 10.0; Win64; x64) AppleWebKit/537.36 (KHTML, like Gecko) Chrome/136.0.0.0 Safari/537.36"
105.179.11.30 - - [15/May/2025:13:25:16 +0000] "GET /wp-json/contact-form-7/v1/contact-forms/102/refill HTTP/1.1" 200 22 "https://pacja.org/" "Mozilla/5.0 (Windows NT 10.0; Win64; x64) AppleWebKit/537.36 (KHTML, like Gecko) Chrome/136.0.0.0 Safari/537.36"
114.119.148.132 - - [15/May/2025:13:25:36 +0000] "GET /index.php/vacancies/item/download/assets/img/mockup/resilent-society.php HTTP/1.1" 403 - "https://pacja.org/index.php/vacancies/item/download/assets/img/mockup/5.png" "Mozilla/5.0 (Linux; Android 7.0;) AppleWebKit/537.36 (KHTML, like Gecko) Mobile Safari/537.36 (compatible; PetalBot;+https://webmaster.petalsearch.com/site/petalbot)"
18.191.117.103 - - [15/May/2025:13:25:36 +0000] "GET /shopdetail/24363483 HTTP/1.1" 404 32845 "-" "Mozilla/5.0 AppleWebKit/537.36 (KHTML, like Gecko; compatible; ClaudeBot/1.0; +claudebot@anthropic.com)"
18.191.117.103 - - [15/May/2025:13:25:36 +0000] "GET /shopdetail/8299327 HTTP/1.1" 404 32844 "-" "Mozilla/5.0 AppleWebKit/537.36 (KHTML, like Gecko; compatible; ClaudeBot/1.0; +claudebot@anthropic.com)"
18.191.117.103 - - [15/May/2025:13:25:36 +0000] "GET /shopdetail/21645983 HTTP/1.1" 404 32845 "-" "Mozilla/5.0 AppleWebKit/537.36 (KHTML, like Gecko; compatible; ClaudeBot/1.0; +claudebot@anthropic.com)"
18.191.117.103 - - [15/May/2025:13:25:38 +0000] "GET /shopdetail/30761116 HTTP/1.1" 404 32845 "-" "Mozilla/5.0 AppleWebKit/537.36 (KHTML, like Gecko; compatible; ClaudeBot/1.0; +claudebot@anthropic.com)"
8.210.8.206 - - [15/May/2025:13:25:38 +0000] "GET /index.php/featured-item-2/k2-category/itemlist/tag/events.php HTTP/1.1" 301 - "-" "Mozilla/5.0 (Macintosh; Intel Mac OS X 10_15_7) AppleWebKit/537.36 (KHTML, like Gecko) Chrome/109.0.0.0 Safari/537.36"
18.191.117.103 - - [15/May/2025:13:25:38 +0000] "GET /shopdetail/16644038 HTTP/1.1" 404 32844 "-" "Mozilla/5.0 AppleWebKit/537.36 (KHTML, like Gecko; compatible; ClaudeBot/1.0; +claudebot@anthropic.com)"
18.191.117.103 - - [15/May/2025:13:25:38 +0000] "GET /shopdetail/16124216 HTTP/1.1" 404 32843 "-" "Mozilla/5.0 AppleWebKit/537.36 (KHTML, like Gecko; compatible; ClaudeBot/1.0; +claudebot@anthropic.com)"
18.191.117.103 - - [15/May/2025:13:25:39 +0000] "GET /shopdetail/26174716 HTTP/1.1" 404 32845 "-" "Mozilla/5.0 AppleWebKit/537.36 (KHTML, like Gecko; compatible; ClaudeBot/1.0; +claudebot@anthropic.com)"
47.238.13.13 - - [15/May/2025:13:25:40 +0000] "GET / HTTP/1.1" 200 59394 "https://www.pacja.org/index.php/featured-item-2/k2-category/itemlist/tag/events.php" "Mozilla/5.0 (Macintosh; Intel Mac OS X 10_15_7) AppleWebKit/537.36 (KHTML, like Gecko) Chrome/109.0.0.0 Safari/537.36"
18.191.117.103 - - [15/May/2025:13:25:39 +0000] "GET /shopdetail/20051950 HTTP/1.1" 404 32843 "-" "Mozilla/5.0 AppleWebKit/537.36 (KHTML, like Gecko; compatible; ClaudeBot/1.0; +claudebot@anthropic.com)"
35.208.173.41 - - [15/May/2025:13:25:42 +0000] "GET /shopdetail/12878227 HTTP/1.1" 404 32842 "-" "Buck/2.4.5; (+https://app.hypefactors.com/media-monitoring/about.html)"
18.191.117.103 - - [15/May/2025:13:25:42 +0000] "GET /shopdetail/23261049 HTTP/1.1" 404 32844 "-" "Mozilla/5.0 AppleWebKit/537.36 (KHTML, like Gecko; compatible; ClaudeBot/1.0; +claudebot@anthropic.com)"
18.191.117.103 - - [15/May/2025:13:25:41 +0000] "GET /shopdetail/11606827 HTTP/1.1" 404 32844 "-" "Mozilla/5.0 AppleWebKit/537.36 (KHTML, like Gecko; compatible; ClaudeBot/1.0; +claudebot@anthropic.com)"
18.191.117.103 - - [15/May/2025:13:25:43 +0000] "GET /shopdetail/27579072 HTTP/1.1" 404 32843 "-" "Mozilla/5.0 AppleWebKit/537.36 (KHTML, like Gecko; compatible; ClaudeBot/1.0; +claudebot@anthropic.com)"
18.191.117.103 - - [15/May/2025:13:25:44 +0000] "GET /shopdetail/23094850 HTTP/1.1" 404 32844 "-" "Mozilla/5.0 AppleWebKit/537.36 (KHTML, like Gecko; compatible; ClaudeBot/1.0; +claudebot@anthropic.com)"
18.191.117.103 - - [15/May/2025:13:25:45 +0000] "GET /shopdetail/10217650 HTTP/1.1" 404 32843 "-" "Mozilla/5.0 AppleWebKit/537.36 (KHTML, like Gecko; compatible; ClaudeBot/1.0; +claudebot@anthropic.com)"
18.191.117.103 - - [15/May/2025:13:25:47 +0000] "GET /shopdetail/29334749 HTTP/1.1" 404 32845 "-" "Mozilla/5.0 AppleWebKit/537.36 (KHTML, like Gecko; compatible; ClaudeBot/1.0; +claudebot@anthropic.com)"
18.191.117.103 - - [15/May/2025:13:25:48 +0000] "GET /shopdetail/15156850 HTTP/1.1" 404 32841 "-" "Mozilla/5.0 AppleWebKit/537.36 (KHTML, like Gecko; compatible; ClaudeBot/1.0; +claudebot@anthropic.com)"
203.161.61.57 - - [15/May/2025:13:25:51 +0000] "POST /wp-cron.php?doing_wp_cron=1747315551.2317509651184082031250 HTTP/1.1" 200 - "-" "WordPress/6.8.1; https://pacja.org"
18.191.117.103 - - [15/May/2025:13:25:49 +0000] "GET /shopdetail/13657450 HTTP/1.1" 404 32843 "-" "Mozilla/5.0 AppleWebKit/537.36 (KHTML, like Gecko; compatible; ClaudeBot/1.0; +claudebot@anthropic.com)"
203.161.61.57 - - [15/May/2025:13:25:52 +0000] "POST /wp-cron.php?doing_wp_cron=1747315552.3913938999176025390625 HTTP/1.1" 200 - "-" "WordPress/6.8.1; https://pacja.org"
18.191.117.103 - - [15/May/2025:13:25:47 +0000] "GET /shopdetail/26509761 HTTP/1.1" 404 32845 "-" "Mozilla/5.0 AppleWebKit/537.36 (KHTML, like Gecko; compatible; ClaudeBot/1.0; +claudebot@anthropic.com)"
203.161.61.57 - - [15/May/2025:13:25:53 +0000] "POST /wp-cron.php?doing_wp_cron=1747315553.3341059684753417968750 HTTP/1.1" 200 - "-" "WordPress/6.8.1; https://pacja.org"
18.191.117.103 - - [15/May/2025:13:25:50 +0000] "GET /shopdetail/5697405 HTTP/1.1" 404 32843 "-" "Mozilla/5.0 AppleWebKit/537.36 (KHTML, like Gecko; compatible; ClaudeBot/1.0; +claudebot@anthropic.com)"
18.191.117.103 - - [15/May/2025:13:25:52 +0000] "GET /shopdetail/21871838 HTTP/1.1" 404 32845 "-" "Mozilla/5.0 AppleWebKit/537.36 (KHTML, like Gecko; compatible; ClaudeBot/1.0; +claudebot@anthropic.com)"
203.161.61.57 - - [15/May/2025:13:25:54 +0000] "POST /wp-admin/admin-ajax.php?action=async_litespeed&nonce=aTdAv2HkhN94tPSR52P9zLWRginrz5w5&litespeed_type=imgoptm HTTP/1.1" 200 21 "-" "WordPress/6.8.1; https://pacja.org"
18.191.117.103 - - [15/May/2025:13:25:53 +0000] "GET /shopdetail/11287894 HTTP/1.1" 404 32844 "-" "Mozilla/5.0 AppleWebKit/537.36 (KHTML, like Gecko; compatible; ClaudeBot/1.0; +claudebot@anthropic.com)"
18.191.117.103 - - [15/May/2025:13:25:55 +0000] "GET /shopdetail/1139983 HTTP/1.1" 404 32843 "-" "Mozilla/5.0 AppleWebKit/537.36 (KHTML, like Gecko; compatible; ClaudeBot/1.0; +claudebot@anthropic.com)"
66.249.79.199 - - [15/May/2025:13:25:56 +0000] "GET /?_gl=1*rgknbr*_ga*MzY3MjE1MDcwLjE3MzcwOTUyMjA.*_ga_0VKVKKN4NV*MTczNzEwMjM4NC4yLjEuMTczNzEwMjQ1My42MC4wLjA.&_bd_prev_page=https://pacja.org/detail.php?shopdetail/7569105 HTTP/1.1" 200 19644 "-" "Mozilla/5.0 (Linux; Android 6.0.1; Nexus 5X Build/MMB29P) AppleWebKit/537.36 (KHTML, like Gecko) Chrome/136.0.7103.92 Mobile Safari/537.36 (compatible; Googlebot/2.1; +http://www.google.com/bot.html)"
203.161.61.57 - - [15/May/2025:13:25:57 +0000] "POST /wp-cron.php?doing_wp_cron=1747315557.5343649387359619140625 HTTP/1.1" 200 - "-" "WordPress/6.8.1; https://pacja.org"
18.191.117.103 - - [15/May/2025:13:25:46 +0000] "GET /shopdetail/20058383 HTTP/1.1" 404 32844 "-" "Mozilla/5.0 AppleWebKit/537.36 (KHTML, like Gecko; compatible; ClaudeBot/1.0; +claudebot@anthropic.com)"
18.191.117.103 - - [15/May/2025:13:25:51 +0000] "GET /shopdetail/25292716 HTTP/1.1" 404 32845 "-" "Mozilla/5.0 AppleWebKit/537.36 (KHTML, like Gecko; compatible; ClaudeBot/1.0; +claudebot@anthropic.com)"
18.191.117.103 - - [15/May/2025:13:25:56 +0000] "GET /shopdetail/16631361 HTTP/1.1" 404 32844 "-" "Mozilla/5.0 AppleWebKit/537.36 (KHTML, like Gecko; compatible; ClaudeBot/1.0; +claudebot@anthropic.com)"
17.241.227.188 - - [15/May/2025:13:26:00 +0000] "GET /wp-content/uploads/2024/07/EALA-Members-of-Parliament-1024x724.jpeg HTTP/1.1" 200 136571 "-" "Mozilla/5.0 (Macintosh; Intel Mac OS X 10_15_7) AppleWebKit/605.1.15 (KHTML, like Gecko) Version/17.4 Safari/605.1.15 (Applebot/0.1; +http://www.apple.com/go/applebot)"
18.191.117.103 - - [15/May/2025:13:25:59 +0000] "GET /shopdetail/15730150 HTTP/1.1" 404 32841 "-" "Mozilla/5.0 AppleWebKit/537.36 (KHTML, like Gecko; compatible; ClaudeBot/1.0; +claudebot@anthropic.com)"
18.191.117.103 - - [15/May/2025:13:26:00 +0000] "GET /shopdetail/27564483 HTTP/1.1" 404 32845 "-" "Mozilla/5.0 AppleWebKit/537.36 (KHTML, like Gecko; compatible; ClaudeBot/1.0; +claudebot@anthropic.com)"
18.191.117.103 - - [15/May/2025:13:25:57 +0000] "GET /shopdetail/13525150 HTTP/1.1" 404 32842 "-" "Mozilla/5.0 AppleWebKit/537.36 (KHTML, like Gecko; compatible; ClaudeBot/1.0; +claudebot@anthropic.com)"
18.191.117.103 - - [15/May/2025:13:26:01 +0000] "GET /shopdetail/14614105 HTTP/1.1" 404 32843 "-" "Mozilla/5.0 AppleWebKit/537.36 (KHTML, like Gecko; compatible; ClaudeBot/1.0; +claudebot@anthropic.com)"
18.191.117.103 - - [15/May/2025:13:26:02 +0000] "GET /shopdetail/27095738 HTTP/1.1" 404 32845 "-" "Mozilla/5.0 AppleWebKit/537.36 (KHTML, like Gecko; compatible; ClaudeBot/1.0; +claudebot@anthropic.com)"
18.191.117.103 - - [15/May/2025:13:26:04 +0000] "GET /shopdetail/30673538 HTTP/1.1" 404 32845 "-" "Mozilla/5.0 AppleWebKit/537.36 (KHTML, like Gecko; compatible; ClaudeBot/1.0; +claudebot@anthropic.com)"
18.191.117.103 - - [15/May/2025:13:26:05 +0000] "GET /shopdetail/11335105 HTTP/1.1" 404 32844 "-" "Mozilla/5.0 AppleWebKit/537.36 (KHTML, like Gecko; compatible; ClaudeBot/1.0; +claudebot@anthropic.com)"
35.208.173.41 - - [15/May/2025:13:26:06 +0000] "GET /shopdetail/12900272 HTTP/1.1" 404 32840 "-" "Buck/2.4.5; (+https://app.hypefactors.com/media-monitoring/about.html)"
18.191.117.103 - - [15/May/2025:13:26:06 +0000] "GET /shopdetail/8594450 HTTP/1.1" 404 32843 "-" "Mozilla/5.0 AppleWebKit/537.36 (KHTML, like Gecko; compatible; ClaudeBot/1.0; +claudebot@anthropic.com)"
18.191.117.103 - - [15/May/2025:13:26:08 +0000] "GET /shopdetail/10863627 HTTP/1.1" 404 32843 "-" "Mozilla/5.0 AppleWebKit/537.36 (KHTML, like Gecko; compatible; ClaudeBot/1.0; +claudebot@anthropic.com)"
203.161.61.57 - - [15/May/2025:13:26:19 +0000] "POST /wp-cron.php?doing_wp_cron=1747315579.7007710933685302734375 HTTP/1.1" 200 - "-" "WordPress/6.8.1; https://pacja.org"
102.215.34.108 - - [15/May/2025:13:26:18 +0000] "POST /wp-admin/admin-ajax.php HTTP/1.1" 200 101 "https://pacja.org/wp-admin/post.php?post=4782&action=edit" "Mozilla/5.0 (Windows NT 10.0; Win64; x64; rv:138.0) Gecko/20100101 Firefox/138.0"
66.249.79.200 - - [15/May/2025:13:26:30 +0000] "GET /shopdetail/7701738 HTTP/1.1" 200 20292 "-" "Mozilla/5.0 (compatible; Googlebot/2.1; +http://www.google.com/bot.html)"
203.161.61.57 - - [15/May/2025:13:26:37 +0000] "POST /wp-cron.php?doing_wp_cron=1747315597.0624430179595947265625 HTTP/1.1" 200 - "-" "WordPress/6.8.1; https://pacja.org"
35.208.173.41 - - [15/May/2025:13:26:36 +0000] "GET /shopdetail/12922327 HTTP/1.1" 404 32842 "-" "Buck/2.4.5; (+https://app.hypefactors.com/media-monitoring/about.html)"
203.161.61.57 - - [15/May/2025:13:26:40 +0000] "POST /wp-cron.php?doing_wp_cron=1747315600.5464859008789062500000 HTTP/1.1" 200 - "-" "WordPress/6.8.1; https://pacja.org"
18.188.71.235 - - [15/May/2025:13:26:39 +0000] "GET /shopdetail/25182461 HTTP/1.1" 404 32843 "-" "Mozilla/5.0 AppleWebKit/537.36 (KHTML, like Gecko; compatible; ClaudeBot/1.0; +claudebot@anthropic.com)"
18.188.71.235 - - [15/May/2025:13:26:40 +0000] "GET /shopdetail/22256950 HTTP/1.1" 404 32842 "-" "Mozilla/5.0 AppleWebKit/537.36 (KHTML, like Gecko; compatible; ClaudeBot/1.0; +claudebot@anthropic.com)"
18.188.71.235 - - [15/May/2025:13:26:41 +0000] "GET /shopdetail/11574549 HTTP/1.1" 404 32842 "-" "Mozilla/5.0 AppleWebKit/537.36 (KHTML, like Gecko; compatible; ClaudeBot/1.0; +claudebot@anthropic.com)"
18.188.71.235 - - [15/May/2025:13:26:41 +0000] "GET /shopdetail/23290461 HTTP/1.1" 404 32843 "-" "Mozilla/5.0 AppleWebKit/537.36 (KHTML, like Gecko; compatible; ClaudeBot/1.0; +claudebot@anthropic.com)"
