13.59.14.52 - - [15/May/2025:12:11:06 +0000] "GET /shopdetail/13950627 HTTP/1.1" 404 32844 "-" "Mozilla/5.0 AppleWebKit/537.36 (KHTML, like Gecko; compatible; ClaudeBot/1.0; +claudebot@anthropic.com)"
197.232.247.234 - - [15/May/2025:12:11:07 +0000] "GET /wp-content/plugins/jetpack/_inc/build/likes/queuehandler.min.js?ver=14.3 HTTP/1.1" 200 2608 "https://pacja.org/positioning-african-non-state-actors-at-the-heart-of-climate-policy-and-global-justice-for-acs-ii-and-beyond/" "Mozilla/5.0 (Windows NT 10.0; Win64; x64) AppleWebKit/537.36 (KHTML, like Gecko) Chrome/136.0.0.0 Safari/537.36 Edg/136.0.0.0"
197.232.247.234 - - [15/May/2025:12:11:07 +0000] "GET /wp-content/plugins/jetpack/_inc/blocks/subscriptions/view.js?minify=false&ver=14.3 HTTP/1.1" 200 2253 "https://pacja.org/positioning-african-non-state-actors-at-the-heart-of-climate-policy-and-global-justice-for-acs-ii-and-beyond/" "Mozilla/5.0 (Windows NT 10.0; Win64; x64) AppleWebKit/537.36 (KHTML, like Gecko) Chrome/136.0.0.0 Safari/537.36 Edg/136.0.0.0"
197.232.247.234 - - [15/May/2025:12:11:07 +0000] "GET /wp-content/plugins/google-analytics-for-wordpress/assets/js/frontend-gtag.min.js?ver=9.5.3 HTTP/1.1" 200 3277 "https://pacja.org/positioning-african-non-state-actors-at-the-heart-of-climate-policy-and-global-justice-for-acs-ii-and-beyond/" "Mozilla/5.0 (Windows NT 10.0; Win64; x64) AppleWebKit/537.36 (KHTML, like Gecko) Chrome/136.0.0.0 Safari/537.36 Edg/136.0.0.0"
197.232.247.234 - - [15/May/2025:12:11:07 +0000] "GET /wp-content/plugins/interactive-3d-flipbook-powered-physics-engine/assets/js/client-locale-loader.js?ver=1.16.15 HTTP/1.1" 200 753 "https://pacja.org/positioning-african-non-state-actors-at-the-heart-of-climate-policy-and-global-justice-for-acs-ii-and-beyond/" "Mozilla/5.0 (Windows NT 10.0; Win64; x64) AppleWebKit/537.36 (KHTML, like Gecko) Chrome/136.0.0.0 Safari/537.36 Edg/136.0.0.0"
197.232.247.234 - - [15/May/2025:12:11:07 +0000] "GET /wp-includes/js/comment-reply.min.js?ver=d6d318ac8eaa702f795eb12f2dd73d9f HTTP/1.1" 200 1375 "https://pacja.org/positioning-african-non-state-actors-at-the-heart-of-climate-policy-and-global-justice-for-acs-ii-and-beyond/" "Mozilla/5.0 (Windows NT 10.0; Win64; x64) AppleWebKit/537.36 (KHTML, like Gecko) Chrome/136.0.0.0 Safari/537.36 Edg/136.0.0.0"
197.232.247.234 - - [15/May/2025:12:11:07 +0000] "GET /wp-content/plugins/gtranslate/js/dwf.js?ver=d6d318ac8eaa702f795eb12f2dd73d9f HTTP/1.1" 200 6254 "https://pacja.org/positioning-african-non-state-actors-at-the-heart-of-climate-policy-and-global-justice-for-acs-ii-and-beyond/" "Mozilla/5.0 (Windows NT 10.0; Win64; x64) AppleWebKit/537.36 (KHTML, like Gecko) Chrome/136.0.0.0 Safari/537.36 Edg/136.0.0.0"
197.232.247.234 - - [15/May/2025:12:11:07 +0000] "GET /wp-content/plugins/akismet/_inc/akismet-frontend.js?ver=1740001267 HTTP/1.1" 200 3293 "https://pacja.org/positioning-african-non-state-actors-at-the-heart-of-climate-policy-and-global-justice-for-acs-ii-and-beyond/" "Mozilla/5.0 (Windows NT 10.0; Win64; x64) AppleWebKit/537.36 (KHTML, like Gecko) Chrome/136.0.0.0 Safari/537.36 Edg/136.0.0.0"
217.113.194.237 - - [15/May/2025:12:11:07 +0000] "GET /category/cop-27/page/2/ HTTP/1.1" 403 - "-" "Mozilla/5.0 (compatible; Barkrowler/0.9; +https://babbar.tech/crawler)"
197.232.247.234 - - [15/May/2025:12:11:07 +0000] "GET /wp-content/plugins/revslider/sr6/assets/js/rbtools.min.js?ver=6.7.18 HTTP/1.1" 200 61824 "https://pacja.org/positioning-african-non-state-actors-at-the-heart-of-climate-policy-and-global-justice-for-acs-ii-and-beyond/" "Mozilla/5.0 (Windows NT 10.0; Win64; x64) AppleWebKit/537.36 (KHTML, like Gecko) Chrome/136.0.0.0 Safari/537.36 Edg/136.0.0.0"
197.232.247.234 - - [15/May/2025:12:11:07 +0000] "GET /wp-content/plugins/revslider/sr6/assets/js/rs6.min.js?ver=6.7.18 HTTP/1.1" 200 108972 "https://pacja.org/positioning-african-non-state-actors-at-the-heart-of-climate-policy-and-global-justice-for-acs-ii-and-beyond/" "Mozilla/5.0 (Windows NT 10.0; Win64; x64) AppleWebKit/537.36 (KHTML, like Gecko) Chrome/136.0.0.0 Safari/537.36 Edg/136.0.0.0"
197.232.247.234 - - [15/May/2025:12:11:07 +0000] "GET /wp-content/uploads/matomo/matomo.js HTTP/1.1" 200 21952 "https://pacja.org/positioning-african-non-state-actors-at-the-heart-of-climate-policy-and-global-justice-for-acs-ii-and-beyond/" "Mozilla/5.0 (Windows NT 10.0; Win64; x64) AppleWebKit/537.36 (KHTML, like Gecko) Chrome/136.0.0.0 Safari/537.36 Edg/136.0.0.0"
197.232.247.234 - - [15/May/2025:12:11:07 +0000] "GET /wp-content/plugins/gtranslate/flags/svg/en.svg HTTP/1.1" 200 446 "https://pacja.org/positioning-african-non-state-actors-at-the-heart-of-climate-policy-and-global-justice-for-acs-ii-and-beyond/" "Mozilla/5.0 (Windows NT 10.0; Win64; x64) AppleWebKit/537.36 (KHTML, like Gecko) Chrome/136.0.0.0 Safari/537.36 Edg/136.0.0.0"
197.232.247.234 - - [15/May/2025:12:11:07 +0000] "GET /wp-includes/js/wp-emoji-release.min.js?ver=d6d318ac8eaa702f795eb12f2dd73d9f HTTP/1.1" 200 5166 "https://pacja.org/positioning-african-non-state-actors-at-the-heart-of-climate-policy-and-global-justice-for-acs-ii-and-beyond/" "Mozilla/5.0 (Windows NT 10.0; Win64; x64) AppleWebKit/537.36 (KHTML, like Gecko) Chrome/136.0.0.0 Safari/537.36 Edg/136.0.0.0"
197.232.247.234 - - [15/May/2025:12:11:08 +0000] "GET /positioning-african-non-state-actors-at-the-heart-of-climate-policy-and-global-justice-for-acs-ii-and-beyond/?relatedposts=1 HTTP/1.1" 200 1404 "https://pacja.org/positioning-african-non-state-actors-at-the-heart-of-climate-policy-and-global-justice-for-acs-ii-and-beyond/" "Mozilla/5.0 (Windows NT 10.0; Win64; x64) AppleWebKit/537.36 (KHTML, like Gecko) Chrome/136.0.0.0 Safari/537.36 Edg/136.0.0.0"
13.59.14.52 - - [15/May/2025:12:11:08 +0000] "GET /shopdetail/18314038 HTTP/1.1" 404 32844 "-" "Mozilla/5.0 AppleWebKit/537.36 (KHTML, like Gecko; compatible; ClaudeBot/1.0; +claudebot@anthropic.com)"
197.232.247.234 - - [15/May/2025:12:11:08 +0000] "POST /wp-content/plugins/matomo/app/matomo.php?action_name=Positioning%20African%20Non-State%20Actors%20at%20the%20Heart%20of%20Climate%20Policy%20and%20Global%20Justice%20for%20ACS-II%20and%20Beyond%20-%20PACJA%20-%20Panafrican%20Climate%20Justice%20Alliance&idsite=1&rec=1&r=726276&h=15&m=11&s=7&url=https%3A%2F%2Fpacja.org%2Fpositioning-african-non-state-actors-at-the-heart-of-climate-policy-and-global-justice-for-acs-ii-and-beyond%2F&urlref=https%3A%2F%2Ft.co%2F&_id=9617671cc6a55f09&_idn=0&send_image=0&_refts=1747311068&_ref=https%3A%2F%2Ft.co%2F&pv_id=4Yrb0X&pf_net=932&pf_srv=1779&pf_tfr=641&pf_dm1=6848&uadata=%7B%22formFactors%22%3A%5B%22Desktop%22%5D%2C%22fullVersionList%22%3A%5B%7B%22brand%22%3A%22Chromium%22%2C%22version%22%3A%22136.0.7103.93%22%7D%2C%7B%22brand%22%3A%22Microsoft%20Edge%22%2C%22version%22%3A%22136.0.3240.64%22%7D%2C%7B%22brand%22%3A%22Not.A%2FBrand%22%2C%22version%22%3A%2299.0.0.0%22%7D%5D%2C%22mobile%22%3Afalse%2C%22model%22%3A%22%22%2C%22platform%22%3A%22Windows%22%2C%22platformVersion%22%3A%2219.0.0%22%7D&pdf=1&qt=0&realp=0&wma=0&fla=0&java=0&ag=0&cookie=1&res=1536x864 HTTP/1.1" 204 - "https://pacja.org/positioning-african-non-state-actors-at-the-heart-of-climate-policy-and-global-justice-for-acs-ii-and-beyond/" "Mozilla/5.0 (Windows NT 10.0; Win64; x64) AppleWebKit/537.36 (KHTML, like Gecko) Chrome/136.0.0.0 Safari/537.36 Edg/136.0.0.0"
13.59.14.52 - - [15/May/2025:12:11:09 +0000] "GET /shopdetail/21939494 HTTP/1.1" 404 32845 "-" "Mozilla/5.0 AppleWebKit/537.36 (KHTML, like Gecko; compatible; ClaudeBot/1.0; +claudebot@anthropic.com)"
197.232.247.234 - - [15/May/2025:12:11:08 +0000] "GET /wp-json/contact-form-7/v1/contact-forms/102/refill HTTP/1.1" 200 22 "https://pacja.org/positioning-african-non-state-actors-at-the-heart-of-climate-policy-and-global-justice-for-acs-ii-and-beyond/" "Mozilla/5.0 (Windows NT 10.0; Win64; x64) AppleWebKit/537.36 (KHTML, like Gecko) Chrome/136.0.0.0 Safari/537.36 Edg/136.0.0.0"
197.232.247.234 - - [15/May/2025:12:11:08 +0000] "GET /wp-json/contact-form-7/v1/contact-forms/102/feedback/schema HTTP/1.1" 200 156 "https://pacja.org/positioning-african-non-state-actors-at-the-heart-of-climate-policy-and-global-justice-for-acs-ii-and-beyond/" "Mozilla/5.0 (Windows NT 10.0; Win64; x64) AppleWebKit/537.36 (KHTML, like Gecko) Chrome/136.0.0.0 Safari/537.36 Edg/136.0.0.0"
13.59.14.52 - - [15/May/2025:12:11:11 +0000] "GET /shopdetail/20915938 HTTP/1.1" 404 32844 "-" "Mozilla/5.0 AppleWebKit/537.36 (KHTML, like Gecko; compatible; ClaudeBot/1.0; +claudebot@anthropic.com)"
13.59.14.52 - - [15/May/2025:12:11:13 +0000] "GET /shopdetail/29360772 HTTP/1.1" 404 32843 "-" "Mozilla/5.0 AppleWebKit/537.36 (KHTML, like Gecko; compatible; ClaudeBot/1.0; +claudebot@anthropic.com)"
47.128.56.79 - - [15/May/2025:12:11:15 +0000] "GET /index.php/en/component/k2/item/327-side-event HTTP/1.1" 403 - "-" "Mozilla/5.0 (Linux; Android 5.0) AppleWebKit/537.36 (KHTML, like Gecko) Mobile Safari/537.36 (compatible; Bytespider; spider-feedback@bytedance.com)"
13.59.14.52 - - [15/May/2025:12:11:15 +0000] "GET /shopdetail/7723305 HTTP/1.1" 404 32844 "-" "Mozilla/5.0 AppleWebKit/537.36 (KHTML, like Gecko; compatible; ClaudeBot/1.0; +claudebot@anthropic.com)"
13.59.14.52 - - [15/May/2025:12:11:17 +0000] "GET /shopdetail/16479594 HTTP/1.1" 404 32844 "-" "Mozilla/5.0 AppleWebKit/537.36 (KHTML, like Gecko; compatible; ClaudeBot/1.0; +claudebot@anthropic.com)"
13.59.14.52 - - [15/May/2025:12:11:18 +0000] "GET /shopdetail/27231494 HTTP/1.1" 404 32845 "-" "Mozilla/5.0 AppleWebKit/537.36 (KHTML, like Gecko; compatible; ClaudeBot/1.0; +claudebot@anthropic.com)"
101.91.148.219 - - [15/May/2025:12:11:19 +0000] "GET / HTTP/1.1" 200 59674 "http://pacja.org" "Mozilla/5.0 (iPhone; CPU iPhone OS 13_2_3 like Mac OS X) AppleWebKit/605.1.15 (KHTML, like Gecko) Version/13.0.3 Mobile/15E148 Safari/604.1"
13.59.14.52 - - [15/May/2025:12:11:20 +0000] "GET /shopdetail/21255949 HTTP/1.1" 404 32844 "-" "Mozilla/5.0 AppleWebKit/537.36 (KHTML, like Gecko; compatible; ClaudeBot/1.0; +claudebot@anthropic.com)"
13.59.14.52 - - [15/May/2025:12:11:21 +0000] "GET /shopdetail/28869705 HTTP/1.1" 404 32846 "-" "Mozilla/5.0 AppleWebKit/537.36 (KHTML, like Gecko; compatible; ClaudeBot/1.0; +claudebot@anthropic.com)"
13.59.14.52 - - [15/May/2025:12:11:22 +0000] "GET /shopdetail/4521650 HTTP/1.1" 404 32842 "-" "Mozilla/5.0 AppleWebKit/537.36 (KHTML, like Gecko; compatible; ClaudeBot/1.0; +claudebot@anthropic.com)"
13.59.14.52 - - [15/May/2025:12:11:22 +0000] "GET /shopdetail/23890805 HTTP/1.1" 404 32845 "-" "Mozilla/5.0 AppleWebKit/537.36 (KHTML, like Gecko; compatible; ClaudeBot/1.0; +claudebot@anthropic.com)"
13.59.14.52 - - [15/May/2025:12:11:23 +0000] "GET /shopdetail/3278427 HTTP/1.1" 404 32844 "-" "Mozilla/5.0 AppleWebKit/537.36 (KHTML, like Gecko; compatible; ClaudeBot/1.0; +claudebot@anthropic.com)"
66.249.68.39 - - [15/May/2025:12:11:25 +0000] "GET /shopdetail/8981072 HTTP/1.1" 200 18689 "-" "Mozilla/5.0 (Linux; Android 6.0.1; Nexus 5X Build/MMB29P) AppleWebKit/537.36 (KHTML, like Gecko) Chrome/136.0.7103.59 Mobile Safari/537.36 (compatible; Googlebot/2.1; +http://www.google.com/bot.html)"
13.59.14.52 - - [15/May/2025:12:11:24 +0000] "GET /shopdetail/30735938 HTTP/1.1" 404 32845 "-" "Mozilla/5.0 AppleWebKit/537.36 (KHTML, like Gecko; compatible; ClaudeBot/1.0; +claudebot@anthropic.com)"
66.249.79.199 - - [15/May/2025:12:11:26 +0000] "GET /?_gl=1*rgknbr*_ga*MzY3MjE1MDcwLjE3MzcwOTUyMjA.*_ga_0VKVKKN4NV*MTczNzEwMjM4NC4yLjEuMTczNzEwMjQ1My42MC4wLjA.&_bd_prev_page=https://pacja.org/detail.php?shopdetail/19515050 HTTP/1.1" 200 19980 "-" "Mozilla/5.0 (Linux; Android 6.0.1; Nexus 5X Build/MMB29P) AppleWebKit/537.36 (KHTML, like Gecko) Chrome/136.0.7103.59 Mobile Safari/537.36 (compatible; Googlebot/2.1; +http://www.google.com/bot.html)"
104.239.35.141 - - [15/May/2025:12:11:25 +0000] "GET /kenya-platform-on-climate-governance-expands-with-the-kilifi-county-launch/ HTTP/1.1" 200 49056 "-" "Mozilla/5.0 (Windows NT 10.0; Win64; x64) AppleWebKit/537.36 (KHTML, like Gecko) Chrome/130.0.0.0 Safari/537.36"
13.59.14.52 - - [15/May/2025:12:11:25 +0000] "GET /shopdetail/26955750 HTTP/1.1" 404 32844 "-" "Mozilla/5.0 AppleWebKit/537.36 (KHTML, like Gecko; compatible; ClaudeBot/1.0; +claudebot@anthropic.com)"
13.59.14.52 - - [15/May/2025:12:11:26 +0000] "GET /shopdetail/25810727 HTTP/1.1" 404 32845 "-" "Mozilla/5.0 AppleWebKit/537.36 (KHTML, like Gecko; compatible; ClaudeBot/1.0; +claudebot@anthropic.com)"
13.59.14.52 - - [15/May/2025:12:11:27 +0000] "GET /shopdetail/2889950 HTTP/1.1" 404 32843 "-" "Mozilla/5.0 AppleWebKit/537.36 (KHTML, like Gecko; compatible; ClaudeBot/1.0; +claudebot@anthropic.com)"
13.59.14.52 - - [15/May/2025:12:11:28 +0000] "GET /shopdetail/24774372 HTTP/1.1" 404 32844 "-" "Mozilla/5.0 AppleWebKit/537.36 (KHTML, like Gecko; compatible; ClaudeBot/1.0; +claudebot@anthropic.com)"
13.59.14.52 - - [15/May/2025:12:11:29 +0000] "GET /shopdetail/28739394 HTTP/1.1" 404 32846 "-" "Mozilla/5.0 AppleWebKit/537.36 (KHTML, like Gecko; compatible; ClaudeBot/1.0; +claudebot@anthropic.com)"
13.59.14.52 - - [15/May/2025:12:11:29 +0000] "GET /shopdetail/7289038 HTTP/1.1" 404 32843 "-" "Mozilla/5.0 AppleWebKit/537.36 (KHTML, like Gecko; compatible; ClaudeBot/1.0; +claudebot@anthropic.com)"
66.249.93.141 - - [15/May/2025:12:11:32 +0000] "GET /.well-known/traffic-advice HTTP/1.1" 404 32850 "-" "Chrome Privacy Preserving Prefetch Proxy"
197.232.247.234 - - [15/May/2025:12:11:31 +0000] "GET /positioning-african-non-state-actors-at-the-heart-of-climate-policy-and-global-justice-for-acs-ii-and-beyond/ HTTP/1.1" 200 259605 "-" "WhatsApp/2.2518.3 W"
66.249.68.37 - - [15/May/2025:12:11:43 +0000] "GET /shopdetail/13045838 HTTP/1.1" 200 19081 "-" "Mozilla/5.0 (Linux; Android 6.0.1; Nexus 5X Build/MMB29P) AppleWebKit/537.36 (KHTML, like Gecko) Chrome/136.0.7103.59 Mobile Safari/537.36 (compatible; Googlebot/2.1; +http://www.google.com/bot.html)"
203.161.61.57 - - [15/May/2025:12:12:03 +0000] "POST /wp-cron.php?doing_wp_cron=1747311123.6685650348663330078125 HTTP/1.1" 200 - "-" "WordPress/6.8.1; https://pacja.org"
3.148.222.68 - - [15/May/2025:12:12:02 +0000] "GET /shopdetail/10810305 HTTP/1.1" 404 32841 "-" "Mozilla/5.0 AppleWebKit/537.36 (KHTML, like Gecko; compatible; ClaudeBot/1.0; +claudebot@anthropic.com)"
3.148.222.68 - - [15/May/2025:12:12:03 +0000] "GET /shopdetail/5806527 HTTP/1.1" 404 32842 "-" "Mozilla/5.0 AppleWebKit/537.36 (KHTML, like Gecko; compatible; ClaudeBot/1.0; +claudebot@anthropic.com)"
3.148.222.68 - - [15/May/2025:12:12:04 +0000] "GET /shopdetail/8181950 HTTP/1.1" 404 32841 "-" "Mozilla/5.0 AppleWebKit/537.36 (KHTML, like Gecko; compatible; ClaudeBot/1.0; +claudebot@anthropic.com)"
3.148.222.68 - - [15/May/2025:12:12:04 +0000] "GET /shopdetail/30713883 HTTP/1.1" 404 32843 "-" "Mozilla/5.0 AppleWebKit/537.36 (KHTML, like Gecko; compatible; ClaudeBot/1.0; +claudebot@anthropic.com)"
203.161.61.57 - - [15/May/2025:12:12:05 +0000] "POST /wp-admin/admin-ajax.php?action=async_litespeed&nonce=OLrCnrBpqVuqDpJKg8BWF8Q2TAfsB7ar&litespeed_type=imgoptm HTTP/1.1" 200 21 "-" "WordPress/6.8.1; https://pacja.org"
3.148.222.68 - - [15/May/2025:12:12:06 +0000] "GET /shopdetail/30028383 HTTP/1.1" 404 32843 "-" "Mozilla/5.0 AppleWebKit/537.36 (KHTML, like Gecko; compatible; ClaudeBot/1.0; +claudebot@anthropic.com)"
3.148.222.68 - - [15/May/2025:12:12:06 +0000] "GET /shopdetail/4371705 HTTP/1.1" 404 32842 "-" "Mozilla/5.0 AppleWebKit/537.36 (KHTML, like Gecko; compatible; ClaudeBot/1.0; +claudebot@anthropic.com)"
3.148.222.68 - - [15/May/2025:12:12:07 +0000] "GET /shopdetail/15701005 HTTP/1.1" 404 32841 "-" "Mozilla/5.0 AppleWebKit/537.36 (KHTML, like Gecko; compatible; ClaudeBot/1.0; +claudebot@anthropic.com)"
3.148.222.68 - - [15/May/2025:12:12:08 +0000] "GET /shopdetail/13584205 HTTP/1.1" 404 32842 "-" "Mozilla/5.0 AppleWebKit/537.36 (KHTML, like Gecko; compatible; ClaudeBot/1.0; +claudebot@anthropic.com)"
66.249.68.38 - - [15/May/2025:12:12:09 +0000] "GET /shopdetail/8628549 HTTP/1.1" 200 19500 "-" "Mozilla/5.0 (Linux; Android 6.0.1; Nexus 5X Build/MMB29P) AppleWebKit/537.36 (KHTML, like Gecko) Chrome/136.0.7103.59 Mobile Safari/537.36 (compatible; Googlebot/2.1; +http://www.google.com/bot.html)"
102.215.34.108 - - [15/May/2025:12:12:08 +0000] "POST /wp-admin/admin-ajax.php HTTP/1.1" 200 101 "https://pacja.org/wp-admin/post.php?post=4782&action=edit" "Mozilla/5.0 (Windows NT 10.0; Win64; x64; rv:138.0) Gecko/20100101 Firefox/138.0"
3.148.222.68 - - [15/May/2025:12:12:09 +0000] "GET /shopdetail/29888405 HTTP/1.1" 404 32843 "-" "Mozilla/5.0 AppleWebKit/537.36 (KHTML, like Gecko; compatible; ClaudeBot/1.0; +claudebot@anthropic.com)"
3.148.222.68 - - [15/May/2025:12:12:10 +0000] "GET /shopdetail/4307127 HTTP/1.1" 404 32841 "-" "Mozilla/5.0 AppleWebKit/537.36 (KHTML, like Gecko; compatible; ClaudeBot/1.0; +claudebot@anthropic.com)"
3.148.222.68 - - [15/May/2025:12:12:11 +0000] "GET /shopdetail/2266049 HTTP/1.1" 404 32840 "-" "Mozilla/5.0 AppleWebKit/537.36 (KHTML, like Gecko; compatible; ClaudeBot/1.0; +claudebot@anthropic.com)"
3.148.222.68 - - [15/May/2025:12:12:12 +0000] "GET /shopdetail/9068350 HTTP/1.1" 404 32841 "-" "Mozilla/5.0 AppleWebKit/537.36 (KHTML, like Gecko; compatible; ClaudeBot/1.0; +claudebot@anthropic.com)"
3.148.222.68 - - [15/May/2025:12:12:13 +0000] "GET /shopdetail/12713338 HTTP/1.1" 404 32841 "-" "Mozilla/5.0 AppleWebKit/537.36 (KHTML, like Gecko; compatible; ClaudeBot/1.0; +claudebot@anthropic.com)"
3.148.222.68 - - [15/May/2025:12:12:13 +0000] "GET /shopdetail/18622738 HTTP/1.1" 404 32842 "-" "Mozilla/5.0 AppleWebKit/537.36 (KHTML, like Gecko; compatible; ClaudeBot/1.0; +claudebot@anthropic.com)"
8.218.186.1 - - [15/May/2025:12:12:14 +0000] "GET /index.php/category/itemlist/category/in_the_news.php HTTP/1.1" 301 - "-" "Mozilla/5.0 (Macintosh; Intel Mac OS X 10_15_7) AppleWebKit/537.36 (KHTML, like Gecko) Chrome/109.0.0.0 Safari/537.36"
3.148.222.68 - - [15/May/2025:12:12:14 +0000] "GET /shopdetail/4748127 HTTP/1.1" 404 32841 "-" "Mozilla/5.0 AppleWebKit/537.36 (KHTML, like Gecko; compatible; ClaudeBot/1.0; +claudebot@anthropic.com)"
3.148.222.68 - - [15/May/2025:12:12:14 +0000] "GET /shopdetail/998050 HTTP/1.1" 404 32840 "-" "Mozilla/5.0 AppleWebKit/537.36 (KHTML, like Gecko; compatible; ClaudeBot/1.0; +claudebot@anthropic.com)"
47.238.14.12 - - [15/May/2025:12:12:16 +0000] "GET /category/itemlist/category/in_the_news.php HTTP/1.1" 404 32853 "https://www.pacja.org/index.php/category/itemlist/category/in_the_news.php" "Mozilla/5.0 (Macintosh; Intel Mac OS X 10_15_7) AppleWebKit/537.36 (KHTML, like Gecko) Chrome/109.0.0.0 Safari/537.36"
3.148.222.68 - - [15/May/2025:12:12:15 +0000] "GET /shopdetail/29304194 HTTP/1.1" 404 32843 "-" "Mozilla/5.0 AppleWebKit/537.36 (KHTML, like Gecko; compatible; ClaudeBot/1.0; +claudebot@anthropic.com)"
3.148.222.68 - - [15/May/2025:12:12:16 +0000] "GET /shopdetail/2388772 HTTP/1.1" 404 32841 "-" "Mozilla/5.0 AppleWebKit/537.36 (KHTML, like Gecko; compatible; ClaudeBot/1.0; +claudebot@anthropic.com)"
3.148.222.68 - - [15/May/2025:12:12:17 +0000] "GET /shopdetail/7322005 HTTP/1.1" 404 32842 "-" "Mozilla/5.0 AppleWebKit/537.36 (KHTML, like Gecko; compatible; ClaudeBot/1.0; +claudebot@anthropic.com)"
3.148.222.68 - - [15/May/2025:12:12:17 +0000] "GET /shopdetail/9906250 HTTP/1.1" 404 32841 "-" "Mozilla/5.0 AppleWebKit/537.36 (KHTML, like Gecko; compatible; ClaudeBot/1.0; +claudebot@anthropic.com)"
3.148.222.68 - - [15/May/2025:12:12:19 +0000] "GET /shopdetail/1406094 HTTP/1.1" 404 32841 "-" "Mozilla/5.0 AppleWebKit/537.36 (KHTML, like Gecko; compatible; ClaudeBot/1.0; +claudebot@anthropic.com)"
3.148.222.68 - - [15/May/2025:12:12:18 +0000] "GET /shopdetail/20977794 HTTP/1.1" 404 32842 "-" "Mozilla/5.0 AppleWebKit/537.36 (KHTML, like Gecko; compatible; ClaudeBot/1.0; +claudebot@anthropic.com)"
3.148.222.68 - - [15/May/2025:12:12:21 +0000] "GET /shopdetail/23826227 HTTP/1.1" 404 32843 "-" "Mozilla/5.0 AppleWebKit/537.36 (KHTML, like Gecko; compatible; ClaudeBot/1.0; +claudebot@anthropic.com)"
3.148.222.68 - - [15/May/2025:12:12:20 +0000] "GET /shopdetail/9019850 HTTP/1.1" 404 32840 "-" "Mozilla/5.0 AppleWebKit/537.36 (KHTML, like Gecko; compatible; ClaudeBot/1.0; +claudebot@anthropic.com)"
3.148.222.68 - - [15/May/2025:12:12:21 +0000] "GET /shopdetail/3710205 HTTP/1.1" 404 32842 "-" "Mozilla/5.0 AppleWebKit/537.36 (KHTML, like Gecko; compatible; ClaudeBot/1.0; +claudebot@anthropic.com)"
3.148.222.68 - - [15/May/2025:12:12:23 +0000] "GET /shopdetail/26059383 HTTP/1.1" 404 32843 "-" "Mozilla/5.0 AppleWebKit/537.36 (KHTML, like Gecko; compatible; ClaudeBot/1.0; +claudebot@anthropic.com)"
3.148.222.68 - - [15/May/2025:12:12:24 +0000] "GET /shopdetail/11966127 HTTP/1.1" 404 32842 "-" "Mozilla/5.0 AppleWebKit/537.36 (KHTML, like Gecko; compatible; ClaudeBot/1.0; +claudebot@anthropic.com)"
3.148.222.68 - - [15/May/2025:12:12:22 +0000] "GET /shopdetail/6969205 HTTP/1.1" 404 32841 "-" "Mozilla/5.0 AppleWebKit/537.36 (KHTML, like Gecko; compatible; ClaudeBot/1.0; +claudebot@anthropic.com)"
3.148.222.68 - - [15/May/2025:12:12:26 +0000] "GET /shopdetail/23637349 HTTP/1.1" 404 32843 "-" "Mozilla/5.0 AppleWebKit/537.36 (KHTML, like Gecko; compatible; ClaudeBot/1.0; +claudebot@anthropic.com)"
3.148.222.68 - - [15/May/2025:12:12:25 +0000] "GET /shopdetail/4415805 HTTP/1.1" 404 32841 "-" "Mozilla/5.0 AppleWebKit/537.36 (KHTML, like Gecko; compatible; ClaudeBot/1.0; +claudebot@anthropic.com)"
3.148.222.68 - - [15/May/2025:12:12:28 +0000] "GET /shopdetail/9835705 HTTP/1.1" 404 32842 "-" "Mozilla/5.0 AppleWebKit/537.36 (KHTML, like Gecko; compatible; ClaudeBot/1.0; +claudebot@anthropic.com)"
3.148.222.68 - - [15/May/2025:12:12:29 +0000] "GET /shopdetail/27538683 HTTP/1.1" 404 32843 "-" "Mozilla/5.0 AppleWebKit/537.36 (KHTML, like Gecko; compatible; ClaudeBot/1.0; +claudebot@anthropic.com)"
3.148.222.68 - - [15/May/2025:12:12:27 +0000] "GET /shopdetail/23064049 HTTP/1.1" 404 32842 "-" "Mozilla/5.0 AppleWebKit/537.36 (KHTML, like Gecko; compatible; ClaudeBot/1.0; +claudebot@anthropic.com)"
3.148.222.68 - - [15/May/2025:12:12:29 +0000] "GET /shopdetail/4261450 HTTP/1.1" 404 32840 "-" "Mozilla/5.0 AppleWebKit/537.36 (KHTML, like Gecko; compatible; ClaudeBot/1.0; +claudebot@anthropic.com)"
3.148.222.68 - - [15/May/2025:12:12:30 +0000] "GET /shopdetail/21705449 HTTP/1.1" 404 32842 "-" "Mozilla/5.0 AppleWebKit/537.36 (KHTML, like Gecko; compatible; ClaudeBot/1.0; +claudebot@anthropic.com)"
3.148.222.68 - - [15/May/2025:12:12:32 +0000] "GET /shopdetail/8759650 HTTP/1.1" 404 32841 "-" "Mozilla/5.0 AppleWebKit/537.36 (KHTML, like Gecko; compatible; ClaudeBot/1.0; +claudebot@anthropic.com)"
3.148.222.68 - - [15/May/2025:12:12:33 +0000] "GET /shopdetail/4698050 HTTP/1.1" 404 32841 "-" "Mozilla/5.0 AppleWebKit/537.36 (KHTML, like Gecko; compatible; ClaudeBot/1.0; +claudebot@anthropic.com)"
3.148.222.68 - - [15/May/2025:12:12:31 +0000] "GET /shopdetail/15675783 HTTP/1.1" 404 32841 "-" "Mozilla/5.0 AppleWebKit/537.36 (KHTML, like Gecko; compatible; ClaudeBot/1.0; +claudebot@anthropic.com)"
203.161.61.57 - - [15/May/2025:12:12:38 +0000] "POST /wp-cron.php?doing_wp_cron=1747311158.5987839698791503906250 HTTP/1.1" 200 - "-" "WordPress/6.8.1; https://pacja.org"
102.215.34.108 - - [15/May/2025:12:12:37 +0000] "POST /wp-admin/admin-ajax.php HTTP/1.1" 200 101 "https://pacja.org/wp-admin/post.php?post=5067&action=edit" "Mozilla/5.0 (Windows NT 10.0; Win64; x64; rv:138.0) Gecko/20100101 Firefox/138.0"
203.161.61.57 - - [15/May/2025:12:12:46 +0000] "POST /wp-cron.php?doing_wp_cron=1747311166.7034640312194824218750 HTTP/1.1" 200 - "-" "WordPress/6.8.1; https://pacja.org"
31.13.103.112 - - [15/May/2025:12:12:46 +0000] "GET /home HTTP/1.1" 301 - "-" "meta-externalagent/1.1 (+https://developers.facebook.com/docs/sharing/webmasters/crawler)"
203.161.61.57 - - [15/May/2025:12:12:47 +0000] "POST /wp-admin/admin-ajax.php?action=async_litespeed&nonce=9PdvuAqWo8hK6yXv3y9eXw4NwQYMsCP5&litespeed_type=imgoptm HTTP/1.1" 200 21 "-" "WordPress/6.8.1; https://pacja.org"
66.249.68.37 - - [15/May/2025:12:12:58 +0000] "GET /shopdetail/7350827 HTTP/1.1" 200 19975 "-" "Mozilla/5.0 (Linux; Android 6.0.1; Nexus 5X Build/MMB29P) AppleWebKit/537.36 (KHTML, like Gecko) Chrome/136.0.7103.59 Mobile Safari/537.36 (compatible; Googlebot/2.1; +http://www.google.com/bot.html)"
102.215.34.108 - - [15/May/2025:12:13:01 +0000] "POST /wp-admin/admin-ajax.php HTTP/1.1" 200 101 "https://pacja.org/wp-admin/post.php?post=5062&action=edit" "Mozilla/5.0 (Windows NT 10.0; Win64; x64; rv:138.0) Gecko/20100101 Firefox/138.0"
18.219.74.193 - - [15/May/2025:12:13:06 +0000] "GET /shopdetail/25233449 HTTP/1.1" 404 32843 "-" "Mozilla/5.0 AppleWebKit/537.36 (KHTML, like Gecko; compatible; ClaudeBot/1.0; +claudebot@anthropic.com)"
18.219.74.193 - - [15/May/2025:12:13:06 +0000] "GET /shopdetail/30415194 HTTP/1.1" 404 32843 "-" "Mozilla/5.0 AppleWebKit/537.36 (KHTML, like Gecko; compatible; ClaudeBot/1.0; +claudebot@anthropic.com)"
18.219.74.193 - - [15/May/2025:12:13:06 +0000] "GET /shopdetail/5558005 HTTP/1.1" 404 32841 "-" "Mozilla/5.0 AppleWebKit/537.36 (KHTML, like Gecko; compatible; ClaudeBot/1.0; +claudebot@anthropic.com)"
18.219.74.193 - - [15/May/2025:12:13:07 +0000] "GET /shopdetail/19705672 HTTP/1.1" 404 32841 "-" "Mozilla/5.0 AppleWebKit/537.36 (KHTML, like Gecko; compatible; ClaudeBot/1.0; +claudebot@anthropic.com)"
18.219.74.193 - - [15/May/2025:12:13:07 +0000] "GET /shopdetail/2596794 HTTP/1.1" 404 32842 "-" "Mozilla/5.0 AppleWebKit/537.36 (KHTML, like Gecko; compatible; ClaudeBot/1.0; +claudebot@anthropic.com)"
18.219.74.193 - - [15/May/2025:12:13:08 +0000] "GET /shopdetail/30009794 HTTP/1.1" 404 32841 "-" "Mozilla/5.0 AppleWebKit/537.36 (KHTML, like Gecko; compatible; ClaudeBot/1.0; +claudebot@anthropic.com)"
18.219.74.193 - - [15/May/2025:12:13:08 +0000] "GET /shopdetail/15634850 HTTP/1.1" 404 32840 "-" "Mozilla/5.0 AppleWebKit/537.36 (KHTML, like Gecko; compatible; ClaudeBot/1.0; +claudebot@anthropic.com)"
18.219.74.193 - - [15/May/2025:12:13:09 +0000] "GET /shopdetail/11004350 HTTP/1.1" 404 32841 "-" "Mozilla/5.0 AppleWebKit/537.36 (KHTML, like Gecko; compatible; ClaudeBot/1.0; +claudebot@anthropic.com)"
18.219.74.193 - - [15/May/2025:12:13:10 +0000] "GET /shopdetail/19220572 HTTP/1.1" 404 32841 "-" "Mozilla/5.0 AppleWebKit/537.36 (KHTML, like Gecko; compatible; ClaudeBot/1.0; +claudebot@anthropic.com)"
18.219.74.193 - - [15/May/2025:12:13:11 +0000] "GET /shopdetail/26544483 HTTP/1.1" 404 32843 "-" "Mozilla/5.0 AppleWebKit/537.36 (KHTML, like Gecko; compatible; ClaudeBot/1.0; +claudebot@anthropic.com)"
18.219.74.193 - - [15/May/2025:12:13:12 +0000] "GET /shopdetail/20923683 HTTP/1.1" 404 32841 "-" "Mozilla/5.0 AppleWebKit/537.36 (KHTML, like Gecko; compatible; ClaudeBot/1.0; +claudebot@anthropic.com)"
18.219.74.193 - - [15/May/2025:12:13:09 +0000] "GET /shopdetail/21167749 HTTP/1.1" 404 32842 "-" "Mozilla/5.0 AppleWebKit/537.36 (KHTML, like Gecko; compatible; ClaudeBot/1.0; +claudebot@anthropic.com)"
18.219.74.193 - - [15/May/2025:12:13:13 +0000] "GET /shopdetail/30230294 HTTP/1.1" 404 32841 "-" "Mozilla/5.0 AppleWebKit/537.36 (KHTML, like Gecko; compatible; ClaudeBot/1.0; +claudebot@anthropic.com)"
18.219.74.193 - - [15/May/2025:12:13:13 +0000] "GET /shopdetail/9033472 HTTP/1.1" 404 32839 "-" "Mozilla/5.0 AppleWebKit/537.36 (KHTML, like Gecko; compatible; ClaudeBot/1.0; +claudebot@anthropic.com)"
18.219.74.193 - - [15/May/2025:12:13:14 +0000] "GET /shopdetail/23328649 HTTP/1.1" 404 32843 "-" "Mozilla/5.0 AppleWebKit/537.36 (KHTML, like Gecko; compatible; ClaudeBot/1.0; +claudebot@anthropic.com)"
18.219.74.193 - - [15/May/2025:12:13:16 +0000] "GET /shopdetail/11361550 HTTP/1.1" 404 32841 "-" "Mozilla/5.0 AppleWebKit/537.36 (KHTML, like Gecko; compatible; ClaudeBot/1.0; +claudebot@anthropic.com)"
18.219.74.193 - - [15/May/2025:12:13:15 +0000] "GET /shopdetail/3716938 HTTP/1.1" 404 32842 "-" "Mozilla/5.0 AppleWebKit/537.36 (KHTML, like Gecko; compatible; ClaudeBot/1.0; +claudebot@anthropic.com)"
18.219.74.193 - - [15/May/2025:12:13:17 +0000] "GET /shopdetail/29184372 HTTP/1.1" 404 32842 "-" "Mozilla/5.0 AppleWebKit/537.36 (KHTML, like Gecko; compatible; ClaudeBot/1.0; +claudebot@anthropic.com)"
18.219.74.193 - - [15/May/2025:12:13:14 +0000] "GET /shopdetail/18358138 HTTP/1.1" 404 32843 "-" "Mozilla/5.0 AppleWebKit/537.36 (KHTML, like Gecko; compatible; ClaudeBot/1.0; +claudebot@anthropic.com)"
18.219.74.193 - - [15/May/2025:12:13:17 +0000] "GET /shopdetail/24993305 HTTP/1.1" 404 32843 "-" "Mozilla/5.0 AppleWebKit/537.36 (KHTML, like Gecko; compatible; ClaudeBot/1.0; +claudebot@anthropic.com)"
18.219.74.193 - - [15/May/2025:12:13:19 +0000] "GET /shopdetail/27837750 HTTP/1.1" 404 32842 "-" "Mozilla/5.0 AppleWebKit/537.36 (KHTML, like Gecko; compatible; ClaudeBot/1.0; +claudebot@anthropic.com)"
18.219.74.193 - - [15/May/2025:12:13:20 +0000] "GET /shopdetail/17154649 HTTP/1.1" 404 32842 "-" "Mozilla/5.0 AppleWebKit/537.36 (KHTML, like Gecko; compatible; ClaudeBot/1.0; +claudebot@anthropic.com)"
18.219.74.193 - - [15/May/2025:12:13:21 +0000] "GET /shopdetail/5452150 HTTP/1.1" 404 32840 "-" "Mozilla/5.0 AppleWebKit/537.36 (KHTML, like Gecko; compatible; ClaudeBot/1.0; +claudebot@anthropic.com)"
18.219.74.193 - - [15/May/2025:12:13:21 +0000] "GET /shopdetail/29663505 HTTP/1.1" 404 32843 "-" "Mozilla/5.0 AppleWebKit/537.36 (KHTML, like Gecko; compatible; ClaudeBot/1.0; +claudebot@anthropic.com)"
18.219.74.193 - - [15/May/2025:12:13:18 +0000] "GET /shopdetail/19727727 HTTP/1.1" 404 32841 "-" "Mozilla/5.0 AppleWebKit/537.36 (KHTML, like Gecko; compatible; ClaudeBot/1.0; +claudebot@anthropic.com)"
203.161.61.57 - - [15/May/2025:12:13:25 +0000] "POST /wp-cron.php?doing_wp_cron=1747311205.3575680255889892578125 HTTP/1.1" 200 - "-" "WordPress/6.8.1; https://pacja.org"
18.219.74.193 - - [15/May/2025:12:13:22 +0000] "GET /shopdetail/24750750 HTTP/1.1" 404 32841 "-" "Mozilla/5.0 AppleWebKit/537.36 (KHTML, like Gecko; compatible; ClaudeBot/1.0; +claudebot@anthropic.com)"
18.219.74.193 - - [15/May/2025:12:13:23 +0000] "GET /shopdetail/9775527 HTTP/1.1" 404 32842 "-" "Mozilla/5.0 AppleWebKit/537.36 (KHTML, like Gecko; compatible; ClaudeBot/1.0; +claudebot@anthropic.com)"
203.161.61.57 - - [15/May/2025:12:13:27 +0000] "POST /wp-cron.php?doing_wp_cron=1747311207.0632081031799316406250 HTTP/1.1" 200 - "-" "WordPress/6.8.1; https://pacja.org"
18.219.74.193 - - [15/May/2025:12:13:24 +0000] "GET /shopdetail/27713138 HTTP/1.1" 404 32843 "-" "Mozilla/5.0 AppleWebKit/537.36 (KHTML, like Gecko; compatible; ClaudeBot/1.0; +claudebot@anthropic.com)"
18.219.74.193 - - [15/May/2025:12:13:26 +0000] "GET /shopdetail/14715594 HTTP/1.1" 404 32842 "-" "Mozilla/5.0 AppleWebKit/537.36 (KHTML, like Gecko; compatible; ClaudeBot/1.0; +claudebot@anthropic.com)"
18.219.74.193 - - [15/May/2025:12:13:25 +0000] "GET /shopdetail/4565750 HTTP/1.1" 404 32840 "-" "Mozilla/5.0 AppleWebKit/537.36 (KHTML, like Gecko; compatible; ClaudeBot/1.0; +claudebot@anthropic.com)"
18.219.74.193 - - [15/May/2025:12:13:28 +0000] "GET /shopdetail/14120249 HTTP/1.1" 404 32842 "-" "Mozilla/5.0 AppleWebKit/537.36 (KHTML, like Gecko; compatible; ClaudeBot/1.0; +claudebot@anthropic.com)"
18.219.74.193 - - [15/May/2025:12:13:25 +0000] "GET /shopdetail/5304538 HTTP/1.1" 404 32841 "-" "Mozilla/5.0 AppleWebKit/537.36 (KHTML, like Gecko; compatible; ClaudeBot/1.0; +claudebot@anthropic.com)"
18.219.74.193 - - [15/May/2025:12:13:29 +0000] "GET /shopdetail/7592572 HTTP/1.1" 404 32840 "-" "Mozilla/5.0 AppleWebKit/537.36 (KHTML, like Gecko; compatible; ClaudeBot/1.0; +claudebot@anthropic.com)"
18.219.74.193 - - [15/May/2025:12:13:29 +0000] "GET /shopdetail/7730038 HTTP/1.1" 404 32841 "-" "Mozilla/5.0 AppleWebKit/537.36 (KHTML, like Gecko; compatible; ClaudeBot/1.0; +claudebot@anthropic.com)"
66.249.68.38 - - [15/May/2025:12:13:32 +0000] "GET /shopdetail/8924338 HTTP/1.1" 200 18449 "-" "Mozilla/5.0 (Linux; Android 6.0.1; Nexus 5X Build/MMB29P) AppleWebKit/537.36 (KHTML, like Gecko) Chrome/136.0.7103.59 Mobile Safari/537.36 (compatible; Googlebot/2.1; +http://www.google.com/bot.html)"
18.219.74.193 - - [15/May/2025:12:13:27 +0000] "GET /shopdetail/26097372 HTTP/1.1" 404 32841 "-" "Mozilla/5.0 AppleWebKit/537.36 (KHTML, like Gecko; compatible; ClaudeBot/1.0; +claudebot@anthropic.com)"
18.219.74.193 - - [15/May/2025:12:13:31 +0000] "GET /shopdetail/30910383 HTTP/1.1" 404 32843 "-" "Mozilla/5.0 AppleWebKit/537.36 (KHTML, like Gecko; compatible; ClaudeBot/1.0; +claudebot@anthropic.com)"
18.219.74.193 - - [15/May/2025:12:13:32 +0000] "GET /shopdetail/4571727 HTTP/1.1" 404 32841 "-" "Mozilla/5.0 AppleWebKit/537.36 (KHTML, like Gecko; compatible; ClaudeBot/1.0; +claudebot@anthropic.com)"
18.219.74.193 - - [15/May/2025:12:13:30 +0000] "GET /shopdetail/25500450 HTTP/1.1" 404 32841 "-" "Mozilla/5.0 AppleWebKit/537.36 (KHTML, like Gecko; compatible; ClaudeBot/1.0; +claudebot@anthropic.com)"
18.219.74.193 - - [15/May/2025:12:13:34 +0000] "GET /shopdetail/18764294 HTTP/1.1" 404 32842 "-" "Mozilla/5.0 AppleWebKit/537.36 (KHTML, like Gecko; compatible; ClaudeBot/1.0; +claudebot@anthropic.com)"
18.219.74.193 - - [15/May/2025:12:13:34 +0000] "GET /shopdetail/8232027 HTTP/1.1" 404 32841 "-" "Mozilla/5.0 AppleWebKit/537.36 (KHTML, like Gecko; compatible; ClaudeBot/1.0; +claudebot@anthropic.com)"
18.219.74.193 - - [15/May/2025:12:13:35 +0000] "GET /shopdetail/6688527 HTTP/1.1" 404 32842 "-" "Mozilla/5.0 AppleWebKit/537.36 (KHTML, like Gecko; compatible; ClaudeBot/1.0; +claudebot@anthropic.com)"
217.113.194.235 - - [15/May/2025:12:13:38 +0000] "GET /category/newsletter/feed/ HTTP/1.1" 403 - "-" "Mozilla/5.0 (compatible; Barkrowler/0.9; +https://babbar.tech/crawler)"
18.219.74.193 - - [15/May/2025:12:13:33 +0000] "GET /shopdetail/6135705 HTTP/1.1" 404 32841 "-" "Mozilla/5.0 AppleWebKit/537.36 (KHTML, like Gecko; compatible; ClaudeBot/1.0; +claudebot@anthropic.com)"
18.219.74.193 - - [15/May/2025:12:13:36 +0000] "GET /shopdetail/21895394 HTTP/1.1" 404 32843 "-" "Mozilla/5.0 AppleWebKit/537.36 (KHTML, like Gecko; compatible; ClaudeBot/1.0; +claudebot@anthropic.com)"
18.219.74.193 - - [15/May/2025:12:13:37 +0000] "GET /shopdetail/26913227 HTTP/1.1" 404 32843 "-" "Mozilla/5.0 AppleWebKit/537.36 (KHTML, like Gecko; compatible; ClaudeBot/1.0; +claudebot@anthropic.com)"
168.138.139.75 - - [15/May/2025:12:13:47 +0000] "GET /feed/ HTTP/1.1" 403 - "-" "Java/1.8.0_412"
168.138.139.75 - - [15/May/2025:12:13:47 +0000] "POST /feed/ HTTP/1.1" 403 - "-" "Java/1.8.0_412"
168.138.159.57 - - [15/May/2025:12:13:50 +0000] "GET /feed/ HTTP/1.1" 200 62572 "-" "Mozilla/5.0 (Macintosh; Intel Mac OS X 10_6_4) AppleWebKit/535.11 (KHTML, like Gecko) Chrome/17.0.963.65 Safari/535.11"
66.249.79.200 - - [15/May/2025:12:13:53 +0000] "GET /?_gl=1*rgknbr*_ga*MzY3MjE1MDcwLjE3MzcwOTUyMjA.*_ga_0VKVKKN4NV*MTczNzEwMjM4NC4yLjEuMTczNzEwMjQ1My42MC4wLjA.&_bd_prev_page=https://pacja.org/detail.php?shopdetail/26288138 HTTP/1.1" 200 20818 "-" "Mozilla/5.0 (Linux; Android 6.0.1; Nexus 5X Build/MMB29P) AppleWebKit/537.36 (KHTML, like Gecko) Chrome/136.0.7103.59 Mobile Safari/537.36 (compatible; Googlebot/2.1; +http://www.google.com/bot.html)"
210.157.213.227 - - [15/May/2025:12:13:55 +0000] "GET /shopdetail/1986705 HTTP/1.1" 404 33129 "android-app://com.google.android.googlequicksearchbox/" "Mozilla/5.0 (Linux; Android 10; K) AppleWebKit/537.36 (KHTML, like Gecko) Chrome/135.0.0.0 Mobile Safari/537.36"
210.157.213.227 - - [15/May/2025:12:13:56 +0000] "GET /wp-content/plugins/gs-logo-slider/assets/libs/swiper-js/swiper.min.css?ver=3.7.4 HTTP/1.1" 200 4583 "https://pacja.org/shopdetail/1986705" "Mozilla/5.0 (Linux; Android 10; K) AppleWebKit/537.36 (KHTML, like Gecko) Chrome/135.0.0.0 Mobile Safari/537.36"
210.157.213.227 - - [15/May/2025:12:13:56 +0000] "GET /wp-content/plugins/formidable/css/formidableforms.css?ver=2192154 HTTP/1.1" 200 8568 "https://pacja.org/shopdetail/1986705" "Mozilla/5.0 (Linux; Android 10; K) AppleWebKit/537.36 (KHTML, like Gecko) Chrome/135.0.0.0 Mobile Safari/537.36"
210.157.213.227 - - [15/May/2025:12:13:57 +0000] "GET /wp-content/plugins/gs-logo-slider/assets/libs/tippyjs/tippy.css?ver=3.7.4 HTTP/1.1" 200 589 "https://pacja.org/shopdetail/1986705" "Mozilla/5.0 (Linux; Android 10; K) AppleWebKit/537.36 (KHTML, like Gecko) Chrome/135.0.0.0 Mobile Safari/537.36"
210.157.213.227 - - [15/May/2025:12:13:57 +0000] "GET /wp-content/plugins/gs-logo-slider/assets/css/gs-logo.min.css?ver=3.7.4 HTTP/1.1" 200 1866 "https://pacja.org/shopdetail/1986705" "Mozilla/5.0 (Linux; Android 10; K) AppleWebKit/537.36 (KHTML, like Gecko) Chrome/135.0.0.0 Mobile Safari/537.36"
210.157.213.227 - - [15/May/2025:12:13:57 +0000] "GET /wp-content/plugins/civist/civist-wordpress-blocks-embed.css?ver=1bdc5b775f7478bc9ab8 HTTP/1.1" 200 369 "https://pacja.org/shopdetail/1986705" "Mozilla/5.0 (Linux; Android 10; K) AppleWebKit/537.36 (KHTML, like Gecko) Chrome/135.0.0.0 Mobile Safari/537.36"
210.157.213.227 - - [15/May/2025:12:13:57 +0000] "GET /wp-includes/css/dist/block-library/style.min.css?ver=d6d318ac8eaa702f795eb12f2dd73d9f HTTP/1.1" 200 15323 "https://pacja.org/shopdetail/1986705" "Mozilla/5.0 (Linux; Android 10; K) AppleWebKit/537.36 (KHTML, like Gecko) Chrome/135.0.0.0 Mobile Safari/537.36"
210.157.213.227 - - [15/May/2025:12:13:57 +0000] "GET /wp-content/plugins/LayerSlider/assets/static/layerslider/css/layerslider.css?ver=7.11.0 HTTP/1.1" 200 5323 "https://pacja.org/shopdetail/1986705" "Mozilla/5.0 (Linux; Android 10; K) AppleWebKit/537.36 (KHTML, like Gecko) Chrome/135.0.0.0 Mobile Safari/537.36"
210.157.213.227 - - [15/May/2025:12:13:57 +0000] "GET /wp-includes/js/mediaelement/wp-mediaelement.min.css?ver=d6d318ac8eaa702f795eb12f2dd73d9f HTTP/1.1" 200 1156 "https://pacja.org/shopdetail/1986705" "Mozilla/5.0 (Linux; Android 10; K) AppleWebKit/537.36 (KHTML, like Gecko) Chrome/135.0.0.0 Mobile Safari/537.36"
210.157.213.227 - - [15/May/2025:12:13:57 +0000] "GET /wp-includes/js/mediaelement/mediaelementplayer-legacy.min.css?ver=4.2.17 HTTP/1.1" 200 2592 "https://pacja.org/shopdetail/1986705" "Mozilla/5.0 (Linux; Android 10; K) AppleWebKit/537.36 (KHTML, like Gecko) Chrome/135.0.0.0 Mobile Safari/537.36"
210.157.213.227 - - [15/May/2025:12:13:57 +0000] "GET /wp-content/plugins/advance-search/inc/common/css/jquery-ui.css?ver=1.1.6 HTTP/1.1" 200 8394 "https://pacja.org/shopdetail/1986705" "Mozilla/5.0 (Linux; Android 10; K) AppleWebKit/537.36 (KHTML, like Gecko) Chrome/135.0.0.0 Mobile Safari/537.36"
210.157.213.227 - - [15/May/2025:12:13:57 +0000] "GET /wp-content/plugins/download-manager/assets/wpdm-iconfont/css/wpdm-icons.css?ver=d6d318ac8eaa702f795eb12f2dd73d9f HTTP/1.1" 200 1125 "https://pacja.org/shopdetail/1986705" "Mozilla/5.0 (Linux; Android 10; K) AppleWebKit/537.36 (KHTML, like Gecko) Chrome/135.0.0.0 Mobile Safari/537.36"
210.157.213.227 - - [15/May/2025:12:13:57 +0000] "GET /wp-content/plugins/advance-search/inc/common/css/advance-search-common.css?ver=1.1.6 HTTP/1.1" 200 856 "https://pacja.org/shopdetail/1986705" "Mozilla/5.0 (Linux; Android 10; K) AppleWebKit/537.36 (KHTML, like Gecko) Chrome/135.0.0.0 Mobile Safari/537.36"
210.157.213.227 - - [15/May/2025:12:13:57 +0000] "GET /wp-content/plugins/contact-form-7/includes/css/styles.css?ver=6.0.6 HTTP/1.1" 200 1015 "https://pacja.org/shopdetail/1986705" "Mozilla/5.0 (Linux; Android 10; K) AppleWebKit/537.36 (KHTML, like Gecko) Chrome/135.0.0.0 Mobile Safari/537.36"
210.157.213.227 - - [15/May/2025:12:13:57 +0000] "GET /wp-content/plugins/advance-search/assets/css/font-awesome.min.css?ver=1.1.6 HTTP/1.1" 200 7053 "https://pacja.org/shopdetail/1986705" "Mozilla/5.0 (Linux; Android 10; K) AppleWebKit/537.36 (KHTML, like Gecko) Chrome/135.0.0.0 Mobile Safari/537.36"
210.157.213.227 - - [15/May/2025:12:13:57 +0000] "GET /wp-content/plugins/download-manager/assets/css/front.min.css?ver=d6d318ac8eaa702f795eb12f2dd73d9f HTTP/1.1" 200 11726 "https://pacja.org/shopdetail/1986705" "Mozilla/5.0 (Linux; Android 10; K) AppleWebKit/537.36 (KHTML, like Gecko) Chrome/135.0.0.0 Mobile Safari/537.36"
210.157.213.227 - - [15/May/2025:12:13:57 +0000] "GET /wp-content/plugins/events-manager/includes/css/events-manager.min.css?ver=6.6.4.4 HTTP/1.1" 200 47888 "https://pacja.org/shopdetail/1986705" "Mozilla/5.0 (Linux; Android 10; K) AppleWebKit/537.36 (KHTML, like Gecko) Chrome/135.0.0.0 Mobile Safari/537.36"
210.157.213.227 - - [15/May/2025:12:13:58 +0000] "GET /wp-content/plugins/flickr-viewer/public/css/cws-flickr-gallery-pro-public.css?ver=1.1.8 HTTP/1.1" 200 1533 "https://pacja.org/shopdetail/1986705" "Mozilla/5.0 (Linux; Android 10; K) AppleWebKit/537.36 (KHTML, like Gecko) Chrome/135.0.0.0 Mobile Safari/537.36"
210.157.213.227 - - [15/May/2025:12:13:58 +0000] "GET /wp-content/plugins/elementor/assets/lib/font-awesome/css/font-awesome.min.css?ver=4.7.0 HTTP/1.1" 200 7052 "https://pacja.org/shopdetail/1986705" "Mozilla/5.0 (Linux; Android 10; K) AppleWebKit/537.36 (KHTML, like Gecko) Chrome/135.0.0.0 Mobile Safari/537.36"
210.157.213.227 - - [15/May/2025:12:13:58 +0000] "GET /wp-content/plugins/flickr-stream/css/frontend.min.css?ver=1.3 HTTP/1.1" 200 416 "https://pacja.org/shopdetail/1986705" "Mozilla/5.0 (Linux; Android 10; K) AppleWebKit/537.36 (KHTML, like Gecko) Chrome/135.0.0.0 Mobile Safari/537.36"
210.157.213.227 - - [15/May/2025:12:13:58 +0000] "GET /wp-content/plugins/flickr-viewer/public/css/lightbox/lightbox.css?ver=1.1.8 HTTP/1.1" 200 1011 "https://pacja.org/shopdetail/1986705" "Mozilla/5.0 (Linux; Android 10; K) AppleWebKit/537.36 (KHTML, like Gecko) Chrome/135.0.0.0 Mobile Safari/537.36"
210.157.213.227 - - [15/May/2025:12:13:58 +0000] "GET /wp-content/plugins/flickr-viewer/public/css/default.css?ver=1.1.8 HTTP/1.1" 200 773 "https://pacja.org/shopdetail/1986705" "Mozilla/5.0 (Linux; Android 10; K) AppleWebKit/537.36 (KHTML, like Gecko) Chrome/135.0.0.0 Mobile Safari/537.36"
210.157.213.227 - - [15/May/2025:12:13:58 +0000] "GET /wp-content/plugins/flickr-viewer/public/css/component.css?ver=1.1.8 HTTP/1.1" 200 965 "https://pacja.org/shopdetail/1986705" "Mozilla/5.0 (Linux; Android 10; K) AppleWebKit/537.36 (KHTML, like Gecko) Chrome/135.0.0.0 Mobile Safari/537.36"
210.157.213.227 - - [15/May/2025:12:13:59 +0000] "GET /wp-content/plugins/quick-event-manager/ui/user/css/style.css?ver=9.14 HTTP/1.1" 200 881 "https://pacja.org/shopdetail/1986705" "Mozilla/5.0 (Linux; Android 10; K) AppleWebKit/537.36 (KHTML, like Gecko) Chrome/135.0.0.0 Mobile Safari/537.36"
210.157.213.227 - - [15/May/2025:12:13:59 +0000] "GET /wp-content/plugins/quick-event-manager/legacy/quick-event-manager.css?ver=9.14 HTTP/1.1" 200 2402 "https://pacja.org/shopdetail/1986705" "Mozilla/5.0 (Linux; Android 10; K) AppleWebKit/537.36 (KHTML, like Gecko) Chrome/135.0.0.0 Mobile Safari/537.36"
210.157.213.227 - - [15/May/2025:12:13:59 +0000] "GET /wp-content/themes/pacja.../style.css?ver=20.6.4 HTTP/1.1" 200 129 "https://pacja.org/shopdetail/1986705" "Mozilla/5.0 (Linux; Android 10; K) AppleWebKit/537.36 (KHTML, like Gecko) Chrome/135.0.0.0 Mobile Safari/537.36"
210.157.213.227 - - [15/May/2025:12:13:59 +0000] "GET /wp-content/plugins/search-filter/style.css?ver=1 HTTP/1.1" 200 272 "https://pacja.org/shopdetail/1986705" "Mozilla/5.0 (Linux; Android 10; K) AppleWebKit/537.36 (KHTML, like Gecko) Chrome/135.0.0.0 Mobile Safari/537.36"
210.157.213.227 - - [15/May/2025:12:13:59 +0000] "GET /wp-content/plugins/add-search-to-menu/public/css/ivory-search.min.css?ver=5.5.9 HTTP/1.1" 200 1695 "https://pacja.org/shopdetail/1986705" "Mozilla/5.0 (Linux; Android 10; K) AppleWebKit/537.36 (KHTML, like Gecko) Chrome/135.0.0.0 Mobile Safari/537.36"
210.157.213.227 - - [15/May/2025:12:13:59 +0000] "GET /wp-content/themes/pacja.../css/base.css?ver=20.6.4 HTTP/1.1" 200 12203 "https://pacja.org/shopdetail/1986705" "Mozilla/5.0 (Linux; Android 10; K) AppleWebKit/537.36 (KHTML, like Gecko) Chrome/135.0.0.0 Mobile Safari/537.36"
210.157.213.227 - - [15/May/2025:12:13:59 +0000] "GET /wp-content/themes/pacja.../assets/ui/jquery.ui.all.css?ver=20.6.4 HTTP/1.1" 200 3383 "https://pacja.org/shopdetail/1986705" "Mozilla/5.0 (Linux; Android 10; K) AppleWebKit/537.36 (KHTML, like Gecko) Chrome/135.0.0.0 Mobile Safari/537.36"
210.157.213.227 - - [15/May/2025:12:13:59 +0000] "GET /wp-content/themes/pacja.../css/layout.css?ver=20.6.4 HTTP/1.1" 200 19789 "https://pacja.org/shopdetail/1986705" "Mozilla/5.0 (Linux; Android 10; K) AppleWebKit/537.36 (KHTML, like Gecko) Chrome/135.0.0.0 Mobile Safari/537.36"
210.157.213.227 - - [15/May/2025:12:13:59 +0000] "GET /wp-content/themes/pacja.../assets/jplayer/css/jplayer.blue.monday.css?ver=20.6.4 HTTP/1.1" 200 2146 "https://pacja.org/shopdetail/1986705" "Mozilla/5.0 (Linux; Android 10; K) AppleWebKit/537.36 (KHTML, like Gecko) Chrome/135.0.0.0 Mobile Safari/537.36"
210.157.213.227 - - [15/May/2025:12:13:59 +0000] "GET /wp-content/themes/pacja.../css/responsive.css?ver=20.6.4 HTTP/1.1" 200 9964 "https://pacja.org/shopdetail/1986705" "Mozilla/5.0 (Linux; Android 10; K) AppleWebKit/537.36 (KHTML, like Gecko) Chrome/135.0.0.0 Mobile Safari/537.36"
210.157.213.227 - - [15/May/2025:12:13:59 +0000] "GET /wp-content/themes/pacja.../assets/animations/animations.min.css?ver=20.6.4 HTTP/1.1" 200 5418 "https://pacja.org/shopdetail/1986705" "Mozilla/5.0 (Linux; Android 10; K) AppleWebKit/537.36 (KHTML, like Gecko) Chrome/135.0.0.0 Mobile Safari/537.36"
210.157.213.227 - - [15/May/2025:12:13:59 +0000] "GET /wp-content/themes/pacja.../css/shortcodes.css?ver=20.6.4 HTTP/1.1" 200 22258 "https://pacja.org/shopdetail/1986705" "Mozilla/5.0 (Linux; Android 10; K) AppleWebKit/537.36 (KHTML, like Gecko) Chrome/135.0.0.0 Mobile Safari/537.36"
210.157.213.227 - - [15/May/2025:12:13:59 +0000] "GET /wp-content/plugins/jetpack/modules/likes/style.css?ver=14.3 HTTP/1.1" 200 1749 "https://pacja.org/shopdetail/1986705" "Mozilla/5.0 (Linux; Android 10; K) AppleWebKit/537.36 (KHTML, like Gecko) Chrome/135.0.0.0 Mobile Safari/537.36"
210.157.213.227 - - [15/May/2025:12:13:59 +0000] "GET /wp-content/uploads/dynamic-mobmenu.css?ver=2.8.7-906 HTTP/1.1" 200 1934 "https://pacja.org/shopdetail/1986705" "Mozilla/5.0 (Linux; Android 10; K) AppleWebKit/537.36 (KHTML, like Gecko) Chrome/135.0.0.0 Mobile Safari/537.36"
210.157.213.227 - - [15/May/2025:12:13:59 +0000] "GET /wp-content/plugins/tablepress/css/build/default.css?ver=3.0.4 HTTP/1.1" 200 1486 "https://pacja.org/shopdetail/1986705" "Mozilla/5.0 (Linux; Android 10; K) AppleWebKit/537.36 (KHTML, like Gecko) Chrome/135.0.0.0 Mobile Safari/537.36"
210.157.213.227 - - [15/May/2025:12:13:59 +0000] "GET /wp-content/plugins/youtube-embed-plus/styles/ytprefs.min.css?ver=14.2.1.3 HTTP/1.1" 200 1786 "https://pacja.org/shopdetail/1986705" "Mozilla/5.0 (Linux; Android 10; K) AppleWebKit/537.36 (KHTML, like Gecko) Chrome/135.0.0.0 Mobile Safari/537.36"
210.157.213.227 - - [15/May/2025:12:13:59 +0000] "GET /wp-content/plugins/elementor/assets/css/frontend.min.css?ver=3.27.6 HTTP/1.1" 200 7101 "https://pacja.org/shopdetail/1986705" "Mozilla/5.0 (Linux; Android 10; K) AppleWebKit/537.36 (KHTML, like Gecko) Chrome/135.0.0.0 Mobile Safari/537.36"
210.157.213.227 - - [15/May/2025:12:14:00 +0000] "GET /wp-content/plugins/essential-addons-for-elementor-lite/assets/front-end/css/view/general.min.css?ver=6.1.4 HTTP/1.1" 200 1539 "https://pacja.org/shopdetail/1986705" "Mozilla/5.0 (Linux; Android 10; K) AppleWebKit/537.36 (KHTML, like Gecko) Chrome/135.0.0.0 Mobile Safari/537.36"
210.157.213.227 - - [15/May/2025:12:14:00 +0000] "GET /wp-content/plugins/mobile-menu/includes/css/mobmenu-icons.css?ver=d6d318ac8eaa702f795eb12f2dd73d9f HTTP/1.1" 200 1391 "https://pacja.org/shopdetail/1986705" "Mozilla/5.0 (Linux; Android 10; K) AppleWebKit/537.36 (KHTML, like Gecko) Chrome/135.0.0.0 Mobile Safari/537.36"
210.157.213.227 - - [15/May/2025:12:14:00 +0000] "GET /wp-includes/js/jquery/jquery-migrate.min.js?ver=3.4.1 HTTP/1.1" 200 4872 "https://pacja.org/shopdetail/1986705" "Mozilla/5.0 (Linux; Android 10; K) AppleWebKit/537.36 (KHTML, like Gecko) Chrome/135.0.0.0 Mobile Safari/537.36"
210.157.213.227 - - [15/May/2025:12:14:00 +0000] "GET /wp-content/plugins/mobile-menu/includes/css/mobmenu.css?ver=2.8.7 HTTP/1.1" 200 2110 "https://pacja.org/shopdetail/1986705" "Mozilla/5.0 (Linux; Android 10; K) AppleWebKit/537.36 (KHTML, like Gecko) Chrome/135.0.0.0 Mobile Safari/537.36"
210.157.213.227 - - [15/May/2025:12:14:00 +0000] "GET /wp-content/plugins/revslider/sr6/assets/css/rs6.css?ver=6.7.18 HTTP/1.1" 200 12492 "https://pacja.org/shopdetail/1986705" "Mozilla/5.0 (Linux; Android 10; K) AppleWebKit/537.36 (KHTML, like Gecko) Chrome/135.0.0.0 Mobile Safari/537.36"
210.157.213.227 - - [15/May/2025:12:14:00 +0000] "GET /wp-includes/js/jquery/jquery.min.js?ver=3.7.1 HTTP/1.1" 200 30368 "https://pacja.org/shopdetail/1986705" "Mozilla/5.0 (Linux; Android 10; K) AppleWebKit/537.36 (KHTML, like Gecko) Chrome/135.0.0.0 Mobile Safari/537.36"
210.157.213.227 - - [15/May/2025:12:14:00 +0000] "GET /wp-content/plugins/LayerSlider/assets/static/layerslider/js/layerslider.transitions.js?ver=7.11.0 HTTP/1.1" 200 4907 "https://pacja.org/shopdetail/1986705" "Mozilla/5.0 (Linux; Android 10; K) AppleWebKit/537.36 (KHTML, like Gecko) Chrome/135.0.0.0 Mobile Safari/537.36"
210.157.213.227 - - [15/May/2025:12:14:00 +0000] "GET /wp-content/plugins/advance-search/inc/frontend/js/advance-search-frontend.js?ver=1.1.6 HTTP/1.1" 200 515 "https://pacja.org/shopdetail/1986705" "Mozilla/5.0 (Linux; Android 10; K) AppleWebKit/537.36 (KHTML, like Gecko) Chrome/135.0.0.0 Mobile Safari/537.36"
210.157.213.227 - - [15/May/2025:12:14:00 +0000] "GET /wp-content/plugins/download-manager/assets/js/wpdm.min.js?ver=d6d318ac8eaa702f795eb12f2dd73d9f HTTP/1.1" 200 470 "https://pacja.org/shopdetail/1986705" "Mozilla/5.0 (Linux; Android 10; K) AppleWebKit/537.36 (KHTML, like Gecko) Chrome/135.0.0.0 Mobile Safari/537.36"
