196.191.61.48 - - [15/May/2025:12:38:34 +0000] "GET / HTTP/1.1" 200 59743 "https://pacja.org/positioning-african-non-state-actors-at-the-heart-of-climate-policy-and-global-justice-for-acs-ii-and-beyond/" "Mozilla/5.0 (iPhone; CPU iPhone OS 18_4_1 like Mac OS X) AppleWebKit/605.1.15 (KHTML, like Gecko) Mobile/15E148 [LinkedInApp]/9.31.1083.5"
18.117.229.13 - - [15/May/2025:12:38:32 +0000] "GET /shopdetail/19676849 HTTP/1.1" 404 32844 "-" "Mozilla/5.0 AppleWebKit/537.36 (KHTML, like Gecko; compatible; ClaudeBot/1.0; +claudebot@anthropic.com)"
52.1.157.90 - - [15/May/2025:12:38:36 +0000] "GET /climate-investment-fund-observer-positions-uganda-and-gambia-selected-as-dnp-representatives/ HTTP/1.1" 403 - "-" "Mozilla/5.0 AppleWebKit/537.36 (KHTML, like Gecko; compatible; Amazonbot/0.1; +https://developer.amazon.com/support/amazonbot) Chrome/119.0.6045.214 Safari/537.36"
18.117.229.13 - - [15/May/2025:12:38:36 +0000] "GET /shopdetail/30040349 HTTP/1.1" 404 32844 "-" "Mozilla/5.0 AppleWebKit/537.36 (KHTML, like Gecko; compatible; ClaudeBot/1.0; +claudebot@anthropic.com)"
66.249.79.199 - - [15/May/2025:12:38:37 +0000] "GET /?_gl=1*rgknbr*_ga*MzY3MjE1MDcwLjE3MzcwOTUyMjA.*_ga_0VKVKKN4NV*MTczNzEwMjM4NC4yLjEuMTczNzEwMjQ1My42MC4wLjA.&_bd_prev_page=https://pacja.org/detail.php?shopdetail/18090683 HTTP/1.1" 200 20388 "-" "Mozilla/5.0 (Linux; Android 6.0.1; Nexus 5X Build/MMB29P) AppleWebKit/537.36 (KHTML, like Gecko) Chrome/136.0.7103.59 Mobile Safari/537.36 (compatible; Googlebot/2.1; +http://www.google.com/bot.html)"
203.161.61.57 - - [15/May/2025:12:38:38 +0000] "POST /wp-cron.php?doing_wp_cron=1747312718.5582399368286132812500 HTTP/1.1" 200 - "-" "WordPress/6.8.1; https://pacja.org"
18.117.229.13 - - [15/May/2025:12:38:35 +0000] "GET /shopdetail/30913849 HTTP/1.1" 404 32844 "-" "Mozilla/5.0 AppleWebKit/537.36 (KHTML, like Gecko; compatible; ClaudeBot/1.0; +claudebot@anthropic.com)"
203.161.61.57 - - [15/May/2025:12:38:39 +0000] "POST /wp-cron.php?doing_wp_cron=1747312719.2819700241088867187500 HTTP/1.1" 200 - "-" "WordPress/6.8.1; https://pacja.org"
18.117.229.13 - - [15/May/2025:12:38:34 +0000] "GET /shopdetail/17714394 HTTP/1.1" 404 32844 "-" "Mozilla/5.0 AppleWebKit/537.36 (KHTML, like Gecko; compatible; ClaudeBot/1.0; +claudebot@anthropic.com)"
18.117.229.13 - - [15/May/2025:12:38:39 +0000] "GET /shopdetail/26514750 HTTP/1.1" 404 32844 "-" "Mozilla/5.0 AppleWebKit/537.36 (KHTML, like Gecko; compatible; ClaudeBot/1.0; +claudebot@anthropic.com)"
18.117.229.13 - - [15/May/2025:12:38:39 +0000] "GET /shopdetail/26049294 HTTP/1.1" 404 32845 "-" "Mozilla/5.0 AppleWebKit/537.36 (KHTML, like Gecko; compatible; ClaudeBot/1.0; +claudebot@anthropic.com)"
203.161.61.57 - - [15/May/2025:12:38:40 +0000] "POST /wp-admin/admin-ajax.php?action=async_litespeed&nonce=zGjBqbk6c4Q4pU4HRnThlIz4Dv7fB2lY&litespeed_type=imgoptm HTTP/1.1" 200 21 "-" "WordPress/6.8.1; https://pacja.org"
98.84.131.195 - - [15/May/2025:12:38:41 +0000] "GET /strengthening-grassroots-climate-action-pacjas-workshop-for-the-south-african-designated-national-platform-dnp/ HTTP/1.1" 403 - "-" "Mozilla/5.0 AppleWebKit/537.36 (KHTML, like Gecko; compatible; Amazonbot/0.1; +https://developer.amazon.com/support/amazonbot) Chrome/119.0.6045.214 Safari/537.36"
203.161.61.57 - - [15/May/2025:12:38:41 +0000] "POST /wp-cron.php?doing_wp_cron=1747312721.9491860866546630859375 HTTP/1.1" 200 - "-" "WordPress/6.8.1; https://pacja.org"
18.117.229.13 - - [15/May/2025:12:38:38 +0000] "GET /shopdetail/28179649 HTTP/1.1" 404 32845 "-" "Mozilla/5.0 AppleWebKit/537.36 (KHTML, like Gecko; compatible; ClaudeBot/1.0; +claudebot@anthropic.com)"
18.117.229.13 - - [15/May/2025:12:38:41 +0000] "GET /shopdetail/2288094 HTTP/1.1" 404 32844 "-" "Mozilla/5.0 AppleWebKit/537.36 (KHTML, like Gecko; compatible; ClaudeBot/1.0; +claudebot@anthropic.com)"
18.117.229.13 - - [15/May/2025:12:38:40 +0000] "GET /shopdetail/779127 HTTP/1.1" 404 32843 "-" "Mozilla/5.0 AppleWebKit/537.36 (KHTML, like Gecko; compatible; ClaudeBot/1.0; +claudebot@anthropic.com)"
18.117.229.13 - - [15/May/2025:12:38:42 +0000] "GET /shopdetail/25335194 HTTP/1.1" 404 32845 "-" "Mozilla/5.0 AppleWebKit/537.36 (KHTML, like Gecko; compatible; ClaudeBot/1.0; +claudebot@anthropic.com)"
44.210.213.220 - - [15/May/2025:12:38:45 +0000] "GET /reflection-on-sbsta-day-1-meeting/ HTTP/1.1" 403 - "-" "Mozilla/5.0 AppleWebKit/537.36 (KHTML, like Gecko; compatible; Amazonbot/0.1; +https://developer.amazon.com/support/amazonbot) Chrome/119.0.6045.214 Safari/537.36"
18.117.229.13 - - [15/May/2025:12:38:43 +0000] "GET /shopdetail/30922349 HTTP/1.1" 404 32845 "-" "Mozilla/5.0 AppleWebKit/537.36 (KHTML, like Gecko; compatible; ClaudeBot/1.0; +claudebot@anthropic.com)"
18.117.229.13 - - [15/May/2025:12:38:44 +0000] "GET /shopdetail/26547949 HTTP/1.1" 404 32845 "-" "Mozilla/5.0 AppleWebKit/537.36 (KHTML, like Gecko; compatible; ClaudeBot/1.0; +claudebot@anthropic.com)"
18.117.229.13 - - [15/May/2025:12:38:45 +0000] "GET /shopdetail/21220349 HTTP/1.1" 404 32845 "-" "Mozilla/5.0 AppleWebKit/537.36 (KHTML, like Gecko; compatible; ClaudeBot/1.0; +claudebot@anthropic.com)"
18.117.229.13 - - [15/May/2025:12:38:46 +0000] "GET /shopdetail/30031849 HTTP/1.1" 404 32845 "-" "Mozilla/5.0 AppleWebKit/537.36 (KHTML, like Gecko; compatible; ClaudeBot/1.0; +claudebot@anthropic.com)"
18.117.229.13 - - [15/May/2025:12:38:46 +0000] "GET /shopdetail/20470649 HTTP/1.1" 404 32845 "-" "Mozilla/5.0 AppleWebKit/537.36 (KHTML, like Gecko; compatible; ClaudeBot/1.0; +claudebot@anthropic.com)"
52.207.47.227 - - [15/May/2025:12:38:49 +0000] "GET /towards-africa-climate-summit-2023-african-non-state-actors-draw-quests-and-redlines/ HTTP/1.1" 403 - "-" "Mozilla/5.0 AppleWebKit/537.36 (KHTML, like Gecko; compatible; Amazonbot/0.1; +https://developer.amazon.com/support/amazonbot) Chrome/119.0.6045.214 Safari/537.36"
18.117.229.13 - - [15/May/2025:12:38:47 +0000] "GET /shopdetail/25016927 HTTP/1.1" 404 32845 "-" "Mozilla/5.0 AppleWebKit/537.36 (KHTML, like Gecko; compatible; ClaudeBot/1.0; +claudebot@anthropic.com)"
18.117.229.13 - - [15/May/2025:12:38:49 +0000] "GET /shopdetail/25586249 HTTP/1.1" 404 32845 "-" "Mozilla/5.0 AppleWebKit/537.36 (KHTML, like Gecko; compatible; ClaudeBot/1.0; +claudebot@anthropic.com)"
18.117.229.13 - - [15/May/2025:12:38:48 +0000] "GET /shopdetail/26644649 HTTP/1.1" 404 32845 "-" "Mozilla/5.0 AppleWebKit/537.36 (KHTML, like Gecko; compatible; ClaudeBot/1.0; +claudebot@anthropic.com)"
18.117.229.13 - - [15/May/2025:12:38:49 +0000] "GET /shopdetail/26534394 HTTP/1.1" 404 32845 "-" "Mozilla/5.0 AppleWebKit/537.36 (KHTML, like Gecko; compatible; ClaudeBot/1.0; +claudebot@anthropic.com)"
34.225.243.131 - - [15/May/2025:12:38:52 +0000] "GET /definition-and-considerations-for-climate-finance/ HTTP/1.1" 403 - "-" "Mozilla/5.0 AppleWebKit/537.36 (KHTML, like Gecko; compatible; Amazonbot/0.1; +https://developer.amazon.com/support/amazonbot) Chrome/119.0.6045.214 Safari/537.36"
18.117.229.13 - - [15/May/2025:12:38:51 +0000] "GET /shopdetail/30904272 HTTP/1.1" 404 32843 "-" "Mozilla/5.0 AppleWebKit/537.36 (KHTML, like Gecko; compatible; ClaudeBot/1.0; +claudebot@anthropic.com)"
18.117.229.13 - - [15/May/2025:12:38:52 +0000] "GET /shopdetail/536572 HTTP/1.1" 404 32841 "-" "Mozilla/5.0 AppleWebKit/537.36 (KHTML, like Gecko; compatible; ClaudeBot/1.0; +claudebot@anthropic.com)"
18.117.229.13 - - [15/May/2025:12:38:50 +0000] "GET /shopdetail/1141494 HTTP/1.1" 404 32843 "-" "Mozilla/5.0 AppleWebKit/537.36 (KHTML, like Gecko; compatible; ClaudeBot/1.0; +claudebot@anthropic.com)"
18.117.229.13 - - [15/May/2025:12:38:54 +0000] "GET /shopdetail/27738649 HTTP/1.1" 404 32845 "-" "Mozilla/5.0 AppleWebKit/537.36 (KHTML, like Gecko; compatible; ClaudeBot/1.0; +claudebot@anthropic.com)"
18.117.229.13 - - [15/May/2025:12:38:53 +0000] "GET /shopdetail/1361994 HTTP/1.1" 404 32843 "-" "Mozilla/5.0 AppleWebKit/537.36 (KHTML, like Gecko; compatible; ClaudeBot/1.0; +claudebot@anthropic.com)"
18.117.229.13 - - [15/May/2025:12:38:55 +0000] "GET /shopdetail/26516327 HTTP/1.1" 404 32845 "-" "Mozilla/5.0 AppleWebKit/537.36 (KHTML, like Gecko; compatible; ClaudeBot/1.0; +claudebot@anthropic.com)"
18.117.229.13 - - [15/May/2025:12:38:56 +0000] "GET /shopdetail/23998649 HTTP/1.1" 404 32845 "-" "Mozilla/5.0 AppleWebKit/537.36 (KHTML, like Gecko; compatible; ClaudeBot/1.0; +claudebot@anthropic.com)"
18.117.229.13 - - [15/May/2025:12:38:56 +0000] "GET /shopdetail/22314349 HTTP/1.1" 404 32845 "-" "Mozilla/5.0 AppleWebKit/537.36 (KHTML, like Gecko; compatible; ClaudeBot/1.0; +claudebot@anthropic.com)"
18.117.229.13 - - [15/May/2025:12:38:57 +0000] "GET /shopdetail/24519349 HTTP/1.1" 404 32845 "-" "Mozilla/5.0 AppleWebKit/537.36 (KHTML, like Gecko; compatible; ClaudeBot/1.0; +claudebot@anthropic.com)"
217.113.194.233 - - [15/May/2025:12:38:59 +0000] "GET /road-to-cop28/ HTTP/1.1" 403 - "-" "Mozilla/5.0 (compatible; Barkrowler/0.9; +https://babbar.tech/crawler)"
18.117.229.13 - - [15/May/2025:12:38:58 +0000] "GET /shopdetail/6512127 HTTP/1.1" 404 32844 "-" "Mozilla/5.0 AppleWebKit/537.36 (KHTML, like Gecko; compatible; ClaudeBot/1.0; +claudebot@anthropic.com)"
47.238.13.15 - - [15/May/2025:12:39:00 +0000] "GET /prev/component/mailto/?tmpl=component&template=jsn_shine_pro&link=44841984342698fe31aa24f6d2bd7f33a16ae563 HTTP/1.1" 404 32905 "-" "Mozilla/5.0 (Macintosh; Intel Mac OS X 10_15_7) AppleWebKit/537.36 (KHTML, like Gecko) Chrome/109.0.0.0 Safari/537.36"
193.186.4.171 - - [15/May/2025:12:39:04 +0000] "GET /?_gl=1*rgknbr*_ga*MzY3MjE1MDcwLjE3MzcwOTUyMjA.*_ga_0VKVKKN4NV*MTczNzEwMjM4NC4yLjEuMTczNzEwMjQ1My42MC4wLjA.&_bd_prev_page=https://pacja.org/detail.php?shopdetail/16467850 HTTP/1.1" 200 339 "https://www.google.com/" "Mozilla/5.0 (Linux; Android 10; K) AppleWebKit/537.36 (KHTML, like Gecko) Chrome/136.0.0.0 Mobile Safari/537.36"
3.91.60.138 - - [15/May/2025:12:39:13 +0000] "GET /robots.txt HTTP/1.1" 200 162 "-" "Mozilla/5.0/Firefox/42.0 - nbertaupete95(at)gmail.com"
3.91.60.138 - - [15/May/2025:12:39:19 +0000] "GET /about-us/more-about-us/ HTTP/1.1" 200 44949 "-" "Mozilla/5.0/Firefox/42.0 - nbertaupete95(at)gmail.com"
66.249.68.37 - - [15/May/2025:12:39:24 +0000] "GET /robots.txt HTTP/1.1" 200 162 "-" "Mozilla/5.0 (compatible; Googlebot/2.1; +http://www.google.com/bot.html)"
66.249.68.38 - - [15/May/2025:12:39:24 +0000] "GET /shopdetail/28721805 HTTP/1.1" 200 20823 "-" "Mozilla/5.0 (Linux; Android 6.0.1; Nexus 5X Build/MMB29P) AppleWebKit/537.36 (KHTML, like Gecko) Chrome/136.0.7103.59 Mobile Safari/537.36 (compatible; Googlebot/2.1; +http://www.google.com/bot.html)"
216.73.216.47 - - [15/May/2025:12:39:24 +0000] "GET /shopdetail/19938861 HTTP/1.1" 404 32844 "-" "Mozilla/5.0 AppleWebKit/537.36 (KHTML, like Gecko; compatible; ClaudeBot/1.0; +claudebot@anthropic.com)"
216.73.216.47 - - [15/May/2025:12:39:24 +0000] "GET /shopdetail/10532783 HTTP/1.1" 404 32843 "-" "Mozilla/5.0 AppleWebKit/537.36 (KHTML, like Gecko; compatible; ClaudeBot/1.0; +claudebot@anthropic.com)"
216.73.216.47 - - [15/May/2025:12:39:24 +0000] "GET /shopdetail/27832761 HTTP/1.1" 404 32845 "-" "Mozilla/5.0 AppleWebKit/537.36 (KHTML, like Gecko; compatible; ClaudeBot/1.0; +claudebot@anthropic.com)"
216.73.216.47 - - [15/May/2025:12:39:25 +0000] "GET /shopdetail/15282016 HTTP/1.1" 404 32843 "-" "Mozilla/5.0 AppleWebKit/537.36 (KHTML, like Gecko; compatible; ClaudeBot/1.0; +claudebot@anthropic.com)"
216.73.216.47 - - [15/May/2025:12:39:26 +0000] "GET /shopdetail/29127850 HTTP/1.1" 404 32844 "-" "Mozilla/5.0 AppleWebKit/537.36 (KHTML, like Gecko; compatible; ClaudeBot/1.0; +claudebot@anthropic.com)"
216.73.216.47 - - [15/May/2025:12:39:26 +0000] "GET /shopdetail/19352783 HTTP/1.1" 404 32844 "-" "Mozilla/5.0 AppleWebKit/537.36 (KHTML, like Gecko; compatible; ClaudeBot/1.0; +claudebot@anthropic.com)"
216.73.216.47 - - [15/May/2025:12:39:27 +0000] "GET /shopdetail/29122572 HTTP/1.1" 404 32843 "-" "Mozilla/5.0 AppleWebKit/537.36 (KHTML, like Gecko; compatible; ClaudeBot/1.0; +claudebot@anthropic.com)"
216.73.216.47 - - [15/May/2025:12:39:27 +0000] "GET /shopdetail/12111116 HTTP/1.1" 404 32842 "-" "Mozilla/5.0 AppleWebKit/537.36 (KHTML, like Gecko; compatible; ClaudeBot/1.0; +claudebot@anthropic.com)"
216.73.216.47 - - [15/May/2025:12:39:27 +0000] "GET /shopdetail/19005394 HTTP/1.1" 404 32844 "-" "Mozilla/5.0 AppleWebKit/537.36 (KHTML, like Gecko; compatible; ClaudeBot/1.0; +claudebot@anthropic.com)"
216.73.216.47 - - [15/May/2025:12:39:28 +0000] "GET /shopdetail/20857594 HTTP/1.1" 404 32844 "-" "Mozilla/5.0 AppleWebKit/537.36 (KHTML, like Gecko; compatible; ClaudeBot/1.0; +claudebot@anthropic.com)"
216.73.216.47 - - [15/May/2025:12:39:30 +0000] "GET /shopdetail/25932783 HTTP/1.1" 404 32844 "-" "Mozilla/5.0 AppleWebKit/537.36 (KHTML, like Gecko; compatible; ClaudeBot/1.0; +claudebot@anthropic.com)"
216.73.216.47 - - [15/May/2025:12:39:30 +0000] "GET /shopdetail/15664027 HTTP/1.1" 404 32842 "-" "Mozilla/5.0 AppleWebKit/537.36 (KHTML, like Gecko; compatible; ClaudeBot/1.0; +claudebot@anthropic.com)"
216.73.216.47 - - [15/May/2025:12:39:31 +0000] "GET /shopdetail/13118049 HTTP/1.1" 404 32844 "-" "Mozilla/5.0 AppleWebKit/537.36 (KHTML, like Gecko; compatible; ClaudeBot/1.0; +claudebot@anthropic.com)"
66.249.79.200 - - [15/May/2025:12:39:33 +0000] "GET /?_gl=1*rgknbr*_ga*MzY3MjE1MDcwLjE3MzcwOTUyMjA.*_ga_0VKVKKN4NV*MTczNzEwMjM4NC4yLjEuMTczNzEwMjQ1My42MC4wLjA.&_bd_prev_page=https://pacja.org/detail.php?shopdetail/2917905 HTTP/1.1" 200 19986 "-" "Mozilla/5.0 (compatible; Googlebot/2.1; +http://www.google.com/bot.html)"
216.73.216.47 - - [15/May/2025:12:39:29 +0000] "GET /shopdetail/15661161 HTTP/1.1" 404 32842 "-" "Mozilla/5.0 AppleWebKit/537.36 (KHTML, like Gecko; compatible; ClaudeBot/1.0; +claudebot@anthropic.com)"
216.73.216.47 - - [15/May/2025:12:39:32 +0000] "GET /shopdetail/13307872 HTTP/1.1" 404 32842 "-" "Mozilla/5.0 AppleWebKit/537.36 (KHTML, like Gecko; compatible; ClaudeBot/1.0; +claudebot@anthropic.com)"
216.73.216.47 - - [15/May/2025:12:39:33 +0000] "GET /shopdetail/22433350 HTTP/1.1" 404 32844 "-" "Mozilla/5.0 AppleWebKit/537.36 (KHTML, like Gecko; compatible; ClaudeBot/1.0; +claudebot@anthropic.com)"
216.73.216.47 - - [15/May/2025:12:39:34 +0000] "GET /shopdetail/20199161 HTTP/1.1" 404 32844 "-" "Mozilla/5.0 AppleWebKit/537.36 (KHTML, like Gecko; compatible; ClaudeBot/1.0; +claudebot@anthropic.com)"
203.161.61.57 - - [15/May/2025:12:39:37 +0000] "POST /wp-cron.php?doing_wp_cron=1747312777.4434769153594970703125 HTTP/1.1" 200 - "-" "WordPress/6.8.1; https://pacja.org"
216.73.216.47 - - [15/May/2025:12:39:32 +0000] "GET /shopdetail/29129416 HTTP/1.1" 404 32844 "-" "Mozilla/5.0 AppleWebKit/537.36 (KHTML, like Gecko; compatible; ClaudeBot/1.0; +claudebot@anthropic.com)"
216.73.216.47 - - [15/May/2025:12:39:37 +0000] "GET /shopdetail/20565538 HTTP/1.1" 404 32844 "-" "Mozilla/5.0 AppleWebKit/537.36 (KHTML, like Gecko; compatible; ClaudeBot/1.0; +claudebot@anthropic.com)"
203.161.61.57 - - [15/May/2025:12:39:39 +0000] "POST /wp-cron.php?doing_wp_cron=1747312779.2117750644683837890625 HTTP/1.1" 200 - "-" "WordPress/6.8.1; https://pacja.org"
216.73.216.47 - - [15/May/2025:12:39:35 +0000] "GET /shopdetail/8528305 HTTP/1.1" 404 32842 "-" "Mozilla/5.0 AppleWebKit/537.36 (KHTML, like Gecko; compatible; ClaudeBot/1.0; +claudebot@anthropic.com)"
216.73.216.47 - - [15/May/2025:12:39:38 +0000] "GET /shopdetail/6579427 HTTP/1.1" 404 32844 "-" "Mozilla/5.0 AppleWebKit/537.36 (KHTML, like Gecko; compatible; ClaudeBot/1.0; +claudebot@anthropic.com)"
216.73.216.47 - - [15/May/2025:12:39:36 +0000] "GET /shopdetail/15745061 HTTP/1.1" 404 32843 "-" "Mozilla/5.0 AppleWebKit/537.36 (KHTML, like Gecko; compatible; ClaudeBot/1.0; +claudebot@anthropic.com)"
203.161.61.57 - - [15/May/2025:12:39:40 +0000] "POST /wp-admin/admin-ajax.php?action=async_litespeed&nonce=3WsFzREAXyRD7OOLo5Blu8XSIET3HL3o&litespeed_type=imgoptm HTTP/1.1" 200 21 "-" "WordPress/6.8.1; https://pacja.org"
216.73.216.47 - - [15/May/2025:12:39:40 +0000] "GET /shopdetail/20512161 HTTP/1.1" 404 32844 "-" "Mozilla/5.0 AppleWebKit/537.36 (KHTML, like Gecko; compatible; ClaudeBot/1.0; +claudebot@anthropic.com)"
216.73.216.47 - - [15/May/2025:12:39:39 +0000] "GET /shopdetail/13156738 HTTP/1.1" 404 32844 "-" "Mozilla/5.0 AppleWebKit/537.36 (KHTML, like Gecko; compatible; ClaudeBot/1.0; +claudebot@anthropic.com)"
216.73.216.47 - - [15/May/2025:12:39:42 +0000] "GET /shopdetail/8045383 HTTP/1.1" 404 32843 "-" "Mozilla/5.0 AppleWebKit/537.36 (KHTML, like Gecko; compatible; ClaudeBot/1.0; +claudebot@anthropic.com)"
216.73.216.47 - - [15/May/2025:12:39:41 +0000] "GET /shopdetail/15565594 HTTP/1.1" 404 32843 "-" "Mozilla/5.0 AppleWebKit/537.36 (KHTML, like Gecko; compatible; ClaudeBot/1.0; +claudebot@anthropic.com)"
216.73.216.47 - - [15/May/2025:12:39:44 +0000] "GET /shopdetail/20367083 HTTP/1.1" 404 32844 "-" "Mozilla/5.0 AppleWebKit/537.36 (KHTML, like Gecko; compatible; ClaudeBot/1.0; +claudebot@anthropic.com)"
216.73.216.47 - - [15/May/2025:12:39:45 +0000] "GET /shopdetail/26156961 HTTP/1.1" 404 32844 "-" "Mozilla/5.0 AppleWebKit/537.36 (KHTML, like Gecko; compatible; ClaudeBot/1.0; +claudebot@anthropic.com)"
66.249.68.38 - - [15/May/2025:12:39:46 +0000] "GET /shopdetail/10141605 HTTP/1.1" 200 20123 "-" "Mozilla/5.0 (Linux; Android 6.0.1; Nexus 5X Build/MMB29P) AppleWebKit/537.36 (KHTML, like Gecko) Chrome/136.0.7103.59 Mobile Safari/537.36 (compatible; Googlebot/2.1; +http://www.google.com/bot.html)"
216.73.216.47 - - [15/May/2025:12:39:46 +0000] "GET /shopdetail/18804938 HTTP/1.1" 404 32844 "-" "Mozilla/5.0 AppleWebKit/537.36 (KHTML, like Gecko; compatible; ClaudeBot/1.0; +claudebot@anthropic.com)"
216.73.216.47 - - [15/May/2025:12:39:46 +0000] "GET /shopdetail/7156738 HTTP/1.1" 404 32844 "-" "Mozilla/5.0 AppleWebKit/537.36 (KHTML, like Gecko; compatible; ClaudeBot/1.0; +claudebot@anthropic.com)"
216.73.216.47 - - [15/May/2025:12:39:47 +0000] "GET /shopdetail/15690083 HTTP/1.1" 404 32841 "-" "Mozilla/5.0 AppleWebKit/537.36 (KHTML, like Gecko; compatible; ClaudeBot/1.0; +claudebot@anthropic.com)"
216.73.216.47 - - [15/May/2025:12:39:48 +0000] "GET /shopdetail/15692483 HTTP/1.1" 404 32843 "-" "Mozilla/5.0 AppleWebKit/537.36 (KHTML, like Gecko; compatible; ClaudeBot/1.0; +claudebot@anthropic.com)"
216.73.216.47 - - [15/May/2025:12:39:49 +0000] "GET /shopdetail/15697838 HTTP/1.1" 404 32843 "-" "Mozilla/5.0 AppleWebKit/537.36 (KHTML, like Gecko; compatible; ClaudeBot/1.0; +claudebot@anthropic.com)"
216.73.216.47 - - [15/May/2025:12:39:50 +0000] "GET /shopdetail/21088049 HTTP/1.1" 404 32844 "-" "Mozilla/5.0 AppleWebKit/537.36 (KHTML, like Gecko; compatible; ClaudeBot/1.0; +claudebot@anthropic.com)"
216.73.216.47 - - [15/May/2025:12:39:50 +0000] "GET /shopdetail/15697894 HTTP/1.1" 404 32843 "-" "Mozilla/5.0 AppleWebKit/537.36 (KHTML, like Gecko; compatible; ClaudeBot/1.0; +claudebot@anthropic.com)"
216.73.216.47 - - [15/May/2025:12:39:51 +0000] "GET /shopdetail/11103683 HTTP/1.1" 404 32844 "-" "Mozilla/5.0 AppleWebKit/537.36 (KHTML, like Gecko; compatible; ClaudeBot/1.0; +claudebot@anthropic.com)"
216.73.216.47 - - [15/May/2025:12:39:52 +0000] "GET /shopdetail/15678916 HTTP/1.1" 404 32843 "-" "Mozilla/5.0 AppleWebKit/537.36 (KHTML, like Gecko; compatible; ClaudeBot/1.0; +claudebot@anthropic.com)"
216.73.216.47 - - [15/May/2025:12:39:53 +0000] "GET /taksna-conference-strengthening-climate-action-partnerships/feed HTTP/1.1" 301 - "-" "Mozilla/5.0 AppleWebKit/537.36 (KHTML, like Gecko; compatible; ClaudeBot/1.0; +claudebot@anthropic.com)"
216.73.216.47 - - [15/May/2025:12:39:54 +0000] "GET /shopdetail/12888927 HTTP/1.1" 404 32844 "-" "Mozilla/5.0 AppleWebKit/537.36 (KHTML, like Gecko; compatible; ClaudeBot/1.0; +claudebot@anthropic.com)"
216.73.216.47 - - [15/May/2025:12:39:54 +0000] "GET /taksna-conference-strengthening-climate-action-partnerships/feed/ HTTP/1.1" 200 502 "https://pacja.org/taksna-conference-strengthening-climate-action-partnerships/feed" "Mozilla/5.0 AppleWebKit/537.36 (KHTML, like Gecko; compatible; ClaudeBot/1.0; +claudebot@anthropic.com)"
216.73.216.47 - - [15/May/2025:12:39:55 +0000] "GET /shopdetail/10361794 HTTP/1.1" 404 32843 "-" "Mozilla/5.0 AppleWebKit/537.36 (KHTML, like Gecko; compatible; ClaudeBot/1.0; +claudebot@anthropic.com)"
216.73.216.47 - - [15/May/2025:12:39:56 +0000] "GET /shopdetail/17103683 HTTP/1.1" 404 32844 "-" "Mozilla/5.0 AppleWebKit/537.36 (KHTML, like Gecko; compatible; ClaudeBot/1.0; +claudebot@anthropic.com)"
216.73.216.47 - - [15/May/2025:12:39:57 +0000] "GET /champions-of-change-how-women-are-building-climate-resilience-from-the-ground-up/feed HTTP/1.1" 301 - "-" "Mozilla/5.0 AppleWebKit/537.36 (KHTML, like Gecko; compatible; ClaudeBot/1.0; +claudebot@anthropic.com)"
66.249.79.204 - - [15/May/2025:12:39:59 +0000] "GET /shopdetail/14945298 HTTP/1.1" 200 18569 "-" "Mozilla/5.0 (Linux; Android 6.0.1; Nexus 5X Build/MMB29P) AppleWebKit/537.36 (KHTML, like Gecko) Chrome/136.0.7103.59 Mobile Safari/537.36 (compatible; Googlebot/2.1; +http://www.google.com/bot.html)"
216.73.216.47 - - [15/May/2025:12:39:59 +0000] "GET /champions-of-change-how-women-are-building-climate-resilience-from-the-ground-up/feed/ HTTP/1.1" 200 539 "https://pacja.org/champions-of-change-how-women-are-building-climate-resilience-from-the-ground-up/feed" "Mozilla/5.0 AppleWebKit/537.36 (KHTML, like Gecko; compatible; ClaudeBot/1.0; +claudebot@anthropic.com)"
66.249.79.201 - - [15/May/2025:12:40:01 +0000] "GET /shopdetail/8127127 HTTP/1.1" 200 19205 "-" "Mozilla/5.0 (compatible; Googlebot/2.1; +http://www.google.com/bot.html)"
66.249.68.39 - - [15/May/2025:12:40:02 +0000] "GET /shopdetail/29192816 HTTP/1.1" 200 19498 "-" "Mozilla/5.0 (Linux; Android 6.0.1; Nexus 5X Build/MMB29P) AppleWebKit/537.36 (KHTML, like Gecko) Chrome/136.0.7103.59 Mobile Safari/537.36 (compatible; GoogleOther)"
203.161.61.57 - - [15/May/2025:12:40:14 +0000] "POST /wp-cron.php?doing_wp_cron=1747312814.1549270153045654296875 HTTP/1.1" 200 - "-" "WordPress/6.8.1; https://pacja.org"
102.215.34.108 - - [15/May/2025:12:40:13 +0000] "POST /wp-admin/admin-ajax.php HTTP/1.1" 200 101 "https://pacja.org/wp-admin/post.php?post=4782&action=edit" "Mozilla/5.0 (Windows NT 10.0; Win64; x64; rv:138.0) Gecko/20100101 Firefox/138.0"
203.161.61.57 - - [15/May/2025:12:40:15 +0000] "POST /wp-admin/admin-ajax.php?action=wordfence_testAjax HTTP/1.1" 200 32 "-" "WordPress/6.8.1; https://pacja.org"
66.249.79.199 - - [15/May/2025:12:40:25 +0000] "GET /product/edit/32706707 HTTP/1.1" 200 18785 "-" "Mozilla/5.0 (Linux; Android 6.0.1; Nexus 5X Build/MMB29P) AppleWebKit/537.36 (KHTML, like Gecko) Chrome/136.0.7103.59 Mobile Safari/537.36 (compatible; Googlebot/2.1; +http://www.google.com/bot.html)"
203.161.61.57 - - [15/May/2025:12:40:28 +0000] "POST /wp-cron.php?doing_wp_cron=1747312828.0789489746093750000000 HTTP/1.1" 200 - "-" "WordPress/6.8.1; https://pacja.org"
66.249.68.37 - - [15/May/2025:12:40:27 +0000] "GET /shopdetail/6542983 HTTP/1.1" 200 18848 "-" "Mozilla/5.0 (Linux; Android 6.0.1; Nexus 5X Build/MMB29P) AppleWebKit/537.36 (KHTML, like Gecko) Chrome/136.0.7103.59 Mobile Safari/537.36 (compatible; Googlebot/2.1; +http://www.google.com/bot.html)"
3.16.154.37 - - [15/May/2025:12:40:27 +0000] "GET /shopdetail/24256983 HTTP/1.1" 404 32844 "-" "Mozilla/5.0 AppleWebKit/537.36 (KHTML, like Gecko; compatible; ClaudeBot/1.0; +claudebot@anthropic.com)"
3.16.154.37 - - [15/May/2025:12:40:27 +0000] "GET /shopdetail/5661805 HTTP/1.1" 404 32843 "-" "Mozilla/5.0 AppleWebKit/537.36 (KHTML, like Gecko; compatible; ClaudeBot/1.0; +claudebot@anthropic.com)"
3.16.154.37 - - [15/May/2025:12:40:28 +0000] "GET /shopdetail/20071161 HTTP/1.1" 404 32843 "-" "Mozilla/5.0 AppleWebKit/537.36 (KHTML, like Gecko; compatible; ClaudeBot/1.0; +claudebot@anthropic.com)"
3.16.154.37 - - [15/May/2025:12:40:29 +0000] "GET /shopdetail/13443383 HTTP/1.1" 404 32842 "-" "Mozilla/5.0 AppleWebKit/537.36 (KHTML, like Gecko; compatible; ClaudeBot/1.0; +claudebot@anthropic.com)"
3.16.154.37 - - [15/May/2025:12:40:30 +0000] "GET /shopdetail/28339916 HTTP/1.1" 404 32844 "-" "Mozilla/5.0 AppleWebKit/537.36 (KHTML, like Gecko; compatible; ClaudeBot/1.0; +claudebot@anthropic.com)"
3.16.154.37 - - [15/May/2025:12:40:31 +0000] "GET /shopdetail/14448416 HTTP/1.1" 404 32843 "-" "Mozilla/5.0 AppleWebKit/537.36 (KHTML, like Gecko; compatible; ClaudeBot/1.0; +claudebot@anthropic.com)"
102.215.34.108 - - [15/May/2025:12:40:32 +0000] "POST /wp-admin/admin-ajax.php HTTP/1.1" 200 101 "https://pacja.org/wp-admin/post.php?post=5062&action=edit" "Mozilla/5.0 (Windows NT 10.0; Win64; x64; rv:138.0) Gecko/20100101 Firefox/138.0"
3.16.154.37 - - [15/May/2025:12:40:32 +0000] "GET /shopdetail/14973316 HTTP/1.1" 404 32843 "-" "Mozilla/5.0 AppleWebKit/537.36 (KHTML, like Gecko; compatible; ClaudeBot/1.0; +claudebot@anthropic.com)"
3.16.154.37 - - [15/May/2025:12:40:32 +0000] "GET /shopdetail/2001505 HTTP/1.1" 404 32841 "-" "Mozilla/5.0 AppleWebKit/537.36 (KHTML, like Gecko; compatible; ClaudeBot/1.0; +claudebot@anthropic.com)"
3.16.154.37 - - [15/May/2025:12:40:33 +0000] "GET /shopdetail/15176061 HTTP/1.1" 404 32842 "-" "Mozilla/5.0 AppleWebKit/537.36 (KHTML, like Gecko; compatible; ClaudeBot/1.0; +claudebot@anthropic.com)"
3.16.154.37 - - [15/May/2025:12:40:34 +0000] "GET /shopdetail/20221216 HTTP/1.1" 404 32840 "-" "Mozilla/5.0 AppleWebKit/537.36 (KHTML, like Gecko; compatible; ClaudeBot/1.0; +claudebot@anthropic.com)"
3.16.154.37 - - [15/May/2025:12:40:35 +0000] "GET /shopdetail/7133872 HTTP/1.1" 404 32840 "-" "Mozilla/5.0 AppleWebKit/537.36 (KHTML, like Gecko; compatible; ClaudeBot/1.0; +claudebot@anthropic.com)"
203.161.61.57 - - [15/May/2025:12:40:37 +0000] "POST /wp-cron.php?doing_wp_cron=1747312837.8227629661560058593750 HTTP/1.1" 200 - "-" "WordPress/6.8.1; https://pacja.org"
3.16.154.37 - - [15/May/2025:12:40:36 +0000] "GET /shopdetail/1489072 HTTP/1.1" 404 32840 "-" "Mozilla/5.0 AppleWebKit/537.36 (KHTML, like Gecko; compatible; ClaudeBot/1.0; +claudebot@anthropic.com)"
3.16.154.37 - - [15/May/2025:12:40:37 +0000] "GET /shopdetail/16164016 HTTP/1.1" 404 32842 "-" "Mozilla/5.0 AppleWebKit/537.36 (KHTML, like Gecko; compatible; ClaudeBot/1.0; +claudebot@anthropic.com)"
3.16.154.37 - - [15/May/2025:12:40:38 +0000] "GET /shopdetail/11209905 HTTP/1.1" 404 32842 "-" "Mozilla/5.0 AppleWebKit/537.36 (KHTML, like Gecko; compatible; ClaudeBot/1.0; +claudebot@anthropic.com)"
3.16.154.37 - - [15/May/2025:12:40:38 +0000] "GET /shopdetail/16177583 HTTP/1.1" 404 32842 "-" "Mozilla/5.0 AppleWebKit/537.36 (KHTML, like Gecko; compatible; ClaudeBot/1.0; +claudebot@anthropic.com)"
203.161.61.57 - - [15/May/2025:12:40:41 +0000] "POST /wp-cron.php?doing_wp_cron=1747312841.0364229679107666015625 HTTP/1.1" 200 - "-" "WordPress/6.8.1; https://pacja.org"
3.16.154.37 - - [15/May/2025:12:40:39 +0000] "GET /shopdetail/8662783 HTTP/1.1" 404 32843 "-" "Mozilla/5.0 AppleWebKit/537.36 (KHTML, like Gecko; compatible; ClaudeBot/1.0; +claudebot@anthropic.com)"
3.16.154.37 - - [15/May/2025:12:40:39 +0000] "GET /shopdetail/20404750 HTTP/1.1" 404 32842 "-" "Mozilla/5.0 AppleWebKit/537.36 (KHTML, like Gecko; compatible; ClaudeBot/1.0; +claudebot@anthropic.com)"
3.16.154.37 - - [15/May/2025:12:40:41 +0000] "GET /shopdetail/12607550 HTTP/1.1" 404 32843 "-" "Mozilla/5.0 AppleWebKit/537.36 (KHTML, like Gecko; compatible; ClaudeBot/1.0; +claudebot@anthropic.com)"
203.161.61.57 - - [15/May/2025:12:40:41 +0000] "POST /wp-admin/admin-ajax.php?action=async_litespeed&nonce=qfR2DRSt66Mje0Bhicb4kCHypmv9dCO8&litespeed_type=imgoptm HTTP/1.1" 200 21 "-" "WordPress/6.8.1; https://pacja.org"
203.161.61.57 - - [15/May/2025:12:40:43 +0000] "POST /wp-cron.php?doing_wp_cron=1747312843.6155619621276855468750 HTTP/1.1" 200 - "-" "WordPress/6.8.1; https://pacja.org"
3.16.154.37 - - [15/May/2025:12:40:40 +0000] "GET /shopdetail/13837072 HTTP/1.1" 404 32841 "-" "Mozilla/5.0 AppleWebKit/537.36 (KHTML, like Gecko; compatible; ClaudeBot/1.0; +claudebot@anthropic.com)"
3.16.154.37 - - [15/May/2025:12:40:43 +0000] "GET /shopdetail/20857538 HTTP/1.1" 404 32843 "-" "Mozilla/5.0 AppleWebKit/537.36 (KHTML, like Gecko; compatible; ClaudeBot/1.0; +claudebot@anthropic.com)"
3.16.154.37 - - [15/May/2025:12:40:44 +0000] "GET /shopdetail/5432827 HTTP/1.1" 404 32843 "-" "Mozilla/5.0 AppleWebKit/537.36 (KHTML, like Gecko; compatible; ClaudeBot/1.0; +claudebot@anthropic.com)"
3.16.154.37 - - [15/May/2025:12:40:44 +0000] "GET /shopdetail/30342783 HTTP/1.1" 404 32844 "-" "Mozilla/5.0 AppleWebKit/537.36 (KHTML, like Gecko; compatible; ClaudeBot/1.0; +claudebot@anthropic.com)"
3.16.154.37 - - [15/May/2025:12:40:42 +0000] "GET /shopdetail/20240138 HTTP/1.1" 404 32842 "-" "Mozilla/5.0 AppleWebKit/537.36 (KHTML, like Gecko; compatible; ClaudeBot/1.0; +claudebot@anthropic.com)"
3.16.154.37 - - [15/May/2025:12:40:45 +0000] "GET /shopdetail/27582783 HTTP/1.1" 404 32844 "-" "Mozilla/5.0 AppleWebKit/537.36 (KHTML, like Gecko; compatible; ClaudeBot/1.0; +claudebot@anthropic.com)"
3.16.154.37 - - [15/May/2025:12:40:47 +0000] "GET /shopdetail/15341750 HTTP/1.1" 404 32841 "-" "Mozilla/5.0 AppleWebKit/537.36 (KHTML, like Gecko; compatible; ClaudeBot/1.0; +claudebot@anthropic.com)"
3.16.154.37 - - [15/May/2025:12:40:46 +0000] "GET /shopdetail/30761738 HTTP/1.1" 404 32844 "-" "Mozilla/5.0 AppleWebKit/537.36 (KHTML, like Gecko; compatible; ClaudeBot/1.0; +claudebot@anthropic.com)"
3.16.154.37 - - [15/May/2025:12:40:48 +0000] "GET /shopdetail/10261750 HTTP/1.1" 404 32842 "-" "Mozilla/5.0 AppleWebKit/537.36 (KHTML, like Gecko; compatible; ClaudeBot/1.0; +claudebot@anthropic.com)"
3.16.154.37 - - [15/May/2025:12:40:49 +0000] "GET /shopdetail/17493894 HTTP/1.1" 404 32843 "-" "Mozilla/5.0 AppleWebKit/537.36 (KHTML, like Gecko; compatible; ClaudeBot/1.0; +claudebot@anthropic.com)"
3.16.154.37 - - [15/May/2025:12:40:50 +0000] "GET /shopdetail/1170050 HTTP/1.1" 404 32841 "-" "Mozilla/5.0 AppleWebKit/537.36 (KHTML, like Gecko; compatible; ClaudeBot/1.0; +claudebot@anthropic.com)"
3.16.154.37 - - [15/May/2025:12:40:52 +0000] "GET /shopdetail/23762783 HTTP/1.1" 404 32844 "-" "Mozilla/5.0 AppleWebKit/537.36 (KHTML, like Gecko; compatible; ClaudeBot/1.0; +claudebot@anthropic.com)"
3.16.154.37 - - [15/May/2025:12:40:51 +0000] "GET /shopdetail/30549905 HTTP/1.1" 404 32844 "-" "Mozilla/5.0 AppleWebKit/537.36 (KHTML, like Gecko; compatible; ClaudeBot/1.0; +claudebot@anthropic.com)"
3.16.154.37 - - [15/May/2025:12:40:53 +0000] "GET /shopdetail/11456483 HTTP/1.1" 404 32843 "-" "Mozilla/5.0 AppleWebKit/537.36 (KHTML, like Gecko; compatible; ClaudeBot/1.0; +claudebot@anthropic.com)"
3.16.154.37 - - [15/May/2025:12:40:55 +0000] "GET /shopdetail/1566950 HTTP/1.1" 404 32840 "-" "Mozilla/5.0 AppleWebKit/537.36 (KHTML, like Gecko; compatible; ClaudeBot/1.0; +claudebot@anthropic.com)"
3.16.154.37 - - [15/May/2025:12:40:54 +0000] "GET /shopdetail/9719005 HTTP/1.1" 404 32843 "-" "Mozilla/5.0 AppleWebKit/537.36 (KHTML, like Gecko; compatible; ClaudeBot/1.0; +claudebot@anthropic.com)"
66.249.79.199 - - [15/May/2025:12:40:57 +0000] "GET /shopdetail/12825549 HTTP/1.1" 200 19052 "-" "Mozilla/5.0 (Linux; Android 6.0.1; Nexus 5X Build/MMB29P) AppleWebKit/537.36 (KHTML, like Gecko) Chrome/136.0.7103.59 Mobile Safari/537.36 (compatible; Googlebot/2.1; +http://www.google.com/bot.html)"
3.16.154.37 - - [15/May/2025:12:40:56 +0000] "GET /shopdetail/21342694 HTTP/1.1" 404 32844 "-" "Mozilla/5.0 AppleWebKit/537.36 (KHTML, like Gecko; compatible; ClaudeBot/1.0; +claudebot@anthropic.com)"
3.16.154.37 - - [15/May/2025:12:40:56 +0000] "GET /shopdetail/29127794 HTTP/1.1" 404 32844 "-" "Mozilla/5.0 AppleWebKit/537.36 (KHTML, like Gecko; compatible; ClaudeBot/1.0; +claudebot@anthropic.com)"
3.16.154.37 - - [15/May/2025:12:40:57 +0000] "GET /shopdetail/24828049 HTTP/1.1" 404 32844 "-" "Mozilla/5.0 AppleWebKit/537.36 (KHTML, like Gecko; compatible; ClaudeBot/1.0; +claudebot@anthropic.com)"
3.16.154.37 - - [15/May/2025:12:40:59 +0000] "GET /shopdetail/15663749 HTTP/1.1" 404 32842 "-" "Mozilla/5.0 AppleWebKit/537.36 (KHTML, like Gecko; compatible; ClaudeBot/1.0; +claudebot@anthropic.com)"
3.16.154.37 - - [15/May/2025:12:40:58 +0000] "GET /best-iphone-casinos HTTP/1.1" 301 - "-" "Mozilla/5.0 AppleWebKit/537.36 (KHTML, like Gecko; compatible; ClaudeBot/1.0; +claudebot@anthropic.com)"
3.16.154.37 - - [15/May/2025:12:41:00 +0000] "GET /shopdetail/2012350 HTTP/1.1" 404 32841 "-" "Mozilla/5.0 AppleWebKit/537.36 (KHTML, like Gecko; compatible; ClaudeBot/1.0; +claudebot@anthropic.com)"
3.16.154.37 - - [15/May/2025:12:41:02 +0000] "GET /best-iphone-casinos/ HTTP/1.1" 200 140784 "https://pacja.org/best-iphone-casinos" "Mozilla/5.0 AppleWebKit/537.36 (KHTML, like Gecko; compatible; ClaudeBot/1.0; +claudebot@anthropic.com)"
203.161.61.57 - - [15/May/2025:12:40:17 +0000] "GET /wp-admin/admin-ajax.php?action=wordfence_doScan&isFork=0&scanMode=standard&cronKey=dc8a903cf6430d2011a9b49d0d63f3ca&signature=8b9a1e09e37948b0b85e7536a56319098072071ea29cdbe956548bdc674aa353 HTTP/1.1" 200 - "-" "WordPress/6.8.1; https://pacja.org"
66.249.79.200 - - [15/May/2025:12:41:30 +0000] "GET /?_gl=1*rgknbr*_ga*MzY3MjE1MDcwLjE3MzcwOTUyMjA.*_ga_0VKVKKN4NV*MTczNzEwMjM4NC4yLjEuMTczNzEwMjQ1My42MC4wLjA.&_bd_prev_page=https://pacja.org/detail.php?shopdetail/17189494 HTTP/1.1" 200 21284 "-" "Mozilla/5.0 (Linux; Android 6.0.1; Nexus 5X Build/MMB29P) AppleWebKit/537.36 (KHTML, like Gecko) Chrome/136.0.7103.59 Mobile Safari/537.36 (compatible; Googlebot/2.1; +http://www.google.com/bot.html)"
217.113.194.238 - - [15/May/2025:12:41:30 +0000] "GET /category/newsletter/page/3/ HTTP/1.1" 403 - "-" "Mozilla/5.0 (compatible; Barkrowler/0.9; +https://babbar.tech/crawler)"
203.161.61.57 - - [15/May/2025:12:41:30 +0000] "GET /.user.ini HTTP/1.1" 404 32833 "-" "WordPress/6.8.1; https://pacja.org"
3.147.64.87 - - [15/May/2025:12:41:30 +0000] "GET /shopdetail/11386327 HTTP/1.1" 404 32843 "-" "Mozilla/5.0 AppleWebKit/537.36 (KHTML, like Gecko; compatible; ClaudeBot/1.0; +claudebot@anthropic.com)"
3.147.64.87 - - [15/May/2025:12:41:31 +0000] "GET /shopdetail/12772616 HTTP/1.1" 404 32843 "-" "Mozilla/5.0 AppleWebKit/537.36 (KHTML, like Gecko; compatible; ClaudeBot/1.0; +claudebot@anthropic.com)"
3.147.64.87 - - [15/May/2025:12:41:31 +0000] "GET /shopdetail/18152816 HTTP/1.1" 404 32844 "-" "Mozilla/5.0 AppleWebKit/537.36 (KHTML, like Gecko; compatible; ClaudeBot/1.0; +claudebot@anthropic.com)"
3.147.64.87 - - [15/May/2025:12:41:32 +0000] "GET /shopdetail/9291572 HTTP/1.1" 404 32842 "-" "Mozilla/5.0 AppleWebKit/537.36 (KHTML, like Gecko; compatible; ClaudeBot/1.0; +claudebot@anthropic.com)"
3.147.64.87 - - [15/May/2025:12:41:33 +0000] "GET /shopdetail/1517961 HTTP/1.1" 404 32841 "-" "Mozilla/5.0 AppleWebKit/537.36 (KHTML, like Gecko; compatible; ClaudeBot/1.0; +claudebot@anthropic.com)"
3.147.64.87 - - [15/May/2025:12:41:33 +0000] "GET /shopdetail/8708049 HTTP/1.1" 404 32843 "-" "Mozilla/5.0 AppleWebKit/537.36 (KHTML, like Gecko; compatible; ClaudeBot/1.0; +claudebot@anthropic.com)"
3.147.64.87 - - [15/May/2025:12:41:34 +0000] "GET /shopdetail/2326972 HTTP/1.1" 404 32842 "-" "Mozilla/5.0 AppleWebKit/537.36 (KHTML, like Gecko; compatible; ClaudeBot/1.0; +claudebot@anthropic.com)"
3.147.64.87 - - [15/May/2025:12:41:34 +0000] "GET /shopdetail/20394549 HTTP/1.1" 404 32844 "-" "Mozilla/5.0 AppleWebKit/537.36 (KHTML, like Gecko; compatible; ClaudeBot/1.0; +claudebot@anthropic.com)"
3.147.64.87 - - [15/May/2025:12:41:34 +0000] "GET /shopdetail/8585972 HTTP/1.1" 404 32842 "-" "Mozilla/5.0 AppleWebKit/537.36 (KHTML, like Gecko; compatible; ClaudeBot/1.0; +claudebot@anthropic.com)"
3.147.64.87 - - [15/May/2025:12:41:36 +0000] "GET /shopdetail/20357816 HTTP/1.1" 404 32844 "-" "Mozilla/5.0 AppleWebKit/537.36 (KHTML, like Gecko; compatible; ClaudeBot/1.0; +claudebot@anthropic.com)"
3.147.64.87 - - [15/May/2025:12:41:35 +0000] "GET /shopdetail/10325061 HTTP/1.1" 404 32843 "-" "Mozilla/5.0 AppleWebKit/537.36 (KHTML, like Gecko; compatible; ClaudeBot/1.0; +claudebot@anthropic.com)"
3.147.64.87 - - [15/May/2025:12:41:37 +0000] "GET /shopdetail/17883916 HTTP/1.1" 404 32844 "-" "Mozilla/5.0 AppleWebKit/537.36 (KHTML, like Gecko; compatible; ClaudeBot/1.0; +claudebot@anthropic.com)"
3.147.64.87 - - [15/May/2025:12:41:39 +0000] "GET /shopdetail/20107894 HTTP/1.1" 404 32843 "-" "Mozilla/5.0 AppleWebKit/537.36 (KHTML, like Gecko; compatible; ClaudeBot/1.0; +claudebot@anthropic.com)"
3.147.64.87 - - [15/May/2025:12:41:40 +0000] "GET /shopdetail/20041749 HTTP/1.1" 404 32844 "-" "Mozilla/5.0 AppleWebKit/537.36 (KHTML, like Gecko; compatible; ClaudeBot/1.0; +claudebot@anthropic.com)"
3.147.64.87 - - [15/May/2025:12:41:40 +0000] "GET /shopdetail/30291227 HTTP/1.1" 404 32844 "-" "Mozilla/5.0 AppleWebKit/537.36 (KHTML, like Gecko; compatible; ClaudeBot/1.0; +claudebot@anthropic.com)"
3.147.64.87 - - [15/May/2025:12:41:38 +0000] "GET /shopdetail/12451138 HTTP/1.1" 404 32843 "-" "Mozilla/5.0 AppleWebKit/537.36 (KHTML, like Gecko; compatible; ClaudeBot/1.0; +claudebot@anthropic.com)"
3.147.64.87 - - [15/May/2025:12:41:42 +0000] "GET /shopdetail/12492027 HTTP/1.1" 404 32842 "-" "Mozilla/5.0 AppleWebKit/537.36 (KHTML, like Gecko; compatible; ClaudeBot/1.0; +claudebot@anthropic.com)"
3.147.64.87 - - [15/May/2025:12:41:44 +0000] "GET /shopdetail/20732661 HTTP/1.1" 404 32844 "-" "Mozilla/5.0 AppleWebKit/537.36 (KHTML, like Gecko; compatible; ClaudeBot/1.0; +claudebot@anthropic.com)"
3.147.64.87 - - [15/May/2025:12:41:45 +0000] "GET /shopdetail/15449938 HTTP/1.1" 404 32842 "-" "Mozilla/5.0 AppleWebKit/537.36 (KHTML, like Gecko; compatible; ClaudeBot/1.0; +claudebot@anthropic.com)"
3.147.64.87 - - [15/May/2025:12:41:43 +0000] "GET /shopdetail/18373316 HTTP/1.1" 404 32844 "-" "Mozilla/5.0 AppleWebKit/537.36 (KHTML, like Gecko; compatible; ClaudeBot/1.0; +claudebot@anthropic.com)"
3.147.64.87 - - [15/May/2025:12:41:41 +0000] "GET /shopdetail/23161005 HTTP/1.1" 404 32844 "-" "Mozilla/5.0 AppleWebKit/537.36 (KHTML, like Gecko; compatible; ClaudeBot/1.0; +claudebot@anthropic.com)"
3.147.64.87 - - [15/May/2025:12:41:46 +0000] "GET /east-african-youth-unite-for-climate-justice-in-djibouti HTTP/1.1" 301 - "-" "Mozilla/5.0 AppleWebKit/537.36 (KHTML, like Gecko; compatible; ClaudeBot/1.0; +claudebot@anthropic.com)"
66.249.68.39 - - [15/May/2025:12:41:50 +0000] "GET /shopdetail/6747916 HTTP/1.1" 200 18814 "-" "Mozilla/5.0 (Linux; Android 6.0.1; Nexus 5X Build/MMB29P) AppleWebKit/537.36 (KHTML, like Gecko) Chrome/136.0.7103.59 Mobile Safari/537.36 (compatible; Googlebot/2.1; +http://www.google.com/bot.html)"
3.147.64.87 - - [15/May/2025:12:41:48 +0000] "GET /shopdetail/13367961 HTTP/1.1" 404 32843 "-" "Mozilla/5.0 AppleWebKit/537.36 (KHTML, like Gecko; compatible; ClaudeBot/1.0; +claudebot@anthropic.com)"
66.249.79.200 - - [15/May/2025:12:41:50 +0000] "GET /?_gl=1*rgknbr*_ga*MzY3MjE1MDcwLjE3MzcwOTUyMjA.*_ga_0VKVKKN4NV*MTczNzEwMjM4NC4yLjEuMTczNzEwMjQ1My42MC4wLjA.&_bd_prev_page=https://pacja.org/detail.php?shopdetail/3050561 HTTP/1.1" 200 19777 "-" "Mozilla/5.0 (Linux; Android 6.0.1; Nexus 5X Build/MMB29P) AppleWebKit/537.36 (KHTML, like Gecko) Chrome/136.0.7103.59 Mobile Safari/537.36 (compatible; Googlebot/2.1; +http://www.google.com/bot.html)"
3.147.64.87 - - [15/May/2025:12:41:49 +0000] "GET /east-african-youth-unite-for-climate-justice-in-djibouti/ HTTP/1.1" 200 48186 "https://pacja.org/east-african-youth-unite-for-climate-justice-in-djibouti" "Mozilla/5.0 AppleWebKit/537.36 (KHTML, like Gecko; compatible; ClaudeBot/1.0; +claudebot@anthropic.com)"
112.86.225.26 - - [15/May/2025:12:41:51 +0000] "GET / HTTP/1.1" 301 - "-" "Sogou web spider/4.0(+http://www.sogou.com/docs/help/webmasters.htm#07)"
3.147.64.87 - - [15/May/2025:12:41:51 +0000] "GET /shopdetail/15231505 HTTP/1.1" 404 32841 "-" "Mozilla/5.0 AppleWebKit/537.36 (KHTML, like Gecko; compatible; ClaudeBot/1.0; +claudebot@anthropic.com)"
203.161.61.57 - - [15/May/2025:12:41:04 +0000] "GET /wp-admin/admin-ajax.php?action=wordfence_doScan&isFork=1&scanMode=standard&cronKey=56dfd9e1b09d85e9bc53c74ef320e340&signature=e6be6b2ccac25a4158e738eb2fe768de7f00b41a8f3333a3a75e8e22624b3216 HTTP/1.1" 200 - "-" "WordPress/6.8.1; https://pacja.org"
3.147.64.87 - - [15/May/2025:12:41:52 +0000] "GET /shopdetail/26936427 HTTP/1.1" 404 32844 "-" "Mozilla/5.0 AppleWebKit/537.36 (KHTML, like Gecko; compatible; ClaudeBot/1.0; +claudebot@anthropic.com)"
112.86.225.26 - - [15/May/2025:12:41:53 +0000] "GET / HTTP/1.1" 200 59389 "-" "Sogou web spider/4.0(+http://www.sogou.com/docs/help/webmasters.htm#07)"
3.147.64.87 - - [15/May/2025:12:41:47 +0000] "GET /shopdetail/28016872 HTTP/1.1" 404 32843 "-" "Mozilla/5.0 AppleWebKit/537.36 (KHTML, like Gecko; compatible; ClaudeBot/1.0; +claudebot@anthropic.com)"
3.147.64.87 - - [15/May/2025:12:41:53 +0000] "GET /shopdetail/22756961 HTTP/1.1" 404 32844 "-" "Mozilla/5.0 AppleWebKit/537.36 (KHTML, like Gecko; compatible; ClaudeBot/1.0; +claudebot@anthropic.com)"
3.147.64.87 - - [15/May/2025:12:41:55 +0000] "GET /shopdetail/21132405 HTTP/1.1" 404 32843 "-" "Mozilla/5.0 AppleWebKit/537.36 (KHTML, like Gecko; compatible; ClaudeBot/1.0; +claudebot@anthropic.com)"
3.147.64.87 - - [15/May/2025:12:41:56 +0000] "GET /shopdetail/17383905 HTTP/1.1" 404 32844 "-" "Mozilla/5.0 AppleWebKit/537.36 (KHTML, like Gecko; compatible; ClaudeBot/1.0; +claudebot@anthropic.com)"
3.147.64.87 - - [15/May/2025:12:41:58 +0000] "GET /shopdetail/17494150 HTTP/1.1" 404 32841 "-" "Mozilla/5.0 AppleWebKit/537.36 (KHTML, like Gecko; compatible; ClaudeBot/1.0; +claudebot@anthropic.com)"
3.147.64.87 - - [15/May/2025:12:41:59 +0000] "GET /shopdetail/20989894 HTTP/1.1" 404 32842 "-" "Mozilla/5.0 AppleWebKit/537.36 (KHTML, like Gecko; compatible; ClaudeBot/1.0; +claudebot@anthropic.com)"
3.147.64.87 - - [15/May/2025:12:42:00 +0000] "GET /shopdetail/28394927 HTTP/1.1" 404 32845 "-" "Mozilla/5.0 AppleWebKit/537.36 (KHTML, like Gecko; compatible; ClaudeBot/1.0; +claudebot@anthropic.com)"
3.147.64.87 - - [15/May/2025:12:42:01 +0000] "GET /shopdetail/1621372 HTTP/1.1" 404 32840 "-" "Mozilla/5.0 AppleWebKit/537.36 (KHTML, like Gecko; compatible; ClaudeBot/1.0; +claudebot@anthropic.com)"
3.147.64.87 - - [15/May/2025:12:42:02 +0000] "GET /shopdetail/21866483 HTTP/1.1" 404 32845 "-" "Mozilla/5.0 AppleWebKit/537.36 (KHTML, like Gecko; compatible; ClaudeBot/1.0; +claudebot@anthropic.com)"
3.147.64.87 - - [15/May/2025:12:42:03 +0000] "GET /shopdetail/30805216 HTTP/1.1" 404 32844 "-" "Mozilla/5.0 AppleWebKit/537.36 (KHTML, like Gecko; compatible; ClaudeBot/1.0; +claudebot@anthropic.com)"
3.147.64.87 - - [15/May/2025:12:42:04 +0000] "GET /shopdetail/18792261 HTTP/1.1" 404 32844 "-" "Mozilla/5.0 AppleWebKit/537.36 (KHTML, like Gecko; compatible; ClaudeBot/1.0; +claudebot@anthropic.com)"
3.147.64.87 - - [15/May/2025:12:42:05 +0000] "GET /shopdetail/8658538 HTTP/1.1" 404 32843 "-" "Mozilla/5.0 AppleWebKit/537.36 (KHTML, like Gecko; compatible; ClaudeBot/1.0; +claudebot@anthropic.com)"
3.147.64.87 - - [15/May/2025:12:42:06 +0000] "GET /shopdetail/28163516 HTTP/1.1" 404 32845 "-" "Mozilla/5.0 AppleWebKit/537.36 (KHTML, like Gecko; compatible; ClaudeBot/1.0; +claudebot@anthropic.com)"
3.147.64.87 - - [15/May/2025:12:42:07 +0000] "GET /shopdetail/16457805 HTTP/1.1" 404 32844 "-" "Mozilla/5.0 AppleWebKit/537.36 (KHTML, like Gecko; compatible; ClaudeBot/1.0; +claudebot@anthropic.com)"
3.147.64.87 - - [15/May/2025:12:42:08 +0000] "GET /shopdetail/28681572 HTTP/1.1" 404 32843 "-" "Mozilla/5.0 AppleWebKit/537.36 (KHTML, like Gecko; compatible; ClaudeBot/1.0; +claudebot@anthropic.com)"
3.147.64.87 - - [15/May/2025:12:42:09 +0000] "GET /shopdetail/12841605 HTTP/1.1" 404 32843 "-" "Mozilla/5.0 AppleWebKit/537.36 (KHTML, like Gecko; compatible; ClaudeBot/1.0; +claudebot@anthropic.com)"
102.215.34.108 - - [15/May/2025:12:42:13 +0000] "POST /wp-admin/admin-ajax.php HTTP/1.1" 200 101 "https://pacja.org/wp-admin/post.php?post=4782&action=edit" "Mozilla/5.0 (Windows NT 10.0; Win64; x64; rv:138.0) Gecko/20100101 Firefox/138.0"
102.215.34.108 - - [15/May/2025:12:42:32 +0000] "POST /wp-admin/admin-ajax.php HTTP/1.1" 200 101 "https://pacja.org/wp-admin/post.php?post=5062&action=edit" "Mozilla/5.0 (Windows NT 10.0; Win64; x64; rv:138.0) Gecko/20100101 Firefox/138.0"
66.249.68.39 - - [15/May/2025:12:42:36 +0000] "GET /shopdetail/19883950 HTTP/1.1" 200 20254 "-" "Mozilla/5.0 (Linux; Android 6.0.1; Nexus 5X Build/MMB29P) AppleWebKit/537.36 (KHTML, like Gecko) Chrome/136.0.7103.59 Mobile Safari/537.36 (compatible; Googlebot/2.1; +http://www.google.com/bot.html)"
18.190.159.222 - - [15/May/2025:12:42:37 +0000] "GET /shopdetail/15494038 HTTP/1.1" 404 32842 "-" "Mozilla/5.0 AppleWebKit/537.36 (KHTML, like Gecko; compatible; ClaudeBot/1.0; +claudebot@anthropic.com)"
18.190.159.222 - - [15/May/2025:12:42:38 +0000] "GET /shopdetail/30187816 HTTP/1.1" 404 32844 "-" "Mozilla/5.0 AppleWebKit/537.36 (KHTML, like Gecko; compatible; ClaudeBot/1.0; +claudebot@anthropic.com)"
18.190.159.222 - - [15/May/2025:12:42:39 +0000] "GET /shopdetail/15204983 HTTP/1.1" 404 32842 "-" "Mozilla/5.0 AppleWebKit/537.36 (KHTML, like Gecko; compatible; ClaudeBot/1.0; +claudebot@anthropic.com)"
18.190.159.222 - - [15/May/2025:12:42:39 +0000] "GET /shopdetail/12658105 HTTP/1.1" 404 32843 "-" "Mozilla/5.0 AppleWebKit/537.36 (KHTML, like Gecko; compatible; ClaudeBot/1.0; +claudebot@anthropic.com)"
66.249.79.200 - - [15/May/2025:12:42:41 +0000] "GET /?_gl=1*rgknbr*_ga*MzY3MjE1MDcwLjE3MzcwOTUyMjA.*_ga_0VKVKKN4NV*MTczNzEwMjM4NC4yLjEuMTczNzEwMjQ1My42MC4wLjA.&_bd_prev_page=https://pacja.org/detail.php?shopdetail/11580549 HTTP/1.1" 200 19690 "-" "Mozilla/5.0 (compatible; Googlebot/2.1; +http://www.google.com/bot.html)"
203.161.61.57 - - [15/May/2025:12:41:52 +0000] "GET /wp-admin/admin-ajax.php?action=wordfence_doScan&isFork=1&scanMode=standard&cronKey=728669b36f901975b9378f388f3978af&signature=b94b3ac17026d304e816763c802dabe74071fbe14aa9af6c14e8c620530d963e HTTP/1.1" 200 - "-" "WordPress/6.8.1; https://pacja.org"
18.190.159.222 - - [15/May/2025:12:42:40 +0000] "GET /shopdetail/11342227 HTTP/1.1" 404 32843 "-" "Mozilla/5.0 AppleWebKit/537.36 (KHTML, like Gecko; compatible; ClaudeBot/1.0; +claudebot@anthropic.com)"
18.190.159.222 - - [15/May/2025:12:42:41 +0000] "GET /shopdetail/13462227 HTTP/1.1" 404 32842 "-" "Mozilla/5.0 AppleWebKit/537.36 (KHTML, like Gecko; compatible; ClaudeBot/1.0; +claudebot@anthropic.com)"
203.161.61.57 - - [15/May/2025:12:42:43 +0000] "POST /wp-cron.php?doing_wp_cron=1747312963.6599040031433105468750 HTTP/1.1" 200 - "-" "WordPress/6.8.1; https://pacja.org"
18.190.159.222 - - [15/May/2025:12:42:42 +0000] "GET /shopdetail/15943516 HTTP/1.1" 404 32842 "-" "Mozilla/5.0 AppleWebKit/537.36 (KHTML, like Gecko; compatible; ClaudeBot/1.0; +claudebot@anthropic.com)"
18.97.9.103 - - [15/May/2025:12:42:44 +0000] "GET /robots.txt HTTP/1.1" 200 923 "-" "Mozilla/5.0 AppleWebKit/537.36 (KHTML, like Gecko; compatible; PerplexityBot/1.0; +https://perplexity.ai/perplexitybot)"
203.161.61.57 - - [15/May/2025:12:42:44 +0000] "POST /wp-cron.php?doing_wp_cron=1747312964.6572909355163574218750 HTTP/1.1" 200 - "-" "WordPress/6.8.1; https://pacja.org"
18.190.159.222 - - [15/May/2025:12:42:43 +0000] "GET /shopdetail/11846516 HTTP/1.1" 404 32843 "-" "Mozilla/5.0 AppleWebKit/537.36 (KHTML, like Gecko; compatible; ClaudeBot/1.0; +claudebot@anthropic.com)"
18.190.159.222 - - [15/May/2025:12:42:44 +0000] "GET /shopdetail/14854583 HTTP/1.1" 404 32843 "-" "Mozilla/5.0 AppleWebKit/537.36 (KHTML, like Gecko; compatible; ClaudeBot/1.0; +claudebot@anthropic.com)"
66.249.68.37 - - [15/May/2025:12:42:46 +0000] "GET /shopdetail/8467905 HTTP/1.1" 200 19895 "-" "Mozilla/5.0 (compatible; Googlebot/2.1; +http://www.google.com/bot.html)"
18.190.159.222 - - [15/May/2025:12:42:45 +0000] "GET /shopdetail/17160561 HTTP/1.1" 404 32843 "-" "Mozilla/5.0 AppleWebKit/537.36 (KHTML, like Gecko; compatible; ClaudeBot/1.0; +claudebot@anthropic.com)"
203.161.61.57 - - [15/May/2025:12:42:45 +0000] "POST /wp-admin/admin-ajax.php?action=async_litespeed&nonce=EUgvohElJSvfW8Z0qGALw7Al0Y8wf21B&litespeed_type=imgoptm HTTP/1.1" 200 21 "-" "WordPress/6.8.1; https://pacja.org"
18.190.159.222 - - [15/May/2025:12:42:46 +0000] "GET /shopdetail/21094738 HTTP/1.1" 404 32844 "-" "Mozilla/5.0 AppleWebKit/537.36 (KHTML, like Gecko; compatible; ClaudeBot/1.0; +claudebot@anthropic.com)"
18.190.159.222 - - [15/May/2025:12:42:47 +0000] "GET /shopdetail/9081738 HTTP/1.1" 404 32843 "-" "Mozilla/5.0 AppleWebKit/537.36 (KHTML, like Gecko; compatible; ClaudeBot/1.0; +claudebot@anthropic.com)"
18.190.159.222 - - [15/May/2025:12:42:48 +0000] "GET /shopdetail/16845949 HTTP/1.1" 404 32843 "-" "Mozilla/5.0 AppleWebKit/537.36 (KHTML, like Gecko; compatible; ClaudeBot/1.0; +claudebot@anthropic.com)"
18.190.159.222 - - [15/May/2025:12:42:49 +0000] "GET /shopdetail/16538861 HTTP/1.1" 404 32843 "-" "Mozilla/5.0 AppleWebKit/537.36 (KHTML, like Gecko; compatible; ClaudeBot/1.0; +claudebot@anthropic.com)"
18.190.159.222 - - [15/May/2025:12:42:49 +0000] "GET /shopdetail/7130650 HTTP/1.1" 404 32842 "-" "Mozilla/5.0 AppleWebKit/537.36 (KHTML, like Gecko; compatible; ClaudeBot/1.0; +claudebot@anthropic.com)"
18.190.159.222 - - [15/May/2025:12:42:50 +0000] "GET /shopdetail/18889738 HTTP/1.1" 404 32844 "-" "Mozilla/5.0 AppleWebKit/537.36 (KHTML, like Gecko; compatible; ClaudeBot/1.0; +claudebot@anthropic.com)"
18.190.159.222 - - [15/May/2025:12:42:52 +0000] "GET /shopdetail/20353516 HTTP/1.1" 404 32843 "-" "Mozilla/5.0 AppleWebKit/537.36 (KHTML, like Gecko; compatible; ClaudeBot/1.0; +claudebot@anthropic.com)"
18.190.159.222 - - [15/May/2025:12:42:51 +0000] "GET /shopdetail/22842094 HTTP/1.1" 404 32843 "-" "Mozilla/5.0 AppleWebKit/537.36 (KHTML, like Gecko; compatible; ClaudeBot/1.0; +claudebot@anthropic.com)"
18.190.159.222 - - [15/May/2025:12:42:54 +0000] "GET /shopdetail/28753005 HTTP/1.1" 404 32843 "-" "Mozilla/5.0 AppleWebKit/537.36 (KHTML, like Gecko; compatible; ClaudeBot/1.0; +claudebot@anthropic.com)"
