143.105.152.172 - - [15/May/2025:12:14:08 +0000] "GET /wp-includes/js/jquery/ui/autocomplete.min.js?ver=1.13.3 HTTP/1.1" 200 2905 "https://pacja.org/positioning-african-non-state-actors-at-the-heart-of-climate-policy-and-global-justice-for-acs-ii-and-beyond/" "Mozilla/5.0 (Windows NT 10.0; Win64; x64) AppleWebKit/537.36 (KHTML, like Gecko) Chrome/136.0.0.0 Safari/537.36 Edg/136.0.0.0"
143.105.152.172 - - [15/May/2025:12:14:08 +0000] "GET /wp-content/plugins/advance-search/inc/common/js/advance-search.js?ver=1.1.6 HTTP/1.1" 200 1185 "https://pacja.org/positioning-african-non-state-actors-at-the-heart-of-climate-policy-and-global-justice-for-acs-ii-and-beyond/" "Mozilla/5.0 (Windows NT 10.0; Win64; x64) AppleWebKit/537.36 (KHTML, like Gecko) Chrome/136.0.0.0 Safari/537.36 Edg/136.0.0.0"
143.105.152.172 - - [15/May/2025:12:14:08 +0000] "GET /wp-content/plugins/contact-form-7/includes/swv/js/index.js?ver=6.0.6 HTTP/1.1" 200 3503 "https://pacja.org/positioning-african-non-state-actors-at-the-heart-of-climate-policy-and-global-justice-for-acs-ii-and-beyond/" "Mozilla/5.0 (Windows NT 10.0; Win64; x64) AppleWebKit/537.36 (KHTML, like Gecko) Chrome/136.0.0.0 Safari/537.36 Edg/136.0.0.0"
143.105.152.172 - - [15/May/2025:12:14:08 +0000] "GET /wp-content/plugins/contact-form-7/includes/js/index.js?ver=6.0.6 HTTP/1.1" 200 4265 "https://pacja.org/positioning-african-non-state-actors-at-the-heart-of-climate-policy-and-global-justice-for-acs-ii-and-beyond/" "Mozilla/5.0 (Windows NT 10.0; Win64; x64) AppleWebKit/537.36 (KHTML, like Gecko) Chrome/136.0.0.0 Safari/537.36 Edg/136.0.0.0"
143.105.152.172 - - [15/May/2025:12:14:08 +0000] "GET /wp-includes/js/jquery/jquery.form.min.js?ver=4.3.0 HTTP/1.1" 200 5958 "https://pacja.org/positioning-african-non-state-actors-at-the-heart-of-climate-policy-and-global-justice-for-acs-ii-and-beyond/" "Mozilla/5.0 (Windows NT 10.0; Win64; x64) AppleWebKit/537.36 (KHTML, like Gecko) Chrome/136.0.0.0 Safari/537.36 Edg/136.0.0.0"
143.105.152.172 - - [15/May/2025:12:14:08 +0000] "GET /wp-content/plugins/flickr-stream/js/frontend.min.js?ver=1.3 HTTP/1.1" 200 1777 "https://pacja.org/positioning-african-non-state-actors-at-the-heart-of-climate-policy-and-global-justice-for-acs-ii-and-beyond/" "Mozilla/5.0 (Windows NT 10.0; Win64; x64) AppleWebKit/537.36 (KHTML, like Gecko) Chrome/136.0.0.0 Safari/537.36 Edg/136.0.0.0"
143.105.152.172 - - [15/May/2025:12:14:08 +0000] "GET /wp-content/plugins/quick-event-manager/legacy/quick-event-manager.js?ver=9.14 HTTP/1.1" 200 4698 "https://pacja.org/positioning-african-non-state-actors-at-the-heart-of-climate-policy-and-global-justice-for-acs-ii-and-beyond/" "Mozilla/5.0 (Windows NT 10.0; Win64; x64) AppleWebKit/537.36 (KHTML, like Gecko) Chrome/136.0.0.0 Safari/537.36 Edg/136.0.0.0"
143.105.152.172 - - [15/May/2025:12:14:08 +0000] "GET /wp-includes/js/jquery/ui/tabs.min.js?ver=1.13.3 HTTP/1.1" 200 3945 "https://pacja.org/positioning-african-non-state-actors-at-the-heart-of-climate-policy-and-global-justice-for-acs-ii-and-beyond/" "Mozilla/5.0 (Windows NT 10.0; Win64; x64) AppleWebKit/537.36 (KHTML, like Gecko) Chrome/136.0.0.0 Safari/537.36 Edg/136.0.0.0"
143.105.152.172 - - [15/May/2025:12:14:09 +0000] "GET /wp-includes/js/jquery/ui/accordion.min.js?ver=1.13.3 HTTP/1.1" 200 2783 "https://pacja.org/positioning-african-non-state-actors-at-the-heart-of-climate-policy-and-global-justice-for-acs-ii-and-beyond/" "Mozilla/5.0 (Windows NT 10.0; Win64; x64) AppleWebKit/537.36 (KHTML, like Gecko) Chrome/136.0.0.0 Safari/537.36 Edg/136.0.0.0"
143.105.152.172 - - [15/May/2025:12:14:09 +0000] "GET /wp-content/themes/pacja.../js/menu.js?ver=20.6.4 HTTP/1.1" 200 862 "https://pacja.org/positioning-african-non-state-actors-at-the-heart-of-climate-policy-and-global-justice-for-acs-ii-and-beyond/" "Mozilla/5.0 (Windows NT 10.0; Win64; x64) AppleWebKit/537.36 (KHTML, like Gecko) Chrome/136.0.0.0 Safari/537.36 Edg/136.0.0.0"
143.105.152.172 - - [15/May/2025:12:14:09 +0000] "GET /wp-content/themes/pacja.../js/plugins.js?ver=20.6.4 HTTP/1.1" 200 53788 "https://pacja.org/positioning-african-non-state-actors-at-the-heart-of-climate-policy-and-global-justice-for-acs-ii-and-beyond/" "Mozilla/5.0 (Windows NT 10.0; Win64; x64) AppleWebKit/537.36 (KHTML, like Gecko) Chrome/136.0.0.0 Safari/537.36 Edg/136.0.0.0"
143.105.152.172 - - [15/May/2025:12:14:09 +0000] "GET /wp-content/themes/pacja.../assets/animations/animations.min.js?ver=20.6.4 HTTP/1.1" 200 624 "https://pacja.org/positioning-african-non-state-actors-at-the-heart-of-climate-policy-and-global-justice-for-acs-ii-and-beyond/" "Mozilla/5.0 (Windows NT 10.0; Win64; x64) AppleWebKit/537.36 (KHTML, like Gecko) Chrome/136.0.0.0 Safari/537.36 Edg/136.0.0.0"
143.105.152.172 - - [15/May/2025:12:14:09 +0000] "GET /wp-content/themes/pacja.../assets/jplayer/jplayer.min.js?ver=20.6.4 HTTP/1.1" 200 12737 "https://pacja.org/positioning-african-non-state-actors-at-the-heart-of-climate-policy-and-global-justice-for-acs-ii-and-beyond/" "Mozilla/5.0 (Windows NT 10.0; Win64; x64) AppleWebKit/537.36 (KHTML, like Gecko) Chrome/136.0.0.0 Safari/537.36 Edg/136.0.0.0"
143.105.152.172 - - [15/May/2025:12:14:09 +0000] "GET /wp-content/themes/pacja.../js/parallax/translate3d.js?ver=20.6.4 HTTP/1.1" 200 1659 "https://pacja.org/positioning-african-non-state-actors-at-the-heart-of-climate-policy-and-global-justice-for-acs-ii-and-beyond/" "Mozilla/5.0 (Windows NT 10.0; Win64; x64) AppleWebKit/537.36 (KHTML, like Gecko) Chrome/136.0.0.0 Safari/537.36 Edg/136.0.0.0"
143.105.152.172 - - [15/May/2025:12:14:09 +0000] "GET /wp-content/themes/pacja.../js/parallax/smoothscroll.js?ver=20.6.4 HTTP/1.1" 200 3038 "https://pacja.org/positioning-african-non-state-actors-at-the-heart-of-climate-policy-and-global-justice-for-acs-ii-and-beyond/" "Mozilla/5.0 (Windows NT 10.0; Win64; x64) AppleWebKit/537.36 (KHTML, like Gecko) Chrome/136.0.0.0 Safari/537.36 Edg/136.0.0.0"
143.105.152.172 - - [15/May/2025:12:14:09 +0000] "GET /wp-content/themes/pacja.../js/scripts.js?ver=20.6.4 HTTP/1.1" 200 14701 "https://pacja.org/positioning-african-non-state-actors-at-the-heart-of-climate-policy-and-global-justice-for-acs-ii-and-beyond/" "Mozilla/5.0 (Windows NT 10.0; Win64; x64) AppleWebKit/537.36 (KHTML, like Gecko) Chrome/136.0.0.0 Safari/537.36 Edg/136.0.0.0"
143.105.152.172 - - [15/May/2025:12:14:09 +0000] "GET /wp-includes/js/dist/vendor/wp-polyfill.min.js?ver=3.15.0 HTTP/1.1" 200 14471 "https://pacja.org/positioning-african-non-state-actors-at-the-heart-of-climate-policy-and-global-justice-for-acs-ii-and-beyond/" "Mozilla/5.0 (Windows NT 10.0; Win64; x64) AppleWebKit/537.36 (KHTML, like Gecko) Chrome/136.0.0.0 Safari/537.36 Edg/136.0.0.0"
143.105.152.172 - - [15/May/2025:12:14:09 +0000] "GET /wp-content/plugins/contact-form-7/modules/recaptcha/index.js?ver=6.0.6 HTTP/1.1" 200 483 "https://pacja.org/positioning-african-non-state-actors-at-the-heart-of-climate-policy-and-global-justice-for-acs-ii-and-beyond/" "Mozilla/5.0 (Windows NT 10.0; Win64; x64) AppleWebKit/537.36 (KHTML, like Gecko) Chrome/136.0.0.0 Safari/537.36 Edg/136.0.0.0"
143.105.152.172 - - [15/May/2025:12:14:09 +0000] "GET /wp-content/plugins/essential-addons-for-elementor-lite/assets/front-end/js/view/general.min.js?ver=6.1.4 HTTP/1.1" 200 4088 "https://pacja.org/positioning-african-non-state-actors-at-the-heart-of-climate-policy-and-global-justice-for-acs-ii-and-beyond/" "Mozilla/5.0 (Windows NT 10.0; Win64; x64) AppleWebKit/537.36 (KHTML, like Gecko) Chrome/136.0.0.0 Safari/537.36 Edg/136.0.0.0"
143.105.152.172 - - [15/May/2025:12:14:09 +0000] "GET /wp-content/plugins/youtube-embed-plus/scripts/fitvids.min.js?ver=14.2.1.3 HTTP/1.1" 200 1051 "https://pacja.org/positioning-african-non-state-actors-at-the-heart-of-climate-policy-and-global-justice-for-acs-ii-and-beyond/" "Mozilla/5.0 (Windows NT 10.0; Win64; x64) AppleWebKit/537.36 (KHTML, like Gecko) Chrome/136.0.0.0 Safari/537.36 Edg/136.0.0.0"
143.105.152.172 - - [15/May/2025:12:14:09 +0000] "GET /wp-content/plugins/add-search-to-menu/public/js/ivory-search.min.js?ver=5.5.9 HTTP/1.1" 200 1220 "https://pacja.org/positioning-african-non-state-actors-at-the-heart-of-climate-policy-and-global-justice-for-acs-ii-and-beyond/" "Mozilla/5.0 (Windows NT 10.0; Win64; x64) AppleWebKit/537.36 (KHTML, like Gecko) Chrome/136.0.0.0 Safari/537.36 Edg/136.0.0.0"
143.105.152.172 - - [15/May/2025:12:14:09 +0000] "GET /wp-content/plugins/socialsnap/assets/js/socialsnap.js?ver=1.3.6 HTTP/1.1" 200 3902 "https://pacja.org/positioning-african-non-state-actors-at-the-heart-of-climate-policy-and-global-justice-for-acs-ii-and-beyond/" "Mozilla/5.0 (Windows NT 10.0; Win64; x64) AppleWebKit/537.36 (KHTML, like Gecko) Chrome/136.0.0.0 Safari/537.36 Edg/136.0.0.0"
143.105.152.172 - - [15/May/2025:12:14:09 +0000] "GET /wp-content/plugins/jetpack/_inc/build/likes/queuehandler.min.js?ver=14.3 HTTP/1.1" 200 2608 "https://pacja.org/positioning-african-non-state-actors-at-the-heart-of-climate-policy-and-global-justice-for-acs-ii-and-beyond/" "Mozilla/5.0 (Windows NT 10.0; Win64; x64) AppleWebKit/537.36 (KHTML, like Gecko) Chrome/136.0.0.0 Safari/537.36 Edg/136.0.0.0"
143.105.152.172 - - [15/May/2025:12:14:09 +0000] "GET /wp-content/plugins/jetpack/_inc/blocks/subscriptions/view.js?minify=false&ver=14.3 HTTP/1.1" 200 2253 "https://pacja.org/positioning-african-non-state-actors-at-the-heart-of-climate-policy-and-global-justice-for-acs-ii-and-beyond/" "Mozilla/5.0 (Windows NT 10.0; Win64; x64) AppleWebKit/537.36 (KHTML, like Gecko) Chrome/136.0.0.0 Safari/537.36 Edg/136.0.0.0"
143.105.152.172 - - [15/May/2025:12:14:09 +0000] "GET /wp-content/plugins/google-analytics-for-wordpress/assets/js/frontend-gtag.min.js?ver=9.5.3 HTTP/1.1" 200 3277 "https://pacja.org/positioning-african-non-state-actors-at-the-heart-of-climate-policy-and-global-justice-for-acs-ii-and-beyond/" "Mozilla/5.0 (Windows NT 10.0; Win64; x64) AppleWebKit/537.36 (KHTML, like Gecko) Chrome/136.0.0.0 Safari/537.36 Edg/136.0.0.0"
143.105.152.172 - - [15/May/2025:12:14:09 +0000] "GET /wp-content/plugins/interactive-3d-flipbook-powered-physics-engine/assets/js/client-locale-loader.js?ver=1.16.15 HTTP/1.1" 200 753 "https://pacja.org/positioning-african-non-state-actors-at-the-heart-of-climate-policy-and-global-justice-for-acs-ii-and-beyond/" "Mozilla/5.0 (Windows NT 10.0; Win64; x64) AppleWebKit/537.36 (KHTML, like Gecko) Chrome/136.0.0.0 Safari/537.36 Edg/136.0.0.0"
143.105.152.172 - - [15/May/2025:12:14:09 +0000] "GET /wp-content/plugins/revslider/sr6/assets/js/rbtools.min.js?ver=6.7.18 HTTP/1.1" 200 61824 "https://pacja.org/positioning-african-non-state-actors-at-the-heart-of-climate-policy-and-global-justice-for-acs-ii-and-beyond/" "Mozilla/5.0 (Windows NT 10.0; Win64; x64) AppleWebKit/537.36 (KHTML, like Gecko) Chrome/136.0.0.0 Safari/537.36 Edg/136.0.0.0"
143.105.152.172 - - [15/May/2025:12:14:09 +0000] "GET /wp-content/plugins/revslider/sr6/assets/js/rs6.min.js?ver=6.7.18 HTTP/1.1" 200 108972 "https://pacja.org/positioning-african-non-state-actors-at-the-heart-of-climate-policy-and-global-justice-for-acs-ii-and-beyond/" "Mozilla/5.0 (Windows NT 10.0; Win64; x64) AppleWebKit/537.36 (KHTML, like Gecko) Chrome/136.0.0.0 Safari/537.36 Edg/136.0.0.0"
143.105.152.172 - - [15/May/2025:12:14:10 +0000] "GET /wp-includes/js/comment-reply.min.js?ver=d6d318ac8eaa702f795eb12f2dd73d9f HTTP/1.1" 200 1375 "https://pacja.org/positioning-african-non-state-actors-at-the-heart-of-climate-policy-and-global-justice-for-acs-ii-and-beyond/" "Mozilla/5.0 (Windows NT 10.0; Win64; x64) AppleWebKit/537.36 (KHTML, like Gecko) Chrome/136.0.0.0 Safari/537.36 Edg/136.0.0.0"
143.105.152.172 - - [15/May/2025:12:14:10 +0000] "GET /wp-content/plugins/gtranslate/js/dwf.js?ver=d6d318ac8eaa702f795eb12f2dd73d9f HTTP/1.1" 200 6254 "https://pacja.org/positioning-african-non-state-actors-at-the-heart-of-climate-policy-and-global-justice-for-acs-ii-and-beyond/" "Mozilla/5.0 (Windows NT 10.0; Win64; x64) AppleWebKit/537.36 (KHTML, like Gecko) Chrome/136.0.0.0 Safari/537.36 Edg/136.0.0.0"
3.15.201.103 - - [15/May/2025:12:14:09 +0000] "GET /shopdetail/10839083 HTTP/1.1" 404 32842 "-" "Mozilla/5.0 AppleWebKit/537.36 (KHTML, like Gecko; compatible; ClaudeBot/1.0; +claudebot@anthropic.com)"
143.105.152.172 - - [15/May/2025:12:14:10 +0000] "GET /wp-content/plugins/akismet/_inc/akismet-frontend.js?ver=1740001267 HTTP/1.1" 200 3293 "https://pacja.org/positioning-african-non-state-actors-at-the-heart-of-climate-policy-and-global-justice-for-acs-ii-and-beyond/" "Mozilla/5.0 (Windows NT 10.0; Win64; x64) AppleWebKit/537.36 (KHTML, like Gecko) Chrome/136.0.0.0 Safari/537.36 Edg/136.0.0.0"
143.105.152.172 - - [15/May/2025:12:14:10 +0000] "GET /wp-content/uploads/matomo/matomo.js HTTP/1.1" 200 21952 "https://pacja.org/positioning-african-non-state-actors-at-the-heart-of-climate-policy-and-global-justice-for-acs-ii-and-beyond/" "Mozilla/5.0 (Windows NT 10.0; Win64; x64) AppleWebKit/537.36 (KHTML, like Gecko) Chrome/136.0.0.0 Safari/537.36 Edg/136.0.0.0"
3.15.201.103 - - [15/May/2025:12:14:09 +0000] "GET /shopdetail/26680249 HTTP/1.1" 404 32844 "-" "Mozilla/5.0 AppleWebKit/537.36 (KHTML, like Gecko; compatible; ClaudeBot/1.0; +claudebot@anthropic.com)"
3.15.201.103 - - [15/May/2025:12:14:09 +0000] "GET /shopdetail/27925950 HTTP/1.1" 404 32844 "-" "Mozilla/5.0 AppleWebKit/537.36 (KHTML, like Gecko; compatible; ClaudeBot/1.0; +claudebot@anthropic.com)"
143.105.152.172 - - [15/May/2025:12:14:10 +0000] "GET /wp-includes/js/wp-emoji-release.min.js?ver=d6d318ac8eaa702f795eb12f2dd73d9f HTTP/1.1" 200 5166 "https://pacja.org/positioning-african-non-state-actors-at-the-heart-of-climate-policy-and-global-justice-for-acs-ii-and-beyond/" "Mozilla/5.0 (Windows NT 10.0; Win64; x64) AppleWebKit/537.36 (KHTML, like Gecko) Chrome/136.0.0.0 Safari/537.36 Edg/136.0.0.0"
143.105.152.172 - - [15/May/2025:12:14:10 +0000] "GET /wp-content/plugins/gtranslate/flags/svg/en.svg HTTP/1.1" 200 446 "https://pacja.org/positioning-african-non-state-actors-at-the-heart-of-climate-policy-and-global-justice-for-acs-ii-and-beyond/" "Mozilla/5.0 (Windows NT 10.0; Win64; x64) AppleWebKit/537.36 (KHTML, like Gecko) Chrome/136.0.0.0 Safari/537.36 Edg/136.0.0.0"
3.15.201.103 - - [15/May/2025:12:14:09 +0000] "GET /shopdetail/27530627 HTTP/1.1" 404 32844 "-" "Mozilla/5.0 AppleWebKit/537.36 (KHTML, like Gecko; compatible; ClaudeBot/1.0; +claudebot@anthropic.com)"
102.215.34.108 - - [15/May/2025:12:14:09 +0000] "POST /wp-admin/admin-ajax.php HTTP/1.1" 200 101 "https://pacja.org/wp-admin/post.php?post=4782&action=edit" "Mozilla/5.0 (Windows NT 10.0; Win64; x64; rv:138.0) Gecko/20100101 Firefox/138.0"
3.15.201.103 - - [15/May/2025:12:14:10 +0000] "GET /shopdetail/5307027 HTTP/1.1" 404 32843 "-" "Mozilla/5.0 AppleWebKit/537.36 (KHTML, like Gecko; compatible; ClaudeBot/1.0; +claudebot@anthropic.com)"
143.105.152.172 - - [15/May/2025:12:14:10 +0000] "POST /wp-content/plugins/matomo/app/matomo.php?action_name=Positioning%20African%20Non-State%20Actors%20at%20the%20Heart%20of%20Climate%20Policy%20and%20Global%20Justice%20for%20ACS-II%20and%20Beyond%20-%20PACJA%20-%20Panafrican%20Climate%20Justice%20Alliance&idsite=1&rec=1&r=952389&h=13&m=14&s=10&url=https%3A%2F%2Fpacja.org%2Fpositioning-african-non-state-actors-at-the-heart-of-climate-policy-and-global-justice-for-acs-ii-and-beyond%2F&urlref=https%3A%2F%2Ft.co%2F&_id=296dc94a97c1d36f&_idn=1&send_image=0&_refts=1747311250&_ref=https%3A%2F%2Ft.co%2F&pv_id=M7ZHCO&pf_net=924&pf_srv=1883&pf_tfr=532&uadata=%7B%22formFactors%22%3A%5B%22Desktop%22%5D%2C%22fullVersionList%22%3A%5B%7B%22brand%22%3A%22Chromium%22%2C%22version%22%3A%22136.0.7103.93%22%7D%2C%7B%22brand%22%3A%22Microsoft%20Edge%22%2C%22version%22%3A%22136.0.3240.64%22%7D%2C%7B%22brand%22%3A%22Not.A%2FBrand%22%2C%22version%22%3A%2299.0.0.0%22%7D%5D%2C%22mobile%22%3Afalse%2C%22model%22%3A%22%22%2C%22platform%22%3A%22Windows%22%2C%22platformVersion%22%3A%2214.0.0%22%7D&pdf=1&qt=0&realp=0&wma=0&fla=0&java=0&ag=0&cookie=1&res=1920x1080 HTTP/1.1" 204 - "https://pacja.org/positioning-african-non-state-actors-at-the-heart-of-climate-policy-and-global-justice-for-acs-ii-and-beyond/" "Mozilla/5.0 (Windows NT 10.0; Win64; x64) AppleWebKit/537.36 (KHTML, like Gecko) Chrome/136.0.0.0 Safari/537.36 Edg/136.0.0.0"
3.15.201.103 - - [15/May/2025:12:14:10 +0000] "GET /shopdetail/21506994 HTTP/1.1" 404 32842 "-" "Mozilla/5.0 AppleWebKit/537.36 (KHTML, like Gecko; compatible; ClaudeBot/1.0; +claudebot@anthropic.com)"
3.15.201.103 - - [15/May/2025:12:14:10 +0000] "GET /shopdetail/21651338 HTTP/1.1" 404 32843 "-" "Mozilla/5.0 AppleWebKit/537.36 (KHTML, like Gecko; compatible; ClaudeBot/1.0; +claudebot@anthropic.com)"
3.15.201.103 - - [15/May/2025:12:14:11 +0000] "GET /shopdetail/30038350 HTTP/1.1" 404 32843 "-" "Mozilla/5.0 AppleWebKit/537.36 (KHTML, like Gecko; compatible; ClaudeBot/1.0; +claudebot@anthropic.com)"
143.105.152.172 - - [15/May/2025:12:14:10 +0000] "GET /positioning-african-non-state-actors-at-the-heart-of-climate-policy-and-global-justice-for-acs-ii-and-beyond/?relatedposts=1 HTTP/1.1" 200 1404 "https://pacja.org/positioning-african-non-state-actors-at-the-heart-of-climate-policy-and-global-justice-for-acs-ii-and-beyond/" "Mozilla/5.0 (Windows NT 10.0; Win64; x64) AppleWebKit/537.36 (KHTML, like Gecko) Chrome/136.0.0.0 Safari/537.36 Edg/136.0.0.0"
66.249.79.200 - - [15/May/2025:12:14:12 +0000] "GET /?_gl=1*rgknbr*_ga*MzY3MjE1MDcwLjE3MzcwOTUyMjA.*_ga_0VKVKKN4NV*MTczNzEwMjM4NC4yLjEuMTczNzEwMjQ1My42MC4wLjA.&_bd_prev_page=https://pacja.org/detail.php?shopdetail/27150250 HTTP/1.1" 200 20204 "-" "Mozilla/5.0 (Linux; Android 6.0.1; Nexus 5X Build/MMB29P) AppleWebKit/537.36 (KHTML, like Gecko) Chrome/136.0.7103.59 Mobile Safari/537.36 (compatible; Googlebot/2.1; +http://www.google.com/bot.html)"
143.105.152.172 - - [15/May/2025:12:14:12 +0000] "GET /wp-content/uploads/2022/09/favi.jpg HTTP/1.1" 200 4219 "https://pacja.org/positioning-african-non-state-actors-at-the-heart-of-climate-policy-and-global-justice-for-acs-ii-and-beyond/" "Mozilla/5.0 (Windows NT 10.0; Win64; x64) AppleWebKit/537.36 (KHTML, like Gecko) Chrome/136.0.0.0 Safari/537.36 Edg/136.0.0.0"
3.15.201.103 - - [15/May/2025:12:14:11 +0000] "GET /shopdetail/8700238 HTTP/1.1" 404 32843 "-" "Mozilla/5.0 AppleWebKit/537.36 (KHTML, like Gecko; compatible; ClaudeBot/1.0; +claudebot@anthropic.com)"
143.105.152.172 - - [15/May/2025:12:14:10 +0000] "GET /wp-json/contact-form-7/v1/contact-forms/102/feedback/schema HTTP/1.1" 200 156 "https://pacja.org/positioning-african-non-state-actors-at-the-heart-of-climate-policy-and-global-justice-for-acs-ii-and-beyond/" "Mozilla/5.0 (Windows NT 10.0; Win64; x64) AppleWebKit/537.36 (KHTML, like Gecko) Chrome/136.0.0.0 Safari/537.36 Edg/136.0.0.0"
3.15.201.103 - - [15/May/2025:12:14:12 +0000] "GET /shopdetail/23980572 HTTP/1.1" 404 32841 "-" "Mozilla/5.0 AppleWebKit/537.36 (KHTML, like Gecko; compatible; ClaudeBot/1.0; +claudebot@anthropic.com)"
197.232.247.234 - - [15/May/2025:12:14:12 +0000] "GET /positioning-african-non-state-actors-at-the-heart-of-climate-policy-and-global-justice-for-acs-ii-and-beyond/ HTTP/1.1" 200 51705 "https://t.co/" "Mozilla/5.0 (Linux; Android 10; K) AppleWebKit/537.36 (KHTML, like Gecko) Chrome/136.0.0.0 Mobile Safari/537.36"
143.105.152.172 - - [15/May/2025:12:14:12 +0000] "GET /wp-json/contact-form-7/v1/contact-forms/102/refill HTTP/1.1" 200 22 "https://pacja.org/positioning-african-non-state-actors-at-the-heart-of-climate-policy-and-global-justice-for-acs-ii-and-beyond/" "Mozilla/5.0 (Windows NT 10.0; Win64; x64) AppleWebKit/537.36 (KHTML, like Gecko) Chrome/136.0.0.0 Safari/537.36 Edg/136.0.0.0"
3.15.201.103 - - [15/May/2025:12:14:12 +0000] "GET /shopdetail/19050949 HTTP/1.1" 404 32842 "-" "Mozilla/5.0 AppleWebKit/537.36 (KHTML, like Gecko; compatible; ClaudeBot/1.0; +claudebot@anthropic.com)"
197.232.247.234 - - [15/May/2025:12:14:14 +0000] "GET /wp-content/uploads/dynamic-mobmenu.css?ver=2.8.7-644 HTTP/1.1" 200 1934 "https://pacja.org/positioning-african-non-state-actors-at-the-heart-of-climate-policy-and-global-justice-for-acs-ii-and-beyond/" "Mozilla/5.0 (Linux; Android 10; K) AppleWebKit/537.36 (KHTML, like Gecko) Chrome/136.0.0.0 Mobile Safari/537.36"
197.232.247.234 - - [15/May/2025:12:14:15 +0000] "GET /wp-content/plugins/download-manager/assets/wpdm-iconfont/css/wpdm-icons.css?ver=d6d318ac8eaa702f795eb12f2dd73d9f HTTP/1.1" 304 - "https://pacja.org/positioning-african-non-state-actors-at-the-heart-of-climate-policy-and-global-justice-for-acs-ii-and-beyond/" "Mozilla/5.0 (Linux; Android 10; K) AppleWebKit/537.36 (KHTML, like Gecko) Chrome/136.0.0.0 Mobile Safari/537.36"
197.232.247.234 - - [15/May/2025:12:14:15 +0000] "GET /wp-content/plugins/download-manager/assets/css/front.min.css?ver=d6d318ac8eaa702f795eb12f2dd73d9f HTTP/1.1" 304 - "https://pacja.org/positioning-african-non-state-actors-at-the-heart-of-climate-policy-and-global-justice-for-acs-ii-and-beyond/" "Mozilla/5.0 (Linux; Android 10; K) AppleWebKit/537.36 (KHTML, like Gecko) Chrome/136.0.0.0 Mobile Safari/537.36"
197.232.247.234 - - [15/May/2025:12:14:15 +0000] "GET /wp-content/plugins/download-manager/assets/js/wpdm.min.js?ver=d6d318ac8eaa702f795eb12f2dd73d9f HTTP/1.1" 304 - "https://pacja.org/positioning-african-non-state-actors-at-the-heart-of-climate-policy-and-global-justice-for-acs-ii-and-beyond/" "Mozilla/5.0 (Linux; Android 10; K) AppleWebKit/537.36 (KHTML, like Gecko) Chrome/136.0.0.0 Mobile Safari/537.36"
197.232.247.234 - - [15/May/2025:12:14:15 +0000] "GET /wp-content/plugins/download-manager/assets/js/front.min.js?ver=3.3.17 HTTP/1.1" 304 - "https://pacja.org/positioning-african-non-state-actors-at-the-heart-of-climate-policy-and-global-justice-for-acs-ii-and-beyond/" "Mozilla/5.0 (Linux; Android 10; K) AppleWebKit/537.36 (KHTML, like Gecko) Chrome/136.0.0.0 Mobile Safari/537.36"
3.15.201.103 - - [15/May/2025:12:14:14 +0000] "GET /shopdetail/24509772 HTTP/1.1" 404 32842 "-" "Mozilla/5.0 AppleWebKit/537.36 (KHTML, like Gecko; compatible; ClaudeBot/1.0; +claudebot@anthropic.com)"
3.15.201.103 - - [15/May/2025:12:14:12 +0000] "GET /shopdetail/4180938 HTTP/1.1" 404 32842 "-" "Mozilla/5.0 AppleWebKit/537.36 (KHTML, like Gecko; compatible; ClaudeBot/1.0; +claudebot@anthropic.com)"
96.90.139.222 - - [15/May/2025:12:14:16 +0000] "GET /wp-content/uploads/2023/05/kpcg-meeting-1024x682.jpg HTTP/1.1" 200 204887 "https://www.bing.com/" "Mozilla/5.0 (Windows NT 10.0; Win64; x64) AppleWebKit/537.36 (KHTML, like Gecko) Chrome/136.0.0.0 Safari/537.36 Edg/136.0.0.0"
203.161.61.57 - - [15/May/2025:12:14:10 +0000] "POST /wp-admin/admin-ajax.php?action=as_async_request_queue_runner&nonce=4e22f572e8 HTTP/1.1" 200 - "-" "WordPress/6.8.1; https://pacja.org"
3.15.201.103 - - [15/May/2025:12:14:13 +0000] "GET /shopdetail/14832627 HTTP/1.1" 404 32843 "-" "Mozilla/5.0 AppleWebKit/537.36 (KHTML, like Gecko; compatible; ClaudeBot/1.0; +claudebot@anthropic.com)"
3.15.201.103 - - [15/May/2025:12:14:16 +0000] "GET /shopdetail/12625138 HTTP/1.1" 404 32844 "-" "Mozilla/5.0 AppleWebKit/537.36 (KHTML, like Gecko; compatible; ClaudeBot/1.0; +claudebot@anthropic.com)"
3.15.201.103 - - [15/May/2025:12:14:16 +0000] "GET /shopdetail/30441227 HTTP/1.1" 404 32844 "-" "Mozilla/5.0 AppleWebKit/537.36 (KHTML, like Gecko; compatible; ClaudeBot/1.0; +claudebot@anthropic.com)"
3.15.201.103 - - [15/May/2025:12:14:15 +0000] "GET /shopdetail/4439427 HTTP/1.1" 404 32842 "-" "Mozilla/5.0 AppleWebKit/537.36 (KHTML, like Gecko; compatible; ClaudeBot/1.0; +claudebot@anthropic.com)"
3.15.201.103 - - [15/May/2025:12:14:18 +0000] "GET /shopdetail/30274394 HTTP/1.1" 404 32844 "-" "Mozilla/5.0 AppleWebKit/537.36 (KHTML, like Gecko; compatible; ClaudeBot/1.0; +claudebot@anthropic.com)"
3.15.201.103 - - [15/May/2025:12:14:20 +0000] "GET /shopdetail/6666472 HTTP/1.1" 404 32839 "-" "Mozilla/5.0 AppleWebKit/537.36 (KHTML, like Gecko; compatible; ClaudeBot/1.0; +claudebot@anthropic.com)"
3.15.201.103 - - [15/May/2025:12:14:17 +0000] "GET /shopdetail/27306149 HTTP/1.1" 404 32844 "-" "Mozilla/5.0 AppleWebKit/537.36 (KHTML, like Gecko; compatible; ClaudeBot/1.0; +claudebot@anthropic.com)"
3.15.201.103 - - [15/May/2025:12:14:19 +0000] "GET /shopdetail/15884249 HTTP/1.1" 404 32842 "-" "Mozilla/5.0 AppleWebKit/537.36 (KHTML, like Gecko; compatible; ClaudeBot/1.0; +claudebot@anthropic.com)"
3.15.201.103 - - [15/May/2025:12:14:22 +0000] "GET /shopdetail/17000294 HTTP/1.1" 404 32843 "-" "Mozilla/5.0 AppleWebKit/537.36 (KHTML, like Gecko; compatible; ClaudeBot/1.0; +claudebot@anthropic.com)"
3.15.201.103 - - [15/May/2025:12:14:16 +0000] "GET /shopdetail/2318649 HTTP/1.1" 404 32843 "-" "Mozilla/5.0 AppleWebKit/537.36 (KHTML, like Gecko; compatible; ClaudeBot/1.0; +claudebot@anthropic.com)"
3.15.201.103 - - [15/May/2025:12:14:22 +0000] "GET /shopdetail/28859738 HTTP/1.1" 404 32844 "-" "Mozilla/5.0 AppleWebKit/537.36 (KHTML, like Gecko; compatible; ClaudeBot/1.0; +claudebot@anthropic.com)"
3.15.201.103 - - [15/May/2025:12:14:23 +0000] "GET /shopdetail/29986238 HTTP/1.1" 404 32844 "-" "Mozilla/5.0 AppleWebKit/537.36 (KHTML, like Gecko; compatible; ClaudeBot/1.0; +claudebot@anthropic.com)"
3.15.201.103 - - [15/May/2025:12:14:24 +0000] "GET /shopdetail/29003994 HTTP/1.1" 404 32844 "-" "Mozilla/5.0 AppleWebKit/537.36 (KHTML, like Gecko; compatible; ClaudeBot/1.0; +claudebot@anthropic.com)"
3.15.201.103 - - [15/May/2025:12:14:25 +0000] "GET /shopdetail/18177449 HTTP/1.1" 404 32844 "-" "Mozilla/5.0 AppleWebKit/537.36 (KHTML, like Gecko; compatible; ClaudeBot/1.0; +claudebot@anthropic.com)"
3.15.201.103 - - [15/May/2025:12:14:26 +0000] "GET /shopdetail/5527527 HTTP/1.1" 404 32842 "-" "Mozilla/5.0 AppleWebKit/537.36 (KHTML, like Gecko; compatible; ClaudeBot/1.0; +claudebot@anthropic.com)"
3.15.201.103 - - [15/May/2025:12:14:28 +0000] "GET /shopdetail/10413405 HTTP/1.1" 404 32842 "-" "Mozilla/5.0 AppleWebKit/537.36 (KHTML, like Gecko; compatible; ClaudeBot/1.0; +claudebot@anthropic.com)"
102.215.34.108 - - [15/May/2025:12:14:28 +0000] "POST /wp-admin/admin-ajax.php HTTP/1.1" 200 101 "https://pacja.org/wp-admin/post.php?post=5062&action=edit" "Mozilla/5.0 (Windows NT 10.0; Win64; x64; rv:138.0) Gecko/20100101 Firefox/138.0"
3.15.201.103 - - [15/May/2025:12:14:27 +0000] "GET /shopdetail/20499472 HTTP/1.1" 404 32842 "-" "Mozilla/5.0 AppleWebKit/537.36 (KHTML, like Gecko; compatible; ClaudeBot/1.0; +claudebot@anthropic.com)"
3.15.201.103 - - [15/May/2025:12:14:30 +0000] "GET /shopdetail/13289127 HTTP/1.1" 404 32844 "-" "Mozilla/5.0 AppleWebKit/537.36 (KHTML, like Gecko; compatible; ClaudeBot/1.0; +claudebot@anthropic.com)"
3.15.201.103 - - [15/May/2025:12:14:29 +0000] "GET /shopdetail/16423538 HTTP/1.1" 404 32843 "-" "Mozilla/5.0 AppleWebKit/537.36 (KHTML, like Gecko; compatible; ClaudeBot/1.0; +claudebot@anthropic.com)"
3.15.201.103 - - [15/May/2025:12:14:31 +0000] "GET /shopdetail/2155794 HTTP/1.1" 404 32843 "-" "Mozilla/5.0 AppleWebKit/537.36 (KHTML, like Gecko; compatible; ClaudeBot/1.0; +claudebot@anthropic.com)"
3.15.201.103 - - [15/May/2025:12:14:31 +0000] "GET /shopdetail/28412627 HTTP/1.1" 404 32844 "-" "Mozilla/5.0 AppleWebKit/537.36 (KHTML, like Gecko; compatible; ClaudeBot/1.0; +claudebot@anthropic.com)"
3.15.201.103 - - [15/May/2025:12:14:33 +0000] "GET /shopdetail/14810572 HTTP/1.1" 404 32842 "-" "Mozilla/5.0 AppleWebKit/537.36 (KHTML, like Gecko; compatible; ClaudeBot/1.0; +claudebot@anthropic.com)"
3.15.201.103 - - [15/May/2025:12:14:32 +0000] "GET /shopdetail/5960872 HTTP/1.1" 404 32841 "-" "Mozilla/5.0 AppleWebKit/537.36 (KHTML, like Gecko; compatible; ClaudeBot/1.0; +claudebot@anthropic.com)"
3.15.201.103 - - [15/May/2025:12:14:35 +0000] "GET /shopdetail/3452338 HTTP/1.1" 404 32842 "-" "Mozilla/5.0 AppleWebKit/537.36 (KHTML, like Gecko; compatible; ClaudeBot/1.0; +claudebot@anthropic.com)"
3.15.201.103 - - [15/May/2025:12:14:34 +0000] "GET /shopdetail/27701050 HTTP/1.1" 404 32843 "-" "Mozilla/5.0 AppleWebKit/537.36 (KHTML, like Gecko; compatible; ClaudeBot/1.0; +claudebot@anthropic.com)"
154.160.17.39 - - [15/May/2025:12:14:37 +0000] "GET /wp-content/uploads/2024/11/PACJA-Position-for-COP29-.pdf HTTP/1.1" 200 336549 "https://www.google.com/" "Mozilla/5.0 (Windows NT 10.0; Win64; x64) AppleWebKit/537.36 (KHTML, like Gecko) Chrome/136.0.0.0 Safari/537.36"
3.15.201.103 - - [15/May/2025:12:14:36 +0000] "GET /shopdetail/9885772 HTTP/1.1" 404 32841 "-" "Mozilla/5.0 AppleWebKit/537.36 (KHTML, like Gecko; compatible; ClaudeBot/1.0; +claudebot@anthropic.com)"
154.160.17.39 - - [15/May/2025:12:14:37 +0000] "GET /favicon.ico HTTP/1.1" 302 - "https://pacja.org/wp-content/uploads/2024/11/PACJA-Position-for-COP29-.pdf" "Mozilla/5.0 (Windows NT 10.0; Win64; x64) AppleWebKit/537.36 (KHTML, like Gecko) Chrome/136.0.0.0 Safari/537.36"
102.215.34.108 - - [15/May/2025:12:14:37 +0000] "POST /wp-admin/admin-ajax.php HTTP/1.1" 200 101 "https://pacja.org/wp-admin/post.php?post=5067&action=edit" "Mozilla/5.0 (Windows NT 10.0; Win64; x64; rv:138.0) Gecko/20100101 Firefox/138.0"
3.15.201.103 - - [15/May/2025:12:14:37 +0000] "GET /shopdetail/19324049 HTTP/1.1" 404 32843 "-" "Mozilla/5.0 AppleWebKit/537.36 (KHTML, like Gecko; compatible; ClaudeBot/1.0; +claudebot@anthropic.com)"
102.215.34.108 - - [15/May/2025:12:14:38 +0000] "POST /wp-admin/admin-ajax.php HTTP/1.1" 200 101 "https://pacja.org/wp-admin/post.php?post=5062&action=edit" "Mozilla/5.0 (Windows NT 10.0; Win64; x64; rv:138.0) Gecko/20100101 Firefox/138.0"
3.15.201.103 - - [15/May/2025:12:14:38 +0000] "GET /shopdetail/22565394 HTTP/1.1" 404 32844 "-" "Mozilla/5.0 AppleWebKit/537.36 (KHTML, like Gecko; compatible; ClaudeBot/1.0; +claudebot@anthropic.com)"
3.15.201.103 - - [15/May/2025:12:14:36 +0000] "GET /shopdetail/30745949 HTTP/1.1" 404 32844 "-" "Mozilla/5.0 AppleWebKit/537.36 (KHTML, like Gecko; compatible; ClaudeBot/1.0; +claudebot@anthropic.com)"
3.15.201.103 - - [15/May/2025:12:14:39 +0000] "GET /shopdetail/10855972 HTTP/1.1" 404 32841 "-" "Mozilla/5.0 AppleWebKit/537.36 (KHTML, like Gecko; compatible; ClaudeBot/1.0; +claudebot@anthropic.com)"
18.118.140.186 - - [15/May/2025:12:14:44 +0000] "GET /robots.txt HTTP/1.1" 200 162 "-" "Mozilla/5.0 AppleWebKit/537.36 (KHTML, like Gecko; compatible; ClaudeBot/1.0; +claudebot@anthropic.com)"
18.118.140.186 - - [15/May/2025:12:14:44 +0000] "GET /category/publications/zambia-related-publications HTTP/1.1" 301 - "-" "Mozilla/5.0 AppleWebKit/537.36 (KHTML, like Gecko; compatible; ClaudeBot/1.0; +claudebot@anthropic.com)"
18.118.140.186 - - [15/May/2025:12:14:45 +0000] "GET /category/publications/zambia-related-publications/ HTTP/1.1" 200 47335 "-" "Mozilla/5.0 AppleWebKit/537.36 (KHTML, like Gecko; compatible; ClaudeBot/1.0; +claudebot@anthropic.com)"
18.118.140.186 - - [15/May/2025:12:14:47 +0000] "GET /wp-includes/js/jquery/jquery.min.js?ver=3.7.1 HTTP/1.1" 200 30368 "https://pacja.org/category/publications/zambia-related-publications/" "Mozilla/5.0 AppleWebKit/537.36 (KHTML, like Gecko; compatible; ClaudeBot/1.0; +claudebot@anthropic.com)"
18.118.140.186 - - [15/May/2025:12:14:47 +0000] "GET /wp-includes/js/jquery/jquery-migrate.min.js?ver=3.4.1 HTTP/1.1" 200 4872 "https://pacja.org/category/publications/zambia-related-publications/" "Mozilla/5.0 AppleWebKit/537.36 (KHTML, like Gecko; compatible; ClaudeBot/1.0; +claudebot@anthropic.com)"
18.118.140.186 - - [15/May/2025:12:14:47 +0000] "GET /wp-includes/js/jquery/ui/core.min.js?ver=1.13.3 HTTP/1.1" 200 7106 "https://pacja.org/category/publications/zambia-related-publications/" "Mozilla/5.0 AppleWebKit/537.36 (KHTML, like Gecko; compatible; ClaudeBot/1.0; +claudebot@anthropic.com)"
18.118.140.186 - - [15/May/2025:12:14:47 +0000] "GET /wp-content/plugins/advance-search/inc/frontend/js/advance-search-frontend.js?ver=1.1.6 HTTP/1.1" 200 515 "https://pacja.org/category/publications/zambia-related-publications/" "Mozilla/5.0 AppleWebKit/537.36 (KHTML, like Gecko; compatible; ClaudeBot/1.0; +claudebot@anthropic.com)"
18.118.140.186 - - [15/May/2025:12:14:47 +0000] "GET /wp-content/plugins/LayerSlider/assets/static/layerslider/js/layerslider.utils.js?ver=7.11.0 HTTP/1.1" 200 41565 "https://pacja.org/category/publications/zambia-related-publications/" "Mozilla/5.0 AppleWebKit/537.36 (KHTML, like Gecko; compatible; ClaudeBot/1.0; +claudebot@anthropic.com)"
18.118.140.186 - - [15/May/2025:12:14:47 +0000] "GET /wp-content/plugins/LayerSlider/assets/static/layerslider/js/layerslider.transitions.js?ver=7.11.0 HTTP/1.1" 200 4907 "https://pacja.org/category/publications/zambia-related-publications/" "Mozilla/5.0 AppleWebKit/537.36 (KHTML, like Gecko; compatible; ClaudeBot/1.0; +claudebot@anthropic.com)"
66.249.79.203 - - [15/May/2025:12:14:47 +0000] "GET /shopdetail/15348932 HTTP/1.1" 200 20459 "-" "Mozilla/5.0 (Linux; Android 6.0.1; Nexus 5X Build/MMB29P) AppleWebKit/537.36 (KHTML, like Gecko) Chrome/136.0.7103.59 Mobile Safari/537.36 (compatible; Googlebot/2.1; +http://www.google.com/bot.html)"
18.118.140.186 - - [15/May/2025:12:14:47 +0000] "GET /wp-content/plugins/LayerSlider/assets/static/layerslider/js/layerslider.kreaturamedia.jquery.js?ver=7.11.0 HTTP/1.1" 200 63362 "https://pacja.org/category/publications/zambia-related-publications/" "Mozilla/5.0 AppleWebKit/537.36 (KHTML, like Gecko; compatible; ClaudeBot/1.0; +claudebot@anthropic.com)"
18.118.140.186 - - [15/May/2025:12:14:47 +0000] "GET /wp-content/plugins/download-manager/assets/js/wpdm.min.js?ver=d6d318ac8eaa702f795eb12f2dd73d9f HTTP/1.1" 200 470 "https://pacja.org/category/publications/zambia-related-publications/" "Mozilla/5.0 AppleWebKit/537.36 (KHTML, like Gecko; compatible; ClaudeBot/1.0; +claudebot@anthropic.com)"
18.118.140.186 - - [15/May/2025:12:14:47 +0000] "GET /wp-includes/js/jquery/ui/mouse.min.js?ver=1.13.3 HTTP/1.1" 200 1098 "https://pacja.org/category/publications/zambia-related-publications/" "Mozilla/5.0 AppleWebKit/537.36 (KHTML, like Gecko; compatible; ClaudeBot/1.0; +claudebot@anthropic.com)"
18.118.140.186 - - [15/May/2025:12:14:47 +0000] "GET /wp-content/plugins/download-manager/assets/js/front.min.js?ver=3.3.17 HTTP/1.1" 200 9513 "https://pacja.org/category/publications/zambia-related-publications/" "Mozilla/5.0 AppleWebKit/537.36 (KHTML, like Gecko; compatible; ClaudeBot/1.0; +claudebot@anthropic.com)"
18.118.140.186 - - [15/May/2025:12:14:47 +0000] "GET /wp-includes/js/jquery/ui/sortable.min.js?ver=1.13.3 HTTP/1.1" 200 6586 "https://pacja.org/category/publications/zambia-related-publications/" "Mozilla/5.0 AppleWebKit/537.36 (KHTML, like Gecko; compatible; ClaudeBot/1.0; +claudebot@anthropic.com)"
18.118.140.186 - - [15/May/2025:12:14:47 +0000] "GET /wp-includes/js/jquery/ui/datepicker.min.js?ver=1.13.3 HTTP/1.1" 200 10907 "https://pacja.org/category/publications/zambia-related-publications/" "Mozilla/5.0 AppleWebKit/537.36 (KHTML, like Gecko; compatible; ClaudeBot/1.0; +claudebot@anthropic.com)"
18.118.140.186 - - [15/May/2025:12:14:47 +0000] "GET /wp-includes/js/jquery/ui/resizable.min.js?ver=1.13.3 HTTP/1.1" 200 5354 "https://pacja.org/category/publications/zambia-related-publications/" "Mozilla/5.0 AppleWebKit/537.36 (KHTML, like Gecko; compatible; ClaudeBot/1.0; +claudebot@anthropic.com)"
18.118.140.186 - - [15/May/2025:12:14:47 +0000] "GET /wp-includes/js/jquery/ui/draggable.min.js?ver=1.13.3 HTTP/1.1" 200 4875 "https://pacja.org/category/publications/zambia-related-publications/" "Mozilla/5.0 AppleWebKit/537.36 (KHTML, like Gecko; compatible; ClaudeBot/1.0; +claudebot@anthropic.com)"
18.118.140.186 - - [15/May/2025:12:14:47 +0000] "GET /wp-includes/js/jquery/ui/controlgroup.min.js?ver=1.13.3 HTTP/1.1" 200 1606 "https://pacja.org/category/publications/zambia-related-publications/" "Mozilla/5.0 AppleWebKit/537.36 (KHTML, like Gecko; compatible; ClaudeBot/1.0; +claudebot@anthropic.com)"
18.118.140.186 - - [15/May/2025:12:14:47 +0000] "GET /wp-includes/js/jquery/ui/checkboxradio.min.js?ver=1.13.3 HTTP/1.1" 200 1422 "https://pacja.org/category/publications/zambia-related-publications/" "Mozilla/5.0 AppleWebKit/537.36 (KHTML, like Gecko; compatible; ClaudeBot/1.0; +claudebot@anthropic.com)"
18.118.140.186 - - [15/May/2025:12:14:47 +0000] "GET /wp-includes/js/jquery/ui/button.min.js?ver=1.13.3 HTTP/1.1" 200 1979 "https://pacja.org/category/publications/zambia-related-publications/" "Mozilla/5.0 AppleWebKit/537.36 (KHTML, like Gecko; compatible; ClaudeBot/1.0; +claudebot@anthropic.com)"
18.118.140.186 - - [15/May/2025:12:14:47 +0000] "GET /wp-includes/js/jquery/ui/dialog.min.js?ver=1.13.3 HTTP/1.1" 200 3832 "https://pacja.org/category/publications/zambia-related-publications/" "Mozilla/5.0 AppleWebKit/537.36 (KHTML, like Gecko; compatible; ClaudeBot/1.0; +claudebot@anthropic.com)"
18.118.140.186 - - [15/May/2025:12:14:47 +0000] "GET /wp-content/plugins/flickr-viewer/public/js/cws-flickr-gallery-pro-public.js?ver=1.1.8 HTTP/1.1" 200 453 "https://pacja.org/category/publications/zambia-related-publications/" "Mozilla/5.0 AppleWebKit/537.36 (KHTML, like Gecko; compatible; ClaudeBot/1.0; +claudebot@anthropic.com)"
18.118.140.186 - - [15/May/2025:12:14:47 +0000] "GET /wp-content/plugins/inline-google-spreadsheet-viewer/igsv-datatables.js?ver=d6d318ac8eaa702f795eb12f2dd73d9f HTTP/1.1" 200 853 "https://pacja.org/category/publications/zambia-related-publications/" "Mozilla/5.0 AppleWebKit/537.36 (KHTML, like Gecko; compatible; ClaudeBot/1.0; +claudebot@anthropic.com)"
18.118.140.186 - - [15/May/2025:12:14:47 +0000] "GET /wp-content/plugins/inline-google-spreadsheet-viewer/igsv-gvizcharts.js?ver=d6d318ac8eaa702f795eb12f2dd73d9f HTTP/1.1" 200 1144 "https://pacja.org/category/publications/zambia-related-publications/" "Mozilla/5.0 AppleWebKit/537.36 (KHTML, like Gecko; compatible; ClaudeBot/1.0; +claudebot@anthropic.com)"
18.118.140.186 - - [15/May/2025:12:14:47 +0000] "GET /wp-content/plugins/youtube-embed-plus/scripts/ytprefs.min.js?ver=14.2.1.3 HTTP/1.1" 200 4761 "https://pacja.org/category/publications/zambia-related-publications/" "Mozilla/5.0 AppleWebKit/537.36 (KHTML, like Gecko; compatible; ClaudeBot/1.0; +claudebot@anthropic.com)"
18.118.140.186 - - [15/May/2025:12:14:47 +0000] "GET /wp-content/plugins/gs-logo-slider/assets/libs/swiper-js/swiper.min.js?ver=3.7.4 HTTP/1.1" 200 39697 "https://pacja.org/category/publications/zambia-related-publications/" "Mozilla/5.0 AppleWebKit/537.36 (KHTML, like Gecko; compatible; ClaudeBot/1.0; +claudebot@anthropic.com)"
18.118.140.186 - - [15/May/2025:12:14:47 +0000] "GET /wp-content/plugins/gs-logo-slider/assets/libs/tippyjs/tippy-bundle.umd.min.js?ver=3.7.4 HTTP/1.1" 200 13759 "https://pacja.org/category/publications/zambia-related-publications/" "Mozilla/5.0 AppleWebKit/537.36 (KHTML, like Gecko; compatible; ClaudeBot/1.0; +claudebot@anthropic.com)"
18.118.140.186 - - [15/May/2025:12:14:47 +0000] "GET /wp-content/plugins/events-manager/includes/js/events-manager.js?ver=6.6.4.4 HTTP/1.1" 200 116662 "https://pacja.org/category/publications/zambia-related-publications/" "Mozilla/5.0 AppleWebKit/537.36 (KHTML, like Gecko; compatible; ClaudeBot/1.0; +claudebot@anthropic.com)"
18.118.140.186 - - [15/May/2025:12:14:47 +0000] "GET /wp-content/plugins/gs-logo-slider/assets/libs/images-loaded/images-loaded.min.js?ver=3.7.4 HTTP/1.1" 200 1810 "https://pacja.org/category/publications/zambia-related-publications/" "Mozilla/5.0 AppleWebKit/537.36 (KHTML, like Gecko; compatible; ClaudeBot/1.0; +claudebot@anthropic.com)"
18.118.140.186 - - [15/May/2025:12:14:47 +0000] "GET /wp-content/plugins/gs-logo-slider/assets/js/gs-logo.min.js?ver=3.7.4 HTTP/1.1" 200 2450 "https://pacja.org/category/publications/zambia-related-publications/" "Mozilla/5.0 AppleWebKit/537.36 (KHTML, like Gecko; compatible; ClaudeBot/1.0; +claudebot@anthropic.com)"
18.118.140.186 - - [15/May/2025:12:14:47 +0000] "GET /wp-includes/js/dist/dom-ready.min.js?ver=f77871ff7694fffea381 HTTP/1.1" 200 320 "https://pacja.org/category/publications/zambia-related-publications/" "Mozilla/5.0 AppleWebKit/537.36 (KHTML, like Gecko; compatible; ClaudeBot/1.0; +claudebot@anthropic.com)"
18.118.140.186 - - [15/May/2025:12:14:48 +0000] "GET /wp-includes/js/jquery/ui/menu.min.js?ver=1.13.3 HTTP/1.1" 200 3058 "https://pacja.org/category/publications/zambia-related-publications/" "Mozilla/5.0 AppleWebKit/537.36 (KHTML, like Gecko; compatible; ClaudeBot/1.0; +claudebot@anthropic.com)"
18.118.140.186 - - [15/May/2025:12:14:48 +0000] "GET /wp-includes/js/dist/hooks.min.js?ver=4d63a3d491d11ffd8ac6 HTTP/1.1" 200 1648 "https://pacja.org/category/publications/zambia-related-publications/" "Mozilla/5.0 AppleWebKit/537.36 (KHTML, like Gecko; compatible; ClaudeBot/1.0; +claudebot@anthropic.com)"
18.118.140.186 - - [15/May/2025:12:14:48 +0000] "GET /wp-content/plugins/civist/civist-wordpress-blocks-embed.js?ver=1bdc5b775f7478bc9ab8 HTTP/1.1" 200 15019 "https://pacja.org/category/publications/zambia-related-publications/" "Mozilla/5.0 AppleWebKit/537.36 (KHTML, like Gecko; compatible; ClaudeBot/1.0; +claudebot@anthropic.com)"
18.118.140.186 - - [15/May/2025:12:14:48 +0000] "GET /wp-includes/js/dist/i18n.min.js?ver=5e580eb46a90c2b997e6 HTTP/1.1" 200 3667 "https://pacja.org/category/publications/zambia-related-publications/" "Mozilla/5.0 AppleWebKit/537.36 (KHTML, like Gecko; compatible; ClaudeBot/1.0; +claudebot@anthropic.com)"
18.118.140.186 - - [15/May/2025:12:14:48 +0000] "GET /wp-includes/js/jquery/ui/autocomplete.min.js?ver=1.13.3 HTTP/1.1" 200 2905 "https://pacja.org/category/publications/zambia-related-publications/" "Mozilla/5.0 AppleWebKit/537.36 (KHTML, like Gecko; compatible; ClaudeBot/1.0; +claudebot@anthropic.com)"
18.118.140.186 - - [15/May/2025:12:14:48 +0000] "GET /wp-includes/js/dist/a11y.min.js?ver=3156534cc54473497e14 HTTP/1.1" 200 956 "https://pacja.org/category/publications/zambia-related-publications/" "Mozilla/5.0 AppleWebKit/537.36 (KHTML, like Gecko; compatible; ClaudeBot/1.0; +claudebot@anthropic.com)"
18.118.140.186 - - [15/May/2025:12:14:48 +0000] "GET /wp-content/plugins/advance-search/inc/common/js/advance-search.js?ver=1.1.6 HTTP/1.1" 200 1185 "https://pacja.org/category/publications/zambia-related-publications/" "Mozilla/5.0 AppleWebKit/537.36 (KHTML, like Gecko; compatible; ClaudeBot/1.0; +claudebot@anthropic.com)"
18.118.140.186 - - [15/May/2025:12:14:48 +0000] "GET /wp-content/plugins/contact-form-7/includes/swv/js/index.js?ver=6.0.6 HTTP/1.1" 200 3503 "https://pacja.org/category/publications/zambia-related-publications/" "Mozilla/5.0 AppleWebKit/537.36 (KHTML, like Gecko; compatible; ClaudeBot/1.0; +claudebot@anthropic.com)"
18.118.140.186 - - [15/May/2025:12:14:48 +0000] "GET /wp-content/plugins/contact-form-7/includes/js/index.js?ver=6.0.6 HTTP/1.1" 200 4265 "https://pacja.org/category/publications/zambia-related-publications/" "Mozilla/5.0 AppleWebKit/537.36 (KHTML, like Gecko; compatible; ClaudeBot/1.0; +claudebot@anthropic.com)"
18.118.140.186 - - [15/May/2025:12:14:48 +0000] "GET /wp-content/plugins/flickr-stream/js/frontend.min.js?ver=1.3 HTTP/1.1" 200 1777 "https://pacja.org/category/publications/zambia-related-publications/" "Mozilla/5.0 AppleWebKit/537.36 (KHTML, like Gecko; compatible; ClaudeBot/1.0; +claudebot@anthropic.com)"
18.118.140.186 - - [15/May/2025:12:14:48 +0000] "GET /wp-includes/js/jquery/jquery.form.min.js?ver=4.3.0 HTTP/1.1" 200 5958 "https://pacja.org/category/publications/zambia-related-publications/" "Mozilla/5.0 AppleWebKit/537.36 (KHTML, like Gecko; compatible; ClaudeBot/1.0; +claudebot@anthropic.com)"
18.118.140.186 - - [15/May/2025:12:14:48 +0000] "GET /wp-content/plugins/quick-event-manager/legacy/quick-event-manager.js?ver=9.14 HTTP/1.1" 200 4698 "https://pacja.org/category/publications/zambia-related-publications/" "Mozilla/5.0 AppleWebKit/537.36 (KHTML, like Gecko; compatible; ClaudeBot/1.0; +claudebot@anthropic.com)"
18.118.140.186 - - [15/May/2025:12:14:48 +0000] "GET /wp-includes/js/jquery/ui/tabs.min.js?ver=1.13.3 HTTP/1.1" 200 3945 "https://pacja.org/category/publications/zambia-related-publications/" "Mozilla/5.0 AppleWebKit/537.36 (KHTML, like Gecko; compatible; ClaudeBot/1.0; +claudebot@anthropic.com)"
18.118.140.186 - - [15/May/2025:12:14:48 +0000] "GET /wp-includes/js/jquery/ui/accordion.min.js?ver=1.13.3 HTTP/1.1" 200 2783 "https://pacja.org/category/publications/zambia-related-publications/" "Mozilla/5.0 AppleWebKit/537.36 (KHTML, like Gecko; compatible; ClaudeBot/1.0; +claudebot@anthropic.com)"
18.118.140.186 - - [15/May/2025:12:14:48 +0000] "GET /wp-content/themes/pacja.../js/menu.js?ver=20.6.4 HTTP/1.1" 200 862 "https://pacja.org/category/publications/zambia-related-publications/" "Mozilla/5.0 AppleWebKit/537.36 (KHTML, like Gecko; compatible; ClaudeBot/1.0; +claudebot@anthropic.com)"
18.118.140.186 - - [15/May/2025:12:14:48 +0000] "GET /wp-content/themes/pacja.../assets/animations/animations.min.js?ver=20.6.4 HTTP/1.1" 200 624 "https://pacja.org/category/publications/zambia-related-publications/" "Mozilla/5.0 AppleWebKit/537.36 (KHTML, like Gecko; compatible; ClaudeBot/1.0; +claudebot@anthropic.com)"
18.118.140.186 - - [15/May/2025:12:14:48 +0000] "GET /wp-content/themes/pacja.../js/plugins.js?ver=20.6.4 HTTP/1.1" 200 53788 "https://pacja.org/category/publications/zambia-related-publications/" "Mozilla/5.0 AppleWebKit/537.36 (KHTML, like Gecko; compatible; ClaudeBot/1.0; +claudebot@anthropic.com)"
18.118.140.186 - - [15/May/2025:12:14:48 +0000] "GET /wp-content/themes/pacja.../js/parallax/translate3d.js?ver=20.6.4 HTTP/1.1" 200 1659 "https://pacja.org/category/publications/zambia-related-publications/" "Mozilla/5.0 AppleWebKit/537.36 (KHTML, like Gecko; compatible; ClaudeBot/1.0; +claudebot@anthropic.com)"
18.118.140.186 - - [15/May/2025:12:14:48 +0000] "GET /wp-content/themes/pacja.../js/scripts.js?ver=20.6.4 HTTP/1.1" 200 14701 "https://pacja.org/category/publications/zambia-related-publications/" "Mozilla/5.0 AppleWebKit/537.36 (KHTML, like Gecko; compatible; ClaudeBot/1.0; +claudebot@anthropic.com)"
18.118.140.186 - - [15/May/2025:12:14:48 +0000] "GET /wp-content/themes/pacja.../assets/jplayer/jplayer.min.js?ver=20.6.4 HTTP/1.1" 200 12737 "https://pacja.org/category/publications/zambia-related-publications/" "Mozilla/5.0 AppleWebKit/537.36 (KHTML, like Gecko; compatible; ClaudeBot/1.0; +claudebot@anthropic.com)"
18.118.140.186 - - [15/May/2025:12:14:48 +0000] "GET /wp-content/themes/pacja.../js/parallax/smoothscroll.js?ver=20.6.4 HTTP/1.1" 200 3038 "https://pacja.org/category/publications/zambia-related-publications/" "Mozilla/5.0 AppleWebKit/537.36 (KHTML, like Gecko; compatible; ClaudeBot/1.0; +claudebot@anthropic.com)"
18.118.140.186 - - [15/May/2025:12:14:48 +0000] "GET /wp-includes/js/dist/vendor/wp-polyfill.min.js?ver=3.15.0 HTTP/1.1" 200 14471 "https://pacja.org/category/publications/zambia-related-publications/" "Mozilla/5.0 AppleWebKit/537.36 (KHTML, like Gecko; compatible; ClaudeBot/1.0; +claudebot@anthropic.com)"
18.118.140.186 - - [15/May/2025:12:14:48 +0000] "GET /wp-content/plugins/contact-form-7/modules/recaptcha/index.js?ver=6.0.6 HTTP/1.1" 200 483 "https://pacja.org/category/publications/zambia-related-publications/" "Mozilla/5.0 AppleWebKit/537.36 (KHTML, like Gecko; compatible; ClaudeBot/1.0; +claudebot@anthropic.com)"
18.118.140.186 - - [15/May/2025:12:14:48 +0000] "GET /wp-content/plugins/youtube-embed-plus/scripts/fitvids.min.js?ver=14.2.1.3 HTTP/1.1" 200 1051 "https://pacja.org/category/publications/zambia-related-publications/" "Mozilla/5.0 AppleWebKit/537.36 (KHTML, like Gecko; compatible; ClaudeBot/1.0; +claudebot@anthropic.com)"
18.118.140.186 - - [15/May/2025:12:14:48 +0000] "GET /wp-content/plugins/add-search-to-menu/public/js/ivory-search.min.js?ver=5.5.9 HTTP/1.1" 200 1220 "https://pacja.org/category/publications/zambia-related-publications/" "Mozilla/5.0 AppleWebKit/537.36 (KHTML, like Gecko; compatible; ClaudeBot/1.0; +claudebot@anthropic.com)"
18.118.140.186 - - [15/May/2025:12:14:48 +0000] "GET /wp-content/plugins/essential-addons-for-elementor-lite/assets/front-end/js/view/general.min.js?ver=6.1.4 HTTP/1.1" 200 4088 "https://pacja.org/category/publications/zambia-related-publications/" "Mozilla/5.0 AppleWebKit/537.36 (KHTML, like Gecko; compatible; ClaudeBot/1.0; +claudebot@anthropic.com)"
18.118.140.186 - - [15/May/2025:12:14:48 +0000] "GET /wp-content/plugins/js_composer/assets/lib/vendor/node_modules/imagesloaded/imagesloaded.pkgd.min.js?ver=7.9 HTTP/1.1" 200 1784 "https://pacja.org/category/publications/zambia-related-publications/" "Mozilla/5.0 AppleWebKit/537.36 (KHTML, like Gecko; compatible; ClaudeBot/1.0; +claudebot@anthropic.com)"
18.118.140.186 - - [15/May/2025:12:14:48 +0000] "GET /wp-content/plugins/js_composer/assets/js/dist/js_composer_front.min.js?ver=7.9 HTTP/1.1" 200 5146 "https://pacja.org/category/publications/zambia-related-publications/" "Mozilla/5.0 AppleWebKit/537.36 (KHTML, like Gecko; compatible; ClaudeBot/1.0; +claudebot@anthropic.com)"
18.118.140.186 - - [15/May/2025:12:14:48 +0000] "GET /wp-content/plugins/js_composer/assets/lib/vendor/owl-carousel2-dist/owl.carousel.min.js?ver=7.9 HTTP/1.1" 200 11572 "https://pacja.org/category/publications/zambia-related-publications/" "Mozilla/5.0 AppleWebKit/537.36 (KHTML, like Gecko; compatible; ClaudeBot/1.0; +claudebot@anthropic.com)"
18.118.140.186 - - [15/May/2025:12:14:48 +0000] "GET /wp-content/plugins/js_composer/assets/lib/vc/vc_waypoints/vc-waypoints.min.js?ver=7.9 HTTP/1.1" 200 2726 "https://pacja.org/category/publications/zambia-related-publications/" "Mozilla/5.0 AppleWebKit/537.36 (KHTML, like Gecko; compatible; ClaudeBot/1.0; +claudebot@anthropic.com)"
18.118.140.186 - - [15/May/2025:12:14:48 +0000] "GET /wp-includes/js/underscore.min.js?ver=1.13.7 HTTP/1.1" 200 7317 "https://pacja.org/category/publications/zambia-related-publications/" "Mozilla/5.0 AppleWebKit/537.36 (KHTML, like Gecko; compatible; ClaudeBot/1.0; +claudebot@anthropic.com)"
