149.40.62.44 - - [15/May/2025:13:40:11 +0000] "GET /wp-content/plugins/gs-logo-slider/assets/libs/swiper-js/swiper.min.css?ver=3.7.4 HTTP/1.1" 200 4583 "https://pacja.org/" "Mozilla/5.0 (Macintosh; Intel Mac OS X 10_15_7) AppleWebKit/537.36 (KHTML, like Gecko) Chrome/128.0.0.0 Safari/537.36"
102.140.208.10 - - [15/May/2025:13:40:11 +0000] "GET /wp-content/plugins/wpforms-lite/assets/lib/font-awesome/font-awesome.min.css?ver=4.7.0 HTTP/1.1" 200 7097 "https://pacja.org/our-national-platforms/uganda/" "Mozilla/5.0 (Windows NT 10.0; Win64; x64) AppleWebKit/537.36 (KHTML, like Gecko) Chrome/136.0.0.0 Safari/537.36"
102.140.208.10 - - [15/May/2025:13:40:09 +0000] "GET /wp-json/contact-form-7/v1/contact-forms/102/refill HTTP/1.1" 200 22 "https://pacja.org/our-national-platforms/uganda/" "Mozilla/5.0 (Windows NT 10.0; Win64; x64) AppleWebKit/537.36 (KHTML, like Gecko) Chrome/136.0.0.0 Safari/537.36"
66.249.68.37 - - [15/May/2025:13:40:11 +0000] "GET /shopdetail/12088972 HTTP/1.1" 200 18667 "-" "Mozilla/5.0 (Linux; Android 6.0.1; Nexus 5X Build/MMB29P) AppleWebKit/537.36 (KHTML, like Gecko) Chrome/136.0.7103.92 Mobile Safari/537.36 (compatible; GoogleOther)"
149.40.62.44 - - [15/May/2025:13:40:12 +0000] "GET /wp-content/plugins/gs-logo-slider/assets/libs/tippyjs/tippy.css?ver=3.7.4 HTTP/1.1" 200 589 "https://pacja.org/" "Mozilla/5.0 (Macintosh; Intel Mac OS X 10_15_7) AppleWebKit/537.36 (KHTML, like Gecko) Chrome/128.0.0.0 Safari/537.36"
3.140.196.3 - - [15/May/2025:13:40:08 +0000] "GET /shopdetail/11672950 HTTP/1.1" 404 32843 "-" "Mozilla/5.0 AppleWebKit/537.36 (KHTML, like Gecko; compatible; ClaudeBot/1.0; +claudebot@anthropic.com)"
149.40.62.44 - - [15/May/2025:13:40:12 +0000] "GET /wp-content/plugins/gs-logo-slider/assets/css/gs-logo.min.css?ver=3.7.4 HTTP/1.1" 200 1866 "https://pacja.org/" "Mozilla/5.0 (Macintosh; Intel Mac OS X 10_15_7) AppleWebKit/537.36 (KHTML, like Gecko) Chrome/128.0.0.0 Safari/537.36"
102.140.208.10 - - [15/May/2025:13:40:12 +0000] "GET /wp-content/uploads/2023/02/CJT-Campaign-Report-2022-1-1_page-00011-724x1024.jpg HTTP/1.1" 200 104180 "https://pacja.org/our-national-platforms/uganda/" "Mozilla/5.0 (Windows NT 10.0; Win64; x64) AppleWebKit/537.36 (KHTML, like Gecko) Chrome/136.0.0.0 Safari/537.36"
149.40.62.44 - - [15/May/2025:13:40:12 +0000] "GET /wp-content/plugins/LayerSlider/assets/static/layerslider/css/layerslider.css?ver=7.11.0 HTTP/1.1" 200 5323 "https://pacja.org/" "Mozilla/5.0 (Macintosh; Intel Mac OS X 10_15_7) AppleWebKit/537.36 (KHTML, like Gecko) Chrome/128.0.0.0 Safari/537.36"
102.140.208.10 - - [15/May/2025:13:40:08 +0000] "GET /wp-json/contact-form-7/v1/contact-forms/102/feedback/schema HTTP/1.1" 200 156 "https://pacja.org/our-national-platforms/uganda/" "Mozilla/5.0 (Windows NT 10.0; Win64; x64) AppleWebKit/537.36 (KHTML, like Gecko) Chrome/136.0.0.0 Safari/537.36"
66.249.68.37 - - [15/May/2025:13:40:12 +0000] "GET /shopdetail/15679827 HTTP/1.1" 200 18658 "-" "Mozilla/5.0 (Linux; Android 6.0.1; Nexus 5X Build/MMB29P) AppleWebKit/537.36 (KHTML, like Gecko) Chrome/136.0.7103.92 Mobile Safari/537.36 (compatible; GoogleOther)"
149.40.62.44 - - [15/May/2025:13:40:13 +0000] "GET /wp-includes/css/dist/block-library/style.min.css?ver=d6d318ac8eaa702f795eb12f2dd73d9f HTTP/1.1" 200 15323 "https://pacja.org/" "Mozilla/5.0 (Macintosh; Intel Mac OS X 10_15_7) AppleWebKit/537.36 (KHTML, like Gecko) Chrome/128.0.0.0 Safari/537.36"
149.40.62.44 - - [15/May/2025:13:40:13 +0000] "GET /wp-content/plugins/civist/civist-wordpress-blocks-embed.css?ver=1bdc5b775f7478bc9ab8 HTTP/1.1" 200 369 "https://pacja.org/" "Mozilla/5.0 (Macintosh; Intel Mac OS X 10_15_7) AppleWebKit/537.36 (KHTML, like Gecko) Chrome/128.0.0.0 Safari/537.36"
3.140.196.3 - - [15/May/2025:13:40:10 +0000] "GET /shopdetail/6384172 HTTP/1.1" 404 32842 "-" "Mozilla/5.0 AppleWebKit/537.36 (KHTML, like Gecko; compatible; ClaudeBot/1.0; +claudebot@anthropic.com)"
149.40.62.44 - - [15/May/2025:13:40:13 +0000] "GET /wp-includes/js/mediaelement/mediaelementplayer-legacy.min.css?ver=4.2.17 HTTP/1.1" 200 2592 "https://pacja.org/" "Mozilla/5.0 (Macintosh; Intel Mac OS X 10_15_7) AppleWebKit/537.36 (KHTML, like Gecko) Chrome/128.0.0.0 Safari/537.36"
149.40.62.44 - - [15/May/2025:13:40:13 +0000] "GET /wp-includes/js/mediaelement/wp-mediaelement.min.css?ver=d6d318ac8eaa702f795eb12f2dd73d9f HTTP/1.1" 200 1156 "https://pacja.org/" "Mozilla/5.0 (Macintosh; Intel Mac OS X 10_15_7) AppleWebKit/537.36 (KHTML, like Gecko) Chrome/128.0.0.0 Safari/537.36"
66.249.68.37 - - [15/May/2025:13:40:13 +0000] "GET /pcmypage?callback=/product%2Fdetail%2F61444138 HTTP/1.1" 200 21571 "-" "Mozilla/5.0 (Linux; Android 6.0.1; Nexus 5X Build/MMB29P) AppleWebKit/537.36 (KHTML, like Gecko) Chrome/136.0.7103.92 Mobile Safari/537.36 (compatible; GoogleOther)"
149.40.62.44 - - [15/May/2025:13:40:14 +0000] "GET /wp-content/plugins/advance-search/inc/common/css/jquery-ui.css?ver=1.1.6 HTTP/1.1" 200 8394 "https://pacja.org/" "Mozilla/5.0 (Macintosh; Intel Mac OS X 10_15_7) AppleWebKit/537.36 (KHTML, like Gecko) Chrome/128.0.0.0 Safari/537.36"
149.40.62.44 - - [15/May/2025:13:40:14 +0000] "GET /wp-content/plugins/advance-search/assets/css/font-awesome.min.css?ver=1.1.6 HTTP/1.1" 200 7053 "https://pacja.org/" "Mozilla/5.0 (Macintosh; Intel Mac OS X 10_15_7) AppleWebKit/537.36 (KHTML, like Gecko) Chrome/128.0.0.0 Safari/537.36"
3.140.196.3 - - [15/May/2025:13:40:12 +0000] "GET /shopdetail/15256894 HTTP/1.1" 404 32842 "-" "Mozilla/5.0 AppleWebKit/537.36 (KHTML, like Gecko; compatible; ClaudeBot/1.0; +claudebot@anthropic.com)"
149.40.62.44 - - [15/May/2025:13:40:14 +0000] "GET /wp-content/plugins/advance-search/inc/common/css/advance-search-common.css?ver=1.1.6 HTTP/1.1" 200 856 "https://pacja.org/" "Mozilla/5.0 (Macintosh; Intel Mac OS X 10_15_7) AppleWebKit/537.36 (KHTML, like Gecko) Chrome/128.0.0.0 Safari/537.36"
149.40.62.44 - - [15/May/2025:13:40:14 +0000] "GET /wp-content/plugins/contact-form-7/includes/css/styles.css?ver=6.0.6 HTTP/1.1" 200 1015 "https://pacja.org/" "Mozilla/5.0 (Macintosh; Intel Mac OS X 10_15_7) AppleWebKit/537.36 (KHTML, like Gecko) Chrome/128.0.0.0 Safari/537.36"
149.40.62.44 - - [15/May/2025:13:40:14 +0000] "GET /wp-content/plugins/download-manager/assets/wpdm-iconfont/css/wpdm-icons.css?ver=d6d318ac8eaa702f795eb12f2dd73d9f HTTP/1.1" 200 1125 "https://pacja.org/" "Mozilla/5.0 (Macintosh; Intel Mac OS X 10_15_7) AppleWebKit/537.36 (KHTML, like Gecko) Chrome/128.0.0.0 Safari/537.36"
149.40.62.44 - - [15/May/2025:13:40:14 +0000] "GET /wp-content/plugins/download-manager/assets/css/front.min.css?ver=d6d318ac8eaa702f795eb12f2dd73d9f HTTP/1.1" 200 11726 "https://pacja.org/" "Mozilla/5.0 (Macintosh; Intel Mac OS X 10_15_7) AppleWebKit/537.36 (KHTML, like Gecko) Chrome/128.0.0.0 Safari/537.36"
149.40.62.44 - - [15/May/2025:13:40:15 +0000] "GET /wp-content/plugins/events-manager/includes/css/events-manager.min.css?ver=6.6.4.4 HTTP/1.1" 200 47888 "https://pacja.org/" "Mozilla/5.0 (Macintosh; Intel Mac OS X 10_15_7) AppleWebKit/537.36 (KHTML, like Gecko) Chrome/128.0.0.0 Safari/537.36"
66.249.68.37 - - [15/May/2025:13:40:14 +0000] "GET /shopdetail/13985950 HTTP/1.1" 200 19103 "-" "Mozilla/5.0 (Linux; Android 6.0.1; Nexus 5X Build/MMB29P) AppleWebKit/537.36 (KHTML, like Gecko) Chrome/136.0.7103.92 Mobile Safari/537.36 (compatible; GoogleOther)"
3.140.196.3 - - [15/May/2025:13:40:13 +0000] "GET /shopdetail/4801850 HTTP/1.1" 404 32842 "-" "Mozilla/5.0 AppleWebKit/537.36 (KHTML, like Gecko; compatible; ClaudeBot/1.0; +claudebot@anthropic.com)"
149.40.62.44 - - [15/May/2025:13:40:15 +0000] "GET /wp-content/plugins/flickr-stream/css/frontend.min.css?ver=1.3 HTTP/1.1" 200 416 "https://pacja.org/" "Mozilla/5.0 (Macintosh; Intel Mac OS X 10_15_7) AppleWebKit/537.36 (KHTML, like Gecko) Chrome/128.0.0.0 Safari/537.36"
149.40.62.44 - - [15/May/2025:13:40:15 +0000] "GET /wp-content/plugins/elementor/assets/lib/font-awesome/css/font-awesome.min.css?ver=4.7.0 HTTP/1.1" 200 7052 "https://pacja.org/" "Mozilla/5.0 (Macintosh; Intel Mac OS X 10_15_7) AppleWebKit/537.36 (KHTML, like Gecko) Chrome/128.0.0.0 Safari/537.36"
149.40.62.44 - - [15/May/2025:13:40:15 +0000] "GET /wp-content/plugins/flickr-viewer/public/css/cws-flickr-gallery-pro-public.css?ver=1.1.8 HTTP/1.1" 200 1533 "https://pacja.org/" "Mozilla/5.0 (Macintosh; Intel Mac OS X 10_15_7) AppleWebKit/537.36 (KHTML, like Gecko) Chrome/128.0.0.0 Safari/537.36"
149.40.62.44 - - [15/May/2025:13:40:15 +0000] "GET /wp-content/plugins/flickr-viewer/public/css/lightbox/lightbox.css?ver=1.1.8 HTTP/1.1" 200 1011 "https://pacja.org/" "Mozilla/5.0 (Macintosh; Intel Mac OS X 10_15_7) AppleWebKit/537.36 (KHTML, like Gecko) Chrome/128.0.0.0 Safari/537.36"
66.249.68.37 - - [15/May/2025:13:40:15 +0000] "GET /shopdetail/30558105 HTTP/1.1" 200 20105 "-" "Mozilla/5.0 (Linux; Android 6.0.1; Nexus 5X Build/MMB29P) AppleWebKit/537.36 (KHTML, like Gecko) Chrome/136.0.7103.92 Mobile Safari/537.36 (compatible; GoogleOther)"
149.40.62.44 - - [15/May/2025:13:40:16 +0000] "GET /wp-content/plugins/flickr-viewer/public/css/default.css?ver=1.1.8 HTTP/1.1" 200 773 "https://pacja.org/" "Mozilla/5.0 (Macintosh; Intel Mac OS X 10_15_7) AppleWebKit/537.36 (KHTML, like Gecko) Chrome/128.0.0.0 Safari/537.36"
149.40.62.44 - - [15/May/2025:13:40:16 +0000] "GET /wp-content/plugins/flickr-viewer/public/css/component.css?ver=1.1.8 HTTP/1.1" 200 965 "https://pacja.org/" "Mozilla/5.0 (Macintosh; Intel Mac OS X 10_15_7) AppleWebKit/537.36 (KHTML, like Gecko) Chrome/128.0.0.0 Safari/537.36"
3.140.196.3 - - [15/May/2025:13:40:11 +0000] "GET /shopdetail/21345761 HTTP/1.1" 404 32844 "-" "Mozilla/5.0 AppleWebKit/537.36 (KHTML, like Gecko; compatible; ClaudeBot/1.0; +claudebot@anthropic.com)"
66.249.68.38 - - [15/May/2025:13:40:17 +0000] "GET /shopdetail/28989683 HTTP/1.1" 200 20354 "-" "Mozilla/5.0 (Linux; Android 6.0.1; Nexus 5X Build/MMB29P) AppleWebKit/537.36 (KHTML, like Gecko) Chrome/136.0.7103.92 Mobile Safari/537.36 (compatible; GoogleOther)"
3.140.196.3 - - [15/May/2025:13:40:15 +0000] "GET /shopdetail/18432094 HTTP/1.1" 404 32843 "-" "Mozilla/5.0 AppleWebKit/537.36 (KHTML, like Gecko; compatible; ClaudeBot/1.0; +claudebot@anthropic.com)"
66.249.68.37 - - [15/May/2025:13:40:17 +0000] "GET /shopdetail/15643138 HTTP/1.1" 200 18737 "-" "Mozilla/5.0 (Linux; Android 6.0.1; Nexus 5X Build/MMB29P) AppleWebKit/537.36 (KHTML, like Gecko) Chrome/136.0.7103.92 Mobile Safari/537.36 (compatible; GoogleOther)"
149.40.62.44 - - [15/May/2025:13:40:18 +0000] "GET /wp-content/plugins/quick-event-manager/legacy/quick-event-manager.css?ver=9.14 HTTP/1.1" 200 2402 "https://pacja.org/" "Mozilla/5.0 (Macintosh; Intel Mac OS X 10_15_7) AppleWebKit/537.36 (KHTML, like Gecko) Chrome/128.0.0.0 Safari/537.36"
3.140.196.3 - - [15/May/2025:13:40:16 +0000] "GET /shopdetail/14205861 HTTP/1.1" 404 32844 "-" "Mozilla/5.0 AppleWebKit/537.36 (KHTML, like Gecko; compatible; ClaudeBot/1.0; +claudebot@anthropic.com)"
149.40.62.44 - - [15/May/2025:13:40:18 +0000] "GET /wp-content/plugins/quick-event-manager/ui/user/css/style.css?ver=9.14 HTTP/1.1" 200 881 "https://pacja.org/" "Mozilla/5.0 (Macintosh; Intel Mac OS X 10_15_7) AppleWebKit/537.36 (KHTML, like Gecko) Chrome/128.0.0.0 Safari/537.36"
149.40.62.44 - - [15/May/2025:13:40:19 +0000] "GET /wp-content/plugins/search-filter/style.css?ver=1 HTTP/1.1" 200 272 "https://pacja.org/" "Mozilla/5.0 (Macintosh; Intel Mac OS X 10_15_7) AppleWebKit/537.36 (KHTML, like Gecko) Chrome/128.0.0.0 Safari/537.36"
149.40.62.44 - - [15/May/2025:13:40:19 +0000] "GET /wp-content/plugins/add-search-to-menu/public/css/ivory-search.min.css?ver=5.5.9 HTTP/1.1" 200 1695 "https://pacja.org/" "Mozilla/5.0 (Macintosh; Intel Mac OS X 10_15_7) AppleWebKit/537.36 (KHTML, like Gecko) Chrome/128.0.0.0 Safari/537.36"
66.249.68.38 - - [15/May/2025:13:40:18 +0000] "GET /shopdetail/5064483 HTTP/1.1" 200 18962 "-" "Mozilla/5.0 (Linux; Android 6.0.1; Nexus 5X Build/MMB29P) AppleWebKit/537.36 (KHTML, like Gecko) Chrome/136.0.7103.92 Mobile Safari/537.36 (compatible; GoogleOther)"
149.40.62.44 - - [15/May/2025:13:40:19 +0000] "GET /wp-content/themes/pacja.../style.css?ver=20.6.4 HTTP/1.1" 200 129 "https://pacja.org/" "Mozilla/5.0 (Macintosh; Intel Mac OS X 10_15_7) AppleWebKit/537.36 (KHTML, like Gecko) Chrome/128.0.0.0 Safari/537.36"
149.40.62.44 - - [15/May/2025:13:40:19 +0000] "GET /wp-content/themes/pacja.../css/base.css?ver=20.6.4 HTTP/1.1" 200 12203 "https://pacja.org/" "Mozilla/5.0 (Macintosh; Intel Mac OS X 10_15_7) AppleWebKit/537.36 (KHTML, like Gecko) Chrome/128.0.0.0 Safari/537.36"
149.40.62.44 - - [15/May/2025:13:40:19 +0000] "GET /wp-content/themes/pacja.../css/shortcodes.css?ver=20.6.4 HTTP/1.1" 200 22258 "https://pacja.org/" "Mozilla/5.0 (Macintosh; Intel Mac OS X 10_15_7) AppleWebKit/537.36 (KHTML, like Gecko) Chrome/128.0.0.0 Safari/537.36"
149.40.62.44 - - [15/May/2025:13:40:19 +0000] "GET /wp-content/themes/pacja.../css/layout.css?ver=20.6.4 HTTP/1.1" 200 19789 "https://pacja.org/" "Mozilla/5.0 (Macintosh; Intel Mac OS X 10_15_7) AppleWebKit/537.36 (KHTML, like Gecko) Chrome/128.0.0.0 Safari/537.36"
3.140.196.3 - - [15/May/2025:13:40:17 +0000] "GET /shopdetail/10989405 HTTP/1.1" 404 32843 "-" "Mozilla/5.0 AppleWebKit/537.36 (KHTML, like Gecko; compatible; ClaudeBot/1.0; +claudebot@anthropic.com)"
149.40.62.44 - - [15/May/2025:13:40:20 +0000] "GET /wp-content/themes/pacja.../assets/animations/animations.min.css?ver=20.6.4 HTTP/1.1" 200 5418 "https://pacja.org/" "Mozilla/5.0 (Macintosh; Intel Mac OS X 10_15_7) AppleWebKit/537.36 (KHTML, like Gecko) Chrome/128.0.0.0 Safari/537.36"
66.249.68.37 - - [15/May/2025:13:40:19 +0000] "GET /shopdetail/5273349 HTTP/1.1" 200 18761 "-" "Mozilla/5.0 (Linux; Android 6.0.1; Nexus 5X Build/MMB29P) AppleWebKit/537.36 (KHTML, like Gecko) Chrome/136.0.7103.92 Mobile Safari/537.36 (compatible; GoogleOther)"
149.40.62.44 - - [15/May/2025:13:40:20 +0000] "GET /wp-content/themes/pacja.../assets/ui/jquery.ui.all.css?ver=20.6.4 HTTP/1.1" 200 3383 "https://pacja.org/" "Mozilla/5.0 (Macintosh; Intel Mac OS X 10_15_7) AppleWebKit/537.36 (KHTML, like Gecko) Chrome/128.0.0.0 Safari/537.36"
149.40.62.44 - - [15/May/2025:13:40:20 +0000] "GET /wp-content/themes/pacja.../assets/jplayer/css/jplayer.blue.monday.css?ver=20.6.4 HTTP/1.1" 200 2146 "https://pacja.org/" "Mozilla/5.0 (Macintosh; Intel Mac OS X 10_15_7) AppleWebKit/537.36 (KHTML, like Gecko) Chrome/128.0.0.0 Safari/537.36"
149.40.62.44 - - [15/May/2025:13:40:20 +0000] "GET /wp-content/themes/pacja.../css/responsive.css?ver=20.6.4 HTTP/1.1" 200 9964 "https://pacja.org/" "Mozilla/5.0 (Macintosh; Intel Mac OS X 10_15_7) AppleWebKit/537.36 (KHTML, like Gecko) Chrome/128.0.0.0 Safari/537.36"
3.140.196.3 - - [15/May/2025:13:40:19 +0000] "GET /shopdetail/9763105 HTTP/1.1" 404 32843 "-" "Mozilla/5.0 AppleWebKit/537.36 (KHTML, like Gecko; compatible; ClaudeBot/1.0; +claudebot@anthropic.com)"
149.40.62.44 - - [15/May/2025:13:40:20 +0000] "GET /wp-content/plugins/jetpack/modules/likes/style.css?ver=14.3 HTTP/1.1" 200 1749 "https://pacja.org/" "Mozilla/5.0 (Macintosh; Intel Mac OS X 10_15_7) AppleWebKit/537.36 (KHTML, like Gecko) Chrome/128.0.0.0 Safari/537.36"
149.40.62.44 - - [15/May/2025:13:40:20 +0000] "GET /wp-content/plugins/tablepress/css/build/default.css?ver=3.0.4 HTTP/1.1" 200 1486 "https://pacja.org/" "Mozilla/5.0 (Macintosh; Intel Mac OS X 10_15_7) AppleWebKit/537.36 (KHTML, like Gecko) Chrome/128.0.0.0 Safari/537.36"
66.249.68.38 - - [15/May/2025:13:40:20 +0000] "GET /shopdetail/5373650 HTTP/1.1" 200 19595 "-" "Mozilla/5.0 (Linux; Android 6.0.1; Nexus 5X Build/MMB29P) AppleWebKit/537.36 (KHTML, like Gecko) Chrome/136.0.7103.92 Mobile Safari/537.36 (compatible; GoogleOther)"
149.40.62.44 - - [15/May/2025:13:40:21 +0000] "GET /wp-content/plugins/youtube-embed-plus/styles/ytprefs.min.css?ver=14.2.1.3 HTTP/1.1" 200 1786 "https://pacja.org/" "Mozilla/5.0 (Macintosh; Intel Mac OS X 10_15_7) AppleWebKit/537.36 (KHTML, like Gecko) Chrome/128.0.0.0 Safari/537.36"
149.40.62.44 - - [15/May/2025:13:40:21 +0000] "GET /wp-content/plugins/js_composer/assets/css/js_composer.min.css?ver=7.9 HTTP/1.1" 200 45359 "https://pacja.org/" "Mozilla/5.0 (Macintosh; Intel Mac OS X 10_15_7) AppleWebKit/537.36 (KHTML, like Gecko) Chrome/128.0.0.0 Safari/537.36"
149.40.62.44 - - [15/May/2025:13:40:21 +0000] "GET /wp-content/plugins/elementor/assets/css/frontend.min.css?ver=3.27.6 HTTP/1.1" 200 7101 "https://pacja.org/" "Mozilla/5.0 (Macintosh; Intel Mac OS X 10_15_7) AppleWebKit/537.36 (KHTML, like Gecko) Chrome/128.0.0.0 Safari/537.36"
3.140.196.3 - - [15/May/2025:13:40:19 +0000] "GET /shopdetail/7558105 HTTP/1.1" 404 32843 "-" "Mozilla/5.0 AppleWebKit/537.36 (KHTML, like Gecko; compatible; ClaudeBot/1.0; +claudebot@anthropic.com)"
102.215.34.108 - - [15/May/2025:13:40:20 +0000] "POST /wp-admin/admin-ajax.php HTTP/1.1" 200 101 "https://pacja.org/wp-admin/post.php?post=4782&action=edit" "Mozilla/5.0 (Windows NT 10.0; Win64; x64; rv:138.0) Gecko/20100101 Firefox/138.0"
149.40.62.44 - - [15/May/2025:13:40:22 +0000] "GET /wp-content/plugins/essential-addons-for-elementor-lite/assets/front-end/css/view/general.min.css?ver=6.1.4 HTTP/1.1" 200 1539 "https://pacja.org/" "Mozilla/5.0 (Macintosh; Intel Mac OS X 10_15_7) AppleWebKit/537.36 (KHTML, like Gecko) Chrome/128.0.0.0 Safari/537.36"
66.249.79.199 - - [15/May/2025:13:40:21 +0000] "POST /get-message-notify HTTP/1.1" 200 18757 "https://pacja.org/?_gl=1*rgknbr*_ga*MzY3MjE1MDcwLjE3MzcwOTUyMjA.*_ga_0VKVKKN4NV*MTczNzEwMjM4NC4yLjEuMTczNzEwMjQ1My42MC4wLjA.&_bd_prev_page=https://pacja.org/detail.php?shopdetail/5568072" "Mozilla/5.0 (Linux; Android 6.0.1; Nexus 5X Build/MMB29P) AppleWebKit/537.36 (KHTML, like Gecko) Chrome/135.0.7049.114 Mobile Safari/537.36 (compatible; Googlebot/2.1; +http://www.google.com/bot.html)"
149.40.62.44 - - [15/May/2025:13:40:22 +0000] "GET /wp-includes/js/jquery/jquery.min.js?ver=3.7.1 HTTP/1.1" 200 30368 "https://pacja.org/" "Mozilla/5.0 (Macintosh; Intel Mac OS X 10_15_7) AppleWebKit/537.36 (KHTML, like Gecko) Chrome/128.0.0.0 Safari/537.36"
66.249.68.38 - - [15/May/2025:13:40:22 +0000] "GET /shopdetail/5434216 HTTP/1.1" 200 19573 "-" "Mozilla/5.0 (Linux; Android 6.0.1; Nexus 5X Build/MMB29P) AppleWebKit/537.36 (KHTML, like Gecko) Chrome/136.0.7103.92 Mobile Safari/537.36 (compatible; GoogleOther)"
149.40.62.44 - - [15/May/2025:13:40:22 +0000] "GET /wp-includes/js/jquery/jquery-migrate.min.js?ver=3.4.1 HTTP/1.1" 200 4872 "https://pacja.org/" "Mozilla/5.0 (Macintosh; Intel Mac OS X 10_15_7) AppleWebKit/537.36 (KHTML, like Gecko) Chrome/128.0.0.0 Safari/537.36"
149.40.62.44 - - [15/May/2025:13:40:22 +0000] "GET /wp-content/plugins/LayerSlider/assets/static/layerslider/js/layerslider.utils.js?ver=7.11.0 HTTP/1.1" 200 41565 "https://pacja.org/" "Mozilla/5.0 (Macintosh; Intel Mac OS X 10_15_7) AppleWebKit/537.36 (KHTML, like Gecko) Chrome/128.0.0.0 Safari/537.36"
3.140.196.3 - - [15/May/2025:13:40:21 +0000] "GET /shopdetail/17185450 HTTP/1.1" 404 32843 "-" "Mozilla/5.0 AppleWebKit/537.36 (KHTML, like Gecko; compatible; ClaudeBot/1.0; +claudebot@anthropic.com)"
149.40.62.44 - - [15/May/2025:13:40:23 +0000] "GET /wp-content/plugins/LayerSlider/assets/static/layerslider/js/layerslider.kreaturamedia.jquery.js?ver=7.11.0 HTTP/1.1" 200 63362 "https://pacja.org/" "Mozilla/5.0 (Macintosh; Intel Mac OS X 10_15_7) AppleWebKit/537.36 (KHTML, like Gecko) Chrome/128.0.0.0 Safari/537.36"
149.40.62.44 - - [15/May/2025:13:40:23 +0000] "GET /wp-content/plugins/LayerSlider/assets/static/layerslider/js/layerslider.transitions.js?ver=7.11.0 HTTP/1.1" 200 4907 "https://pacja.org/" "Mozilla/5.0 (Macintosh; Intel Mac OS X 10_15_7) AppleWebKit/537.36 (KHTML, like Gecko) Chrome/128.0.0.0 Safari/537.36"
66.249.68.38 - - [15/May/2025:13:40:23 +0000] "GET /shopdetail/5901038 HTTP/1.1" 200 20974 "-" "Mozilla/5.0 (Linux; Android 6.0.1; Nexus 5X Build/MMB29P) AppleWebKit/537.36 (KHTML, like Gecko) Chrome/136.0.7103.92 Mobile Safari/537.36 (compatible; GoogleOther)"
149.40.62.44 - - [15/May/2025:13:40:23 +0000] "GET /wp-includes/js/jquery/ui/core.min.js?ver=1.13.3 HTTP/1.1" 200 7106 "https://pacja.org/" "Mozilla/5.0 (Macintosh; Intel Mac OS X 10_15_7) AppleWebKit/537.36 (KHTML, like Gecko) Chrome/128.0.0.0 Safari/537.36"
149.40.62.44 - - [15/May/2025:13:40:23 +0000] "GET /wp-content/plugins/advance-search/inc/frontend/js/advance-search-frontend.js?ver=1.1.6 HTTP/1.1" 200 515 "https://pacja.org/" "Mozilla/5.0 (Macintosh; Intel Mac OS X 10_15_7) AppleWebKit/537.36 (KHTML, like Gecko) Chrome/128.0.0.0 Safari/537.36"
149.40.62.44 - - [15/May/2025:13:40:23 +0000] "GET /wp-content/plugins/download-manager/assets/js/wpdm.min.js?ver=d6d318ac8eaa702f795eb12f2dd73d9f HTTP/1.1" 200 470 "https://pacja.org/" "Mozilla/5.0 (Macintosh; Intel Mac OS X 10_15_7) AppleWebKit/537.36 (KHTML, like Gecko) Chrome/128.0.0.0 Safari/537.36"
3.140.196.3 - - [15/May/2025:13:40:22 +0000] "GET /shopdetail/22263383 HTTP/1.1" 404 32844 "-" "Mozilla/5.0 AppleWebKit/537.36 (KHTML, like Gecko; compatible; ClaudeBot/1.0; +claudebot@anthropic.com)"
149.40.62.44 - - [15/May/2025:13:40:24 +0000] "GET /wp-content/plugins/download-manager/assets/js/front.min.js?ver=3.3.17 HTTP/1.1" 200 9513 "https://pacja.org/" "Mozilla/5.0 (Macintosh; Intel Mac OS X 10_15_7) AppleWebKit/537.36 (KHTML, like Gecko) Chrome/128.0.0.0 Safari/537.36"
66.249.68.38 - - [15/May/2025:13:40:24 +0000] "GET /shopdetail/6669972 HTTP/1.1" 200 21440 "-" "Mozilla/5.0 (Linux; Android 6.0.1; Nexus 5X Build/MMB29P) AppleWebKit/537.36 (KHTML, like Gecko) Chrome/136.0.7103.92 Mobile Safari/537.36 (compatible; GoogleOther)"
149.40.62.44 - - [15/May/2025:13:40:24 +0000] "GET /wp-includes/js/jquery/ui/mouse.min.js?ver=1.13.3 HTTP/1.1" 200 1098 "https://pacja.org/" "Mozilla/5.0 (Macintosh; Intel Mac OS X 10_15_7) AppleWebKit/537.36 (KHTML, like Gecko) Chrome/128.0.0.0 Safari/537.36"
149.40.62.44 - - [15/May/2025:13:40:24 +0000] "GET /wp-includes/js/jquery/ui/sortable.min.js?ver=1.13.3 HTTP/1.1" 200 6586 "https://pacja.org/" "Mozilla/5.0 (Macintosh; Intel Mac OS X 10_15_7) AppleWebKit/537.36 (KHTML, like Gecko) Chrome/128.0.0.0 Safari/537.36"
149.40.62.44 - - [15/May/2025:13:40:24 +0000] "GET /wp-includes/js/jquery/ui/datepicker.min.js?ver=1.13.3 HTTP/1.1" 200 10907 "https://pacja.org/" "Mozilla/5.0 (Macintosh; Intel Mac OS X 10_15_7) AppleWebKit/537.36 (KHTML, like Gecko) Chrome/128.0.0.0 Safari/537.36"
149.40.62.44 - - [15/May/2025:13:40:24 +0000] "GET /wp-includes/js/jquery/ui/resizable.min.js?ver=1.13.3 HTTP/1.1" 200 5354 "https://pacja.org/" "Mozilla/5.0 (Macintosh; Intel Mac OS X 10_15_7) AppleWebKit/537.36 (KHTML, like Gecko) Chrome/128.0.0.0 Safari/537.36"
149.40.62.44 - - [15/May/2025:13:40:24 +0000] "GET /wp-includes/js/jquery/ui/draggable.min.js?ver=1.13.3 HTTP/1.1" 200 4875 "https://pacja.org/" "Mozilla/5.0 (Macintosh; Intel Mac OS X 10_15_7) AppleWebKit/537.36 (KHTML, like Gecko) Chrome/128.0.0.0 Safari/537.36"
149.40.62.44 - - [15/May/2025:13:40:24 +0000] "GET /wp-includes/js/jquery/ui/controlgroup.min.js?ver=1.13.3 HTTP/1.1" 200 1606 "https://pacja.org/" "Mozilla/5.0 (Macintosh; Intel Mac OS X 10_15_7) AppleWebKit/537.36 (KHTML, like Gecko) Chrome/128.0.0.0 Safari/537.36"
149.40.62.44 - - [15/May/2025:13:40:25 +0000] "GET /wp-includes/js/jquery/ui/checkboxradio.min.js?ver=1.13.3 HTTP/1.1" 200 1422 "https://pacja.org/" "Mozilla/5.0 (Macintosh; Intel Mac OS X 10_15_7) AppleWebKit/537.36 (KHTML, like Gecko) Chrome/128.0.0.0 Safari/537.36"
3.140.196.3 - - [15/May/2025:13:40:23 +0000] "GET /shopdetail/13150327 HTTP/1.1" 404 32843 "-" "Mozilla/5.0 AppleWebKit/537.36 (KHTML, like Gecko; compatible; ClaudeBot/1.0; +claudebot@anthropic.com)"
149.40.62.44 - - [15/May/2025:13:40:25 +0000] "GET /wp-includes/js/jquery/ui/button.min.js?ver=1.13.3 HTTP/1.1" 200 1979 "https://pacja.org/" "Mozilla/5.0 (Macintosh; Intel Mac OS X 10_15_7) AppleWebKit/537.36 (KHTML, like Gecko) Chrome/128.0.0.0 Safari/537.36"
66.249.68.37 - - [15/May/2025:13:40:25 +0000] "GET /shopdetail/6279305 HTTP/1.1" 200 20565 "-" "Mozilla/5.0 (Linux; Android 6.0.1; Nexus 5X Build/MMB29P) AppleWebKit/537.36 (KHTML, like Gecko) Chrome/136.0.7103.92 Mobile Safari/537.36 (compatible; GoogleOther)"
149.40.62.44 - - [15/May/2025:13:40:25 +0000] "GET /wp-includes/js/jquery/ui/dialog.min.js?ver=1.13.3 HTTP/1.1" 200 3832 "https://pacja.org/" "Mozilla/5.0 (Macintosh; Intel Mac OS X 10_15_7) AppleWebKit/537.36 (KHTML, like Gecko) Chrome/128.0.0.0 Safari/537.36"
149.40.62.44 - - [15/May/2025:13:40:25 +0000] "GET /wp-content/plugins/events-manager/includes/js/events-manager.js?ver=6.6.4.4 HTTP/1.1" 200 116662 "https://pacja.org/" "Mozilla/5.0 (Macintosh; Intel Mac OS X 10_15_7) AppleWebKit/537.36 (KHTML, like Gecko) Chrome/128.0.0.0 Safari/537.36"
149.40.62.44 - - [15/May/2025:13:40:25 +0000] "GET /wp-content/plugins/flickr-viewer/public/js/cws-flickr-gallery-pro-public.js?ver=1.1.8 HTTP/1.1" 200 453 "https://pacja.org/" "Mozilla/5.0 (Macintosh; Intel Mac OS X 10_15_7) AppleWebKit/537.36 (KHTML, like Gecko) Chrome/128.0.0.0 Safari/537.36"
66.249.68.37 - - [15/May/2025:13:40:26 +0000] "GET /shopdetail/6444561 HTTP/1.1" 200 19129 "-" "Mozilla/5.0 (Linux; Android 6.0.1; Nexus 5X Build/MMB29P) AppleWebKit/537.36 (KHTML, like Gecko) Chrome/136.0.7103.92 Mobile Safari/537.36 (compatible; GoogleOther)"
66.249.68.38 - - [15/May/2025:13:40:27 +0000] "GET /shopdetail/6547194 HTTP/1.1" 200 21336 "-" "Mozilla/5.0 (Linux; Android 6.0.1; Nexus 5X Build/MMB29P) AppleWebKit/537.36 (KHTML, like Gecko) Chrome/136.0.7103.92 Mobile Safari/537.36 (compatible; GoogleOther)"
66.249.68.38 - - [15/May/2025:13:40:28 +0000] "GET /shopdetail/6981494 HTTP/1.1" 200 18991 "-" "Mozilla/5.0 (Linux; Android 6.0.1; Nexus 5X Build/MMB29P) AppleWebKit/537.36 (KHTML, like Gecko) Chrome/136.0.7103.92 Mobile Safari/537.36 (compatible; GoogleOther)"
66.249.68.38 - - [15/May/2025:13:40:29 +0000] "GET /shopdetail/7409472 HTTP/1.1" 200 19569 "-" "Mozilla/5.0 (Linux; Android 6.0.1; Nexus 5X Build/MMB29P) AppleWebKit/537.36 (KHTML, like Gecko) Chrome/136.0.7103.92 Mobile Safari/537.36 (compatible; GoogleOther)"
66.249.68.38 - - [15/May/2025:13:40:30 +0000] "GET /shopdetail/7468427 HTTP/1.1" 200 21203 "-" "Mozilla/5.0 (Linux; Android 6.0.1; Nexus 5X Build/MMB29P) AppleWebKit/537.36 (KHTML, like Gecko) Chrome/136.0.7103.92 Mobile Safari/537.36 (compatible; GoogleOther)"
149.40.62.44 - - [15/May/2025:13:40:30 +0000] "GET /wp-content/plugins/revslider/sr6/assets/assets/dummy.png HTTP/1.1" 200 68 "https://pacja.org/" "Mozilla/5.0 (Macintosh; Intel Mac OS X 10_15_7) AppleWebKit/537.36 (KHTML, like Gecko) Chrome/128.0.0.0 Safari/537.36"
149.40.62.44 - - [15/May/2025:13:40:30 +0000] "GET /wp-content/plugins/inline-google-spreadsheet-viewer/igsv-gvizcharts.js?ver=d6d318ac8eaa702f795eb12f2dd73d9f HTTP/1.1" 200 1144 "https://pacja.org/" "Mozilla/5.0 (Macintosh; Intel Mac OS X 10_15_7) AppleWebKit/537.36 (KHTML, like Gecko) Chrome/128.0.0.0 Safari/537.36"
149.40.62.44 - - [15/May/2025:13:40:30 +0000] "GET /wp-content/plugins/youtube-embed-plus/scripts/ytprefs.min.js?ver=14.2.1.3 HTTP/1.1" 200 4761 "https://pacja.org/" "Mozilla/5.0 (Macintosh; Intel Mac OS X 10_15_7) AppleWebKit/537.36 (KHTML, like Gecko) Chrome/128.0.0.0 Safari/537.36"
149.40.62.44 - - [15/May/2025:13:40:30 +0000] "GET /wp-content/plugins/revslider/sr6/assets/fonts/revicons/revicons.woff?5510888 HTTP/1.1" 200 7491 "https://pacja.org/" "Mozilla/5.0 (Macintosh; Intel Mac OS X 10_15_7) AppleWebKit/537.36 (KHTML, like Gecko) Chrome/128.0.0.0 Safari/537.36"
149.40.62.44 - - [15/May/2025:13:40:30 +0000] "GET /wp-content/plugins/inline-google-spreadsheet-viewer/igsv-datatables.js?ver=d6d318ac8eaa702f795eb12f2dd73d9f HTTP/1.1" 200 853 "https://pacja.org/" "Mozilla/5.0 (Macintosh; Intel Mac OS X 10_15_7) AppleWebKit/537.36 (KHTML, like Gecko) Chrome/128.0.0.0 Safari/537.36"
66.249.68.37 - - [15/May/2025:13:40:31 +0000] "GET /shopdetail/5070772 HTTP/1.1" 200 19631 "-" "Mozilla/5.0 (Linux; Android 6.0.1; Nexus 5X Build/MMB29P) AppleWebKit/537.36 (KHTML, like Gecko) Chrome/136.0.7103.92 Mobile Safari/537.36 (compatible; GoogleOther)"
149.40.62.44 - - [15/May/2025:13:40:31 +0000] "GET /wp-content/uploads/2022/10/PACJA-Logo.png HTTP/1.1" 200 39094 "https://pacja.org/" "Mozilla/5.0 (Macintosh; Intel Mac OS X 10_15_7) AppleWebKit/537.36 (KHTML, like Gecko) Chrome/128.0.0.0 Safari/537.36"
66.249.68.38 - - [15/May/2025:13:40:32 +0000] "GET /shopdetail/30379883 HTTP/1.1" 200 20081 "-" "Mozilla/5.0 (Linux; Android 6.0.1; Nexus 5X Build/MMB29P) AppleWebKit/537.36 (KHTML, like Gecko) Chrome/136.0.7103.92 Mobile Safari/537.36 (compatible; GoogleOther)"
149.40.62.44 - - [15/May/2025:13:40:32 +0000] "GET /wp-content/plugins/interactive-geo-maps-premium/assets/public/css/styles.min.css?ver=1.5.6 HTTP/1.1" 200 886 "https://pacja.org/" "Mozilla/5.0 (Macintosh; Intel Mac OS X 10_15_7) AppleWebKit/537.36 (KHTML, like Gecko) Chrome/128.0.0.0 Safari/537.36"
149.40.62.44 - - [15/May/2025:13:40:32 +0000] "GET /wp-content/plugins/revslider/sr6/assets/css/rs6.css?ver=6.7.18 HTTP/1.1" 200 12492 "https://pacja.org/" "Mozilla/5.0 (Macintosh; Intel Mac OS X 10_15_7) AppleWebKit/537.36 (KHTML, like Gecko) Chrome/128.0.0.0 Safari/537.36"
66.249.68.37 - - [15/May/2025:13:40:33 +0000] "GET /shopdetail/15120738 HTTP/1.1" 200 18895 "-" "Mozilla/5.0 (Linux; Android 6.0.1; Nexus 5X Build/MMB29P) AppleWebKit/537.36 (KHTML, like Gecko) Chrome/136.0.7103.92 Mobile Safari/537.36 (compatible; GoogleOther)"
149.40.62.44 - - [15/May/2025:13:40:33 +0000] "GET /wp-includes/js/dist/dom-ready.min.js?ver=f77871ff7694fffea381 HTTP/1.1" 200 320 "https://pacja.org/" "Mozilla/5.0 (Macintosh; Intel Mac OS X 10_15_7) AppleWebKit/537.36 (KHTML, like Gecko) Chrome/128.0.0.0 Safari/537.36"
149.40.62.44 - - [15/May/2025:13:40:33 +0000] "GET /wp-content/plugins/gs-logo-slider/assets/js/gs-logo.min.js?ver=3.7.4 HTTP/1.1" 200 2450 "https://pacja.org/" "Mozilla/5.0 (Macintosh; Intel Mac OS X 10_15_7) AppleWebKit/537.36 (KHTML, like Gecko) Chrome/128.0.0.0 Safari/537.36"
149.40.62.44 - - [15/May/2025:13:40:33 +0000] "GET /wp-content/plugins/gs-logo-slider/assets/libs/images-loaded/images-loaded.min.js?ver=3.7.4 HTTP/1.1" 200 1810 "https://pacja.org/" "Mozilla/5.0 (Macintosh; Intel Mac OS X 10_15_7) AppleWebKit/537.36 (KHTML, like Gecko) Chrome/128.0.0.0 Safari/537.36"
149.40.62.44 - - [15/May/2025:13:40:33 +0000] "GET /wp-content/plugins/gs-logo-slider/assets/libs/swiper-js/swiper.min.js?ver=3.7.4 HTTP/1.1" 200 39697 "https://pacja.org/" "Mozilla/5.0 (Macintosh; Intel Mac OS X 10_15_7) AppleWebKit/537.36 (KHTML, like Gecko) Chrome/128.0.0.0 Safari/537.36"
149.40.62.44 - - [15/May/2025:13:40:33 +0000] "GET /wp-content/plugins/gs-logo-slider/assets/libs/tippyjs/tippy-bundle.umd.min.js?ver=3.7.4 HTTP/1.1" 200 13759 "https://pacja.org/" "Mozilla/5.0 (Macintosh; Intel Mac OS X 10_15_7) AppleWebKit/537.36 (KHTML, like Gecko) Chrome/128.0.0.0 Safari/537.36"
149.40.62.44 - - [15/May/2025:13:40:33 +0000] "GET /wp-content/themes/pacja.../images/box_shadow.png HTTP/1.1" 200 108 "https://pacja.org/wp-content/themes/pacja.../css/layout.css?ver=20.6.4" "Mozilla/5.0 (Macintosh; Intel Mac OS X 10_15_7) AppleWebKit/537.36 (KHTML, like Gecko) Chrome/128.0.0.0 Safari/537.36"
149.40.62.44 - - [15/May/2025:13:40:33 +0000] "GET /wp-content/themes/pacja.../images/box_shadow_button.png HTTP/1.1" 200 108 "https://pacja.org/wp-content/themes/pacja.../css/base.css?ver=20.6.4" "Mozilla/5.0 (Macintosh; Intel Mac OS X 10_15_7) AppleWebKit/537.36 (KHTML, like Gecko) Chrome/128.0.0.0 Safari/537.36"
149.40.62.44 - - [15/May/2025:13:40:33 +0000] "GET /wp-content/plugins/civist/civist-wordpress-blocks-embed.js?ver=1bdc5b775f7478bc9ab8 HTTP/1.1" 200 15019 "https://pacja.org/" "Mozilla/5.0 (Macintosh; Intel Mac OS X 10_15_7) AppleWebKit/537.36 (KHTML, like Gecko) Chrome/128.0.0.0 Safari/537.36"
149.40.62.44 - - [15/May/2025:13:40:34 +0000] "GET /wp-includes/js/jquery/ui/menu.min.js?ver=1.13.3 HTTP/1.1" 200 3058 "https://pacja.org/" "Mozilla/5.0 (Macintosh; Intel Mac OS X 10_15_7) AppleWebKit/537.36 (KHTML, like Gecko) Chrome/128.0.0.0 Safari/537.36"
66.249.68.39 - - [15/May/2025:13:40:34 +0000] "GET /shopdetail/14721049 HTTP/1.1" 200 19866 "-" "Mozilla/5.0 (Linux; Android 6.0.1; Nexus 5X Build/MMB29P) AppleWebKit/537.36 (KHTML, like Gecko) Chrome/136.0.7103.92 Mobile Safari/537.36 (compatible; GoogleOther)"
149.40.62.44 - - [15/May/2025:13:40:34 +0000] "GET /wp-includes/js/dist/hooks.min.js?ver=4d63a3d491d11ffd8ac6 HTTP/1.1" 200 1648 "https://pacja.org/" "Mozilla/5.0 (Macintosh; Intel Mac OS X 10_15_7) AppleWebKit/537.36 (KHTML, like Gecko) Chrome/128.0.0.0 Safari/537.36"
149.40.62.44 - - [15/May/2025:13:40:34 +0000] "GET /wp-includes/js/dist/i18n.min.js?ver=5e580eb46a90c2b997e6 HTTP/1.1" 200 3667 "https://pacja.org/" "Mozilla/5.0 (Macintosh; Intel Mac OS X 10_15_7) AppleWebKit/537.36 (KHTML, like Gecko) Chrome/128.0.0.0 Safari/537.36"
149.40.62.44 - - [15/May/2025:13:40:34 +0000] "GET /wp-includes/js/dist/a11y.min.js?ver=3156534cc54473497e14 HTTP/1.1" 200 956 "https://pacja.org/" "Mozilla/5.0 (Macintosh; Intel Mac OS X 10_15_7) AppleWebKit/537.36 (KHTML, like Gecko) Chrome/128.0.0.0 Safari/537.36"
149.40.62.44 - - [15/May/2025:13:40:34 +0000] "GET /wp-includes/js/jquery/ui/autocomplete.min.js?ver=1.13.3 HTTP/1.1" 200 2905 "https://pacja.org/" "Mozilla/5.0 (Macintosh; Intel Mac OS X 10_15_7) AppleWebKit/537.36 (KHTML, like Gecko) Chrome/128.0.0.0 Safari/537.36"
149.40.62.44 - - [15/May/2025:13:40:34 +0000] "GET /wp-content/plugins/advance-search/inc/common/js/advance-search.js?ver=1.1.6 HTTP/1.1" 200 1185 "https://pacja.org/" "Mozilla/5.0 (Macintosh; Intel Mac OS X 10_15_7) AppleWebKit/537.36 (KHTML, like Gecko) Chrome/128.0.0.0 Safari/537.36"
149.40.62.44 - - [15/May/2025:13:40:34 +0000] "GET /wp-content/plugins/contact-form-7/includes/swv/js/index.js?ver=6.0.6 HTTP/1.1" 200 3503 "https://pacja.org/" "Mozilla/5.0 (Macintosh; Intel Mac OS X 10_15_7) AppleWebKit/537.36 (KHTML, like Gecko) Chrome/128.0.0.0 Safari/537.36"
149.40.62.44 - - [15/May/2025:13:40:34 +0000] "GET /wp-content/plugins/contact-form-7/includes/js/index.js?ver=6.0.6 HTTP/1.1" 200 4265 "https://pacja.org/" "Mozilla/5.0 (Macintosh; Intel Mac OS X 10_15_7) AppleWebKit/537.36 (KHTML, like Gecko) Chrome/128.0.0.0 Safari/537.36"
149.40.62.44 - - [15/May/2025:13:40:34 +0000] "GET /wp-includes/js/jquery/jquery.form.min.js?ver=4.3.0 HTTP/1.1" 200 5958 "https://pacja.org/" "Mozilla/5.0 (Macintosh; Intel Mac OS X 10_15_7) AppleWebKit/537.36 (KHTML, like Gecko) Chrome/128.0.0.0 Safari/537.36"
149.40.62.44 - - [15/May/2025:13:40:34 +0000] "GET /wp-content/plugins/flickr-stream/js/frontend.min.js?ver=1.3 HTTP/1.1" 200 1777 "https://pacja.org/" "Mozilla/5.0 (Macintosh; Intel Mac OS X 10_15_7) AppleWebKit/537.36 (KHTML, like Gecko) Chrome/128.0.0.0 Safari/537.36"
149.40.62.44 - - [15/May/2025:13:40:34 +0000] "GET /wp-content/plugins/quick-event-manager/legacy/quick-event-manager.js?ver=9.14 HTTP/1.1" 200 4698 "https://pacja.org/" "Mozilla/5.0 (Macintosh; Intel Mac OS X 10_15_7) AppleWebKit/537.36 (KHTML, like Gecko) Chrome/128.0.0.0 Safari/537.36"
149.40.62.44 - - [15/May/2025:13:40:34 +0000] "GET /wp-includes/js/jquery/ui/tabs.min.js?ver=1.13.3 HTTP/1.1" 200 3945 "https://pacja.org/" "Mozilla/5.0 (Macintosh; Intel Mac OS X 10_15_7) AppleWebKit/537.36 (KHTML, like Gecko) Chrome/128.0.0.0 Safari/537.36"
66.249.68.39 - - [15/May/2025:13:40:35 +0000] "GET /shopdetail/14323227 HTTP/1.1" 200 19205 "-" "Mozilla/5.0 (Linux; Android 6.0.1; Nexus 5X Build/MMB29P) AppleWebKit/537.36 (KHTML, like Gecko) Chrome/136.0.7103.92 Mobile Safari/537.36 (compatible; GoogleOther)"
149.40.62.44 - - [15/May/2025:13:40:35 +0000] "GET /wp-includes/js/jquery/ui/accordion.min.js?ver=1.13.3 HTTP/1.1" 200 2783 "https://pacja.org/" "Mozilla/5.0 (Macintosh; Intel Mac OS X 10_15_7) AppleWebKit/537.36 (KHTML, like Gecko) Chrome/128.0.0.0 Safari/537.36"
149.40.62.44 - - [15/May/2025:13:40:35 +0000] "GET /wp-content/themes/pacja.../js/menu.js?ver=20.6.4 HTTP/1.1" 200 862 "https://pacja.org/" "Mozilla/5.0 (Macintosh; Intel Mac OS X 10_15_7) AppleWebKit/537.36 (KHTML, like Gecko) Chrome/128.0.0.0 Safari/537.36"
149.40.62.44 - - [15/May/2025:13:40:35 +0000] "GET /wp-content/themes/pacja.../js/plugins.js?ver=20.6.4 HTTP/1.1" 200 53788 "https://pacja.org/" "Mozilla/5.0 (Macintosh; Intel Mac OS X 10_15_7) AppleWebKit/537.36 (KHTML, like Gecko) Chrome/128.0.0.0 Safari/537.36"
149.40.62.44 - - [15/May/2025:13:40:35 +0000] "GET /wp-content/themes/pacja.../assets/animations/animations.min.js?ver=20.6.4 HTTP/1.1" 200 624 "https://pacja.org/" "Mozilla/5.0 (Macintosh; Intel Mac OS X 10_15_7) AppleWebKit/537.36 (KHTML, like Gecko) Chrome/128.0.0.0 Safari/537.36"
149.40.62.44 - - [15/May/2025:13:40:35 +0000] "GET /wp-content/themes/pacja.../assets/jplayer/jplayer.min.js?ver=20.6.4 HTTP/1.1" 200 12737 "https://pacja.org/" "Mozilla/5.0 (Macintosh; Intel Mac OS X 10_15_7) AppleWebKit/537.36 (KHTML, like Gecko) Chrome/128.0.0.0 Safari/537.36"
149.40.62.44 - - [15/May/2025:13:40:35 +0000] "GET /wp-content/themes/pacja.../js/parallax/translate3d.js?ver=20.6.4 HTTP/1.1" 200 1659 "https://pacja.org/" "Mozilla/5.0 (Macintosh; Intel Mac OS X 10_15_7) AppleWebKit/537.36 (KHTML, like Gecko) Chrome/128.0.0.0 Safari/537.36"
149.40.62.44 - - [15/May/2025:13:40:35 +0000] "GET /wp-content/uploads/2022/09/people-1.png HTTP/1.1" 200 2874 "https://pacja.org/" "Mozilla/5.0 (Macintosh; Intel Mac OS X 10_15_7) AppleWebKit/537.36 (KHTML, like Gecko) Chrome/128.0.0.0 Safari/537.36"
149.40.62.44 - - [15/May/2025:13:40:35 +0000] "GET /wp-content/uploads/2024/09/54_operation_countries_blue_background.png HTTP/1.1" 200 6677 "https://pacja.org/" "Mozilla/5.0 (Macintosh; Intel Mac OS X 10_15_7) AppleWebKit/537.36 (KHTML, like Gecko) Chrome/128.0.0.0 Safari/537.36"
149.40.62.44 - - [15/May/2025:13:40:35 +0000] "GET /wp-content/uploads/2022/11/Pacja_Web_-removebg-preview.png HTTP/1.1" 200 48424 "https://pacja.org/" "Mozilla/5.0 (Macintosh; Intel Mac OS X 10_15_7) AppleWebKit/537.36 (KHTML, like Gecko) Chrome/128.0.0.0 Safari/537.36"
149.40.62.44 - - [15/May/2025:13:40:35 +0000] "GET /wp-content/uploads/2024/03/Decade-of-action-.png HTTP/1.1" 200 578061 "https://pacja.org/" "Mozilla/5.0 (Macintosh; Intel Mac OS X 10_15_7) AppleWebKit/537.36 (KHTML, like Gecko) Chrome/128.0.0.0 Safari/537.36"
149.40.62.44 - - [15/May/2025:13:40:36 +0000] "GET /wp-content/uploads/2022/09/rights-based-2.png HTTP/1.1" 200 3848 "https://pacja.org/" "Mozilla/5.0 (Macintosh; Intel Mac OS X 10_15_7) AppleWebKit/537.36 (KHTML, like Gecko) Chrome/128.0.0.0 Safari/537.36"
149.40.62.44 - - [15/May/2025:13:40:36 +0000] "GET /wp-content/uploads/2022/09/we-believe-bg.png HTTP/1.1" 200 1027 "https://pacja.org/" "Mozilla/5.0 (Macintosh; Intel Mac OS X 10_15_7) AppleWebKit/537.36 (KHTML, like Gecko) Chrome/128.0.0.0 Safari/537.36"
66.249.68.37 - - [15/May/2025:13:40:36 +0000] "GET /shopdetail/13820683 HTTP/1.1" 200 19444 "-" "Mozilla/5.0 (Linux; Android 6.0.1; Nexus 5X Build/MMB29P) AppleWebKit/537.36 (KHTML, like Gecko) Chrome/136.0.7103.92 Mobile Safari/537.36 (compatible; GoogleOther)"
149.40.62.44 - - [15/May/2025:13:40:36 +0000] "GET /wp-content/uploads/2024/09/centered_2000_plus_members.png HTTP/1.1" 200 6115 "https://pacja.org/" "Mozilla/5.0 (Macintosh; Intel Mac OS X 10_15_7) AppleWebKit/537.36 (KHTML, like Gecko) Chrome/128.0.0.0 Safari/537.36"
149.40.62.44 - - [15/May/2025:13:40:36 +0000] "GET /wp-content/uploads/2022/09/justice-rights-based-1.png HTTP/1.1" 200 3215 "https://pacja.org/" "Mozilla/5.0 (Macintosh; Intel Mac OS X 10_15_7) AppleWebKit/537.36 (KHTML, like Gecko) Chrome/128.0.0.0 Safari/537.36"
149.40.62.44 - - [15/May/2025:13:40:36 +0000] "GET /wp-content/uploads/2024/09/4_thematic_areas_green_background.png HTTP/1.1" 200 4847 "https://pacja.org/" "Mozilla/5.0 (Macintosh; Intel Mac OS X 10_15_7) AppleWebKit/537.36 (KHTML, like Gecko) Chrome/128.0.0.0 Safari/537.36"
149.40.62.44 - - [15/May/2025:13:40:36 +0000] "GET /wp-content/uploads/2022/10/partners-and-donors.png HTTP/1.1" 200 12915 "https://pacja.org/" "Mozilla/5.0 (Macintosh; Intel Mac OS X 10_15_7) AppleWebKit/537.36 (KHTML, like Gecko) Chrome/128.0.0.0 Safari/537.36"
149.40.62.44 - - [15/May/2025:13:40:36 +0000] "GET /wp-content/themes/pacja.../js/parallax/smoothscroll.js?ver=20.6.4 HTTP/1.1" 200 3038 "https://pacja.org/" "Mozilla/5.0 (Macintosh; Intel Mac OS X 10_15_7) AppleWebKit/537.36 (KHTML, like Gecko) Chrome/128.0.0.0 Safari/537.36"
149.40.62.44 - - [15/May/2025:13:40:37 +0000] "GET /wp-content/themes/pacja.../js/scripts.js?ver=20.6.4 HTTP/1.1" 200 14701 "https://pacja.org/" "Mozilla/5.0 (Macintosh; Intel Mac OS X 10_15_7) AppleWebKit/537.36 (KHTML, like Gecko) Chrome/128.0.0.0 Safari/537.36"
149.40.62.44 - - [15/May/2025:13:40:37 +0000] "GET /wp-includes/js/dist/vendor/wp-polyfill.min.js?ver=3.15.0 HTTP/1.1" 200 14471 "https://pacja.org/" "Mozilla/5.0 (Macintosh; Intel Mac OS X 10_15_7) AppleWebKit/537.36 (KHTML, like Gecko) Chrome/128.0.0.0 Safari/537.36"
149.40.62.44 - - [15/May/2025:13:40:37 +0000] "GET /wp-content/plugins/contact-form-7/modules/recaptcha/index.js?ver=6.0.6 HTTP/1.1" 200 483 "https://pacja.org/" "Mozilla/5.0 (Macintosh; Intel Mac OS X 10_15_7) AppleWebKit/537.36 (KHTML, like Gecko) Chrome/128.0.0.0 Safari/537.36"
149.40.62.44 - - [15/May/2025:13:40:37 +0000] "GET /wp-content/plugins/essential-addons-for-elementor-lite/assets/front-end/js/view/general.min.js?ver=6.1.4 HTTP/1.1" 200 4088 "https://pacja.org/" "Mozilla/5.0 (Macintosh; Intel Mac OS X 10_15_7) AppleWebKit/537.36 (KHTML, like Gecko) Chrome/128.0.0.0 Safari/537.36"
66.249.68.39 - - [15/May/2025:13:40:37 +0000] "GET /shopdetail/29128450 HTTP/1.1" 200 20533 "-" "Mozilla/5.0 (Linux; Android 6.0.1; Nexus 5X Build/MMB29P) AppleWebKit/537.36 (KHTML, like Gecko) Chrome/136.0.7103.92 Mobile Safari/537.36 (compatible; GoogleOther)"
149.40.62.44 - - [15/May/2025:13:40:37 +0000] "GET /wp-content/plugins/youtube-embed-plus/scripts/fitvids.min.js?ver=14.2.1.3 HTTP/1.1" 200 1051 "https://pacja.org/" "Mozilla/5.0 (Macintosh; Intel Mac OS X 10_15_7) AppleWebKit/537.36 (KHTML, like Gecko) Chrome/128.0.0.0 Safari/537.36"
149.40.62.44 - - [15/May/2025:13:40:37 +0000] "GET /wp-content/plugins/add-search-to-menu/public/js/ivory-search.min.js?ver=5.5.9 HTTP/1.1" 200 1220 "https://pacja.org/" "Mozilla/5.0 (Macintosh; Intel Mac OS X 10_15_7) AppleWebKit/537.36 (KHTML, like Gecko) Chrome/128.0.0.0 Safari/537.36"
149.40.62.44 - - [15/May/2025:13:40:37 +0000] "GET /wp-content/plugins/js_composer/assets/js/dist/js_composer_front.min.js?ver=7.9 HTTP/1.1" 200 5146 "https://pacja.org/" "Mozilla/5.0 (Macintosh; Intel Mac OS X 10_15_7) AppleWebKit/537.36 (KHTML, like Gecko) Chrome/128.0.0.0 Safari/537.36"
149.40.62.44 - - [15/May/2025:13:40:38 +0000] "GET /wp-content/plugins/interactive-geo-maps-premium/assets/public/map-service/app.min.js?ver=1.5.6 HTTP/1.1" 200 22845 "https://pacja.org/" "Mozilla/5.0 (Macintosh; Intel Mac OS X 10_15_7) AppleWebKit/537.36 (KHTML, like Gecko) Chrome/128.0.0.0 Safari/537.36"
149.40.62.44 - - [15/May/2025:13:40:38 +0000] "GET /wp-content/plugins/interactive-3d-flipbook-powered-physics-engine/assets/js/client-locale-loader.js?ver=1.16.15 HTTP/1.1" 200 753 "https://pacja.org/" "Mozilla/5.0 (Macintosh; Intel Mac OS X 10_15_7) AppleWebKit/537.36 (KHTML, like Gecko) Chrome/128.0.0.0 Safari/537.36"
149.40.62.44 - - [15/May/2025:13:40:38 +0000] "GET /wp-content/plugins/google-analytics-for-wordpress/assets/js/frontend-gtag.min.js?ver=9.5.3 HTTP/1.1" 200 3277 "https://pacja.org/" "Mozilla/5.0 (Macintosh; Intel Mac OS X 10_15_7) AppleWebKit/537.36 (KHTML, like Gecko) Chrome/128.0.0.0 Safari/537.36"
66.249.68.39 - - [15/May/2025:13:40:38 +0000] "GET /shopdetail/10333494 HTTP/1.1" 200 18802 "-" "Mozilla/5.0 (Linux; Android 6.0.1; Nexus 5X Build/MMB29P) AppleWebKit/537.36 (KHTML, like Gecko) Chrome/136.0.7103.92 Mobile Safari/537.36 (compatible; GoogleOther)"
66.249.68.38 - - [15/May/2025:13:40:39 +0000] "GET /shopdetail/29880961 HTTP/1.1" 200 20665 "-" "Mozilla/5.0 (Linux; Android 6.0.1; Nexus 5X Build/MMB29P) AppleWebKit/537.36 (KHTML, like Gecko) Chrome/136.0.7103.92 Mobile Safari/537.36 (compatible; GoogleOther)"
203.161.61.57 - - [15/May/2025:13:40:39 +0000] "POST /wp-cron.php?doing_wp_cron=1747316439.5559930801391601562500 HTTP/1.1" 200 - "-" "WordPress/6.8.1; https://pacja.org"
35.208.173.41 - - [15/May/2025:13:40:38 +0000] "GET /shopdetail/13473572 HTTP/1.1" 404 32840 "-" "Buck/2.4.5; (+https://app.hypefactors.com/media-monitoring/about.html)"
66.249.68.37 - - [15/May/2025:13:40:40 +0000] "GET /shopdetail/13134949 HTTP/1.1" 200 19121 "-" "Mozilla/5.0 (Linux; Android 6.0.1; Nexus 5X Build/MMB29P) AppleWebKit/537.36 (KHTML, like Gecko) Chrome/136.0.7103.92 Mobile Safari/537.36 (compatible; GoogleOther)"
149.78.124.14 - - [15/May/2025:13:40:40 +0000] "GET /feed/ HTTP/1.1" 403 - "-" "Java/1.8.0_412"
149.78.124.14 - - [15/May/2025:13:40:40 +0000] "POST /feed/ HTTP/1.1" 403 - "-" "Java/1.8.0_412"
66.249.68.37 - - [15/May/2025:13:40:41 +0000] "GET /shopdetail/13352461 HTTP/1.1" 200 19311 "-" "Mozilla/5.0 (Linux; Android 6.0.1; Nexus 5X Build/MMB29P) AppleWebKit/537.36 (KHTML, like Gecko) Chrome/136.0.7103.92 Mobile Safari/537.36 (compatible; GoogleOther)"
149.40.62.44 - - [15/May/2025:13:40:41 +0000] "GET /wp-content/uploads/2022/09/about-pic.jpg HTTP/1.1" 200 121442 "https://pacja.org/" "Mozilla/5.0 (Macintosh; Intel Mac OS X 10_15_7) AppleWebKit/537.36 (KHTML, like Gecko) Chrome/128.0.0.0 Safari/537.36"
203.161.61.57 - - [15/May/2025:13:40:40 +0000] "POST /wp-admin/admin-ajax.php?action=async_litespeed&nonce=L0vZsEkPZ4j87ee7LkhGFZyfO8EACstZ&litespeed_type=imgoptm HTTP/1.1" 200 21 "-" "WordPress/6.8.1; https://pacja.org"
149.40.62.44 - - [15/May/2025:13:40:42 +0000] "GET /wp-content/uploads/2022/10/engagement.png HTTP/1.1" 200 3003 "https://pacja.org/" "Mozilla/5.0 (Macintosh; Intel Mac OS X 10_15_7) AppleWebKit/537.36 (KHTML, like Gecko) Chrome/128.0.0.0 Safari/537.36"
149.40.62.44 - - [15/May/2025:13:40:42 +0000] "GET /wp-content/uploads/2022/10/policy.png HTTP/1.1" 200 2521 "https://pacja.org/" "Mozilla/5.0 (Macintosh; Intel Mac OS X 10_15_7) AppleWebKit/537.36 (KHTML, like Gecko) Chrome/128.0.0.0 Safari/537.36"
149.40.62.44 - - [15/May/2025:13:40:42 +0000] "GET /wp-content/uploads/2022/10/research.png HTTP/1.1" 200 3198 "https://pacja.org/" "Mozilla/5.0 (Macintosh; Intel Mac OS X 10_15_7) AppleWebKit/537.36 (KHTML, like Gecko) Chrome/128.0.0.0 Safari/537.36"
149.40.62.44 - - [15/May/2025:13:40:42 +0000] "GET /wp-content/uploads/2022/10/strengthening-institutions.png HTTP/1.1" 200 2729 "https://pacja.org/" "Mozilla/5.0 (Macintosh; Intel Mac OS X 10_15_7) AppleWebKit/537.36 (KHTML, like Gecko) Chrome/128.0.0.0 Safari/537.36"
66.249.68.38 - - [15/May/2025:13:40:42 +0000] "GET /shopdetail/13564505 HTTP/1.1" 200 19989 "-" "Mozilla/5.0 (Linux; Android 6.0.1; Nexus 5X Build/MMB29P) AppleWebKit/537.36 (KHTML, like Gecko) Chrome/136.0.7103.92 Mobile Safari/537.36 (compatible; GoogleOther)"
149.40.62.44 - - [15/May/2025:13:40:42 +0000] "GET /wp-content/uploads/2022/10/IKI-Project-icon.png HTTP/1.1" 200 8743 "https://pacja.org/" "Mozilla/5.0 (Macintosh; Intel Mac OS X 10_15_7) AppleWebKit/537.36 (KHTML, like Gecko) Chrome/128.0.0.0 Safari/537.36"
149.40.62.44 - - [15/May/2025:13:40:42 +0000] "GET /wp-content/uploads/2022/10/SIDA-icon.png HTTP/1.1" 200 5523 "https://pacja.org/" "Mozilla/5.0 (Macintosh; Intel Mac OS X 10_15_7) AppleWebKit/537.36 (KHTML, like Gecko) Chrome/128.0.0.0 Safari/537.36"
149.40.62.44 - - [15/May/2025:13:40:42 +0000] "GET /wp-content/uploads/2022/09/project.png HTTP/1.1" 200 4614 "https://pacja.org/" "Mozilla/5.0 (Macintosh; Intel Mac OS X 10_15_7) AppleWebKit/537.36 (KHTML, like Gecko) Chrome/128.0.0.0 Safari/537.36"
66.249.68.38 - - [15/May/2025:13:40:43 +0000] "GET /shopdetail/14527672 HTTP/1.1" 200 21211 "-" "Mozilla/5.0 (Linux; Android 6.0.1; Nexus 5X Build/MMB29P) AppleWebKit/537.36 (KHTML, like Gecko) Chrome/136.0.7103.92 Mobile Safari/537.36 (compatible; GoogleOther)"
168.138.159.57 - - [15/May/2025:13:40:42 +0000] "GET /feed/ HTTP/1.1" 200 66541 "-" "Mozilla/6.0 (Macintosh; I; Intel Mac OS X 11_7_9; de-LI; rv:1.9b4) Gecko/2012010317 Firefox/10.0a4"
66.249.68.38 - - [15/May/2025:13:40:44 +0000] "GET /shopdetail/14584116 HTTP/1.1" 200 18608 "-" "Mozilla/5.0 (Linux; Android 6.0.1; Nexus 5X Build/MMB29P) AppleWebKit/537.36 (KHTML, like Gecko) Chrome/136.0.7103.92 Mobile Safari/537.36 (compatible; GoogleOther)"
66.249.68.32 - - [15/May/2025:13:40:45 +0000] "GET /shopdetail/13145572 HTTP/1.1" 200 18565 "-" "Mozilla/5.0 (Linux; Android 6.0.1; Nexus 5X Build/MMB29P) AppleWebKit/537.36 (KHTML, like Gecko) Chrome/136.0.7103.92 Mobile Safari/537.36 (compatible; GoogleOther)"
66.249.68.32 - - [15/May/2025:13:40:46 +0000] "GET /shopdetail/28479494 HTTP/1.1" 200 20026 "-" "Mozilla/5.0 (Linux; Android 6.0.1; Nexus 5X Build/MMB29P) AppleWebKit/537.36 (KHTML, like Gecko) Chrome/136.0.7103.92 Mobile Safari/537.36 (compatible; GoogleOther)"
102.140.208.10 - - [15/May/2025:13:40:45 +0000] "GET /floods-pacja-stands-with-the-people-of-asia-uganda/ HTTP/1.1" 200 47708 "https://pacja.org/our-national-platforms/uganda/" "Mozilla/5.0 (Windows NT 10.0; Win64; x64) AppleWebKit/537.36 (KHTML, like Gecko) Chrome/136.0.0.0 Safari/537.36"
102.140.208.10 - - [15/May/2025:13:40:47 +0000] "GET /wp-content/plugins/jetpack/modules/related-posts/related-posts.css?ver=20240116 HTTP/1.1" 200 1763 "https://pacja.org/floods-pacja-stands-with-the-people-of-asia-uganda/" "Mozilla/5.0 (Windows NT 10.0; Win64; x64) AppleWebKit/537.36 (KHTML, like Gecko) Chrome/136.0.0.0 Safari/537.36"
66.249.68.37 - - [15/May/2025:13:40:47 +0000] "GET /shopdetail/29211861 HTTP/1.1" 200 20393 "-" "Mozilla/5.0 (Linux; Android 6.0.1; Nexus 5X Build/MMB29P) AppleWebKit/537.36 (KHTML, like Gecko) Chrome/136.0.7103.92 Mobile Safari/537.36 (compatible; GoogleOther)"
