3.15.3.240 - - [15/May/2025:13:09:48 +0000] "GET /shopdetail/24846638 HTTP/1.1" 404 32844 "-" "Mozilla/5.0 AppleWebKit/537.36 (KHTML, like Gecko; compatible; ClaudeBot/1.0; +claudebot@anthropic.com)"
3.15.3.240 - - [15/May/2025:13:09:49 +0000] "GET /shopdetail/16237049 HTTP/1.1" 404 32843 "-" "Mozilla/5.0 AppleWebKit/537.36 (KHTML, like Gecko; compatible; ClaudeBot/1.0; +claudebot@anthropic.com)"
3.15.3.240 - - [15/May/2025:13:09:49 +0000] "GET /shopdetail/16876750 HTTP/1.1" 404 32843 "-" "Mozilla/5.0 AppleWebKit/537.36 (KHTML, like Gecko; compatible; ClaudeBot/1.0; +claudebot@anthropic.com)"
3.15.3.240 - - [15/May/2025:13:09:51 +0000] "GET /shopdetail/24851716 HTTP/1.1" 404 32844 "-" "Mozilla/5.0 AppleWebKit/537.36 (KHTML, like Gecko; compatible; ClaudeBot/1.0; +claudebot@anthropic.com)"
3.15.3.240 - - [15/May/2025:13:09:52 +0000] "GET /shopdetail/22161616 HTTP/1.1" 404 32842 "-" "Mozilla/5.0 AppleWebKit/537.36 (KHTML, like Gecko; compatible; ClaudeBot/1.0; +claudebot@anthropic.com)"
3.15.3.240 - - [15/May/2025:13:09:53 +0000] "GET /shopdetail/14861449 HTTP/1.1" 404 32843 "-" "Mozilla/5.0 AppleWebKit/537.36 (KHTML, like Gecko; compatible; ClaudeBot/1.0; +claudebot@anthropic.com)"
66.249.79.199 - - [15/May/2025:13:09:55 +0000] "GET /shopdetail/6821927 HTTP/1.1" 200 18802 "-" "Mozilla/5.0 (Linux; Android 6.0.1; Nexus 5X Build/MMB29P) AppleWebKit/537.36 (KHTML, like Gecko) Chrome/136.0.7103.92 Mobile Safari/537.36 (compatible; Googlebot/2.1; +http://www.google.com/bot.html)"
3.15.3.240 - - [15/May/2025:13:09:50 +0000] "GET /shopdetail/13842350 HTTP/1.1" 404 32842 "-" "Mozilla/5.0 AppleWebKit/537.36 (KHTML, like Gecko; compatible; ClaudeBot/1.0; +claudebot@anthropic.com)"
3.15.3.240 - - [15/May/2025:13:09:54 +0000] "GET /shopdetail/18221549 HTTP/1.1" 404 32842 "-" "Mozilla/5.0 AppleWebKit/537.36 (KHTML, like Gecko; compatible; ClaudeBot/1.0; +claudebot@anthropic.com)"
3.15.3.240 - - [15/May/2025:13:09:55 +0000] "GET /shopdetail/13503105 HTTP/1.1" 404 32843 "-" "Mozilla/5.0 AppleWebKit/537.36 (KHTML, like Gecko; compatible; ClaudeBot/1.0; +claudebot@anthropic.com)"
3.15.3.240 - - [15/May/2025:13:09:57 +0000] "GET /shopdetail/14892250 HTTP/1.1" 404 32843 "-" "Mozilla/5.0 AppleWebKit/537.36 (KHTML, like Gecko; compatible; ClaudeBot/1.0; +claudebot@anthropic.com)"
3.15.3.240 - - [15/May/2025:13:09:58 +0000] "GET /shopdetail/25843961 HTTP/1.1" 404 32844 "-" "Mozilla/5.0 AppleWebKit/537.36 (KHTML, like Gecko; compatible; ClaudeBot/1.0; +claudebot@anthropic.com)"
3.15.3.240 - - [15/May/2025:13:09:55 +0000] "GET /shopdetail/14428949 HTTP/1.1" 404 32843 "-" "Mozilla/5.0 AppleWebKit/537.36 (KHTML, like Gecko; compatible; ClaudeBot/1.0; +claudebot@anthropic.com)"
3.15.3.240 - - [15/May/2025:13:09:58 +0000] "GET /shopdetail/18001049 HTTP/1.1" 404 32843 "-" "Mozilla/5.0 AppleWebKit/537.36 (KHTML, like Gecko; compatible; ClaudeBot/1.0; +claudebot@anthropic.com)"
3.15.3.240 - - [15/May/2025:13:10:00 +0000] "GET /shopdetail/17336961 HTTP/1.1" 404 32843 "-" "Mozilla/5.0 AppleWebKit/537.36 (KHTML, like Gecko; compatible; ClaudeBot/1.0; +claudebot@anthropic.com)"
3.15.3.240 - - [15/May/2025:13:10:01 +0000] "GET /shopdetail/12554972 HTTP/1.1" 404 32841 "-" "Mozilla/5.0 AppleWebKit/537.36 (KHTML, like Gecko; compatible; ClaudeBot/1.0; +claudebot@anthropic.com)"
66.249.79.199 - - [15/May/2025:13:10:05 +0000] "POST /get-message-notify HTTP/1.1" 200 18757 "https://pacja.org/shopdetail/3622261" "Mozilla/5.0 (Linux; Android 6.0.1; Nexus 5X Build/MMB29P) AppleWebKit/537.36 (KHTML, like Gecko) Chrome/135.0.7049.114 Mobile Safari/537.36 (compatible; Googlebot/2.1; +http://www.google.com/bot.html)"
66.249.79.204 - - [15/May/2025:13:10:06 +0000] "POST /get-message-notify HTTP/1.1" 200 18510 "https://mail.pacja.org/pcmypage?callback=/product/detail/86999488" "Mozilla/5.0 (Linux; Android 6.0.1; Nexus 5X Build/MMB29P) AppleWebKit/537.36 (KHTML, like Gecko) Chrome/135.0.7049.114 Mobile Safari/537.36 (compatible; Googlebot/2.1; +http://www.google.com/bot.html)"
3.15.3.240 - - [15/May/2025:13:10:04 +0000] "GET /shopdetail/8289094 HTTP/1.1" 404 32843 "-" "Mozilla/5.0 AppleWebKit/537.36 (KHTML, like Gecko; compatible; ClaudeBot/1.0; +claudebot@anthropic.com)"
3.15.3.240 - - [15/May/2025:13:10:02 +0000] "GET /shopdetail/24409094 HTTP/1.1" 404 32844 "-" "Mozilla/5.0 AppleWebKit/537.36 (KHTML, like Gecko; compatible; ClaudeBot/1.0; +claudebot@anthropic.com)"
3.15.3.240 - - [15/May/2025:13:10:07 +0000] "GET /shopdetail/1119449 HTTP/1.1" 404 32842 "-" "Mozilla/5.0 AppleWebKit/537.36 (KHTML, like Gecko; compatible; ClaudeBot/1.0; +claudebot@anthropic.com)"
66.249.79.201 - - [15/May/2025:13:10:09 +0000] "GET /shopdetail/17865994 HTTP/1.1" 200 19989 "-" "Mozilla/5.0 (compatible; Googlebot/2.1; +http://www.google.com/bot.html)"
3.15.3.240 - - [15/May/2025:13:10:05 +0000] "GET /shopdetail/2067650 HTTP/1.1" 404 32841 "-" "Mozilla/5.0 AppleWebKit/537.36 (KHTML, like Gecko; compatible; ClaudeBot/1.0; +claudebot@anthropic.com)"
3.15.3.240 - - [15/May/2025:13:10:09 +0000] "GET /shopdetail/14583572 HTTP/1.1" 404 32841 "-" "Mozilla/5.0 AppleWebKit/537.36 (KHTML, like Gecko; compatible; ClaudeBot/1.0; +claudebot@anthropic.com)"
3.15.3.240 - - [15/May/2025:13:10:10 +0000] "GET /shopdetail/15809594 HTTP/1.1" 404 32842 "-" "Mozilla/5.0 AppleWebKit/537.36 (KHTML, like Gecko; compatible; ClaudeBot/1.0; +claudebot@anthropic.com)"
3.15.3.240 - - [15/May/2025:13:10:07 +0000] "GET /shopdetail/11186727 HTTP/1.1" 404 32843 "-" "Mozilla/5.0 AppleWebKit/537.36 (KHTML, like Gecko; compatible; ClaudeBot/1.0; +claudebot@anthropic.com)"
3.15.3.240 - - [15/May/2025:13:10:11 +0000] "GET /shopdetail/14013472 HTTP/1.1" 404 32841 "-" "Mozilla/5.0 AppleWebKit/537.36 (KHTML, like Gecko; compatible; ClaudeBot/1.0; +claudebot@anthropic.com)"
66.249.68.38 - - [15/May/2025:13:10:16 +0000] "GET /shopdetail/9325449 HTTP/1.1" 200 19084 "-" "Mozilla/5.0 (Linux; Android 6.0.1; Nexus 5X Build/MMB29P) AppleWebKit/537.36 (KHTML, like Gecko) Chrome/136.0.7103.92 Mobile Safari/537.36 (compatible; Googlebot/2.1; +http://www.google.com/bot.html)"
102.215.34.108 - - [15/May/2025:13:10:15 +0000] "POST /wp-admin/admin-ajax.php HTTP/1.1" 200 101 "https://pacja.org/wp-admin/post.php?post=4782&action=edit" "Mozilla/5.0 (Windows NT 10.0; Win64; x64; rv:138.0) Gecko/20100101 Firefox/138.0"
203.161.61.57 - - [15/May/2025:13:10:17 +0000] "POST /wp-admin/admin-ajax.php?action=as_async_request_queue_runner&nonce=4e22f572e8 HTTP/1.1" 200 - "-" "WordPress/6.8.1; https://pacja.org"
35.208.173.41 - - [15/May/2025:13:10:25 +0000] "GET /shopdetail/12326972 HTTP/1.1" 404 32840 "-" "Buck/2.4.5; (+https://app.hypefactors.com/media-monitoring/about.html)"
66.249.68.37 - - [15/May/2025:13:10:33 +0000] "POST /get-message-notify HTTP/1.1" 200 18767 "https://www.pacja.org/shopdetail/9173983" "Mozilla/5.0 (Linux; Android 6.0.1; Nexus 5X Build/MMB29P) AppleWebKit/537.36 (KHTML, like Gecko) Chrome/135.0.7049.114 Mobile Safari/537.36 (compatible; Googlebot/2.1; +http://www.google.com/bot.html)"
66.249.79.199 - - [15/May/2025:13:10:34 +0000] "GET /shopdetail/3195127 HTTP/1.1" 200 18398 "-" "Mozilla/5.0 (compatible; Googlebot/2.1; +http://www.google.com/bot.html)"
18.213.70.100 - - [15/May/2025:13:10:38 +0000] "GET /shopdetail/4337783 HTTP/1.1" 403 - "-" "Mozilla/5.0 AppleWebKit/537.36 (KHTML, like Gecko; compatible; Amazonbot/0.1; +https://developer.amazon.com/support/amazonbot) Chrome/119.0.6045.214 Safari/537.36"
203.161.61.57 - - [15/May/2025:13:10:41 +0000] "POST /wp-cron.php?doing_wp_cron=1747314641.5161979198455810546875 HTTP/1.1" 200 - "-" "WordPress/6.8.1; https://pacja.org"
203.161.61.57 - - [15/May/2025:13:10:41 +0000] "POST /wp-cron.php?doing_wp_cron=1747314641.7011530399322509765625 HTTP/1.1" 200 - "-" "WordPress/6.8.1; https://pacja.org"
18.222.188.103 - - [15/May/2025:13:10:40 +0000] "GET /shopdetail/14671772 HTTP/1.1" 404 32841 "-" "Mozilla/5.0 AppleWebKit/537.36 (KHTML, like Gecko; compatible; ClaudeBot/1.0; +claudebot@anthropic.com)"
18.222.188.103 - - [15/May/2025:13:10:40 +0000] "GET /shopdetail/2147372 HTTP/1.1" 404 32841 "-" "Mozilla/5.0 AppleWebKit/537.36 (KHTML, like Gecko; compatible; ClaudeBot/1.0; +claudebot@anthropic.com)"
203.161.61.57 - - [15/May/2025:13:10:42 +0000] "POST /wp-cron.php?doing_wp_cron=1747314642.1202869415283203125000 HTTP/1.1" 200 - "-" "WordPress/6.8.1; https://pacja.org"
3.94.156.104 - - [15/May/2025:13:10:42 +0000] "GET /shopdetail/7947972 HTTP/1.1" 403 - "-" "Mozilla/5.0 AppleWebKit/537.36 (KHTML, like Gecko; compatible; Amazonbot/0.1; +https://developer.amazon.com/support/amazonbot) Chrome/119.0.6045.214 Safari/537.36"
18.222.188.103 - - [15/May/2025:13:10:41 +0000] "GET /shopdetail/10711250 HTTP/1.1" 404 32842 "-" "Mozilla/5.0 AppleWebKit/537.36 (KHTML, like Gecko; compatible; ClaudeBot/1.0; +claudebot@anthropic.com)"
18.222.188.103 - - [15/May/2025:13:10:42 +0000] "GET /shopdetail/21261861 HTTP/1.1" 404 32843 "-" "Mozilla/5.0 AppleWebKit/537.36 (KHTML, like Gecko; compatible; ClaudeBot/1.0; +claudebot@anthropic.com)"
18.222.188.103 - - [15/May/2025:13:10:42 +0000] "GET /shopdetail/28842761 HTTP/1.1" 404 32844 "-" "Mozilla/5.0 AppleWebKit/537.36 (KHTML, like Gecko; compatible; ClaudeBot/1.0; +claudebot@anthropic.com)"
66.249.79.199 - - [15/May/2025:13:10:43 +0000] "GET /?_gl=1*rgknbr*_ga*MzY3MjE1MDcwLjE3MzcwOTUyMjA.*_ga_0VKVKKN4NV*MTczNzEwMjM4NC4yLjEuMTczNzEwMjQ1My42MC4wLjA.&_bd_prev_page=https://pacja.org/detail.php?shopdetail/6379561 HTTP/1.1" 200 20233 "-" "Mozilla/5.0 (compatible; Googlebot/2.1; +http://www.google.com/bot.html)"
18.222.188.103 - - [15/May/2025:13:10:42 +0000] "GET /shopdetail/15653794 HTTP/1.1" 404 32841 "-" "Mozilla/5.0 AppleWebKit/537.36 (KHTML, like Gecko; compatible; ClaudeBot/1.0; +claudebot@anthropic.com)"
18.222.188.103 - - [15/May/2025:13:10:43 +0000] "GET /shopdetail/13776205 HTTP/1.1" 404 32843 "-" "Mozilla/5.0 AppleWebKit/537.36 (KHTML, like Gecko; compatible; ClaudeBot/1.0; +claudebot@anthropic.com)"
203.161.61.57 - - [15/May/2025:13:10:43 +0000] "POST /wp-admin/admin-ajax.php?action=async_litespeed&nonce=DvrAFohig6MOUQwOOEUZFcbXg4zNf9cv&litespeed_type=imgoptm HTTP/1.1" 200 21 "-" "WordPress/6.8.1; https://pacja.org"
18.222.188.103 - - [15/May/2025:13:10:44 +0000] "GET /shopdetail/30375072 HTTP/1.1" 404 32842 "-" "Mozilla/5.0 AppleWebKit/537.36 (KHTML, like Gecko; compatible; ClaudeBot/1.0; +claudebot@anthropic.com)"
18.222.188.103 - - [15/May/2025:13:10:43 +0000] "GET /shopdetail/20882716 HTTP/1.1" 404 32843 "-" "Mozilla/5.0 AppleWebKit/537.36 (KHTML, like Gecko; compatible; ClaudeBot/1.0; +claudebot@anthropic.com)"
18.222.188.103 - - [15/May/2025:13:10:45 +0000] "GET /shopdetail/18794849 HTTP/1.1" 404 32843 "-" "Mozilla/5.0 AppleWebKit/537.36 (KHTML, like Gecko; compatible; ClaudeBot/1.0; +claudebot@anthropic.com)"
66.249.79.203 - - [15/May/2025:13:10:48 +0000] "GET /safe_search/config?return_url=/product/detail/41327201 HTTP/1.1" 200 19633 "-" "Mozilla/5.0 (Linux; Android 6.0.1; Nexus 5X Build/MMB29P) AppleWebKit/537.36 (KHTML, like Gecko) Chrome/136.0.7103.59 Mobile Safari/537.36 (compatible; Googlebot/2.1; +http://www.google.com/bot.html)"
18.222.188.103 - - [15/May/2025:13:10:46 +0000] "GET /shopdetail/22137949 HTTP/1.1" 404 32844 "-" "Mozilla/5.0 AppleWebKit/537.36 (KHTML, like Gecko; compatible; ClaudeBot/1.0; +claudebot@anthropic.com)"
18.222.188.103 - - [15/May/2025:13:10:45 +0000] "GET /shopdetail/11483005 HTTP/1.1" 404 32842 "-" "Mozilla/5.0 AppleWebKit/537.36 (KHTML, like Gecko; compatible; ClaudeBot/1.0; +claudebot@anthropic.com)"
18.222.188.103 - - [15/May/2025:13:10:48 +0000] "GET /shopdetail/26386738 HTTP/1.1" 404 32844 "-" "Mozilla/5.0 AppleWebKit/537.36 (KHTML, like Gecko; compatible; ClaudeBot/1.0; +claudebot@anthropic.com)"
18.222.188.103 - - [15/May/2025:13:10:50 +0000] "GET /shopdetail/11583627 HTTP/1.1" 404 32843 "-" "Mozilla/5.0 AppleWebKit/537.36 (KHTML, like Gecko; compatible; ClaudeBot/1.0; +claudebot@anthropic.com)"
18.222.188.103 - - [15/May/2025:13:10:49 +0000] "GET /shopdetail/17059583 HTTP/1.1" 404 32843 "-" "Mozilla/5.0 AppleWebKit/537.36 (KHTML, like Gecko; compatible; ClaudeBot/1.0; +claudebot@anthropic.com)"
18.222.188.103 - - [15/May/2025:13:10:48 +0000] "GET /shopdetail/19074616 HTTP/1.1" 404 32843 "-" "Mozilla/5.0 AppleWebKit/537.36 (KHTML, like Gecko; compatible; ClaudeBot/1.0; +claudebot@anthropic.com)"
18.222.188.103 - - [15/May/2025:13:10:50 +0000] "GET /shopdetail/21851294 HTTP/1.1" 404 32844 "-" "Mozilla/5.0 AppleWebKit/537.36 (KHTML, like Gecko; compatible; ClaudeBot/1.0; +claudebot@anthropic.com)"
18.222.188.103 - - [15/May/2025:13:10:51 +0000] "GET /shopdetail/22379049 HTTP/1.1" 404 32844 "-" "Mozilla/5.0 AppleWebKit/537.36 (KHTML, like Gecko; compatible; ClaudeBot/1.0; +claudebot@anthropic.com)"
18.222.188.103 - - [15/May/2025:13:10:54 +0000] "GET /shopdetail/27574727 HTTP/1.1" 404 32844 "-" "Mozilla/5.0 AppleWebKit/537.36 (KHTML, like Gecko; compatible; ClaudeBot/1.0; +claudebot@anthropic.com)"
18.222.188.103 - - [15/May/2025:13:10:52 +0000] "GET /shopdetail/17463349 HTTP/1.1" 404 32843 "-" "Mozilla/5.0 AppleWebKit/537.36 (KHTML, like Gecko; compatible; ClaudeBot/1.0; +claudebot@anthropic.com)"
18.222.188.103 - - [15/May/2025:13:10:56 +0000] "GET /shopdetail/29593083 HTTP/1.1" 404 32844 "-" "Mozilla/5.0 AppleWebKit/537.36 (KHTML, like Gecko; compatible; ClaudeBot/1.0; +claudebot@anthropic.com)"
18.222.188.103 - - [15/May/2025:13:10:53 +0000] "GET /shopdetail/8456872 HTTP/1.1" 404 32841 "-" "Mozilla/5.0 AppleWebKit/537.36 (KHTML, like Gecko; compatible; ClaudeBot/1.0; +claudebot@anthropic.com)"
18.222.188.103 - - [15/May/2025:13:10:57 +0000] "GET /shopdetail/1672938 HTTP/1.1" 404 32842 "-" "Mozilla/5.0 AppleWebKit/537.36 (KHTML, like Gecko; compatible; ClaudeBot/1.0; +claudebot@anthropic.com)"
18.222.188.103 - - [15/May/2025:13:10:59 +0000] "GET /shopdetail/22183661 HTTP/1.1" 404 32843 "-" "Mozilla/5.0 AppleWebKit/537.36 (KHTML, like Gecko; compatible; ClaudeBot/1.0; +claudebot@anthropic.com)"
18.222.188.103 - - [15/May/2025:13:11:00 +0000] "GET /shopdetail/28689038 HTTP/1.1" 404 32844 "-" "Mozilla/5.0 AppleWebKit/537.36 (KHTML, like Gecko; compatible; ClaudeBot/1.0; +claudebot@anthropic.com)"
18.222.188.103 - - [15/May/2025:13:10:58 +0000] "GET /shopdetail/30120105 HTTP/1.1" 404 32843 "-" "Mozilla/5.0 AppleWebKit/537.36 (KHTML, like Gecko; compatible; ClaudeBot/1.0; +claudebot@anthropic.com)"
49.109.136.168 - - [15/May/2025:13:11:03 +0000] "GET /shopdetail/12493916 HTTP/1.1" 200 319 "https://www.google.co.jp/" "Mozilla/5.0 (iPad; CPU OS 16_2 like Mac OS X) AppleWebKit/605.1.15 (KHTML, like Gecko) Version/16.2 Mobile/15E148 Safari/604.1"
18.222.188.103 - - [15/May/2025:13:11:02 +0000] "GET /shopdetail/25151938 HTTP/1.1" 404 32844 "-" "Mozilla/5.0 AppleWebKit/537.36 (KHTML, like Gecko; compatible; ClaudeBot/1.0; +claudebot@anthropic.com)"
18.222.188.103 - - [15/May/2025:13:11:03 +0000] "GET /shopdetail/11769650 HTTP/1.1" 404 32842 "-" "Mozilla/5.0 AppleWebKit/537.36 (KHTML, like Gecko; compatible; ClaudeBot/1.0; +claudebot@anthropic.com)"
18.222.188.103 - - [15/May/2025:13:11:04 +0000] "GET /shopdetail/5454872 HTTP/1.1" 404 32841 "-" "Mozilla/5.0 AppleWebKit/537.36 (KHTML, like Gecko; compatible; ClaudeBot/1.0; +claudebot@anthropic.com)"
18.222.188.103 - - [15/May/2025:13:11:05 +0000] "GET /shopdetail/4848138 HTTP/1.1" 404 32842 "-" "Mozilla/5.0 AppleWebKit/537.36 (KHTML, like Gecko; compatible; ClaudeBot/1.0; +claudebot@anthropic.com)"
18.222.188.103 - - [15/May/2025:13:11:06 +0000] "GET /shopdetail/25221483 HTTP/1.1" 404 32844 "-" "Mozilla/5.0 AppleWebKit/537.36 (KHTML, like Gecko; compatible; ClaudeBot/1.0; +claudebot@anthropic.com)"
18.222.188.103 - - [15/May/2025:13:11:08 +0000] "GET /shopdetail/11837983 HTTP/1.1" 404 32843 "-" "Mozilla/5.0 AppleWebKit/537.36 (KHTML, like Gecko; compatible; ClaudeBot/1.0; +claudebot@anthropic.com)"
18.222.188.103 - - [15/May/2025:13:11:08 +0000] "GET /shopdetail/11984872 HTTP/1.1" 404 32841 "-" "Mozilla/5.0 AppleWebKit/537.36 (KHTML, like Gecko; compatible; ClaudeBot/1.0; +claudebot@anthropic.com)"
18.222.188.103 - - [15/May/2025:13:11:09 +0000] "GET /shopdetail/12699094 HTTP/1.1" 404 32843 "-" "Mozilla/5.0 AppleWebKit/537.36 (KHTML, like Gecko; compatible; ClaudeBot/1.0; +claudebot@anthropic.com)"
35.208.173.41 - - [15/May/2025:13:11:11 +0000] "GET /shopdetail/12349027 HTTP/1.1" 404 32841 "-" "Buck/2.4.5; (+https://app.hypefactors.com/media-monitoring/about.html)"
18.222.188.103 - - [15/May/2025:13:11:10 +0000] "GET /shopdetail/9873350 HTTP/1.1" 404 32841 "-" "Mozilla/5.0 AppleWebKit/537.36 (KHTML, like Gecko; compatible; ClaudeBot/1.0; +claudebot@anthropic.com)"
18.222.188.103 - - [15/May/2025:13:11:11 +0000] "GET /shopdetail/24058538 HTTP/1.1" 404 32842 "-" "Mozilla/5.0 AppleWebKit/537.36 (KHTML, like Gecko; compatible; ClaudeBot/1.0; +claudebot@anthropic.com)"
18.222.188.103 - - [15/May/2025:13:11:12 +0000] "GET /shopdetail/22246683 HTTP/1.1" 404 32842 "-" "Mozilla/5.0 AppleWebKit/537.36 (KHTML, like Gecko; compatible; ClaudeBot/1.0; +claudebot@anthropic.com)"
18.222.188.103 - - [15/May/2025:13:11:13 +0000] "GET /shopdetail/16212416 HTTP/1.1" 404 32842 "-" "Mozilla/5.0 AppleWebKit/537.36 (KHTML, like Gecko; compatible; ClaudeBot/1.0; +claudebot@anthropic.com)"
199.16.157.181 - - [15/May/2025:13:11:35 +0000] "GET /robots.txt HTTP/1.1" 200 923 "-" "Twitterbot/1.0"
199.16.157.181 - - [15/May/2025:13:11:35 +0000] "GET /positioning-african-non-state-actors-at-the-heart-of-climate-policy-and-global-justice-for-acs-ii-and-beyond/ HTTP/1.1" 200 52909 "-" "Twitterbot/1.0"
60.102.191.157 - - [15/May/2025:13:11:38 +0000] "GET /shopdetail/10472938 HTTP/1.1" 200 300 "https://www.google.com/" "Mozilla/5.0 (iPhone; CPU iPhone OS 18_4_1 like Mac OS X) AppleWebKit/605.1.15 (KHTML, like Gecko) GSA/368.0.756386193 Mobile/15E148 Safari/604.1"
64.233.172.135 - - [15/May/2025:13:11:39 +0000] "GET /shopdetail/10472938 HTTP/1.1" 200 19265 "-" "Mozilla/5.0 (Linux; Android 7.0; SM-G930V Build/NRD90M) AppleWebKit/537.36 (KHTML, like Gecko) Chrome/59.0.3071.125 Mobile Safari/537.36 (compatible; Google-Read-Aloud; +https://support.google.com/webmasters/answer/1061943)"
66.249.82.199 - - [15/May/2025:13:11:39 +0000] "GET /shopdetail/10472938 HTTP/1.1" 200 19265 "-" "Mozilla/5.0 (Linux; Android 7.0; SM-G930V Build/NRD90M) AppleWebKit/537.36 (KHTML, like Gecko) Chrome/59.0.3071.125 Mobile Safari/537.36 (compatible; Google-Read-Aloud; +https://support.google.com/webmasters/answer/1061943)"
64.233.172.135 - - [15/May/2025:13:11:41 +0000] "POST /get-message-notify HTTP/1.1" 200 18757 "https://pacja.org/shopdetail/10472938" "Mozilla/5.0 (Linux; Android 7.0; SM-G930V Build/NRD90M) AppleWebKit/537.36 (KHTML, like Gecko) Chrome/59.0.3071.125 Mobile Safari/537.36 (compatible; Google-Read-Aloud; +https://support.google.com/webmasters/answer/1061943)"
156.59.198.135 - - [15/May/2025:13:11:42 +0000] "GET /mithika-covid-19-and-climate-change-offer-the-world-new-dawn-of-working-together/images/WFCJ/Zoom.PNG HTTP/1.1" 403 - "-" "Mozilla/5.0 (Linux; Android 5.0) AppleWebKit/537.36 (KHTML, like Gecko) Mobile Safari/537.36 (compatible; Bytespider; spider-feedback@bytedance.com)"
203.161.61.57 - - [15/May/2025:13:11:47 +0000] "POST /wp-cron.php?doing_wp_cron=1747314707.8246450424194335937500 HTTP/1.1" 200 - "-" "WordPress/6.8.1; https://pacja.org"
52.15.226.19 - - [15/May/2025:13:11:47 +0000] "GET /shopdetail/24366616 HTTP/1.1" 404 32843 "-" "Mozilla/5.0 AppleWebKit/537.36 (KHTML, like Gecko; compatible; ClaudeBot/1.0; +claudebot@anthropic.com)"
52.15.226.19 - - [15/May/2025:13:11:47 +0000] "GET /shopdetail/1915483 HTTP/1.1" 404 32841 "-" "Mozilla/5.0 AppleWebKit/537.36 (KHTML, like Gecko; compatible; ClaudeBot/1.0; +claudebot@anthropic.com)"
66.249.79.199 - - [15/May/2025:13:11:49 +0000] "GET /pcmypage?callback=product%2Fdetail%2F74320698 HTTP/1.1" 200 19030 "-" "Mozilla/5.0 (Linux; Android 6.0.1; Nexus 5X Build/MMB29P) AppleWebKit/537.36 (KHTML, like Gecko) Chrome/136.0.7103.92 Mobile Safari/537.36 (compatible; Googlebot/2.1; +http://www.google.com/bot.html)"
52.15.226.19 - - [15/May/2025:13:11:48 +0000] "GET /shopdetail/5430105 HTTP/1.1" 404 32842 "-" "Mozilla/5.0 AppleWebKit/537.36 (KHTML, like Gecko; compatible; ClaudeBot/1.0; +claudebot@anthropic.com)"
52.15.226.19 - - [15/May/2025:13:11:48 +0000] "GET /shopdetail/3467650 HTTP/1.1" 404 32841 "-" "Mozilla/5.0 AppleWebKit/537.36 (KHTML, like Gecko; compatible; ClaudeBot/1.0; +claudebot@anthropic.com)"
203.161.61.57 - - [15/May/2025:13:11:48 +0000] "POST /wp-admin/admin-ajax.php?action=async_litespeed&nonce=AxFiEblTNWirk3t2kBh7gagkatjm8XP2&litespeed_type=imgoptm HTTP/1.1" 200 21 "-" "WordPress/6.8.1; https://pacja.org"
52.15.226.19 - - [15/May/2025:13:11:50 +0000] "GET /shopdetail/27552672 HTTP/1.1" 404 32841 "-" "Mozilla/5.0 AppleWebKit/537.36 (KHTML, like Gecko; compatible; ClaudeBot/1.0; +claudebot@anthropic.com)"
52.15.226.19 - - [15/May/2025:13:11:50 +0000] "GET /shopdetail/25248616 HTTP/1.1" 404 32843 "-" "Mozilla/5.0 AppleWebKit/537.36 (KHTML, like Gecko; compatible; ClaudeBot/1.0; +claudebot@anthropic.com)"
52.15.226.19 - - [15/May/2025:13:11:51 +0000] "GET /shopdetail/24254749 HTTP/1.1" 404 32843 "-" "Mozilla/5.0 AppleWebKit/537.36 (KHTML, like Gecko; compatible; ClaudeBot/1.0; +claudebot@anthropic.com)"
52.15.226.19 - - [15/May/2025:13:11:52 +0000] "GET /shopdetail/29185527 HTTP/1.1" 404 32843 "-" "Mozilla/5.0 AppleWebKit/537.36 (KHTML, like Gecko; compatible; ClaudeBot/1.0; +claudebot@anthropic.com)"
35.208.173.41 - - [15/May/2025:13:11:53 +0000] "GET /shopdetail/12371072 HTTP/1.1" 404 32840 "-" "Buck/2.4.5; (+https://app.hypefactors.com/media-monitoring/about.html)"
52.15.226.19 - - [15/May/2025:13:11:53 +0000] "GET /shopdetail/28303527 HTTP/1.1" 404 32843 "-" "Mozilla/5.0 AppleWebKit/537.36 (KHTML, like Gecko; compatible; ClaudeBot/1.0; +claudebot@anthropic.com)"
52.15.226.19 - - [15/May/2025:13:11:54 +0000] "GET /shopdetail/20278883 HTTP/1.1" 404 32841 "-" "Mozilla/5.0 AppleWebKit/537.36 (KHTML, like Gecko; compatible; ClaudeBot/1.0; +claudebot@anthropic.com)"
52.15.226.19 - - [15/May/2025:13:11:55 +0000] "GET /shopdetail/15957083 HTTP/1.1" 404 32841 "-" "Mozilla/5.0 AppleWebKit/537.36 (KHTML, like Gecko; compatible; ClaudeBot/1.0; +claudebot@anthropic.com)"
52.15.226.19 - - [15/May/2025:13:11:56 +0000] "GET /shopdetail/30749927 HTTP/1.1" 404 32843 "-" "Mozilla/5.0 AppleWebKit/537.36 (KHTML, like Gecko; compatible; ClaudeBot/1.0; +claudebot@anthropic.com)"
52.15.226.19 - - [15/May/2025:13:11:57 +0000] "GET /shopdetail/11348638 HTTP/1.1" 404 32842 "-" "Mozilla/5.0 AppleWebKit/537.36 (KHTML, like Gecko; compatible; ClaudeBot/1.0; +claudebot@anthropic.com)"
52.15.226.19 - - [15/May/2025:13:11:58 +0000] "GET /shopdetail/25336816 HTTP/1.1" 404 32843 "-" "Mozilla/5.0 AppleWebKit/537.36 (KHTML, like Gecko; compatible; ClaudeBot/1.0; +claudebot@anthropic.com)"
52.15.226.19 - - [15/May/2025:13:11:59 +0000] "GET /shopdetail/24878061 HTTP/1.1" 404 32843 "-" "Mozilla/5.0 AppleWebKit/537.36 (KHTML, like Gecko; compatible; ClaudeBot/1.0; +claudebot@anthropic.com)"
52.15.226.19 - - [15/May/2025:13:11:59 +0000] "GET /shopdetail/16501905 HTTP/1.1" 404 32842 "-" "Mozilla/5.0 AppleWebKit/537.36 (KHTML, like Gecko; compatible; ClaudeBot/1.0; +claudebot@anthropic.com)"
52.15.226.19 - - [15/May/2025:13:12:00 +0000] "GET /shopdetail/761427 HTTP/1.1" 404 32840 "-" "Mozilla/5.0 AppleWebKit/537.36 (KHTML, like Gecko; compatible; ClaudeBot/1.0; +claudebot@anthropic.com)"
52.15.226.19 - - [15/May/2025:13:12:01 +0000] "GET /shopdetail/10592505 HTTP/1.1" 404 32841 "-" "Mozilla/5.0 AppleWebKit/537.36 (KHTML, like Gecko; compatible; ClaudeBot/1.0; +claudebot@anthropic.com)"
54.81.43.75 - - [15/May/2025:13:12:04 +0000] "GET /robots.txt HTTP/1.1" 200 162 "https://www.google.com/" "Mozilla/5.0 (Macintosh; Intel Mac OS X 10.15; rv:137.0) Gecko/20100101 Firefox/137.0"
52.15.226.19 - - [15/May/2025:13:12:02 +0000] "GET /shopdetail/21286494 HTTP/1.1" 404 32843 "-" "Mozilla/5.0 AppleWebKit/537.36 (KHTML, like Gecko; compatible; ClaudeBot/1.0; +claudebot@anthropic.com)"
54.81.43.75 - - [15/May/2025:13:12:05 +0000] "GET /feed HTTP/1.1" 301 - "-" "Rome Client (http://tinyurl.com/64t5n) Ver: UNKNOWN"
52.15.226.19 - - [15/May/2025:13:12:04 +0000] "GET /shopdetail/16082950 HTTP/1.1" 404 32841 "-" "Mozilla/5.0 AppleWebKit/537.36 (KHTML, like Gecko; compatible; ClaudeBot/1.0; +claudebot@anthropic.com)"
52.15.226.19 - - [15/May/2025:13:12:03 +0000] "GET /shopdetail/7307072 HTTP/1.1" 404 32840 "-" "Mozilla/5.0 AppleWebKit/537.36 (KHTML, like Gecko; compatible; ClaudeBot/1.0; +claudebot@anthropic.com)"
54.81.43.75 - - [15/May/2025:13:12:06 +0000] "GET /feed/ HTTP/1.1" 200 18482 "-" "Rome Client (http://tinyurl.com/64t5n) Ver: UNKNOWN"
52.15.226.19 - - [15/May/2025:13:12:06 +0000] "GET /shopdetail/15304061 HTTP/1.1" 404 32841 "-" "Mozilla/5.0 AppleWebKit/537.36 (KHTML, like Gecko; compatible; ClaudeBot/1.0; +claudebot@anthropic.com)"
52.15.226.19 - - [15/May/2025:13:12:05 +0000] "GET /shopdetail/2966427 HTTP/1.1" 404 32842 "-" "Mozilla/5.0 AppleWebKit/537.36 (KHTML, like Gecko; compatible; ClaudeBot/1.0; +claudebot@anthropic.com)"
52.15.226.19 - - [15/May/2025:13:12:08 +0000] "GET /shopdetail/14098450 HTTP/1.1" 404 32841 "-" "Mozilla/5.0 AppleWebKit/537.36 (KHTML, like Gecko; compatible; ClaudeBot/1.0; +claudebot@anthropic.com)"
217.113.194.237 - - [15/May/2025:13:12:10 +0000] "GET /category/news/kenya-related-news/ HTTP/1.1" 403 - "-" "Mozilla/5.0 (compatible; Barkrowler/0.9; +https://babbar.tech/crawler)"
52.15.226.19 - - [15/May/2025:13:12:07 +0000] "GET /shopdetail/3026650 HTTP/1.1" 404 32841 "-" "Mozilla/5.0 AppleWebKit/537.36 (KHTML, like Gecko; compatible; ClaudeBot/1.0; +claudebot@anthropic.com)"
52.15.226.19 - - [15/May/2025:13:12:10 +0000] "GET /shopdetail/25313149 HTTP/1.1" 404 32843 "-" "Mozilla/5.0 AppleWebKit/537.36 (KHTML, like Gecko; compatible; ClaudeBot/1.0; +claudebot@anthropic.com)"
52.15.226.19 - - [15/May/2025:13:12:09 +0000] "GET /shopdetail/24833961 HTTP/1.1" 404 32841 "-" "Mozilla/5.0 AppleWebKit/537.36 (KHTML, like Gecko; compatible; ClaudeBot/1.0; +claudebot@anthropic.com)"
52.15.226.19 - - [15/May/2025:13:12:11 +0000] "GET /shopdetail/18961294 HTTP/1.1" 404 32842 "-" "Mozilla/5.0 AppleWebKit/537.36 (KHTML, like Gecko; compatible; ClaudeBot/1.0; +claudebot@anthropic.com)"
52.15.226.19 - - [15/May/2025:13:12:12 +0000] "GET /shopdetail/19125850 HTTP/1.1" 404 32841 "-" "Mozilla/5.0 AppleWebKit/537.36 (KHTML, like Gecko; compatible; ClaudeBot/1.0; +claudebot@anthropic.com)"
52.15.226.19 - - [15/May/2025:13:12:13 +0000] "GET /shopdetail/18983349 HTTP/1.1" 404 32842 "-" "Mozilla/5.0 AppleWebKit/537.36 (KHTML, like Gecko; compatible; ClaudeBot/1.0; +claudebot@anthropic.com)"
52.15.226.19 - - [15/May/2025:13:12:14 +0000] "GET /shopdetail/6116350 HTTP/1.1" 404 32841 "-" "Mozilla/5.0 AppleWebKit/537.36 (KHTML, like Gecko; compatible; ClaudeBot/1.0; +claudebot@anthropic.com)"
102.215.34.108 - - [15/May/2025:13:12:15 +0000] "POST /wp-admin/admin-ajax.php HTTP/1.1" 200 100 "https://pacja.org/wp-admin/post.php?post=4782&action=edit" "Mozilla/5.0 (Windows NT 10.0; Win64; x64; rv:138.0) Gecko/20100101 Firefox/138.0"
52.15.226.19 - - [15/May/2025:13:12:15 +0000] "GET /shopdetail/29979327 HTTP/1.1" 404 32843 "-" "Mozilla/5.0 AppleWebKit/537.36 (KHTML, like Gecko; compatible; ClaudeBot/1.0; +claudebot@anthropic.com)"
52.15.226.19 - - [15/May/2025:13:12:16 +0000] "GET /shopdetail/7194105 HTTP/1.1" 404 32842 "-" "Mozilla/5.0 AppleWebKit/537.36 (KHTML, like Gecko; compatible; ClaudeBot/1.0; +claudebot@anthropic.com)"
52.15.226.19 - - [15/May/2025:13:12:15 +0000] "GET /shopdetail/21233894 HTTP/1.1" 404 32842 "-" "Mozilla/5.0 AppleWebKit/537.36 (KHTML, like Gecko; compatible; ClaudeBot/1.0; +claudebot@anthropic.com)"
52.15.226.19 - - [15/May/2025:13:12:18 +0000] "GET /shopdetail/25936461 HTTP/1.1" 404 32843 "-" "Mozilla/5.0 AppleWebKit/537.36 (KHTML, like Gecko; compatible; ClaudeBot/1.0; +claudebot@anthropic.com)"
52.15.226.19 - - [15/May/2025:13:12:18 +0000] "GET /shopdetail/5400549 HTTP/1.1" 404 32841 "-" "Mozilla/5.0 AppleWebKit/537.36 (KHTML, like Gecko; compatible; ClaudeBot/1.0; +claudebot@anthropic.com)"
35.208.173.41 - - [15/May/2025:13:12:21 +0000] "GET /shopdetail/12393127 HTTP/1.1" 404 32842 "-" "Buck/2.4.5; (+https://app.hypefactors.com/media-monitoring/about.html)"
52.15.226.19 - - [15/May/2025:13:12:20 +0000] "GET /shopdetail/8994694 HTTP/1.1" 404 32842 "-" "Mozilla/5.0 AppleWebKit/537.36 (KHTML, like Gecko; compatible; ClaudeBot/1.0; +claudebot@anthropic.com)"
52.15.226.19 - - [15/May/2025:13:12:21 +0000] "GET /shopdetail/12451227 HTTP/1.1" 404 32841 "-" "Mozilla/5.0 AppleWebKit/537.36 (KHTML, like Gecko; compatible; ClaudeBot/1.0; +claudebot@anthropic.com)"
66.249.65.169 - - [15/May/2025:13:12:23 +0000] "GET /shopdetail/6319649 HTTP/1.1" 200 20106 "-" "Mozilla/5.0 (Linux; Android 6.0.1; Nexus 5X Build/MMB29P) AppleWebKit/537.36 (KHTML, like Gecko) Chrome/136.0.7103.92 Mobile Safari/537.36 (compatible; Googlebot/2.1; +http://www.google.com/bot.html)"
52.15.226.19 - - [15/May/2025:13:12:19 +0000] "GET /shopdetail/10207449 HTTP/1.1" 404 32841 "-" "Mozilla/5.0 AppleWebKit/537.36 (KHTML, like Gecko; compatible; ClaudeBot/1.0; +claudebot@anthropic.com)"
52.15.226.19 - - [15/May/2025:13:12:23 +0000] "GET /shopdetail/17623616 HTTP/1.1" 404 32842 "-" "Mozilla/5.0 AppleWebKit/537.36 (KHTML, like Gecko; compatible; ClaudeBot/1.0; +claudebot@anthropic.com)"
52.15.226.19 - - [15/May/2025:13:12:22 +0000] "GET /shopdetail/2025116 HTTP/1.1" 404 32840 "-" "Mozilla/5.0 AppleWebKit/537.36 (KHTML, like Gecko; compatible; ClaudeBot/1.0; +claudebot@anthropic.com)"
52.15.226.19 - - [15/May/2025:13:12:24 +0000] "GET /shopdetail/21891938 HTTP/1.1" 404 32843 "-" "Mozilla/5.0 AppleWebKit/537.36 (KHTML, like Gecko; compatible; ClaudeBot/1.0; +claudebot@anthropic.com)"
52.15.226.19 - - [15/May/2025:13:12:25 +0000] "GET /shopdetail/26764983 HTTP/1.1" 404 32843 "-" "Mozilla/5.0 AppleWebKit/537.36 (KHTML, like Gecko; compatible; ClaudeBot/1.0; +claudebot@anthropic.com)"
52.15.226.19 - - [15/May/2025:13:12:27 +0000] "GET /shopdetail/9334527 HTTP/1.1" 404 32842 "-" "Mozilla/5.0 AppleWebKit/537.36 (KHTML, like Gecko; compatible; ClaudeBot/1.0; +claudebot@anthropic.com)"
52.15.226.19 - - [15/May/2025:13:12:26 +0000] "GET /shopdetail/17447216 HTTP/1.1" 404 32842 "-" "Mozilla/5.0 AppleWebKit/537.36 (KHTML, like Gecko; compatible; ClaudeBot/1.0; +claudebot@anthropic.com)"
52.15.226.19 - - [15/May/2025:13:12:28 +0000] "GET /shopdetail/9776672 HTTP/1.1" 404 32840 "-" "Mozilla/5.0 AppleWebKit/537.36 (KHTML, like Gecko; compatible; ClaudeBot/1.0; +claudebot@anthropic.com)"
203.161.61.57 - - [15/May/2025:13:12:52 +0000] "POST /wp-cron.php?doing_wp_cron=1747314772.5203299522399902343750 HTTP/1.1" 200 - "-" "WordPress/6.8.1; https://pacja.org"
35.208.173.41 - - [15/May/2025:13:12:51 +0000] "GET /shopdetail/12415172 HTTP/1.1" 404 32839 "-" "Buck/2.4.5; (+https://app.hypefactors.com/media-monitoring/about.html)"
203.161.61.57 - - [15/May/2025:13:12:53 +0000] "POST /wp-admin/admin-ajax.php?action=async_litespeed&nonce=IVxi4nK87dGUgnOifuz3n1XBRlejbk4O&litespeed_type=imgoptm HTTP/1.1" 200 21 "-" "WordPress/6.8.1; https://pacja.org"
3.143.221.185 - - [15/May/2025:13:12:57 +0000] "GET /shopdetail/28802961 HTTP/1.1" 404 32844 "-" "Mozilla/5.0 AppleWebKit/537.36 (KHTML, like Gecko; compatible; ClaudeBot/1.0; +claudebot@anthropic.com)"
3.143.221.185 - - [15/May/2025:13:12:57 +0000] "GET /shopdetail/13679505 HTTP/1.1" 404 32843 "-" "Mozilla/5.0 AppleWebKit/537.36 (KHTML, like Gecko; compatible; ClaudeBot/1.0; +claudebot@anthropic.com)"
3.143.221.185 - - [15/May/2025:13:12:58 +0000] "GET /shopdetail/27590216 HTTP/1.1" 404 32844 "-" "Mozilla/5.0 AppleWebKit/537.36 (KHTML, like Gecko; compatible; ClaudeBot/1.0; +claudebot@anthropic.com)"
3.143.221.185 - - [15/May/2025:13:12:59 +0000] "GET /shopdetail/29288061 HTTP/1.1" 404 32844 "-" "Mozilla/5.0 AppleWebKit/537.36 (KHTML, like Gecko; compatible; ClaudeBot/1.0; +claudebot@anthropic.com)"
3.143.221.185 - - [15/May/2025:13:12:59 +0000] "GET /shopdetail/16252216 HTTP/1.1" 404 32843 "-" "Mozilla/5.0 AppleWebKit/537.36 (KHTML, like Gecko; compatible; ClaudeBot/1.0; +claudebot@anthropic.com)"
3.143.221.185 - - [15/May/2025:13:12:59 +0000] "GET /shopdetail/11282483 HTTP/1.1" 404 32843 "-" "Mozilla/5.0 AppleWebKit/537.36 (KHTML, like Gecko; compatible; ClaudeBot/1.0; +claudebot@anthropic.com)"
3.143.221.185 - - [15/May/2025:13:13:00 +0000] "GET /shopdetail/29012327 HTTP/1.1" 404 32844 "-" "Mozilla/5.0 AppleWebKit/537.36 (KHTML, like Gecko; compatible; ClaudeBot/1.0; +claudebot@anthropic.com)"
3.143.221.185 - - [15/May/2025:13:13:00 +0000] "GET /shopdetail/17632883 HTTP/1.1" 404 32843 "-" "Mozilla/5.0 AppleWebKit/537.36 (KHTML, like Gecko; compatible; ClaudeBot/1.0; +claudebot@anthropic.com)"
3.143.221.185 - - [15/May/2025:13:13:02 +0000] "GET /shopdetail/23138950 HTTP/1.1" 404 32843 "-" "Mozilla/5.0 AppleWebKit/537.36 (KHTML, like Gecko; compatible; ClaudeBot/1.0; +claudebot@anthropic.com)"
3.143.221.185 - - [15/May/2025:13:13:01 +0000] "GET /shopdetail/12010138 HTTP/1.1" 404 32843 "-" "Mozilla/5.0 AppleWebKit/537.36 (KHTML, like Gecko; compatible; ClaudeBot/1.0; +claudebot@anthropic.com)"
114.119.157.241 - - [15/May/2025:13:13:05 +0000] "GET /index.php/vacancies/item/download/assets/img/posts/cop-25.php HTTP/1.1" 403 - "https://pacja.org/index.php/vacancies/item/download/assets/img/posts/news10.png" "Mozilla/5.0 (Linux; Android 7.0;) AppleWebKit/537.36 (KHTML, like Gecko) Mobile Safari/537.36 (compatible; PetalBot;+https://webmaster.petalsearch.com/site/petalbot)"
3.143.221.185 - - [15/May/2025:13:13:03 +0000] "GET /shopdetail/13244938 HTTP/1.1" 404 32843 "-" "Mozilla/5.0 AppleWebKit/537.36 (KHTML, like Gecko; compatible; ClaudeBot/1.0; +claudebot@anthropic.com)"
3.143.221.185 - - [15/May/2025:13:13:05 +0000] "GET /shopdetail/12169894 HTTP/1.1" 404 32843 "-" "Mozilla/5.0 AppleWebKit/537.36 (KHTML, like Gecko; compatible; ClaudeBot/1.0; +claudebot@anthropic.com)"
3.143.221.185 - - [15/May/2025:13:13:04 +0000] "GET /shopdetail/30386883 HTTP/1.1" 404 32844 "-" "Mozilla/5.0 AppleWebKit/537.36 (KHTML, like Gecko; compatible; ClaudeBot/1.0; +claudebot@anthropic.com)"
3.143.221.185 - - [15/May/2025:13:13:07 +0000] "GET /shopdetail/16550038 HTTP/1.1" 404 32843 "-" "Mozilla/5.0 AppleWebKit/537.36 (KHTML, like Gecko; compatible; ClaudeBot/1.0; +claudebot@anthropic.com)"
3.143.221.185 - - [15/May/2025:13:13:06 +0000] "GET /shopdetail/13748872 HTTP/1.1" 404 32842 "-" "Mozilla/5.0 AppleWebKit/537.36 (KHTML, like Gecko; compatible; ClaudeBot/1.0; +claudebot@anthropic.com)"
3.143.221.185 - - [15/May/2025:13:13:08 +0000] "GET /shopdetail/29884005 HTTP/1.1" 404 32843 "-" "Mozilla/5.0 AppleWebKit/537.36 (KHTML, like Gecko; compatible; ClaudeBot/1.0; +claudebot@anthropic.com)"
3.143.221.185 - - [15/May/2025:13:13:09 +0000] "GET /shopdetail/18095938 HTTP/1.1" 404 32844 "-" "Mozilla/5.0 AppleWebKit/537.36 (KHTML, like Gecko; compatible; ClaudeBot/1.0; +claudebot@anthropic.com)"
3.143.221.185 - - [15/May/2025:13:13:07 +0000] "GET /shopdetail/26946461 HTTP/1.1" 404 32844 "-" "Mozilla/5.0 AppleWebKit/537.36 (KHTML, like Gecko; compatible; ClaudeBot/1.0; +claudebot@anthropic.com)"
3.143.221.185 - - [15/May/2025:13:13:11 +0000] "GET /shopdetail/5652172 HTTP/1.1" 404 32840 "-" "Mozilla/5.0 AppleWebKit/537.36 (KHTML, like Gecko; compatible; ClaudeBot/1.0; +claudebot@anthropic.com)"
3.143.221.185 - - [15/May/2025:13:13:10 +0000] "GET /shopdetail/17846694 HTTP/1.1" 404 32843 "-" "Mozilla/5.0 AppleWebKit/537.36 (KHTML, like Gecko; compatible; ClaudeBot/1.0; +claudebot@anthropic.com)"
3.143.221.185 - - [15/May/2025:13:13:13 +0000] "GET /shopdetail/7451194 HTTP/1.1" 404 32842 "-" "Mozilla/5.0 AppleWebKit/537.36 (KHTML, like Gecko; compatible; ClaudeBot/1.0; +claudebot@anthropic.com)"
3.143.221.185 - - [15/May/2025:13:13:08 +0000] "GET /shopdetail/15752205 HTTP/1.1" 404 32842 "-" "Mozilla/5.0 AppleWebKit/537.36 (KHTML, like Gecko; compatible; ClaudeBot/1.0; +claudebot@anthropic.com)"
3.143.221.185 - - [15/May/2025:13:13:12 +0000] "GET /shopdetail/17689761 HTTP/1.1" 404 32844 "-" "Mozilla/5.0 AppleWebKit/537.36 (KHTML, like Gecko; compatible; ClaudeBot/1.0; +claudebot@anthropic.com)"
3.143.221.185 - - [15/May/2025:13:13:16 +0000] "GET /shopdetail/1683172 HTTP/1.1" 404 32840 "-" "Mozilla/5.0 AppleWebKit/537.36 (KHTML, like Gecko; compatible; ClaudeBot/1.0; +claudebot@anthropic.com)"
66.249.68.38 - - [15/May/2025:13:13:18 +0000] "POST /get-message-notify HTTP/1.1" 200 18767 "https://www.pacja.org/shopdetail/6686683" "Mozilla/5.0 (Linux; Android 6.0.1; Nexus 5X Build/MMB29P) AppleWebKit/537.36 (KHTML, like Gecko) Chrome/135.0.7049.114 Mobile Safari/537.36 (compatible; Googlebot/2.1; +http://www.google.com/bot.html)"
3.143.221.185 - - [15/May/2025:13:13:15 +0000] "GET /shopdetail/3899983 HTTP/1.1" 404 32843 "-" "Mozilla/5.0 AppleWebKit/537.36 (KHTML, like Gecko; compatible; ClaudeBot/1.0; +claudebot@anthropic.com)"
3.143.221.185 - - [15/May/2025:13:13:18 +0000] "GET /shopdetail/5663983 HTTP/1.1" 404 32842 "-" "Mozilla/5.0 AppleWebKit/537.36 (KHTML, like Gecko; compatible; ClaudeBot/1.0; +claudebot@anthropic.com)"
3.143.221.185 - - [15/May/2025:13:13:19 +0000] "GET /shopdetail/21541149 HTTP/1.1" 404 32842 "-" "Mozilla/5.0 AppleWebKit/537.36 (KHTML, like Gecko; compatible; ClaudeBot/1.0; +claudebot@anthropic.com)"
3.143.221.185 - - [15/May/2025:13:13:14 +0000] "GET /shopdetail/15528861 HTTP/1.1" 404 32842 "-" "Mozilla/5.0 AppleWebKit/537.36 (KHTML, like Gecko; compatible; ClaudeBot/1.0; +claudebot@anthropic.com)"
3.143.221.185 - - [15/May/2025:13:13:21 +0000] "GET /shopdetail/1033483 HTTP/1.1" 404 32841 "-" "Mozilla/5.0 AppleWebKit/537.36 (KHTML, like Gecko; compatible; ClaudeBot/1.0; +claudebot@anthropic.com)"
3.143.221.185 - - [15/May/2025:13:13:22 +0000] "GET /shopdetail/28306727 HTTP/1.1" 404 32844 "-" "Mozilla/5.0 AppleWebKit/537.36 (KHTML, like Gecko; compatible; ClaudeBot/1.0; +claudebot@anthropic.com)"
203.161.61.57 - - [15/May/2025:13:13:25 +0000] "POST /wp-cron.php?doing_wp_cron=1747314805.0052530765533447265625 HTTP/1.1" 200 - "-" "WordPress/6.8.1; https://pacja.org"
3.143.221.185 - - [15/May/2025:13:13:20 +0000] "GET /shopdetail/19677105 HTTP/1.1" 404 32843 "-" "Mozilla/5.0 AppleWebKit/537.36 (KHTML, like Gecko; compatible; ClaudeBot/1.0; +claudebot@anthropic.com)"
3.143.221.185 - - [15/May/2025:13:13:24 +0000] "GET /shopdetail/19374838 HTTP/1.1" 404 32844 "-" "Mozilla/5.0 AppleWebKit/537.36 (KHTML, like Gecko; compatible; ClaudeBot/1.0; +claudebot@anthropic.com)"
3.143.221.185 - - [15/May/2025:13:13:25 +0000] "GET /shopdetail/7877650 HTTP/1.1" 404 32842 "-" "Mozilla/5.0 AppleWebKit/537.36 (KHTML, like Gecko; compatible; ClaudeBot/1.0; +claudebot@anthropic.com)"
3.143.221.185 - - [15/May/2025:13:13:26 +0000] "GET /shopdetail/30475083 HTTP/1.1" 404 32844 "-" "Mozilla/5.0 AppleWebKit/537.36 (KHTML, like Gecko; compatible; ClaudeBot/1.0; +claudebot@anthropic.com)"
3.143.221.185 - - [15/May/2025:13:13:27 +0000] "GET /shopdetail/2995938 HTTP/1.1" 404 32843 "-" "Mozilla/5.0 AppleWebKit/537.36 (KHTML, like Gecko; compatible; ClaudeBot/1.0; +claudebot@anthropic.com)"
203.161.61.57 - - [15/May/2025:13:13:37 +0000] "POST /wp-cron.php?doing_wp_cron=1747314817.3136880397796630859375 HTTP/1.1" 200 - "-" "WordPress/6.8.1; https://pacja.org"
35.208.173.41 - - [15/May/2025:13:13:36 +0000] "GET /shopdetail/12437227 HTTP/1.1" 404 32841 "-" "Buck/2.4.5; (+https://app.hypefactors.com/media-monitoring/about.html)"
66.249.79.201 - - [15/May/2025:13:13:47 +0000] "GET /shopdetail/6848094 HTTP/1.1" 200 19424 "-" "Mozilla/5.0 (compatible; Googlebot/2.1; +http://www.google.com/bot.html)"
66.249.79.200 - - [15/May/2025:13:13:49 +0000] "GET /?_gl=1*rgknbr*_ga*MzY3MjE1MDcwLjE3MzcwOTUyMjA.*_ga_0VKVKKN4NV*MTczNzEwMjM4NC4yLjEuMTczNzEwMjQ1My42MC4wLjA.&_bd_prev_page=https://pacja.org/detail.php?shopdetail/18056038 HTTP/1.1" 200 19561 "-" "Mozilla/5.0 (Linux; Android 6.0.1; Nexus 5X Build/MMB29P) AppleWebKit/537.36 (KHTML, like Gecko) Chrome/136.0.7103.92 Mobile Safari/537.36 (compatible; Googlebot/2.1; +http://www.google.com/bot.html)"
203.161.61.57 - - [15/May/2025:13:14:01 +0000] "POST /wp-cron.php?doing_wp_cron=1747314841.6500110626220703125000 HTTP/1.1" 200 - "-" "WordPress/6.8.1; https://pacja.org"
13.59.14.52 - - [15/May/2025:13:14:00 +0000] "GET /shopdetail/25240138 HTTP/1.1" 404 32844 "-" "Mozilla/5.0 AppleWebKit/537.36 (KHTML, like Gecko; compatible; ClaudeBot/1.0; +claudebot@anthropic.com)"
13.59.14.52 - - [15/May/2025:13:14:01 +0000] "GET /shopdetail/20151994 HTTP/1.1" 404 32844 "-" "Mozilla/5.0 AppleWebKit/537.36 (KHTML, like Gecko; compatible; ClaudeBot/1.0; +claudebot@anthropic.com)"
13.59.14.52 - - [15/May/2025:13:14:02 +0000] "GET /shopdetail/27343361 HTTP/1.1" 404 32845 "-" "Mozilla/5.0 AppleWebKit/537.36 (KHTML, like Gecko; compatible; ClaudeBot/1.0; +claudebot@anthropic.com)"
13.59.14.52 - - [15/May/2025:13:14:02 +0000] "GET /shopdetail/14586772 HTTP/1.1" 404 32842 "-" "Mozilla/5.0 AppleWebKit/537.36 (KHTML, like Gecko; compatible; ClaudeBot/1.0; +claudebot@anthropic.com)"
203.161.61.57 - - [15/May/2025:13:14:02 +0000] "POST /wp-admin/admin-ajax.php?action=async_litespeed&nonce=oNHIaWcfkcok63rYDBcdkirG7pYZaQvp&litespeed_type=imgoptm HTTP/1.1" 200 21 "-" "WordPress/6.8.1; https://pacja.org"
13.59.14.52 - - [15/May/2025:13:14:04 +0000] "GET /shopdetail/5841549 HTTP/1.1" 404 32843 "-" "Mozilla/5.0 AppleWebKit/537.36 (KHTML, like Gecko; compatible; ClaudeBot/1.0; +claudebot@anthropic.com)"
35.208.173.41 - - [15/May/2025:13:14:04 +0000] "GET /shopdetail/12459272 HTTP/1.1" 404 32839 "-" "Buck/2.4.5; (+https://app.hypefactors.com/media-monitoring/about.html)"
13.59.14.52 - - [15/May/2025:13:14:04 +0000] "GET /shopdetail/3403072 HTTP/1.1" 404 32842 "-" "Mozilla/5.0 AppleWebKit/537.36 (KHTML, like Gecko; compatible; ClaudeBot/1.0; +claudebot@anthropic.com)"
4.151.241.242 - - [15/May/2025:13:14:06 +0000] "GET /shopdetail/8775794 HTTP/1.1" 301 - "-" "Mozilla/5.0 AppleWebKit/537.36 (KHTML, like Gecko); compatible; ChatGPT-User/1.0; +https://openai.com/bot"
13.59.14.52 - - [15/May/2025:13:14:06 +0000] "GET /shopdetail/14454472 HTTP/1.1" 404 32842 "-" "Mozilla/5.0 AppleWebKit/537.36 (KHTML, like Gecko; compatible; ClaudeBot/1.0; +claudebot@anthropic.com)"
13.59.14.52 - - [15/May/2025:13:14:06 +0000] "GET /shopdetail/27965061 HTTP/1.1" 404 32845 "-" "Mozilla/5.0 AppleWebKit/537.36 (KHTML, like Gecko; compatible; ClaudeBot/1.0; +claudebot@anthropic.com)"
4.151.241.247 - - [15/May/2025:13:14:06 +0000] "GET / HTTP/1.1" 200 59393 "-" "Mozilla/5.0 AppleWebKit/537.36 (KHTML, like Gecko); compatible; ChatGPT-User/1.0; +https://openai.com/bot"
4.151.241.249 - - [15/May/2025:13:14:07 +0000] "GET /shopdetail/8775794 HTTP/1.1" 404 32844 "-" "Mozilla/5.0 AppleWebKit/537.36 (KHTML, like Gecko); compatible; ChatGPT-User/1.0; +https://openai.com/bot"
13.59.14.52 - - [15/May/2025:13:14:07 +0000] "GET /shopdetail/7504372 HTTP/1.1" 404 32842 "-" "Mozilla/5.0 AppleWebKit/537.36 (KHTML, like Gecko; compatible; ClaudeBot/1.0; +claudebot@anthropic.com)"
13.59.14.52 - - [15/May/2025:13:14:08 +0000] "GET /shopdetail/26284961 HTTP/1.1" 404 32845 "-" "Mozilla/5.0 AppleWebKit/537.36 (KHTML, like Gecko; compatible; ClaudeBot/1.0; +claudebot@anthropic.com)"
13.59.14.52 - - [15/May/2025:13:14:09 +0000] "GET /shopdetail/15506816 HTTP/1.1" 404 32843 "-" "Mozilla/5.0 AppleWebKit/537.36 (KHTML, like Gecko; compatible; ClaudeBot/1.0; +claudebot@anthropic.com)"
13.59.14.52 - - [15/May/2025:13:14:11 +0000] "GET /shopdetail/14826105 HTTP/1.1" 404 32844 "-" "Mozilla/5.0 AppleWebKit/537.36 (KHTML, like Gecko; compatible; ClaudeBot/1.0; +claudebot@anthropic.com)"
13.59.14.52 - - [15/May/2025:13:14:11 +0000] "GET /shopdetail/10383849 HTTP/1.1" 404 32842 "-" "Mozilla/5.0 AppleWebKit/537.36 (KHTML, like Gecko; compatible; ClaudeBot/1.0; +claudebot@anthropic.com)"
13.59.14.52 - - [15/May/2025:13:14:13 +0000] "GET /shopdetail/3555850 HTTP/1.1" 404 32842 "-" "Mozilla/5.0 AppleWebKit/537.36 (KHTML, like Gecko; compatible; ClaudeBot/1.0; +claudebot@anthropic.com)"
13.59.14.52 - - [15/May/2025:13:14:13 +0000] "GET /shopdetail/17072361 HTTP/1.1" 404 32844 "-" "Mozilla/5.0 AppleWebKit/537.36 (KHTML, like Gecko; compatible; ClaudeBot/1.0; +claudebot@anthropic.com)"
13.59.14.52 - - [15/May/2025:13:14:12 +0000] "GET /shopdetail/30219150 HTTP/1.1" 404 32843 "-" "Mozilla/5.0 AppleWebKit/537.36 (KHTML, like Gecko; compatible; ClaudeBot/1.0; +claudebot@anthropic.com)"
13.59.14.52 - - [15/May/2025:13:14:14 +0000] "GET /shopdetail/20027061 HTTP/1.1" 404 32844 "-" "Mozilla/5.0 AppleWebKit/537.36 (KHTML, like Gecko; compatible; ClaudeBot/1.0; +claudebot@anthropic.com)"
13.59.14.52 - - [15/May/2025:13:14:16 +0000] "GET /shopdetail/6545983 HTTP/1.1" 404 32844 "-" "Mozilla/5.0 AppleWebKit/537.36 (KHTML, like Gecko; compatible; ClaudeBot/1.0; +claudebot@anthropic.com)"
102.215.34.108 - - [15/May/2025:13:14:17 +0000] "POST /wp-admin/admin-ajax.php HTTP/1.1" 200 101 "https://pacja.org/wp-admin/post.php?post=4782&action=edit" "Mozilla/5.0 (Windows NT 10.0; Win64; x64; rv:138.0) Gecko/20100101 Firefox/138.0"
13.59.14.52 - - [15/May/2025:13:14:17 +0000] "GET /shopdetail/1297461 HTTP/1.1" 404 32843 "-" "Mozilla/5.0 AppleWebKit/537.36 (KHTML, like Gecko; compatible; ClaudeBot/1.0; +claudebot@anthropic.com)"
13.59.14.52 - - [15/May/2025:13:14:15 +0000] "GET /shopdetail/23441138 HTTP/1.1" 404 32845 "-" "Mozilla/5.0 AppleWebKit/537.36 (KHTML, like Gecko; compatible; ClaudeBot/1.0; +claudebot@anthropic.com)"
173.252.107.9 - - [15/May/2025:13:14:18 +0000] "GET /positioning-african-non-state-actors-at-the-heart-of-climate-policy-and-global-justice-for-acs-ii-and-beyond/ HTTP/1.1" 200 263573 "-" "facebookexternalhit/1.1 (+http://www.facebook.com/externalhit_uatext.php)"
13.59.14.52 - - [15/May/2025:13:14:18 +0000] "GET /shopdetail/28761449 HTTP/1.1" 404 32845 "-" "Mozilla/5.0 AppleWebKit/537.36 (KHTML, like Gecko; compatible; ClaudeBot/1.0; +claudebot@anthropic.com)"
13.59.14.52 - - [15/May/2025:13:14:20 +0000] "GET /shopdetail/21452949 HTTP/1.1" 404 32845 "-" "Mozilla/5.0 AppleWebKit/537.36 (KHTML, like Gecko; compatible; ClaudeBot/1.0; +claudebot@anthropic.com)"
66.249.68.39 - - [15/May/2025:13:14:22 +0000] "GET /pcmypage?callback=product/review/52264200 HTTP/1.1" 200 20309 "-" "Mozilla/5.0 (Linux; Android 6.0.1; Nexus 5X Build/MMB29P) AppleWebKit/537.36 (KHTML, like Gecko) Chrome/136.0.7103.92 Mobile Safari/537.36 (compatible; Googlebot/2.1; +http://www.google.com/bot.html)"
13.59.14.52 - - [15/May/2025:13:14:21 +0000] "GET /shopdetail/16574483 HTTP/1.1" 404 32844 "-" "Mozilla/5.0 AppleWebKit/537.36 (KHTML, like Gecko; compatible; ClaudeBot/1.0; +claudebot@anthropic.com)"
13.59.14.52 - - [15/May/2025:13:14:22 +0000] "GET /shopdetail/15985994 HTTP/1.1" 404 32842 "-" "Mozilla/5.0 AppleWebKit/537.36 (KHTML, like Gecko; compatible; ClaudeBot/1.0; +claudebot@anthropic.com)"
13.59.14.52 - - [15/May/2025:13:14:23 +0000] "GET /shopdetail/13269050 HTTP/1.1" 404 32843 "-" "Mozilla/5.0 AppleWebKit/537.36 (KHTML, like Gecko; compatible; ClaudeBot/1.0; +claudebot@anthropic.com)"
13.59.14.52 - - [15/May/2025:13:14:24 +0000] "GET /shopdetail/2124172 HTTP/1.1" 404 32841 "-" "Mozilla/5.0 AppleWebKit/537.36 (KHTML, like Gecko; compatible; ClaudeBot/1.0; +claudebot@anthropic.com)"
13.59.14.52 - - [15/May/2025:13:14:19 +0000] "GET /shopdetail/21852916 HTTP/1.1" 404 32845 "-" "Mozilla/5.0 AppleWebKit/537.36 (KHTML, like Gecko; compatible; ClaudeBot/1.0; +claudebot@anthropic.com)"
13.59.14.52 - - [15/May/2025:13:14:25 +0000] "GET /shopdetail/17094416 HTTP/1.1" 404 32844 "-" "Mozilla/5.0 AppleWebKit/537.36 (KHTML, like Gecko; compatible; ClaudeBot/1.0; +claudebot@anthropic.com)"
13.59.14.52 - - [15/May/2025:13:14:27 +0000] "GET /shopdetail/20750416 HTTP/1.1" 404 32845 "-" "Mozilla/5.0 AppleWebKit/537.36 (KHTML, like Gecko; compatible; ClaudeBot/1.0; +claudebot@anthropic.com)"
13.59.14.52 - - [15/May/2025:13:14:28 +0000] "GET /shopdetail/9931005 HTTP/1.1" 404 32843 "-" "Mozilla/5.0 AppleWebKit/537.36 (KHTML, like Gecko; compatible; ClaudeBot/1.0; +claudebot@anthropic.com)"
13.59.14.52 - - [15/May/2025:13:14:29 +0000] "GET /shopdetail/18905094 HTTP/1.1" 404 32844 "-" "Mozilla/5.0 AppleWebKit/537.36 (KHTML, like Gecko; compatible; ClaudeBot/1.0; +claudebot@anthropic.com)"
13.59.14.52 - - [15/May/2025:13:14:26 +0000] "GET /shopdetail/30369105 HTTP/1.1" 404 32845 "-" "Mozilla/5.0 AppleWebKit/537.36 (KHTML, like Gecko; compatible; ClaudeBot/1.0; +claudebot@anthropic.com)"
13.59.14.52 - - [15/May/2025:13:14:31 +0000] "GET /shopdetail/11081638 HTTP/1.1" 404 32844 "-" "Mozilla/5.0 AppleWebKit/537.36 (KHTML, like Gecko; compatible; ClaudeBot/1.0; +claudebot@anthropic.com)"
13.59.14.52 - - [15/May/2025:13:14:32 +0000] "GET /shopdetail/8850550 HTTP/1.1" 404 32843 "-" "Mozilla/5.0 AppleWebKit/537.36 (KHTML, like Gecko; compatible; ClaudeBot/1.0; +claudebot@anthropic.com)"
13.59.14.52 - - [15/May/2025:13:14:33 +0000] "GET /shopdetail/25579983 HTTP/1.1" 404 32845 "-" "Mozilla/5.0 AppleWebKit/537.36 (KHTML, like Gecko; compatible; ClaudeBot/1.0; +claudebot@anthropic.com)"
13.59.14.52 - - [15/May/2025:13:14:30 +0000] "GET /shopdetail/20637094 HTTP/1.1" 404 32845 "-" "Mozilla/5.0 AppleWebKit/537.36 (KHTML, like Gecko; compatible; ClaudeBot/1.0; +claudebot@anthropic.com)"
217.113.194.235 - - [15/May/2025:13:14:40 +0000] "GET /category/news/morocco-related-news/ HTTP/1.1" 403 - "-" "Mozilla/5.0 (compatible; Barkrowler/0.9; +https://babbar.tech/crawler)"
203.161.61.57 - - [15/May/2025:13:14:41 +0000] "POST /wp-cron.php?doing_wp_cron=1747314881.6469020843505859375000 HTTP/1.1" 200 - "-" "WordPress/6.8.1; https://pacja.org"
35.208.173.41 - - [15/May/2025:13:14:40 +0000] "GET /shopdetail/12481327 HTTP/1.1" 404 32841 "-" "Buck/2.4.5; (+https://app.hypefactors.com/media-monitoring/about.html)"
