211.19.210.20 - - [15/May/2025:12:37:26 +0000] "GET /wp-content/plugins/advance-search/inc/common/css/advance-search-common.css?ver=1.1.6 HTTP/1.1" 200 856 "https://pacja.org/zhHant/product/surugaya/36930997?campaign_uid=f64d716db5e979ed2f947dbaf4296895b951ae7f" "Mozilla/5.0 (Macintosh; Intel Mac OS X 10.15; rv:138.0) Gecko/20100101 Firefox/138.0"
211.19.210.20 - - [15/May/2025:12:37:26 +0000] "GET /wp-content/plugins/advance-search/assets/css/font-awesome.min.css?ver=1.1.6 HTTP/1.1" 200 7053 "https://pacja.org/zhHant/product/surugaya/36930997?campaign_uid=f64d716db5e979ed2f947dbaf4296895b951ae7f" "Mozilla/5.0 (Macintosh; Intel Mac OS X 10.15; rv:138.0) Gecko/20100101 Firefox/138.0"
211.19.210.20 - - [15/May/2025:12:37:26 +0000] "GET /wp-content/plugins/advance-search/inc/common/css/jquery-ui.css?ver=1.1.6 HTTP/1.1" 200 8394 "https://pacja.org/zhHant/product/surugaya/36930997?campaign_uid=f64d716db5e979ed2f947dbaf4296895b951ae7f" "Mozilla/5.0 (Macintosh; Intel Mac OS X 10.15; rv:138.0) Gecko/20100101 Firefox/138.0"
211.19.210.20 - - [15/May/2025:12:37:27 +0000] "GET /wp-content/plugins/contact-form-7/includes/css/styles.css?ver=6.0.6 HTTP/1.1" 200 1015 "https://pacja.org/zhHant/product/surugaya/36930997?campaign_uid=f64d716db5e979ed2f947dbaf4296895b951ae7f" "Mozilla/5.0 (Macintosh; Intel Mac OS X 10.15; rv:138.0) Gecko/20100101 Firefox/138.0"
211.19.210.20 - - [15/May/2025:12:37:27 +0000] "GET /wp-content/plugins/download-manager/assets/wpdm-iconfont/css/wpdm-icons.css?ver=d6d318ac8eaa702f795eb12f2dd73d9f HTTP/1.1" 200 1125 "https://pacja.org/zhHant/product/surugaya/36930997?campaign_uid=f64d716db5e979ed2f947dbaf4296895b951ae7f" "Mozilla/5.0 (Macintosh; Intel Mac OS X 10.15; rv:138.0) Gecko/20100101 Firefox/138.0"
211.19.210.20 - - [15/May/2025:12:37:27 +0000] "GET /wp-content/plugins/flickr-stream/css/frontend.min.css?ver=1.3 HTTP/1.1" 200 416 "https://pacja.org/zhHant/product/surugaya/36930997?campaign_uid=f64d716db5e979ed2f947dbaf4296895b951ae7f" "Mozilla/5.0 (Macintosh; Intel Mac OS X 10.15; rv:138.0) Gecko/20100101 Firefox/138.0"
211.19.210.20 - - [15/May/2025:12:37:27 +0000] "GET /wp-content/plugins/download-manager/assets/css/front.min.css?ver=d6d318ac8eaa702f795eb12f2dd73d9f HTTP/1.1" 200 11726 "https://pacja.org/zhHant/product/surugaya/36930997?campaign_uid=f64d716db5e979ed2f947dbaf4296895b951ae7f" "Mozilla/5.0 (Macintosh; Intel Mac OS X 10.15; rv:138.0) Gecko/20100101 Firefox/138.0"
211.19.210.20 - - [15/May/2025:12:37:27 +0000] "GET /wp-content/plugins/elementor/assets/lib/font-awesome/css/font-awesome.min.css?ver=4.7.0 HTTP/1.1" 200 7052 "https://pacja.org/zhHant/product/surugaya/36930997?campaign_uid=f64d716db5e979ed2f947dbaf4296895b951ae7f" "Mozilla/5.0 (Macintosh; Intel Mac OS X 10.15; rv:138.0) Gecko/20100101 Firefox/138.0"
211.19.210.20 - - [15/May/2025:12:37:27 +0000] "GET /wp-content/plugins/events-manager/includes/css/events-manager.min.css?ver=6.6.4.4 HTTP/1.1" 200 47888 "https://pacja.org/zhHant/product/surugaya/36930997?campaign_uid=f64d716db5e979ed2f947dbaf4296895b951ae7f" "Mozilla/5.0 (Macintosh; Intel Mac OS X 10.15; rv:138.0) Gecko/20100101 Firefox/138.0"
211.19.210.20 - - [15/May/2025:12:37:27 +0000] "GET /wp-content/plugins/flickr-viewer/public/css/cws-flickr-gallery-pro-public.css?ver=1.1.8 HTTP/1.1" 200 1533 "https://pacja.org/zhHant/product/surugaya/36930997?campaign_uid=f64d716db5e979ed2f947dbaf4296895b951ae7f" "Mozilla/5.0 (Macintosh; Intel Mac OS X 10.15; rv:138.0) Gecko/20100101 Firefox/138.0"
211.19.210.20 - - [15/May/2025:12:37:27 +0000] "GET /wp-content/plugins/flickr-viewer/public/css/lightbox/lightbox.css?ver=1.1.8 HTTP/1.1" 200 1011 "https://pacja.org/zhHant/product/surugaya/36930997?campaign_uid=f64d716db5e979ed2f947dbaf4296895b951ae7f" "Mozilla/5.0 (Macintosh; Intel Mac OS X 10.15; rv:138.0) Gecko/20100101 Firefox/138.0"
211.19.210.20 - - [15/May/2025:12:37:27 +0000] "GET /wp-content/plugins/flickr-viewer/public/css/component.css?ver=1.1.8 HTTP/1.1" 200 965 "https://pacja.org/zhHant/product/surugaya/36930997?campaign_uid=f64d716db5e979ed2f947dbaf4296895b951ae7f" "Mozilla/5.0 (Macintosh; Intel Mac OS X 10.15; rv:138.0) Gecko/20100101 Firefox/138.0"
211.19.210.20 - - [15/May/2025:12:37:27 +0000] "GET /wp-content/plugins/flickr-viewer/public/css/default.css?ver=1.1.8 HTTP/1.1" 200 773 "https://pacja.org/zhHant/product/surugaya/36930997?campaign_uid=f64d716db5e979ed2f947dbaf4296895b951ae7f" "Mozilla/5.0 (Macintosh; Intel Mac OS X 10.15; rv:138.0) Gecko/20100101 Firefox/138.0"
211.19.210.20 - - [15/May/2025:12:37:27 +0000] "GET /wp-content/plugins/quick-event-manager/legacy/quick-event-manager.css?ver=9.14 HTTP/1.1" 200 2402 "https://pacja.org/zhHant/product/surugaya/36930997?campaign_uid=f64d716db5e979ed2f947dbaf4296895b951ae7f" "Mozilla/5.0 (Macintosh; Intel Mac OS X 10.15; rv:138.0) Gecko/20100101 Firefox/138.0"
211.19.210.20 - - [15/May/2025:12:37:27 +0000] "GET /wp-content/plugins/quick-event-manager/ui/user/css/style.css?ver=9.14 HTTP/1.1" 200 881 "https://pacja.org/zhHant/product/surugaya/36930997?campaign_uid=f64d716db5e979ed2f947dbaf4296895b951ae7f" "Mozilla/5.0 (Macintosh; Intel Mac OS X 10.15; rv:138.0) Gecko/20100101 Firefox/138.0"
211.19.210.20 - - [15/May/2025:12:37:27 +0000] "GET /wp-content/plugins/add-search-to-menu/public/css/ivory-search.min.css?ver=5.5.9 HTTP/1.1" 200 1695 "https://pacja.org/zhHant/product/surugaya/36930997?campaign_uid=f64d716db5e979ed2f947dbaf4296895b951ae7f" "Mozilla/5.0 (Macintosh; Intel Mac OS X 10.15; rv:138.0) Gecko/20100101 Firefox/138.0"
211.19.210.20 - - [15/May/2025:12:37:27 +0000] "GET /wp-content/themes/pacja.../style.css?ver=20.6.4 HTTP/1.1" 200 129 "https://pacja.org/zhHant/product/surugaya/36930997?campaign_uid=f64d716db5e979ed2f947dbaf4296895b951ae7f" "Mozilla/5.0 (Macintosh; Intel Mac OS X 10.15; rv:138.0) Gecko/20100101 Firefox/138.0"
211.19.210.20 - - [15/May/2025:12:37:27 +0000] "GET /wp-content/plugins/search-filter/style.css?ver=1 HTTP/1.1" 200 272 "https://pacja.org/zhHant/product/surugaya/36930997?campaign_uid=f64d716db5e979ed2f947dbaf4296895b951ae7f" "Mozilla/5.0 (Macintosh; Intel Mac OS X 10.15; rv:138.0) Gecko/20100101 Firefox/138.0"
211.19.210.20 - - [15/May/2025:12:37:27 +0000] "GET /wp-content/themes/pacja.../css/base.css?ver=20.6.4 HTTP/1.1" 200 12203 "https://pacja.org/zhHant/product/surugaya/36930997?campaign_uid=f64d716db5e979ed2f947dbaf4296895b951ae7f" "Mozilla/5.0 (Macintosh; Intel Mac OS X 10.15; rv:138.0) Gecko/20100101 Firefox/138.0"
211.19.210.20 - - [15/May/2025:12:37:27 +0000] "GET /wp-content/themes/pacja.../css/layout.css?ver=20.6.4 HTTP/1.1" 200 19789 "https://pacja.org/zhHant/product/surugaya/36930997?campaign_uid=f64d716db5e979ed2f947dbaf4296895b951ae7f" "Mozilla/5.0 (Macintosh; Intel Mac OS X 10.15; rv:138.0) Gecko/20100101 Firefox/138.0"
211.19.210.20 - - [15/May/2025:12:37:27 +0000] "GET /wp-content/themes/pacja.../assets/animations/animations.min.css?ver=20.6.4 HTTP/1.1" 200 5418 "https://pacja.org/zhHant/product/surugaya/36930997?campaign_uid=f64d716db5e979ed2f947dbaf4296895b951ae7f" "Mozilla/5.0 (Macintosh; Intel Mac OS X 10.15; rv:138.0) Gecko/20100101 Firefox/138.0"
211.19.210.20 - - [15/May/2025:12:37:27 +0000] "GET /wp-content/themes/pacja.../css/shortcodes.css?ver=20.6.4 HTTP/1.1" 200 22258 "https://pacja.org/zhHant/product/surugaya/36930997?campaign_uid=f64d716db5e979ed2f947dbaf4296895b951ae7f" "Mozilla/5.0 (Macintosh; Intel Mac OS X 10.15; rv:138.0) Gecko/20100101 Firefox/138.0"
211.19.210.20 - - [15/May/2025:12:37:27 +0000] "GET /wp-content/themes/pacja.../assets/ui/jquery.ui.all.css?ver=20.6.4 HTTP/1.1" 200 3383 "https://pacja.org/zhHant/product/surugaya/36930997?campaign_uid=f64d716db5e979ed2f947dbaf4296895b951ae7f" "Mozilla/5.0 (Macintosh; Intel Mac OS X 10.15; rv:138.0) Gecko/20100101 Firefox/138.0"
211.19.210.20 - - [15/May/2025:12:37:27 +0000] "GET /wp-content/themes/pacja.../assets/jplayer/css/jplayer.blue.monday.css?ver=20.6.4 HTTP/1.1" 200 2146 "https://pacja.org/zhHant/product/surugaya/36930997?campaign_uid=f64d716db5e979ed2f947dbaf4296895b951ae7f" "Mozilla/5.0 (Macintosh; Intel Mac OS X 10.15; rv:138.0) Gecko/20100101 Firefox/138.0"
211.19.210.20 - - [15/May/2025:12:37:27 +0000] "GET /wp-content/themes/pacja.../css/responsive.css?ver=20.6.4 HTTP/1.1" 200 9964 "https://pacja.org/zhHant/product/surugaya/36930997?campaign_uid=f64d716db5e979ed2f947dbaf4296895b951ae7f" "Mozilla/5.0 (Macintosh; Intel Mac OS X 10.15; rv:138.0) Gecko/20100101 Firefox/138.0"
3.133.112.141 - - [15/May/2025:12:37:26 +0000] "GET /shopdetail/26666694 HTTP/1.1" 404 32841 "-" "Mozilla/5.0 AppleWebKit/537.36 (KHTML, like Gecko; compatible; ClaudeBot/1.0; +claudebot@anthropic.com)"
211.19.210.20 - - [15/May/2025:12:37:27 +0000] "GET /wp-content/plugins/jetpack/modules/likes/style.css?ver=14.3 HTTP/1.1" 200 1749 "https://pacja.org/zhHant/product/surugaya/36930997?campaign_uid=f64d716db5e979ed2f947dbaf4296895b951ae7f" "Mozilla/5.0 (Macintosh; Intel Mac OS X 10.15; rv:138.0) Gecko/20100101 Firefox/138.0"
211.19.210.20 - - [15/May/2025:12:37:27 +0000] "GET /wp-content/plugins/tablepress/css/build/default.css?ver=3.0.4 HTTP/1.1" 200 1486 "https://pacja.org/zhHant/product/surugaya/36930997?campaign_uid=f64d716db5e979ed2f947dbaf4296895b951ae7f" "Mozilla/5.0 (Macintosh; Intel Mac OS X 10.15; rv:138.0) Gecko/20100101 Firefox/138.0"
211.19.210.20 - - [15/May/2025:12:37:27 +0000] "GET /wp-content/plugins/youtube-embed-plus/styles/ytprefs.min.css?ver=14.2.1.3 HTTP/1.1" 200 1786 "https://pacja.org/zhHant/product/surugaya/36930997?campaign_uid=f64d716db5e979ed2f947dbaf4296895b951ae7f" "Mozilla/5.0 (Macintosh; Intel Mac OS X 10.15; rv:138.0) Gecko/20100101 Firefox/138.0"
211.19.210.20 - - [15/May/2025:12:37:27 +0000] "GET /wp-content/plugins/elementor/assets/css/frontend.min.css?ver=3.27.6 HTTP/1.1" 200 7101 "https://pacja.org/zhHant/product/surugaya/36930997?campaign_uid=f64d716db5e979ed2f947dbaf4296895b951ae7f" "Mozilla/5.0 (Macintosh; Intel Mac OS X 10.15; rv:138.0) Gecko/20100101 Firefox/138.0"
211.19.210.20 - - [15/May/2025:12:37:27 +0000] "GET /wp-content/plugins/essential-addons-for-elementor-lite/assets/front-end/css/view/general.min.css?ver=6.1.4 HTTP/1.1" 200 1539 "https://pacja.org/zhHant/product/surugaya/36930997?campaign_uid=f64d716db5e979ed2f947dbaf4296895b951ae7f" "Mozilla/5.0 (Macintosh; Intel Mac OS X 10.15; rv:138.0) Gecko/20100101 Firefox/138.0"
211.19.210.20 - - [15/May/2025:12:37:27 +0000] "GET /wp-includes/js/jquery/jquery-migrate.min.js?ver=3.4.1 HTTP/1.1" 200 4872 "https://pacja.org/zhHant/product/surugaya/36930997?campaign_uid=f64d716db5e979ed2f947dbaf4296895b951ae7f" "Mozilla/5.0 (Macintosh; Intel Mac OS X 10.15; rv:138.0) Gecko/20100101 Firefox/138.0"
211.19.210.20 - - [15/May/2025:12:37:27 +0000] "GET /wp-includes/js/jquery/jquery.min.js?ver=3.7.1 HTTP/1.1" 200 30368 "https://pacja.org/zhHant/product/surugaya/36930997?campaign_uid=f64d716db5e979ed2f947dbaf4296895b951ae7f" "Mozilla/5.0 (Macintosh; Intel Mac OS X 10.15; rv:138.0) Gecko/20100101 Firefox/138.0"
211.19.210.20 - - [15/May/2025:12:37:27 +0000] "GET /wp-content/plugins/LayerSlider/assets/static/layerslider/js/layerslider.utils.js?ver=7.11.0 HTTP/1.1" 200 41565 "https://pacja.org/zhHant/product/surugaya/36930997?campaign_uid=f64d716db5e979ed2f947dbaf4296895b951ae7f" "Mozilla/5.0 (Macintosh; Intel Mac OS X 10.15; rv:138.0) Gecko/20100101 Firefox/138.0"
211.19.210.20 - - [15/May/2025:12:37:27 +0000] "GET /wp-content/plugins/LayerSlider/assets/static/layerslider/js/layerslider.transitions.js?ver=7.11.0 HTTP/1.1" 200 4907 "https://pacja.org/zhHant/product/surugaya/36930997?campaign_uid=f64d716db5e979ed2f947dbaf4296895b951ae7f" "Mozilla/5.0 (Macintosh; Intel Mac OS X 10.15; rv:138.0) Gecko/20100101 Firefox/138.0"
211.19.210.20 - - [15/May/2025:12:37:27 +0000] "GET /wp-content/plugins/LayerSlider/assets/static/layerslider/js/layerslider.kreaturamedia.jquery.js?ver=7.11.0 HTTP/1.1" 200 63362 "https://pacja.org/zhHant/product/surugaya/36930997?campaign_uid=f64d716db5e979ed2f947dbaf4296895b951ae7f" "Mozilla/5.0 (Macintosh; Intel Mac OS X 10.15; rv:138.0) Gecko/20100101 Firefox/138.0"
211.19.210.20 - - [15/May/2025:12:37:27 +0000] "GET /wp-content/plugins/google-analytics-for-wordpress/assets/js/frontend-gtag.min.js?ver=9.5.3 HTTP/1.1" 200 3277 "https://pacja.org/zhHant/product/surugaya/36930997?campaign_uid=f64d716db5e979ed2f947dbaf4296895b951ae7f" "Mozilla/5.0 (Macintosh; Intel Mac OS X 10.15; rv:138.0) Gecko/20100101 Firefox/138.0"
211.19.210.20 - - [15/May/2025:12:37:27 +0000] "GET /wp-includes/js/jquery/ui/core.min.js?ver=1.13.3 HTTP/1.1" 200 7106 "https://pacja.org/zhHant/product/surugaya/36930997?campaign_uid=f64d716db5e979ed2f947dbaf4296895b951ae7f" "Mozilla/5.0 (Macintosh; Intel Mac OS X 10.15; rv:138.0) Gecko/20100101 Firefox/138.0"
211.19.210.20 - - [15/May/2025:12:37:27 +0000] "GET /wp-content/plugins/advance-search/inc/frontend/js/advance-search-frontend.js?ver=1.1.6 HTTP/1.1" 200 515 "https://pacja.org/zhHant/product/surugaya/36930997?campaign_uid=f64d716db5e979ed2f947dbaf4296895b951ae7f" "Mozilla/5.0 (Macintosh; Intel Mac OS X 10.15; rv:138.0) Gecko/20100101 Firefox/138.0"
211.19.210.20 - - [15/May/2025:12:37:27 +0000] "GET /wp-content/plugins/download-manager/assets/js/wpdm.min.js?ver=d6d318ac8eaa702f795eb12f2dd73d9f HTTP/1.1" 200 470 "https://pacja.org/zhHant/product/surugaya/36930997?campaign_uid=f64d716db5e979ed2f947dbaf4296895b951ae7f" "Mozilla/5.0 (Macintosh; Intel Mac OS X 10.15; rv:138.0) Gecko/20100101 Firefox/138.0"
211.19.210.20 - - [15/May/2025:12:37:27 +0000] "GET /wp-content/plugins/download-manager/assets/js/front.min.js?ver=3.3.17 HTTP/1.1" 200 9513 "https://pacja.org/zhHant/product/surugaya/36930997?campaign_uid=f64d716db5e979ed2f947dbaf4296895b951ae7f" "Mozilla/5.0 (Macintosh; Intel Mac OS X 10.15; rv:138.0) Gecko/20100101 Firefox/138.0"
211.19.210.20 - - [15/May/2025:12:37:28 +0000] "GET /wp-includes/js/jquery/ui/mouse.min.js?ver=1.13.3 HTTP/1.1" 200 1098 "https://pacja.org/zhHant/product/surugaya/36930997?campaign_uid=f64d716db5e979ed2f947dbaf4296895b951ae7f" "Mozilla/5.0 (Macintosh; Intel Mac OS X 10.15; rv:138.0) Gecko/20100101 Firefox/138.0"
211.19.210.20 - - [15/May/2025:12:37:28 +0000] "GET /wp-includes/js/jquery/ui/sortable.min.js?ver=1.13.3 HTTP/1.1" 200 6586 "https://pacja.org/zhHant/product/surugaya/36930997?campaign_uid=f64d716db5e979ed2f947dbaf4296895b951ae7f" "Mozilla/5.0 (Macintosh; Intel Mac OS X 10.15; rv:138.0) Gecko/20100101 Firefox/138.0"
211.19.210.20 - - [15/May/2025:12:37:28 +0000] "GET /wp-includes/js/jquery/ui/datepicker.min.js?ver=1.13.3 HTTP/1.1" 200 10907 "https://pacja.org/zhHant/product/surugaya/36930997?campaign_uid=f64d716db5e979ed2f947dbaf4296895b951ae7f" "Mozilla/5.0 (Macintosh; Intel Mac OS X 10.15; rv:138.0) Gecko/20100101 Firefox/138.0"
211.19.210.20 - - [15/May/2025:12:37:28 +0000] "GET /wp-includes/js/jquery/ui/resizable.min.js?ver=1.13.3 HTTP/1.1" 200 5354 "https://pacja.org/zhHant/product/surugaya/36930997?campaign_uid=f64d716db5e979ed2f947dbaf4296895b951ae7f" "Mozilla/5.0 (Macintosh; Intel Mac OS X 10.15; rv:138.0) Gecko/20100101 Firefox/138.0"
211.19.210.20 - - [15/May/2025:12:37:28 +0000] "GET /wp-includes/js/jquery/ui/draggable.min.js?ver=1.13.3 HTTP/1.1" 200 4875 "https://pacja.org/zhHant/product/surugaya/36930997?campaign_uid=f64d716db5e979ed2f947dbaf4296895b951ae7f" "Mozilla/5.0 (Macintosh; Intel Mac OS X 10.15; rv:138.0) Gecko/20100101 Firefox/138.0"
211.19.210.20 - - [15/May/2025:12:37:28 +0000] "GET /wp-includes/js/jquery/ui/controlgroup.min.js?ver=1.13.3 HTTP/1.1" 200 1606 "https://pacja.org/zhHant/product/surugaya/36930997?campaign_uid=f64d716db5e979ed2f947dbaf4296895b951ae7f" "Mozilla/5.0 (Macintosh; Intel Mac OS X 10.15; rv:138.0) Gecko/20100101 Firefox/138.0"
211.19.210.20 - - [15/May/2025:12:37:28 +0000] "GET /wp-includes/js/jquery/ui/checkboxradio.min.js?ver=1.13.3 HTTP/1.1" 200 1422 "https://pacja.org/zhHant/product/surugaya/36930997?campaign_uid=f64d716db5e979ed2f947dbaf4296895b951ae7f" "Mozilla/5.0 (Macintosh; Intel Mac OS X 10.15; rv:138.0) Gecko/20100101 Firefox/138.0"
211.19.210.20 - - [15/May/2025:12:37:28 +0000] "GET /wp-includes/js/jquery/ui/button.min.js?ver=1.13.3 HTTP/1.1" 200 1979 "https://pacja.org/zhHant/product/surugaya/36930997?campaign_uid=f64d716db5e979ed2f947dbaf4296895b951ae7f" "Mozilla/5.0 (Macintosh; Intel Mac OS X 10.15; rv:138.0) Gecko/20100101 Firefox/138.0"
211.19.210.20 - - [15/May/2025:12:37:28 +0000] "GET /wp-includes/js/jquery/ui/dialog.min.js?ver=1.13.3 HTTP/1.1" 200 3832 "https://pacja.org/zhHant/product/surugaya/36930997?campaign_uid=f64d716db5e979ed2f947dbaf4296895b951ae7f" "Mozilla/5.0 (Macintosh; Intel Mac OS X 10.15; rv:138.0) Gecko/20100101 Firefox/138.0"
211.19.210.20 - - [15/May/2025:12:37:28 +0000] "GET /wp-content/plugins/flickr-viewer/public/js/cws-flickr-gallery-pro-public.js?ver=1.1.8 HTTP/1.1" 200 453 "https://pacja.org/zhHant/product/surugaya/36930997?campaign_uid=f64d716db5e979ed2f947dbaf4296895b951ae7f" "Mozilla/5.0 (Macintosh; Intel Mac OS X 10.15; rv:138.0) Gecko/20100101 Firefox/138.0"
211.19.210.20 - - [15/May/2025:12:37:28 +0000] "GET /wp-content/plugins/inline-google-spreadsheet-viewer/igsv-datatables.js?ver=d6d318ac8eaa702f795eb12f2dd73d9f HTTP/1.1" 200 853 "https://pacja.org/zhHant/product/surugaya/36930997?campaign_uid=f64d716db5e979ed2f947dbaf4296895b951ae7f" "Mozilla/5.0 (Macintosh; Intel Mac OS X 10.15; rv:138.0) Gecko/20100101 Firefox/138.0"
211.19.210.20 - - [15/May/2025:12:37:28 +0000] "GET /wp-content/plugins/events-manager/includes/js/events-manager.js?ver=6.6.4.4 HTTP/1.1" 200 116662 "https://pacja.org/zhHant/product/surugaya/36930997?campaign_uid=f64d716db5e979ed2f947dbaf4296895b951ae7f" "Mozilla/5.0 (Macintosh; Intel Mac OS X 10.15; rv:138.0) Gecko/20100101 Firefox/138.0"
211.19.210.20 - - [15/May/2025:12:37:28 +0000] "GET /wp-content/plugins/interactive-3d-flipbook-powered-physics-engine/assets/js/client-locale-loader.js?ver=1.16.15 HTTP/1.1" 200 753 "https://pacja.org/zhHant/product/surugaya/36930997?campaign_uid=f64d716db5e979ed2f947dbaf4296895b951ae7f" "Mozilla/5.0 (Macintosh; Intel Mac OS X 10.15; rv:138.0) Gecko/20100101 Firefox/138.0"
211.19.210.20 - - [15/May/2025:12:37:28 +0000] "GET /wp-content/plugins/inline-google-spreadsheet-viewer/igsv-gvizcharts.js?ver=d6d318ac8eaa702f795eb12f2dd73d9f HTTP/1.1" 200 1144 "https://pacja.org/zhHant/product/surugaya/36930997?campaign_uid=f64d716db5e979ed2f947dbaf4296895b951ae7f" "Mozilla/5.0 (Macintosh; Intel Mac OS X 10.15; rv:138.0) Gecko/20100101 Firefox/138.0"
211.19.210.20 - - [15/May/2025:12:37:28 +0000] "GET /wp-content/plugins/youtube-embed-plus/scripts/ytprefs.min.js?ver=14.2.1.3 HTTP/1.1" 200 4761 "https://pacja.org/zhHant/product/surugaya/36930997?campaign_uid=f64d716db5e979ed2f947dbaf4296895b951ae7f" "Mozilla/5.0 (Macintosh; Intel Mac OS X 10.15; rv:138.0) Gecko/20100101 Firefox/138.0"
3.133.112.141 - - [15/May/2025:12:37:27 +0000] "GET /shopdetail/27727505 HTTP/1.1" 404 32843 "-" "Mozilla/5.0 AppleWebKit/537.36 (KHTML, like Gecko; compatible; ClaudeBot/1.0; +claudebot@anthropic.com)"
211.19.210.20 - - [15/May/2025:12:37:28 +0000] "GET /wp-content/plugins/revslider/sr6/assets/css/rs6.css?ver=6.7.18 HTTP/1.1" 200 12492 "https://pacja.org/zhHant/product/surugaya/36930997?campaign_uid=f64d716db5e979ed2f947dbaf4296895b951ae7f" "Mozilla/5.0 (Macintosh; Intel Mac OS X 10.15; rv:138.0) Gecko/20100101 Firefox/138.0"
211.19.210.20 - - [15/May/2025:12:37:28 +0000] "GET /wp-content/plugins/gs-logo-slider/assets/libs/swiper-js/swiper.min.js?ver=3.7.4 HTTP/1.1" 200 39697 "https://pacja.org/zhHant/product/surugaya/36930997?campaign_uid=f64d716db5e979ed2f947dbaf4296895b951ae7f" "Mozilla/5.0 (Macintosh; Intel Mac OS X 10.15; rv:138.0) Gecko/20100101 Firefox/138.0"
211.19.210.20 - - [15/May/2025:12:37:28 +0000] "GET /wp-content/plugins/gs-logo-slider/assets/libs/tippyjs/tippy-bundle.umd.min.js?ver=3.7.4 HTTP/1.1" 200 13759 "https://pacja.org/zhHant/product/surugaya/36930997?campaign_uid=f64d716db5e979ed2f947dbaf4296895b951ae7f" "Mozilla/5.0 (Macintosh; Intel Mac OS X 10.15; rv:138.0) Gecko/20100101 Firefox/138.0"
211.19.210.20 - - [15/May/2025:12:37:28 +0000] "GET /wp-content/plugins/gs-logo-slider/assets/libs/images-loaded/images-loaded.min.js?ver=3.7.4 HTTP/1.1" 200 1810 "https://pacja.org/zhHant/product/surugaya/36930997?campaign_uid=f64d716db5e979ed2f947dbaf4296895b951ae7f" "Mozilla/5.0 (Macintosh; Intel Mac OS X 10.15; rv:138.0) Gecko/20100101 Firefox/138.0"
211.19.210.20 - - [15/May/2025:12:37:28 +0000] "GET /wp-content/plugins/gs-logo-slider/assets/js/gs-logo.min.js?ver=3.7.4 HTTP/1.1" 200 2450 "https://pacja.org/zhHant/product/surugaya/36930997?campaign_uid=f64d716db5e979ed2f947dbaf4296895b951ae7f" "Mozilla/5.0 (Macintosh; Intel Mac OS X 10.15; rv:138.0) Gecko/20100101 Firefox/138.0"
211.19.210.20 - - [15/May/2025:12:37:28 +0000] "GET /wp-includes/js/dist/dom-ready.min.js?ver=f77871ff7694fffea381 HTTP/1.1" 200 320 "https://pacja.org/zhHant/product/surugaya/36930997?campaign_uid=f64d716db5e979ed2f947dbaf4296895b951ae7f" "Mozilla/5.0 (Macintosh; Intel Mac OS X 10.15; rv:138.0) Gecko/20100101 Firefox/138.0"
211.19.210.20 - - [15/May/2025:12:37:28 +0000] "GET /wp-content/plugins/civist/civist-wordpress-blocks-embed.js?ver=1bdc5b775f7478bc9ab8 HTTP/1.1" 200 15019 "https://pacja.org/zhHant/product/surugaya/36930997?campaign_uid=f64d716db5e979ed2f947dbaf4296895b951ae7f" "Mozilla/5.0 (Macintosh; Intel Mac OS X 10.15; rv:138.0) Gecko/20100101 Firefox/138.0"
211.19.210.20 - - [15/May/2025:12:37:28 +0000] "GET /wp-includes/js/dist/hooks.min.js?ver=4d63a3d491d11ffd8ac6 HTTP/1.1" 200 1648 "https://pacja.org/zhHant/product/surugaya/36930997?campaign_uid=f64d716db5e979ed2f947dbaf4296895b951ae7f" "Mozilla/5.0 (Macintosh; Intel Mac OS X 10.15; rv:138.0) Gecko/20100101 Firefox/138.0"
211.19.210.20 - - [15/May/2025:12:37:28 +0000] "GET /wp-includes/js/jquery/ui/menu.min.js?ver=1.13.3 HTTP/1.1" 200 3058 "https://pacja.org/zhHant/product/surugaya/36930997?campaign_uid=f64d716db5e979ed2f947dbaf4296895b951ae7f" "Mozilla/5.0 (Macintosh; Intel Mac OS X 10.15; rv:138.0) Gecko/20100101 Firefox/138.0"
211.19.210.20 - - [15/May/2025:12:37:28 +0000] "GET /wp-includes/js/dist/i18n.min.js?ver=5e580eb46a90c2b997e6 HTTP/1.1" 200 3667 "https://pacja.org/zhHant/product/surugaya/36930997?campaign_uid=f64d716db5e979ed2f947dbaf4296895b951ae7f" "Mozilla/5.0 (Macintosh; Intel Mac OS X 10.15; rv:138.0) Gecko/20100101 Firefox/138.0"
211.19.210.20 - - [15/May/2025:12:37:28 +0000] "GET /wp-includes/js/dist/a11y.min.js?ver=3156534cc54473497e14 HTTP/1.1" 200 956 "https://pacja.org/zhHant/product/surugaya/36930997?campaign_uid=f64d716db5e979ed2f947dbaf4296895b951ae7f" "Mozilla/5.0 (Macintosh; Intel Mac OS X 10.15; rv:138.0) Gecko/20100101 Firefox/138.0"
211.19.210.20 - - [15/May/2025:12:37:28 +0000] "GET /wp-includes/js/jquery/ui/autocomplete.min.js?ver=1.13.3 HTTP/1.1" 200 2905 "https://pacja.org/zhHant/product/surugaya/36930997?campaign_uid=f64d716db5e979ed2f947dbaf4296895b951ae7f" "Mozilla/5.0 (Macintosh; Intel Mac OS X 10.15; rv:138.0) Gecko/20100101 Firefox/138.0"
211.19.210.20 - - [15/May/2025:12:37:28 +0000] "GET /wp-content/plugins/advance-search/inc/common/js/advance-search.js?ver=1.1.6 HTTP/1.1" 200 1185 "https://pacja.org/zhHant/product/surugaya/36930997?campaign_uid=f64d716db5e979ed2f947dbaf4296895b951ae7f" "Mozilla/5.0 (Macintosh; Intel Mac OS X 10.15; rv:138.0) Gecko/20100101 Firefox/138.0"
211.19.210.20 - - [15/May/2025:12:37:28 +0000] "GET /wp-content/plugins/contact-form-7/includes/swv/js/index.js?ver=6.0.6 HTTP/1.1" 200 3503 "https://pacja.org/zhHant/product/surugaya/36930997?campaign_uid=f64d716db5e979ed2f947dbaf4296895b951ae7f" "Mozilla/5.0 (Macintosh; Intel Mac OS X 10.15; rv:138.0) Gecko/20100101 Firefox/138.0"
211.19.210.20 - - [15/May/2025:12:37:28 +0000] "GET /wp-content/plugins/contact-form-7/includes/js/index.js?ver=6.0.6 HTTP/1.1" 200 4265 "https://pacja.org/zhHant/product/surugaya/36930997?campaign_uid=f64d716db5e979ed2f947dbaf4296895b951ae7f" "Mozilla/5.0 (Macintosh; Intel Mac OS X 10.15; rv:138.0) Gecko/20100101 Firefox/138.0"
211.19.210.20 - - [15/May/2025:12:37:28 +0000] "GET /wp-includes/js/jquery/jquery.form.min.js?ver=4.3.0 HTTP/1.1" 200 5958 "https://pacja.org/zhHant/product/surugaya/36930997?campaign_uid=f64d716db5e979ed2f947dbaf4296895b951ae7f" "Mozilla/5.0 (Macintosh; Intel Mac OS X 10.15; rv:138.0) Gecko/20100101 Firefox/138.0"
211.19.210.20 - - [15/May/2025:12:37:28 +0000] "GET /wp-content/plugins/flickr-stream/js/frontend.min.js?ver=1.3 HTTP/1.1" 200 1777 "https://pacja.org/zhHant/product/surugaya/36930997?campaign_uid=f64d716db5e979ed2f947dbaf4296895b951ae7f" "Mozilla/5.0 (Macintosh; Intel Mac OS X 10.15; rv:138.0) Gecko/20100101 Firefox/138.0"
211.19.210.20 - - [15/May/2025:12:37:28 +0000] "GET /wp-content/plugins/quick-event-manager/legacy/quick-event-manager.js?ver=9.14 HTTP/1.1" 200 4698 "https://pacja.org/zhHant/product/surugaya/36930997?campaign_uid=f64d716db5e979ed2f947dbaf4296895b951ae7f" "Mozilla/5.0 (Macintosh; Intel Mac OS X 10.15; rv:138.0) Gecko/20100101 Firefox/138.0"
211.19.210.20 - - [15/May/2025:12:37:28 +0000] "GET /wp-content/plugins/revslider/sr6/assets/js/rbtools.min.js?ver=6.7.18 HTTP/1.1" 200 61824 "https://pacja.org/zhHant/product/surugaya/36930997?campaign_uid=f64d716db5e979ed2f947dbaf4296895b951ae7f" "Mozilla/5.0 (Macintosh; Intel Mac OS X 10.15; rv:138.0) Gecko/20100101 Firefox/138.0"
211.19.210.20 - - [15/May/2025:12:37:28 +0000] "GET /wp-includes/js/jquery/ui/tabs.min.js?ver=1.13.3 HTTP/1.1" 200 3945 "https://pacja.org/zhHant/product/surugaya/36930997?campaign_uid=f64d716db5e979ed2f947dbaf4296895b951ae7f" "Mozilla/5.0 (Macintosh; Intel Mac OS X 10.15; rv:138.0) Gecko/20100101 Firefox/138.0"
211.19.210.20 - - [15/May/2025:12:37:28 +0000] "GET /wp-includes/js/jquery/ui/accordion.min.js?ver=1.13.3 HTTP/1.1" 200 2783 "https://pacja.org/zhHant/product/surugaya/36930997?campaign_uid=f64d716db5e979ed2f947dbaf4296895b951ae7f" "Mozilla/5.0 (Macintosh; Intel Mac OS X 10.15; rv:138.0) Gecko/20100101 Firefox/138.0"
211.19.210.20 - - [15/May/2025:12:37:28 +0000] "GET /wp-content/themes/pacja.../js/menu.js?ver=20.6.4 HTTP/1.1" 200 862 "https://pacja.org/zhHant/product/surugaya/36930997?campaign_uid=f64d716db5e979ed2f947dbaf4296895b951ae7f" "Mozilla/5.0 (Macintosh; Intel Mac OS X 10.15; rv:138.0) Gecko/20100101 Firefox/138.0"
211.19.210.20 - - [15/May/2025:12:37:28 +0000] "GET /wp-content/themes/pacja.../js/plugins.js?ver=20.6.4 HTTP/1.1" 200 53788 "https://pacja.org/zhHant/product/surugaya/36930997?campaign_uid=f64d716db5e979ed2f947dbaf4296895b951ae7f" "Mozilla/5.0 (Macintosh; Intel Mac OS X 10.15; rv:138.0) Gecko/20100101 Firefox/138.0"
211.19.210.20 - - [15/May/2025:12:37:28 +0000] "GET /wp-content/themes/pacja.../assets/animations/animations.min.js?ver=20.6.4 HTTP/1.1" 200 624 "https://pacja.org/zhHant/product/surugaya/36930997?campaign_uid=f64d716db5e979ed2f947dbaf4296895b951ae7f" "Mozilla/5.0 (Macintosh; Intel Mac OS X 10.15; rv:138.0) Gecko/20100101 Firefox/138.0"
211.19.210.20 - - [15/May/2025:12:37:28 +0000] "GET /wp-content/plugins/revslider/sr6/assets/js/rs6.min.js?ver=6.7.18 HTTP/1.1" 200 108972 "https://pacja.org/zhHant/product/surugaya/36930997?campaign_uid=f64d716db5e979ed2f947dbaf4296895b951ae7f" "Mozilla/5.0 (Macintosh; Intel Mac OS X 10.15; rv:138.0) Gecko/20100101 Firefox/138.0"
211.19.210.20 - - [15/May/2025:12:37:28 +0000] "GET /wp-content/themes/pacja.../assets/jplayer/jplayer.min.js?ver=20.6.4 HTTP/1.1" 200 12737 "https://pacja.org/zhHant/product/surugaya/36930997?campaign_uid=f64d716db5e979ed2f947dbaf4296895b951ae7f" "Mozilla/5.0 (Macintosh; Intel Mac OS X 10.15; rv:138.0) Gecko/20100101 Firefox/138.0"
211.19.210.20 - - [15/May/2025:12:37:29 +0000] "GET /wp-content/themes/pacja.../js/parallax/translate3d.js?ver=20.6.4 HTTP/1.1" 200 1659 "https://pacja.org/zhHant/product/surugaya/36930997?campaign_uid=f64d716db5e979ed2f947dbaf4296895b951ae7f" "Mozilla/5.0 (Macintosh; Intel Mac OS X 10.15; rv:138.0) Gecko/20100101 Firefox/138.0"
211.19.210.20 - - [15/May/2025:12:37:29 +0000] "GET /wp-content/themes/pacja.../js/parallax/smoothscroll.js?ver=20.6.4 HTTP/1.1" 200 3038 "https://pacja.org/zhHant/product/surugaya/36930997?campaign_uid=f64d716db5e979ed2f947dbaf4296895b951ae7f" "Mozilla/5.0 (Macintosh; Intel Mac OS X 10.15; rv:138.0) Gecko/20100101 Firefox/138.0"
211.19.210.20 - - [15/May/2025:12:37:29 +0000] "GET /wp-content/themes/pacja.../js/scripts.js?ver=20.6.4 HTTP/1.1" 200 14701 "https://pacja.org/zhHant/product/surugaya/36930997?campaign_uid=f64d716db5e979ed2f947dbaf4296895b951ae7f" "Mozilla/5.0 (Macintosh; Intel Mac OS X 10.15; rv:138.0) Gecko/20100101 Firefox/138.0"
211.19.210.20 - - [15/May/2025:12:37:29 +0000] "GET /wp-includes/js/dist/vendor/wp-polyfill.min.js?ver=3.15.0 HTTP/1.1" 200 14471 "https://pacja.org/zhHant/product/surugaya/36930997?campaign_uid=f64d716db5e979ed2f947dbaf4296895b951ae7f" "Mozilla/5.0 (Macintosh; Intel Mac OS X 10.15; rv:138.0) Gecko/20100101 Firefox/138.0"
211.19.210.20 - - [15/May/2025:12:37:29 +0000] "GET /wp-content/plugins/contact-form-7/modules/recaptcha/index.js?ver=6.0.6 HTTP/1.1" 200 483 "https://pacja.org/zhHant/product/surugaya/36930997?campaign_uid=f64d716db5e979ed2f947dbaf4296895b951ae7f" "Mozilla/5.0 (Macintosh; Intel Mac OS X 10.15; rv:138.0) Gecko/20100101 Firefox/138.0"
211.19.210.20 - - [15/May/2025:12:37:29 +0000] "GET /wp-content/plugins/essential-addons-for-elementor-lite/assets/front-end/js/view/general.min.js?ver=6.1.4 HTTP/1.1" 200 4088 "https://pacja.org/zhHant/product/surugaya/36930997?campaign_uid=f64d716db5e979ed2f947dbaf4296895b951ae7f" "Mozilla/5.0 (Macintosh; Intel Mac OS X 10.15; rv:138.0) Gecko/20100101 Firefox/138.0"
211.19.210.20 - - [15/May/2025:12:37:29 +0000] "GET /wp-content/plugins/youtube-embed-plus/scripts/fitvids.min.js?ver=14.2.1.3 HTTP/1.1" 200 1051 "https://pacja.org/zhHant/product/surugaya/36930997?campaign_uid=f64d716db5e979ed2f947dbaf4296895b951ae7f" "Mozilla/5.0 (Macintosh; Intel Mac OS X 10.15; rv:138.0) Gecko/20100101 Firefox/138.0"
211.19.210.20 - - [15/May/2025:12:37:29 +0000] "GET /wp-content/plugins/add-search-to-menu/public/js/ivory-search.min.js?ver=5.5.9 HTTP/1.1" 200 1220 "https://pacja.org/zhHant/product/surugaya/36930997?campaign_uid=f64d716db5e979ed2f947dbaf4296895b951ae7f" "Mozilla/5.0 (Macintosh; Intel Mac OS X 10.15; rv:138.0) Gecko/20100101 Firefox/138.0"
3.133.112.141 - - [15/May/2025:12:37:27 +0000] "GET /shopdetail/30018294 HTTP/1.1" 404 32842 "-" "Mozilla/5.0 AppleWebKit/537.36 (KHTML, like Gecko; compatible; ClaudeBot/1.0; +claudebot@anthropic.com)"
211.19.210.20 - - [15/May/2025:12:37:29 +0000] "GET /wp-content/uploads/matomo/matomo.js HTTP/1.1" 200 21952 "https://pacja.org/zhHant/product/surugaya/36930997?campaign_uid=f64d716db5e979ed2f947dbaf4296895b951ae7f" "Mozilla/5.0 (Macintosh; Intel Mac OS X 10.15; rv:138.0) Gecko/20100101 Firefox/138.0"
211.19.210.20 - - [15/May/2025:12:37:29 +0000] "GET /wp-content/themes/pacja.../fonts/mfn-icons.woff?23391439 HTTP/1.1" 200 80636 "https://pacja.org/wp-content/themes/pacja.../css/base.css?ver=20.6.4" "Mozilla/5.0 (Macintosh; Intel Mac OS X 10.15; rv:138.0) Gecko/20100101 Firefox/138.0"
211.19.210.20 - - [15/May/2025:12:37:29 +0000] "GET /wp-content/themes/pacja.../images/box_shadow_button.png HTTP/1.1" 200 108 "https://pacja.org/wp-content/themes/pacja.../css/base.css?ver=20.6.4" "Mozilla/5.0 (Macintosh; Intel Mac OS X 10.15; rv:138.0) Gecko/20100101 Firefox/138.0"
3.133.112.141 - - [15/May/2025:12:37:28 +0000] "GET /shopdetail/26536805 HTTP/1.1" 404 32843 "-" "Mozilla/5.0 AppleWebKit/537.36 (KHTML, like Gecko; compatible; ClaudeBot/1.0; +claudebot@anthropic.com)"
211.19.210.20 - - [15/May/2025:12:37:29 +0000] "POST /wp-content/plugins/matomo/app/matomo.php?action_name=Page%20not%20found%20%E2%80%93%20PACJA%20%E2%80%93%20Panafrican%20Climate%20Justice%20Alliance&idsite=1&rec=1&r=772179&h=21&m=37&s=29&url=https%3A%2F%2Fpacja.org%2FzhHant%2Fproduct%2Fsurugaya%2F36930997%3Fcampaign_uid%3Df64d716db5e979ed2f947dbaf4296895b951ae7f&urlref=https%3A%2F%2Fwww.google.com%2F&_id=51cfc3bbdca6a7ce&_idn=1&send_image=0&_refts=1747312649&_ref=https%3A%2F%2Fwww.google.com%2F&pv_id=Ktu21p&pf_net=302&pf_srv=140&pf_tfr=1466&pf_dm1=2889&uadata=%7B%7D&pdf=1&qt=0&realp=0&wma=0&fla=0&java=0&ag=0&cookie=1&res=1920x1080 HTTP/1.1" 204 - "https://pacja.org/zhHant/product/surugaya/36930997?campaign_uid=f64d716db5e979ed2f947dbaf4296895b951ae7f" "Mozilla/5.0 (Macintosh; Intel Mac OS X 10.15; rv:138.0) Gecko/20100101 Firefox/138.0"
3.133.112.141 - - [15/May/2025:12:37:29 +0000] "GET /shopdetail/26569994 HTTP/1.1" 404 32843 "-" "Mozilla/5.0 AppleWebKit/537.36 (KHTML, like Gecko; compatible; ClaudeBot/1.0; +claudebot@anthropic.com)"
17.241.227.99 - - [15/May/2025:12:37:29 +0000] "GET /acs2023-non-state-actors-nsas-steering-committee/ HTTP/1.1" 200 50837 "-" "Mozilla/5.0 (Macintosh; Intel Mac OS X 10_15_7) AppleWebKit/605.1.15 (KHTML, like Gecko) Version/17.4 Safari/605.1.15 (Applebot/0.1; +http://www.apple.com/go/applebot)"
3.133.112.141 - - [15/May/2025:12:37:30 +0000] "GET /shopdetail/20969294 HTTP/1.1" 404 32841 "-" "Mozilla/5.0 AppleWebKit/537.36 (KHTML, like Gecko; compatible; ClaudeBot/1.0; +claudebot@anthropic.com)"
3.133.112.141 - - [15/May/2025:12:37:31 +0000] "GET /shopdetail/27628394 HTTP/1.1" 404 32843 "-" "Mozilla/5.0 AppleWebKit/537.36 (KHTML, like Gecko; compatible; ClaudeBot/1.0; +claudebot@anthropic.com)"
3.133.112.141 - - [15/May/2025:12:37:30 +0000] "GET /shopdetail/1304349 HTTP/1.1" 404 32841 "-" "Mozilla/5.0 AppleWebKit/537.36 (KHTML, like Gecko; compatible; ClaudeBot/1.0; +claudebot@anthropic.com)"
110.238.109.227 - - [15/May/2025:12:37:33 +0000] "GET /dp/B084NTF5ZY?ref=MarsFS_AUCC_ta HTTP/1.1" 404 32861 "https://pacja.org/dp/B084NTF5ZY?ref=MarsFS_AUCC_ta" "Mozilla/5.0 (Windows NT 10.0; Win64; x64) AppleWebKit/537.36 (KHTML, like Gecko) Chrome/101.0.4951.64 Safari/537.36 Edg/101.0.1210.47"
3.133.112.141 - - [15/May/2025:12:37:33 +0000] "GET /shopdetail/30088427 HTTP/1.1" 404 32842 "-" "Mozilla/5.0 AppleWebKit/537.36 (KHTML, like Gecko; compatible; ClaudeBot/1.0; +claudebot@anthropic.com)"
3.133.112.141 - - [15/May/2025:12:37:33 +0000] "GET /shopdetail/4681972 HTTP/1.1" 404 32839 "-" "Mozilla/5.0 AppleWebKit/537.36 (KHTML, like Gecko; compatible; ClaudeBot/1.0; +claudebot@anthropic.com)"
3.133.112.141 - - [15/May/2025:12:37:34 +0000] "GET /shopdetail/16369349 HTTP/1.1" 404 32842 "-" "Mozilla/5.0 AppleWebKit/537.36 (KHTML, like Gecko; compatible; ClaudeBot/1.0; +claudebot@anthropic.com)"
3.133.112.141 - - [15/May/2025:12:37:32 +0000] "GET /shopdetail/23539572 HTTP/1.1" 404 32841 "-" "Mozilla/5.0 AppleWebKit/537.36 (KHTML, like Gecko; compatible; ClaudeBot/1.0; +claudebot@anthropic.com)"
3.133.112.141 - - [15/May/2025:12:37:36 +0000] "GET /shopdetail/26203649 HTTP/1.1" 404 32842 "-" "Mozilla/5.0 AppleWebKit/537.36 (KHTML, like Gecko; compatible; ClaudeBot/1.0; +claudebot@anthropic.com)"
3.133.112.141 - - [15/May/2025:12:37:35 +0000] "GET /shopdetail/27680994 HTTP/1.1" 404 32843 "-" "Mozilla/5.0 AppleWebKit/537.36 (KHTML, like Gecko; compatible; ClaudeBot/1.0; +claudebot@anthropic.com)"
3.133.112.141 - - [15/May/2025:12:37:37 +0000] "GET /shopdetail/13198438 HTTP/1.1" 404 32842 "-" "Mozilla/5.0 AppleWebKit/537.36 (KHTML, like Gecko; compatible; ClaudeBot/1.0; +claudebot@anthropic.com)"
3.133.112.141 - - [15/May/2025:12:37:38 +0000] "GET /shopdetail/2627349 HTTP/1.1" 404 32842 "-" "Mozilla/5.0 AppleWebKit/537.36 (KHTML, like Gecko; compatible; ClaudeBot/1.0; +claudebot@anthropic.com)"
3.133.112.141 - - [15/May/2025:12:37:39 +0000] "GET /shopdetail/5011150 HTTP/1.1" 404 32840 "-" "Mozilla/5.0 AppleWebKit/537.36 (KHTML, like Gecko; compatible; ClaudeBot/1.0; +claudebot@anthropic.com)"
196.191.61.48 - - [15/May/2025:12:37:39 +0000] "GET /positioning-african-non-state-actors-at-the-heart-of-climate-policy-and-global-justice-for-acs-ii-and-beyond/ HTTP/1.1" 200 53164 "https://www.linkedin.com/" "Mozilla/5.0 (iPhone; CPU iPhone OS 18_4_1 like Mac OS X) AppleWebKit/605.1.15 (KHTML, like Gecko) Mobile/15E148 [LinkedInApp]/9.31.1083.5"
66.249.68.37 - - [15/May/2025:12:37:41 +0000] "GET /robots.txt HTTP/1.1" 200 162 "-" "Mozilla/5.0 (compatible; Googlebot/2.1; +http://www.google.com/bot.html)"
66.249.68.37 - - [15/May/2025:12:37:41 +0000] "GET /shopdetail/10194116 HTTP/1.1" 200 19113 "-" "Mozilla/5.0 (Linux; Android 6.0.1; Nexus 5X Build/MMB29P) AppleWebKit/537.36 (KHTML, like Gecko) Chrome/136.0.7103.59 Mobile Safari/537.36 (compatible; Googlebot/2.1; +http://www.google.com/bot.html)"
3.133.112.141 - - [15/May/2025:12:37:38 +0000] "GET /shopdetail/9091972 HTTP/1.1" 404 32840 "-" "Mozilla/5.0 AppleWebKit/537.36 (KHTML, like Gecko; compatible; ClaudeBot/1.0; +claudebot@anthropic.com)"
196.191.61.48 - - [15/May/2025:12:37:42 +0000] "GET /wp-content/plugins/gs-logo-slider/assets/css/gs-logo.min.css?ver=3.7.4 HTTP/1.1" 200 1866 "https://pacja.org/positioning-african-non-state-actors-at-the-heart-of-climate-policy-and-global-justice-for-acs-ii-and-beyond/" "Mozilla/5.0 (iPhone; CPU iPhone OS 18_4_1 like Mac OS X) AppleWebKit/605.1.15 (KHTML, like Gecko) Mobile/15E148 [LinkedInApp]/9.31.1083.5"
196.191.61.48 - - [15/May/2025:12:37:42 +0000] "GET /wp-content/plugins/jetpack/modules/related-posts/related-posts.css?ver=20240116 HTTP/1.1" 200 1763 "https://pacja.org/positioning-african-non-state-actors-at-the-heart-of-climate-policy-and-global-justice-for-acs-ii-and-beyond/" "Mozilla/5.0 (iPhone; CPU iPhone OS 18_4_1 like Mac OS X) AppleWebKit/605.1.15 (KHTML, like Gecko) Mobile/15E148 [LinkedInApp]/9.31.1083.5"
196.191.61.48 - - [15/May/2025:12:37:42 +0000] "GET /wp-content/plugins/gs-logo-slider/assets/libs/swiper-js/swiper.min.css?ver=3.7.4 HTTP/1.1" 200 4583 "https://pacja.org/positioning-african-non-state-actors-at-the-heart-of-climate-policy-and-global-justice-for-acs-ii-and-beyond/" "Mozilla/5.0 (iPhone; CPU iPhone OS 18_4_1 like Mac OS X) AppleWebKit/605.1.15 (KHTML, like Gecko) Mobile/15E148 [LinkedInApp]/9.31.1083.5"
196.191.61.48 - - [15/May/2025:12:37:42 +0000] "GET /wp-content/plugins/formidable/css/formidableforms.css?ver=2192154 HTTP/1.1" 200 8568 "https://pacja.org/positioning-african-non-state-actors-at-the-heart-of-climate-policy-and-global-justice-for-acs-ii-and-beyond/" "Mozilla/5.0 (iPhone; CPU iPhone OS 18_4_1 like Mac OS X) AppleWebKit/605.1.15 (KHTML, like Gecko) Mobile/15E148 [LinkedInApp]/9.31.1083.5"
196.191.61.48 - - [15/May/2025:12:37:42 +0000] "GET /wp-content/plugins/gs-logo-slider/assets/libs/tippyjs/tippy.css?ver=3.7.4 HTTP/1.1" 200 589 "https://pacja.org/positioning-african-non-state-actors-at-the-heart-of-climate-policy-and-global-justice-for-acs-ii-and-beyond/" "Mozilla/5.0 (iPhone; CPU iPhone OS 18_4_1 like Mac OS X) AppleWebKit/605.1.15 (KHTML, like Gecko) Mobile/15E148 [LinkedInApp]/9.31.1083.5"
196.191.61.48 - - [15/May/2025:12:37:42 +0000] "GET /wp-content/plugins/LayerSlider/assets/static/layerslider/css/layerslider.css?ver=7.11.0 HTTP/1.1" 200 5323 "https://pacja.org/positioning-african-non-state-actors-at-the-heart-of-climate-policy-and-global-justice-for-acs-ii-and-beyond/" "Mozilla/5.0 (iPhone; CPU iPhone OS 18_4_1 like Mac OS X) AppleWebKit/605.1.15 (KHTML, like Gecko) Mobile/15E148 [LinkedInApp]/9.31.1083.5"
196.191.61.48 - - [15/May/2025:12:37:42 +0000] "GET /wp-content/plugins/civist/civist-wordpress-blocks-embed.css?ver=1bdc5b775f7478bc9ab8 HTTP/1.1" 200 369 "https://pacja.org/positioning-african-non-state-actors-at-the-heart-of-climate-policy-and-global-justice-for-acs-ii-and-beyond/" "Mozilla/5.0 (iPhone; CPU iPhone OS 18_4_1 like Mac OS X) AppleWebKit/605.1.15 (KHTML, like Gecko) Mobile/15E148 [LinkedInApp]/9.31.1083.5"
3.133.112.141 - - [15/May/2025:12:37:41 +0000] "GET /shopdetail/24726294 HTTP/1.1" 404 32843 "-" "Mozilla/5.0 AppleWebKit/537.36 (KHTML, like Gecko; compatible; ClaudeBot/1.0; +claudebot@anthropic.com)"
196.191.61.48 - - [15/May/2025:12:37:42 +0000] "GET /wp-includes/js/mediaelement/mediaelementplayer-legacy.min.css?ver=4.2.17 HTTP/1.1" 200 2592 "https://pacja.org/positioning-african-non-state-actors-at-the-heart-of-climate-policy-and-global-justice-for-acs-ii-and-beyond/" "Mozilla/5.0 (iPhone; CPU iPhone OS 18_4_1 like Mac OS X) AppleWebKit/605.1.15 (KHTML, like Gecko) Mobile/15E148 [LinkedInApp]/9.31.1083.5"
196.191.61.48 - - [15/May/2025:12:37:42 +0000] "GET /wp-includes/css/dist/block-library/style.min.css?ver=d6d318ac8eaa702f795eb12f2dd73d9f HTTP/1.1" 200 15323 "https://pacja.org/positioning-african-non-state-actors-at-the-heart-of-climate-policy-and-global-justice-for-acs-ii-and-beyond/" "Mozilla/5.0 (iPhone; CPU iPhone OS 18_4_1 like Mac OS X) AppleWebKit/605.1.15 (KHTML, like Gecko) Mobile/15E148 [LinkedInApp]/9.31.1083.5"
196.191.61.48 - - [15/May/2025:12:37:42 +0000] "GET /wp-includes/js/mediaelement/wp-mediaelement.min.css?ver=d6d318ac8eaa702f795eb12f2dd73d9f HTTP/1.1" 200 1156 "https://pacja.org/positioning-african-non-state-actors-at-the-heart-of-climate-policy-and-global-justice-for-acs-ii-and-beyond/" "Mozilla/5.0 (iPhone; CPU iPhone OS 18_4_1 like Mac OS X) AppleWebKit/605.1.15 (KHTML, like Gecko) Mobile/15E148 [LinkedInApp]/9.31.1083.5"
196.191.61.48 - - [15/May/2025:12:37:42 +0000] "GET /wp-content/plugins/advance-search/inc/common/css/jquery-ui.css?ver=1.1.6 HTTP/1.1" 200 8394 "https://pacja.org/positioning-african-non-state-actors-at-the-heart-of-climate-policy-and-global-justice-for-acs-ii-and-beyond/" "Mozilla/5.0 (iPhone; CPU iPhone OS 18_4_1 like Mac OS X) AppleWebKit/605.1.15 (KHTML, like Gecko) Mobile/15E148 [LinkedInApp]/9.31.1083.5"
196.191.61.48 - - [15/May/2025:12:37:42 +0000] "GET /wp-content/plugins/advance-search/assets/css/font-awesome.min.css?ver=1.1.6 HTTP/1.1" 200 7053 "https://pacja.org/positioning-african-non-state-actors-at-the-heart-of-climate-policy-and-global-justice-for-acs-ii-and-beyond/" "Mozilla/5.0 (iPhone; CPU iPhone OS 18_4_1 like Mac OS X) AppleWebKit/605.1.15 (KHTML, like Gecko) Mobile/15E148 [LinkedInApp]/9.31.1083.5"
196.191.61.48 - - [15/May/2025:12:37:42 +0000] "GET /wp-content/plugins/advance-search/inc/common/css/advance-search-common.css?ver=1.1.6 HTTP/1.1" 200 856 "https://pacja.org/positioning-african-non-state-actors-at-the-heart-of-climate-policy-and-global-justice-for-acs-ii-and-beyond/" "Mozilla/5.0 (iPhone; CPU iPhone OS 18_4_1 like Mac OS X) AppleWebKit/605.1.15 (KHTML, like Gecko) Mobile/15E148 [LinkedInApp]/9.31.1083.5"
196.191.61.48 - - [15/May/2025:12:37:42 +0000] "GET /wp-content/plugins/contact-form-7/includes/css/styles.css?ver=6.0.6 HTTP/1.1" 200 1015 "https://pacja.org/positioning-african-non-state-actors-at-the-heart-of-climate-policy-and-global-justice-for-acs-ii-and-beyond/" "Mozilla/5.0 (iPhone; CPU iPhone OS 18_4_1 like Mac OS X) AppleWebKit/605.1.15 (KHTML, like Gecko) Mobile/15E148 [LinkedInApp]/9.31.1083.5"
196.191.61.48 - - [15/May/2025:12:37:43 +0000] "GET /wp-content/plugins/download-manager/assets/wpdm-iconfont/css/wpdm-icons.css?ver=d6d318ac8eaa702f795eb12f2dd73d9f HTTP/1.1" 200 1125 "https://pacja.org/positioning-african-non-state-actors-at-the-heart-of-climate-policy-and-global-justice-for-acs-ii-and-beyond/" "Mozilla/5.0 (iPhone; CPU iPhone OS 18_4_1 like Mac OS X) AppleWebKit/605.1.15 (KHTML, like Gecko) Mobile/15E148 [LinkedInApp]/9.31.1083.5"
196.191.61.48 - - [15/May/2025:12:37:43 +0000] "GET /wp-content/plugins/download-manager/assets/css/front.min.css?ver=d6d318ac8eaa702f795eb12f2dd73d9f HTTP/1.1" 200 11726 "https://pacja.org/positioning-african-non-state-actors-at-the-heart-of-climate-policy-and-global-justice-for-acs-ii-and-beyond/" "Mozilla/5.0 (iPhone; CPU iPhone OS 18_4_1 like Mac OS X) AppleWebKit/605.1.15 (KHTML, like Gecko) Mobile/15E148 [LinkedInApp]/9.31.1083.5"
196.191.61.48 - - [15/May/2025:12:37:43 +0000] "GET /wp-content/plugins/flickr-stream/css/frontend.min.css?ver=1.3 HTTP/1.1" 200 416 "https://pacja.org/positioning-african-non-state-actors-at-the-heart-of-climate-policy-and-global-justice-for-acs-ii-and-beyond/" "Mozilla/5.0 (iPhone; CPU iPhone OS 18_4_1 like Mac OS X) AppleWebKit/605.1.15 (KHTML, like Gecko) Mobile/15E148 [LinkedInApp]/9.31.1083.5"
196.191.61.48 - - [15/May/2025:12:37:43 +0000] "GET /wp-content/plugins/elementor/assets/lib/font-awesome/css/font-awesome.min.css?ver=4.7.0 HTTP/1.1" 200 7052 "https://pacja.org/positioning-african-non-state-actors-at-the-heart-of-climate-policy-and-global-justice-for-acs-ii-and-beyond/" "Mozilla/5.0 (iPhone; CPU iPhone OS 18_4_1 like Mac OS X) AppleWebKit/605.1.15 (KHTML, like Gecko) Mobile/15E148 [LinkedInApp]/9.31.1083.5"
196.191.61.48 - - [15/May/2025:12:37:43 +0000] "GET /wp-content/plugins/events-manager/includes/css/events-manager.min.css?ver=6.6.4.4 HTTP/1.1" 200 47888 "https://pacja.org/positioning-african-non-state-actors-at-the-heart-of-climate-policy-and-global-justice-for-acs-ii-and-beyond/" "Mozilla/5.0 (iPhone; CPU iPhone OS 18_4_1 like Mac OS X) AppleWebKit/605.1.15 (KHTML, like Gecko) Mobile/15E148 [LinkedInApp]/9.31.1083.5"
196.191.61.48 - - [15/May/2025:12:37:43 +0000] "GET /wp-content/plugins/flickr-viewer/public/css/cws-flickr-gallery-pro-public.css?ver=1.1.8 HTTP/1.1" 200 1533 "https://pacja.org/positioning-african-non-state-actors-at-the-heart-of-climate-policy-and-global-justice-for-acs-ii-and-beyond/" "Mozilla/5.0 (iPhone; CPU iPhone OS 18_4_1 like Mac OS X) AppleWebKit/605.1.15 (KHTML, like Gecko) Mobile/15E148 [LinkedInApp]/9.31.1083.5"
196.191.61.48 - - [15/May/2025:12:37:43 +0000] "GET /wp-content/plugins/flickr-viewer/public/css/lightbox/lightbox.css?ver=1.1.8 HTTP/1.1" 200 1011 "https://pacja.org/positioning-african-non-state-actors-at-the-heart-of-climate-policy-and-global-justice-for-acs-ii-and-beyond/" "Mozilla/5.0 (iPhone; CPU iPhone OS 18_4_1 like Mac OS X) AppleWebKit/605.1.15 (KHTML, like Gecko) Mobile/15E148 [LinkedInApp]/9.31.1083.5"
3.133.112.141 - - [15/May/2025:12:37:40 +0000] "GET /shopdetail/23769649 HTTP/1.1" 404 32843 "-" "Mozilla/5.0 AppleWebKit/537.36 (KHTML, like Gecko; compatible; ClaudeBot/1.0; +claudebot@anthropic.com)"
196.191.61.48 - - [15/May/2025:12:37:43 +0000] "GET /wp-content/plugins/flickr-viewer/public/css/default.css?ver=1.1.8 HTTP/1.1" 200 773 "https://pacja.org/positioning-african-non-state-actors-at-the-heart-of-climate-policy-and-global-justice-for-acs-ii-and-beyond/" "Mozilla/5.0 (iPhone; CPU iPhone OS 18_4_1 like Mac OS X) AppleWebKit/605.1.15 (KHTML, like Gecko) Mobile/15E148 [LinkedInApp]/9.31.1083.5"
196.191.61.48 - - [15/May/2025:12:37:43 +0000] "GET /wp-content/plugins/flickr-viewer/public/css/component.css?ver=1.1.8 HTTP/1.1" 200 965 "https://pacja.org/positioning-african-non-state-actors-at-the-heart-of-climate-policy-and-global-justice-for-acs-ii-and-beyond/" "Mozilla/5.0 (iPhone; CPU iPhone OS 18_4_1 like Mac OS X) AppleWebKit/605.1.15 (KHTML, like Gecko) Mobile/15E148 [LinkedInApp]/9.31.1083.5"
196.191.61.48 - - [15/May/2025:12:37:43 +0000] "GET /wp-content/plugins/quick-event-manager/legacy/quick-event-manager.css?ver=9.14 HTTP/1.1" 200 2402 "https://pacja.org/positioning-african-non-state-actors-at-the-heart-of-climate-policy-and-global-justice-for-acs-ii-and-beyond/" "Mozilla/5.0 (iPhone; CPU iPhone OS 18_4_1 like Mac OS X) AppleWebKit/605.1.15 (KHTML, like Gecko) Mobile/15E148 [LinkedInApp]/9.31.1083.5"
196.191.61.48 - - [15/May/2025:12:37:43 +0000] "GET /wp-content/plugins/quick-event-manager/ui/user/css/style.css?ver=9.14 HTTP/1.1" 200 881 "https://pacja.org/positioning-african-non-state-actors-at-the-heart-of-climate-policy-and-global-justice-for-acs-ii-and-beyond/" "Mozilla/5.0 (iPhone; CPU iPhone OS 18_4_1 like Mac OS X) AppleWebKit/605.1.15 (KHTML, like Gecko) Mobile/15E148 [LinkedInApp]/9.31.1083.5"
196.191.61.48 - - [15/May/2025:12:37:43 +0000] "GET /wp-content/plugins/search-filter/style.css?ver=1 HTTP/1.1" 200 272 "https://pacja.org/positioning-african-non-state-actors-at-the-heart-of-climate-policy-and-global-justice-for-acs-ii-and-beyond/" "Mozilla/5.0 (iPhone; CPU iPhone OS 18_4_1 like Mac OS X) AppleWebKit/605.1.15 (KHTML, like Gecko) Mobile/15E148 [LinkedInApp]/9.31.1083.5"
196.191.61.48 - - [15/May/2025:12:37:43 +0000] "GET /wp-content/plugins/add-search-to-menu/public/css/ivory-search.min.css?ver=5.5.9 HTTP/1.1" 200 1695 "https://pacja.org/positioning-african-non-state-actors-at-the-heart-of-climate-policy-and-global-justice-for-acs-ii-and-beyond/" "Mozilla/5.0 (iPhone; CPU iPhone OS 18_4_1 like Mac OS X) AppleWebKit/605.1.15 (KHTML, like Gecko) Mobile/15E148 [LinkedInApp]/9.31.1083.5"
196.191.61.48 - - [15/May/2025:12:37:43 +0000] "GET /wp-content/themes/pacja.../css/base.css?ver=20.6.4 HTTP/1.1" 200 12203 "https://pacja.org/positioning-african-non-state-actors-at-the-heart-of-climate-policy-and-global-justice-for-acs-ii-and-beyond/" "Mozilla/5.0 (iPhone; CPU iPhone OS 18_4_1 like Mac OS X) AppleWebKit/605.1.15 (KHTML, like Gecko) Mobile/15E148 [LinkedInApp]/9.31.1083.5"
196.191.61.48 - - [15/May/2025:12:37:43 +0000] "GET /wp-content/themes/pacja.../css/layout.css?ver=20.6.4 HTTP/1.1" 200 19789 "https://pacja.org/positioning-african-non-state-actors-at-the-heart-of-climate-policy-and-global-justice-for-acs-ii-and-beyond/" "Mozilla/5.0 (iPhone; CPU iPhone OS 18_4_1 like Mac OS X) AppleWebKit/605.1.15 (KHTML, like Gecko) Mobile/15E148 [LinkedInApp]/9.31.1083.5"
196.191.61.48 - - [15/May/2025:12:37:43 +0000] "GET /wp-content/themes/pacja.../style.css?ver=20.6.4 HTTP/1.1" 200 129 "https://pacja.org/positioning-african-non-state-actors-at-the-heart-of-climate-policy-and-global-justice-for-acs-ii-and-beyond/" "Mozilla/5.0 (iPhone; CPU iPhone OS 18_4_1 like Mac OS X) AppleWebKit/605.1.15 (KHTML, like Gecko) Mobile/15E148 [LinkedInApp]/9.31.1083.5"
