Current File : /home/pacjaorg/access-logs/pacja.org-ssl_log
216.73.216.45 - - [15/May/2025:12:00:47 +0000] "GET /shopdetail/2940027 HTTP/1.1" 404 32844 "-" "Mozilla/5.0 AppleWebKit/537.36 (KHTML, like Gecko; compatible; ClaudeBot/1.0; +claudebot@anthropic.com)"
216.73.216.45 - - [15/May/2025:12:00:52 +0000] "GET /shopdetail/25246994 HTTP/1.1" 404 32845 "-" "Mozilla/5.0 AppleWebKit/537.36 (KHTML, like Gecko; compatible; ClaudeBot/1.0; +claudebot@anthropic.com)"
105.163.1.33 - - [15/May/2025:12:00:53 +0000] "GET /positioning-african-non-state-actors-at-the-heart-of-climate-policy-and-global-justice-for-acs-ii-and-beyond/ HTTP/1.1" 200 51460 "https://pacja.org/" "Mozilla/5.0 (Windows NT 10.0; Win64; x64; rv:138.0) Gecko/20100101 Firefox/138.0"
105.163.1.33 - - [15/May/2025:12:00:57 +0000] "GET /wp-content/plugins/flickr-viewer/public/js/cws-flickr-gallery-pro-public.js?ver=1.1.8 HTTP/1.1" 200 453 "https://pacja.org/positioning-african-non-state-actors-at-the-heart-of-climate-policy-and-global-justice-for-acs-ii-and-beyond/" "Mozilla/5.0 (Windows NT 10.0; Win64; x64; rv:138.0) Gecko/20100101 Firefox/138.0"
105.163.1.33 - - [15/May/2025:12:00:57 +0000] "GET /wp-content/plugins/contact-form-7/modules/recaptcha/index.js?ver=6.0.6 HTTP/1.1" 200 483 "https://pacja.org/positioning-african-non-state-actors-at-the-heart-of-climate-policy-and-global-justice-for-acs-ii-and-beyond/" "Mozilla/5.0 (Windows NT 10.0; Win64; x64; rv:138.0) Gecko/20100101 Firefox/138.0"
105.163.1.33 - - [15/May/2025:12:00:57 +0000] "GET /wp-includes/js/dist/dom-ready.min.js?ver=f77871ff7694fffea381 HTTP/1.1" 200 320 "https://pacja.org/positioning-african-non-state-actors-at-the-heart-of-climate-policy-and-global-justice-for-acs-ii-and-beyond/" "Mozilla/5.0 (Windows NT 10.0; Win64; x64; rv:138.0) Gecko/20100101 Firefox/138.0"
66.249.68.37 - - [15/May/2025:12:00:58 +0000] "GET /shopdetail/17582172 HTTP/1.1" 200 20094 "-" "Mozilla/5.0 (Linux; Android 6.0.1; Nexus 5X Build/MMB29P) AppleWebKit/537.36 (KHTML, like Gecko) Chrome/136.0.7103.59 Mobile Safari/537.36 (compatible; GoogleOther)"
216.73.216.45 - - [15/May/2025:12:00:57 +0000] "GET /shopdetail/28025294 HTTP/1.1" 404 32845 "-" "Mozilla/5.0 AppleWebKit/537.36 (KHTML, like Gecko; compatible; ClaudeBot/1.0; +claudebot@anthropic.com)"
105.163.1.33 - - [15/May/2025:12:01:00 +0000] "POST /wp-content/plugins/matomo/app/matomo.php?action_name=Positioning%20African%20Non-State%20Actors%20at%20the%20Heart%20of%20Climate%20Policy%20and%20Global%20Justice%20for%20ACS-II%20and%20Beyond%20-%20PACJA%20-%20Panafrican%20Climate%20Justice%20Alliance&idsite=1&rec=1&r=712116&h=15&m=1&s=0&url=https%3A%2F%2Fpacja.org%2Fpositioning-african-non-state-actors-at-the-heart-of-climate-policy-and-global-justice-for-acs-ii-and-beyond%2F&urlref=https%3A%2F%2Fpacja.org%2F&_id=7ccee2e21800f4e6&_idn=0&send_image=0&_refts=1747309051&_ref=https%3A%2F%2Fwww.google.com%2F&pv_id=N0ArOv&pf_net=800&pf_srv=3359&pf_tfr=0&pf_dm1=3703&uadata=%7B%7D&pdf=1&qt=0&realp=0&wma=0&fla=0&java=0&ag=0&cookie=1&res=1536x864 HTTP/1.1" 204 - "https://pacja.org/positioning-african-non-state-actors-at-the-heart-of-climate-policy-and-global-justice-for-acs-ii-and-beyond/" "Mozilla/5.0 (Windows NT 10.0; Win64; x64; rv:138.0) Gecko/20100101 Firefox/138.0"
102.215.34.108 - - [15/May/2025:12:01:00 +0000] "POST /wp-admin/admin-ajax.php HTTP/1.1" 200 255 "https://pacja.org/wp-admin/post.php?post=5062&action=edit" "Mozilla/5.0 (Windows NT 10.0; Win64; x64; rv:138.0) Gecko/20100101 Firefox/138.0"
105.163.1.33 - - [15/May/2025:12:01:00 +0000] "GET /wp-json/contact-form-7/v1/contact-forms/102/feedback/schema HTTP/1.1" 200 156 "https://pacja.org/positioning-african-non-state-actors-at-the-heart-of-climate-policy-and-global-justice-for-acs-ii-and-beyond/" "Mozilla/5.0 (Windows NT 10.0; Win64; x64; rv:138.0) Gecko/20100101 Firefox/138.0"
217.113.194.236 - - [15/May/2025:12:01:05 +0000] "GET /category/afdan/ HTTP/1.1" 403 - "-" "Mozilla/5.0 (compatible; Barkrowler/0.9; +https://babbar.tech/crawler)"
105.163.1.33 - - [15/May/2025:12:01:00 +0000] "GET /positioning-african-non-state-actors-at-the-heart-of-climate-policy-and-global-justice-for-acs-ii-and-beyond/?relatedposts=1 HTTP/1.1" 200 1404 "https://pacja.org/positioning-african-non-state-actors-at-the-heart-of-climate-policy-and-global-justice-for-acs-ii-and-beyond/" "Mozilla/5.0 (Windows NT 10.0; Win64; x64; rv:138.0) Gecko/20100101 Firefox/138.0"
105.163.1.33 - - [15/May/2025:12:01:01 +0000] "GET /wp-json/contact-form-7/v1/contact-forms/102/refill HTTP/1.1" 200 22 "https://pacja.org/positioning-african-non-state-actors-at-the-heart-of-climate-policy-and-global-justice-for-acs-ii-and-beyond/" "Mozilla/5.0 (Windows NT 10.0; Win64; x64; rv:138.0) Gecko/20100101 Firefox/138.0"
66.249.68.39 - - [15/May/2025:12:01:07 +0000] "GET /shopdetail/6496349 HTTP/1.1" 200 19885 "-" "Mozilla/5.0 (compatible; Googlebot/2.1; +http://www.google.com/bot.html)"
105.163.1.33 - - [15/May/2025:12:01:24 +0000] "GET /positioning-african-non-state-actors-at-the-heart-of-climate-policy-and-global-justice-for-acs-ii-and-beyond/ HTTP/1.1" 200 51460 "https://pacja.org/" "Mozilla/5.0 (Windows NT 10.0; Win64; x64; rv:138.0) Gecko/20100101 Firefox/138.0"
105.163.1.33 - - [15/May/2025:12:01:28 +0000] "POST /wp-content/plugins/matomo/app/matomo.php?action_name=Positioning%20African%20Non-State%20Actors%20at%20the%20Heart%20of%20Climate%20Policy%20and%20Global%20Justice%20for%20ACS-II%20and%20Beyond%20-%20PACJA%20-%20Panafrican%20Climate%20Justice%20Alliance&idsite=1&rec=1&r=286902&h=15&m=1&s=27&url=https%3A%2F%2Fpacja.org%2Fpositioning-african-non-state-actors-at-the-heart-of-climate-policy-and-global-justice-for-acs-ii-and-beyond%2F&urlref=https%3A%2F%2Fpacja.org%2F&_id=7ccee2e21800f4e6&_idn=0&send_image=0&_refts=1747309051&_ref=https%3A%2F%2Fwww.google.com%2F&pv_id=0m61QA&pf_net=774&pf_srv=2881&pf_tfr=0&pf_dm1=924&uadata=%7B%7D&pdf=1&qt=0&realp=0&wma=0&fla=0&java=0&ag=0&cookie=1&res=1536x864 HTTP/1.1" 204 - "https://pacja.org/positioning-african-non-state-actors-at-the-heart-of-climate-policy-and-global-justice-for-acs-ii-and-beyond/" "Mozilla/5.0 (Windows NT 10.0; Win64; x64; rv:138.0) Gecko/20100101 Firefox/138.0"
105.163.1.33 - - [15/May/2025:12:01:28 +0000] "GET /positioning-african-non-state-actors-at-the-heart-of-climate-policy-and-global-justice-for-acs-ii-and-beyond/?relatedposts=1 HTTP/1.1" 200 1404 "https://pacja.org/positioning-african-non-state-actors-at-the-heart-of-climate-policy-and-global-justice-for-acs-ii-and-beyond/" "Mozilla/5.0 (Windows NT 10.0; Win64; x64; rv:138.0) Gecko/20100101 Firefox/138.0"
105.163.1.33 - - [15/May/2025:12:01:28 +0000] "GET /wp-json/contact-form-7/v1/contact-forms/102/feedback/schema HTTP/1.1" 200 156 "https://pacja.org/positioning-african-non-state-actors-at-the-heart-of-climate-policy-and-global-justice-for-acs-ii-and-beyond/" "Mozilla/5.0 (Windows NT 10.0; Win64; x64; rv:138.0) Gecko/20100101 Firefox/138.0"
105.163.1.33 - - [15/May/2025:12:01:28 +0000] "GET /wp-json/contact-form-7/v1/contact-forms/102/refill HTTP/1.1" 200 22 "https://pacja.org/positioning-african-non-state-actors-at-the-heart-of-climate-policy-and-global-justice-for-acs-ii-and-beyond/" "Mozilla/5.0 (Windows NT 10.0; Win64; x64; rv:138.0) Gecko/20100101 Firefox/138.0"
3.210.29.96 - - [15/May/2025:12:01:36 +0000] "GET /shopdetail/30023383 HTTP/1.1" 403 - "-" "Mozilla/5.0 AppleWebKit/537.36 (KHTML, like Gecko; compatible; Amazonbot/0.1; +https://developer.amazon.com/support/amazonbot) Chrome/119.0.6045.214 Safari/537.36"
66.249.79.199 - - [15/May/2025:12:01:37 +0000] "GET /shopdetail/5673550 HTTP/1.1" 200 19056 "-" "Mozilla/5.0 (Linux; Android 6.0.1; Nexus 5X Build/MMB29P) AppleWebKit/537.36 (KHTML, like Gecko) Chrome/136.0.7103.59 Mobile Safari/537.36 (compatible; Googlebot/2.1; +http://www.google.com/bot.html)"
107.23.62.75 - - [15/May/2025:12:01:39 +0000] "GET /?_bd_prev_page=https://pacja.org/detail.php?shopdetail/29354738&_gl=1*rgknbr*_ga*MzY3MjE1MDcwLjE3MzcwOTUyMjA.*_ga_0VKVKKN4NV*MTczNzEwMjM4NC4yLjEuMTczNzEwMjQ1My42MC4wLjA. HTTP/1.1" 403 - "-" "Mozilla/5.0 AppleWebKit/537.36 (KHTML, like Gecko; compatible; Amazonbot/0.1; +https://developer.amazon.com/support/amazonbot) Chrome/119.0.6045.214 Safari/537.36"
66.249.68.37 - - [15/May/2025:12:01:41 +0000] "GET /shopdetail/8816205 HTTP/1.1" 200 19510 "-" "Mozilla/5.0 (Linux; Android 6.0.1; Nexus 5X Build/MMB29P) AppleWebKit/537.36 (KHTML, like Gecko) Chrome/136.0.7103.59 Mobile Safari/537.36 (compatible; Googlebot/2.1; +http://www.google.com/bot.html)"
100.28.118.16 - - [15/May/2025:12:01:42 +0000] "GET /?_bd_prev_page=https://pacja.org/detail.php?shopdetail/5125172&_gl=1*rgknbr*_ga*MzY3MjE1MDcwLjE3MzcwOTUyMjA.*_ga_0VKVKKN4NV*MTczNzEwMjM4NC4yLjEuMTczNzEwMjQ1My42MC4wLjA. HTTP/1.1" 403 - "-" "Mozilla/5.0 AppleWebKit/537.36 (KHTML, like Gecko; compatible; Amazonbot/0.1; +https://developer.amazon.com/support/amazonbot) Chrome/119.0.6045.214 Safari/537.36"
203.161.61.57 - - [15/May/2025:12:01:47 +0000] "POST /wp-cron.php?doing_wp_cron=1747310507.3822779655456542968750 HTTP/1.1" 200 - "-" "WordPress/6.8.1; https://pacja.org"
57.141.2.5 - - [15/May/2025:12:01:46 +0000] "GET /shopdetail/18516438 HTTP/1.1" 404 155266 "-" "meta-externalagent/1.1 (+https://developers.facebook.com/docs/sharing/webmasters/crawler)"
203.161.61.57 - - [15/May/2025:12:01:48 +0000] "POST /wp-admin/admin-ajax.php?action=async_litespeed&nonce=KyVJA1cD7LAnylxHfjicVuj38anlkJGT&litespeed_type=imgoptm HTTP/1.1" 200 21 "-" "WordPress/6.8.1; https://pacja.org"
3.137.222.1 - - [15/May/2025:12:02:05 +0000] "GET /shopdetail/14340749 HTTP/1.1" 404 32843 "-" "Mozilla/5.0 AppleWebKit/537.36 (KHTML, like Gecko; compatible; ClaudeBot/1.0; +claudebot@anthropic.com)"
102.215.34.108 - - [15/May/2025:12:02:07 +0000] "POST /wp-admin/admin-ajax.php HTTP/1.1" 200 101 "https://pacja.org/wp-admin/post.php?post=4782&action=edit" "Mozilla/5.0 (Windows NT 10.0; Win64; x64; rv:138.0) Gecko/20100101 Firefox/138.0"
3.137.222.1 - - [15/May/2025:12:02:10 +0000] "GET /shopdetail/30120049 HTTP/1.1" 404 32844 "-" "Mozilla/5.0 AppleWebKit/537.36 (KHTML, like Gecko; compatible; ClaudeBot/1.0; +claudebot@anthropic.com)"
3.137.222.1 - - [15/May/2025:12:02:15 +0000] "GET /shopdetail/20329849 HTTP/1.1" 404 32843 "-" "Mozilla/5.0 AppleWebKit/537.36 (KHTML, like Gecko; compatible; ClaudeBot/1.0; +claudebot@anthropic.com)"
52.255.111.55 - - [15/May/2025:12:02:16 +0000] "GET / HTTP/1.1" 200 59388 "-" "Mozilla/5.0 AppleWebKit/537.36 (KHTML, like Gecko); compatible; ChatGPT-User/1.0; +https://openai.com/bot"
3.137.222.1 - - [15/May/2025:12:02:21 +0000] "GET /shopdetail/13330738 HTTP/1.1" 404 32843 "-" "Mozilla/5.0 AppleWebKit/537.36 (KHTML, like Gecko; compatible; ClaudeBot/1.0; +claudebot@anthropic.com)"
66.249.68.37 - - [15/May/2025:12:02:22 +0000] "GET /shopdetail/9267138 HTTP/1.1" 200 18287 "-" "Mozilla/5.0 (Linux; Android 6.0.1; Nexus 5X Build/MMB29P) AppleWebKit/537.36 (KHTML, like Gecko) Chrome/136.0.7103.59 Mobile Safari/537.36 (compatible; Googlebot/2.1; +http://www.google.com/bot.html)"
3.137.222.1 - - [15/May/2025:12:02:26 +0000] "GET /shopdetail/4665083 HTTP/1.1" 404 32842 "-" "Mozilla/5.0 AppleWebKit/537.36 (KHTML, like Gecko; compatible; ClaudeBot/1.0; +claudebot@anthropic.com)"
66.249.79.201 - - [15/May/2025:12:02:27 +0000] "GET /shopdetail/12358538 HTTP/1.1" 200 19150 "-" "Mozilla/5.0 (compatible; Googlebot/2.1; +http://www.google.com/bot.html)"
3.137.222.1 - - [15/May/2025:12:02:31 +0000] "GET /shopdetail/29707605 HTTP/1.1" 404 32844 "-" "Mozilla/5.0 AppleWebKit/537.36 (KHTML, like Gecko; compatible; ClaudeBot/1.0; +claudebot@anthropic.com)"
203.161.61.57 - - [15/May/2025:12:02:37 +0000] "POST /wp-cron.php?doing_wp_cron=1747310557.4303109645843505859375 HTTP/1.1" 200 - "-" "WordPress/6.8.1; https://pacja.org"
102.215.34.108 - - [15/May/2025:12:02:36 +0000] "POST /wp-admin/admin-ajax.php HTTP/1.1" 200 101 "https://pacja.org/wp-admin/post.php?post=5067&action=edit" "Mozilla/5.0 (Windows NT 10.0; Win64; x64; rv:138.0) Gecko/20100101 Firefox/138.0"
3.137.222.1 - - [15/May/2025:12:02:36 +0000] "GET /shopdetail/26273772 HTTP/1.1" 404 32843 "-" "Mozilla/5.0 AppleWebKit/537.36 (KHTML, like Gecko; compatible; ClaudeBot/1.0; +claudebot@anthropic.com)"
203.161.61.57 - - [15/May/2025:12:02:42 +0000] "POST /wp-cron.php?doing_wp_cron=1747310562.7741539478302001953125 HTTP/1.1" 200 - "-" "WordPress/6.8.1; https://pacja.org"
3.137.222.1 - - [15/May/2025:12:02:41 +0000] "GET /shopdetail/28420683 HTTP/1.1" 404 32844 "-" "Mozilla/5.0 AppleWebKit/537.36 (KHTML, like Gecko; compatible; ClaudeBot/1.0; +claudebot@anthropic.com)"
203.161.61.57 - - [15/May/2025:12:02:43 +0000] "POST /wp-admin/admin-ajax.php?action=async_litespeed&nonce=Kr6DM1fyXVAA24R3HF2yyvKUi9pl1enP&litespeed_type=imgoptm HTTP/1.1" 200 21 "-" "WordPress/6.8.1; https://pacja.org"
3.137.222.1 - - [15/May/2025:12:02:47 +0000] "GET /shopdetail/8276127 HTTP/1.1" 404 32843 "-" "Mozilla/5.0 AppleWebKit/537.36 (KHTML, like Gecko; compatible; ClaudeBot/1.0; +claudebot@anthropic.com)"
102.215.34.108 - - [15/May/2025:12:02:58 +0000] "POST /wp-admin/admin-ajax.php HTTP/1.1" 200 101 "https://pacja.org/wp-admin/post.php?post=5062&action=edit" "Mozilla/5.0 (Windows NT 10.0; Win64; x64; rv:138.0) Gecko/20100101 Firefox/138.0"
47.128.97.181 - - [15/May/2025:12:03:14 +0000] "GET /index.php/en/about-us/events-calendar/669-current-events HTTP/1.1" 403 - "-" "Mozilla/5.0 (Linux; Android 5.0) AppleWebKit/537.36 (KHTML, like Gecko) Mobile Safari/537.36 (compatible; Bytespider; spider-feedback@bytedance.com)"
66.249.68.39 - - [15/May/2025:12:03:22 +0000] "GET /shopdetail/2771749 HTTP/1.1" 200 19496 "-" "Mozilla/5.0 (Linux; Android 6.0.1; Nexus 5X Build/MMB29P) AppleWebKit/537.36 (KHTML, like Gecko) Chrome/136.0.7103.59 Mobile Safari/537.36 (compatible; Googlebot/2.1; +http://www.google.com/bot.html)"
105.163.1.33 - - [15/May/2025:12:03:28 +0000] "GET /positioning-african-non-state-actors-at-the-heart-of-climate-policy-and-global-justice-for-acs-ii-and-beyond/ HTTP/1.1" 200 51459 "https://pacja.org/" "Mozilla/5.0 (Windows NT 10.0; Win64; x64; rv:138.0) Gecko/20100101 Firefox/138.0"
23.137.105.137 - - [15/May/2025:12:03:29 +0000] "GET /adminfuns.php HTTP/1.1" 404 33125 "https://www.google.com" "Mozilla/5.0 (iPhone; CPU iPhone OS 16_1 like Mac OS X) AppleWebKit/605.1.15 (KHTML, like Gecko) Version/16.1 Mobile/15E148 Safari/604.1"
105.163.1.33 - - [15/May/2025:12:03:32 +0000] "POST /wp-content/plugins/matomo/app/matomo.php?action_name=Positioning%20African%20Non-State%20Actors%20at%20the%20Heart%20of%20Climate%20Policy%20and%20Global%20Justice%20for%20ACS-II%20and%20Beyond%20-%20PACJA%20-%20Panafrican%20Climate%20Justice%20Alliance&idsite=1&rec=1&r=138606&h=15&m=3&s=31&url=https%3A%2F%2Fpacja.org%2Fpositioning-african-non-state-actors-at-the-heart-of-climate-policy-and-global-justice-for-acs-ii-and-beyond%2F&urlref=https%3A%2F%2Fpacja.org%2F&_id=7ccee2e21800f4e6&_idn=0&send_image=0&_refts=1747309051&_ref=https%3A%2F%2Fwww.google.com%2F&pv_id=vvQykK&pf_net=764&pf_srv=2951&pf_tfr=0&uadata=%7B%7D&pdf=1&qt=0&realp=0&wma=0&fla=0&java=0&ag=0&cookie=1&res=1536x864 HTTP/1.1" 204 - "https://pacja.org/positioning-african-non-state-actors-at-the-heart-of-climate-policy-and-global-justice-for-acs-ii-and-beyond/" "Mozilla/5.0 (Windows NT 10.0; Win64; x64; rv:138.0) Gecko/20100101 Firefox/138.0"
105.163.1.33 - - [15/May/2025:12:03:32 +0000] "GET /positioning-african-non-state-actors-at-the-heart-of-climate-policy-and-global-justice-for-acs-ii-and-beyond/?relatedposts=1 HTTP/1.1" 200 1404 "https://pacja.org/positioning-african-non-state-actors-at-the-heart-of-climate-policy-and-global-justice-for-acs-ii-and-beyond/" "Mozilla/5.0 (Windows NT 10.0; Win64; x64; rv:138.0) Gecko/20100101 Firefox/138.0"
105.163.1.33 - - [15/May/2025:12:03:32 +0000] "GET /wp-json/contact-form-7/v1/contact-forms/102/feedback/schema HTTP/1.1" 200 156 "https://pacja.org/positioning-african-non-state-actors-at-the-heart-of-climate-policy-and-global-justice-for-acs-ii-and-beyond/" "Mozilla/5.0 (Windows NT 10.0; Win64; x64; rv:138.0) Gecko/20100101 Firefox/138.0"
105.163.1.33 - - [15/May/2025:12:03:33 +0000] "GET /wp-json/contact-form-7/v1/contact-forms/102/refill HTTP/1.1" 200 22 "https://pacja.org/positioning-african-non-state-actors-at-the-heart-of-climate-policy-and-global-justice-for-acs-ii-and-beyond/" "Mozilla/5.0 (Windows NT 10.0; Win64; x64; rv:138.0) Gecko/20100101 Firefox/138.0"
217.113.194.234 - - [15/May/2025:12:03:36 +0000] "GET /category/afdan/feed/ HTTP/1.1" 403 - "-" "Mozilla/5.0 (compatible; Barkrowler/0.9; +https://babbar.tech/crawler)"
66.249.68.37 - - [15/May/2025:12:03:45 +0000] "GET /shopdetail/8648550 HTTP/1.1" 200 19072 "-" "Mozilla/5.0 (Linux; Android 6.0.1; Nexus 5X Build/MMB29P) AppleWebKit/537.36 (KHTML, like Gecko) Chrome/136.0.7103.59 Mobile Safari/537.36 (compatible; Googlebot/2.1; +http://www.google.com/bot.html)"
66.249.79.199 - - [15/May/2025:12:03:45 +0000] "GET /?_gl=1*rgknbr*_ga*MzY3MjE1MDcwLjE3MzcwOTUyMjA.*_ga_0VKVKKN4NV*MTczNzEwMjM4NC4yLjEuMTczNzEwMjQ1My42MC4wLjA.&_bd_prev_page=https://pacja.org/detail.php?shopdetail/12132650 HTTP/1.1" 200 19919 "-" "Mozilla/5.0 (Linux; Android 6.0.1; Nexus 5X Build/MMB29P) AppleWebKit/537.36 (KHTML, like Gecko) Chrome/136.0.7103.59 Mobile Safari/537.36 (compatible; Googlebot/2.1; +http://www.google.com/bot.html)"
66.249.79.201 - - [15/May/2025:12:03:47 +0000] "POST /get-message-notify HTTP/1.1" 200 18757 "https://pacja.org/?_gl=1*rgknbr*_ga*MzY3MjE1MDcwLjE3MzcwOTUyMjA.*_ga_0VKVKKN4NV*MTczNzEwMjM4NC4yLjEuMTczNzEwMjQ1My42MC4wLjA.&_bd_prev_page=https://pacja.org/detail.php?shopdetail/12132650" "Mozilla/5.0 (Linux; Android 6.0.1; Nexus 5X Build/MMB29P) AppleWebKit/537.36 (KHTML, like Gecko) Chrome/135.0.7049.114 Mobile Safari/537.36 (compatible; Googlebot/2.1; +http://www.google.com/bot.html)"
203.161.61.57 - - [15/May/2025:12:04:01 +0000] "POST /wp-cron.php?doing_wp_cron=1747310641.2933530807495117187500 HTTP/1.1" 200 - "-" "WordPress/6.8.1; https://pacja.org"
66.220.149.116 - - [15/May/2025:12:04:00 +0000] "GET /positioning-african-non-state-actors-at-the-heart-of-climate-policy-and-global-justice-for-acs-ii-and-beyond/ HTTP/1.1" 200 259606 "-" "facebookexternalhit/1.1 (+http://www.facebook.com/externalhit_uatext.php)"
203.161.61.57 - - [15/May/2025:12:04:02 +0000] "POST /wp-admin/admin-ajax.php?action=async_litespeed&nonce=yndTgbTqxlBPpl5TNnEkAkE1H3YgUTuC&litespeed_type=imgoptm HTTP/1.1" 200 21 "-" "WordPress/6.8.1; https://pacja.org"
102.215.34.108 - - [15/May/2025:12:04:08 +0000] "POST /wp-admin/admin-ajax.php HTTP/1.1" 200 101 "https://pacja.org/wp-admin/post.php?post=4782&action=edit" "Mozilla/5.0 (Windows NT 10.0; Win64; x64; rv:138.0) Gecko/20100101 Firefox/138.0"
18.117.158.174 - - [15/May/2025:12:04:28 +0000] "GET /shopdetail/4724505 HTTP/1.1" 404 32842 "-" "Mozilla/5.0 AppleWebKit/537.36 (KHTML, like Gecko; compatible; ClaudeBot/1.0; +claudebot@anthropic.com)"
52.255.111.52 - - [15/May/2025:12:04:30 +0000] "GET / HTTP/1.1" 200 59389 "-" "Mozilla/5.0 AppleWebKit/537.36 (KHTML, like Gecko); compatible; ChatGPT-User/1.0; +https://openai.com/bot"
18.117.158.174 - - [15/May/2025:12:04:34 +0000] "GET /shopdetail/2508594 HTTP/1.1" 404 32843 "-" "Mozilla/5.0 AppleWebKit/537.36 (KHTML, like Gecko; compatible; ClaudeBot/1.0; +claudebot@anthropic.com)"
203.161.61.57 - - [15/May/2025:12:04:38 +0000] "POST /wp-cron.php?doing_wp_cron=1747310678.1677029132843017578125 HTTP/1.1" 200 - "-" "WordPress/6.8.1; https://pacja.org"
102.215.34.108 - - [15/May/2025:12:04:36 +0000] "POST /wp-admin/admin-ajax.php HTTP/1.1" 200 101 "https://pacja.org/wp-admin/post.php?post=5067&action=edit" "Mozilla/5.0 (Windows NT 10.0; Win64; x64; rv:138.0) Gecko/20100101 Firefox/138.0"
203.161.61.57 - - [15/May/2025:12:04:40 +0000] "POST /wp-cron.php?doing_wp_cron=1747310680.1545538902282714843750 HTTP/1.1" 200 - "-" "WordPress/6.8.1; https://pacja.org"
18.117.158.174 - - [15/May/2025:12:04:39 +0000] "GET /shopdetail/28488349 HTTP/1.1" 404 32844 "-" "Mozilla/5.0 AppleWebKit/537.36 (KHTML, like Gecko; compatible; ClaudeBot/1.0; +claudebot@anthropic.com)"
203.161.61.57 - - [15/May/2025:12:04:41 +0000] "POST /wp-admin/admin-ajax.php?action=async_litespeed&nonce=ZYch2rYkmlEG5m9YrBVepG7aoG41Jdu3&litespeed_type=imgoptm HTTP/1.1" 200 21 "-" "WordPress/6.8.1; https://pacja.org"
18.117.158.174 - - [15/May/2025:12:04:44 +0000] "GET /shopdetail/7489972 HTTP/1.1" 404 32841 "-" "Mozilla/5.0 AppleWebKit/537.36 (KHTML, like Gecko; compatible; ClaudeBot/1.0; +claudebot@anthropic.com)"
66.249.68.39 - - [15/May/2025:12:04:46 +0000] "GET /shopdetail/4817105 HTTP/1.1" 200 18368 "-" "Mozilla/5.0 (compatible; Googlebot/2.1; +http://www.google.com/bot.html)"
18.117.158.174 - - [15/May/2025:12:04:49 +0000] "GET /shopdetail/26360405 HTTP/1.1" 404 32844 "-" "Mozilla/5.0 AppleWebKit/537.36 (KHTML, like Gecko; compatible; ClaudeBot/1.0; +claudebot@anthropic.com)"
18.117.158.174 - - [15/May/2025:12:04:54 +0000] "GET /shopdetail/26083383 HTTP/1.1" 404 32843 "-" "Mozilla/5.0 AppleWebKit/537.36 (KHTML, like Gecko; compatible; ClaudeBot/1.0; +claudebot@anthropic.com)"
102.215.34.108 - - [15/May/2025:12:04:58 +0000] "POST /wp-admin/admin-ajax.php HTTP/1.1" 200 101 "https://pacja.org/wp-admin/post.php?post=5062&action=edit" "Mozilla/5.0 (Windows NT 10.0; Win64; x64; rv:138.0) Gecko/20100101 Firefox/138.0"
18.117.158.174 - - [15/May/2025:12:05:00 +0000] "GET /shopdetail/28538950 HTTP/1.1" 404 32842 "-" "Mozilla/5.0 AppleWebKit/537.36 (KHTML, like Gecko; compatible; ClaudeBot/1.0; +claudebot@anthropic.com)"
52.255.111.85 - - [15/May/2025:12:05:09 +0000] "GET /?_bd_prev_page=https://pacja.org/detail.php?shopdetail/6697349&_gl=1*rgknbr*_ga*MzY3MjE1MDcwLjE3MzcwOTUyMjA.*_ga_0VKVKKN4NV*MTczNzEwMjM4NC4yLjEuMTczNzEwMjQ1My42MC4wLjA. HTTP/1.1" 301 - "-" "Mozilla/5.0 AppleWebKit/537.36 (KHTML, like Gecko); compatible; ChatGPT-User/1.0; +https://openai.com/bot"
66.249.68.38 - - [15/May/2025:12:05:10 +0000] "GET /shopdetail/8900150 HTTP/1.1" 200 20885 "-" "Mozilla/5.0 (Linux; Android 6.0.1; Nexus 5X Build/MMB29P) AppleWebKit/537.36 (KHTML, like Gecko) Chrome/136.0.7103.59 Mobile Safari/537.36 (compatible; Googlebot/2.1; +http://www.google.com/bot.html)"
52.255.111.87 - - [15/May/2025:12:05:09 +0000] "GET / HTTP/1.1" 200 59391 "-" "Mozilla/5.0 AppleWebKit/537.36 (KHTML, like Gecko); compatible; ChatGPT-User/1.0; +https://openai.com/bot"
216.73.216.65 - - [15/May/2025:12:05:29 +0000] "GET /shopdetail/10567750 HTTP/1.1" 404 32843 "-" "Mozilla/5.0 AppleWebKit/537.36 (KHTML, like Gecko; compatible; ClaudeBot/1.0; +claudebot@anthropic.com)"
216.73.216.65 - - [15/May/2025:12:05:34 +0000] "GET /shopdetail/3375050 HTTP/1.1" 404 32842 "-" "Mozilla/5.0 AppleWebKit/537.36 (KHTML, like Gecko; compatible; ClaudeBot/1.0; +claudebot@anthropic.com)"
203.161.61.57 - - [15/May/2025:12:05:41 +0000] "POST /wp-cron.php?doing_wp_cron=1747310741.0541460514068603515625 HTTP/1.1" 200 - "-" "WordPress/6.8.1; https://pacja.org"
216.73.216.65 - - [15/May/2025:12:05:40 +0000] "GET /shopdetail/29316672 HTTP/1.1" 404 32843 "-" "Mozilla/5.0 AppleWebKit/537.36 (KHTML, like Gecko; compatible; ClaudeBot/1.0; +claudebot@anthropic.com)"
203.161.61.57 - - [15/May/2025:12:05:42 +0000] "POST /wp-admin/admin-ajax.php?action=async_litespeed&nonce=gUEUhoVFuhh6Nk6Any6EiwmYYO00rmlf&litespeed_type=imgoptm HTTP/1.1" 200 21 "-" "WordPress/6.8.1; https://pacja.org"
216.73.216.65 - - [15/May/2025:12:05:45 +0000] "GET /shopdetail/21539138 HTTP/1.1" 404 32844 "-" "Mozilla/5.0 AppleWebKit/537.36 (KHTML, like Gecko; compatible; ClaudeBot/1.0; +claudebot@anthropic.com)"
216.73.216.65 - - [15/May/2025:12:05:50 +0000] "GET /shopdetail/5194283 HTTP/1.1" 404 32843 "-" "Mozilla/5.0 AppleWebKit/537.36 (KHTML, like Gecko; compatible; ClaudeBot/1.0; +claudebot@anthropic.com)"
66.249.68.37 - - [15/May/2025:12:05:52 +0000] "GET /shopdetail/2615338 HTTP/1.1" 200 18804 "-" "Mozilla/5.0 (Linux; Android 6.0.1; Nexus 5X Build/MMB29P) AppleWebKit/537.36 (KHTML, like Gecko) Chrome/136.0.7103.59 Mobile Safari/537.36 (compatible; Googlebot/2.1; +http://www.google.com/bot.html)"
216.73.216.65 - - [15/May/2025:12:05:55 +0000] "GET /shopdetail/8614527 HTTP/1.1" 404 32843 "-" "Mozilla/5.0 AppleWebKit/537.36 (KHTML, like Gecko; compatible; ClaudeBot/1.0; +claudebot@anthropic.com)"
216.73.216.65 - - [15/May/2025:12:06:00 +0000] "GET /shopdetail/4356383 HTTP/1.1" 404 32842 "-" "Mozilla/5.0 AppleWebKit/537.36 (KHTML, like Gecko; compatible; ClaudeBot/1.0; +claudebot@anthropic.com)"
217.113.194.238 - - [15/May/2025:12:06:06 +0000] "GET /category/campaigns/feed/ HTTP/1.1" 403 - "-" "Mozilla/5.0 (compatible; Barkrowler/0.9; +https://babbar.tech/crawler)"
216.73.216.65 - - [15/May/2025:12:06:06 +0000] "GET /shopdetail/19632749 HTTP/1.1" 404 32844 "-" "Mozilla/5.0 AppleWebKit/537.36 (KHTML, like Gecko; compatible; ClaudeBot/1.0; +claudebot@anthropic.com)"
102.215.34.108 - - [15/May/2025:12:06:08 +0000] "POST /wp-admin/admin-ajax.php HTTP/1.1" 200 101 "https://pacja.org/wp-admin/post.php?post=4782&action=edit" "Mozilla/5.0 (Windows NT 10.0; Win64; x64; rv:138.0) Gecko/20100101 Firefox/138.0"
38.170.173.33 - - [15/May/2025:12:06:10 +0000] "GET /non-state-actors-steering-committee-for-africa-climate-summit-2023/ HTTP/1.1" 200 50701 "-" "Mozilla/5.0 (Windows NT 10.0; Win64; x64) AppleWebKit/537.36 (KHTML, like Gecko) Chrome/130.0.0.0 Safari/537.36"
216.73.216.65 - - [15/May/2025:12:06:11 +0000] "GET /shopdetail/18159683 HTTP/1.1" 404 32844 "-" "Mozilla/5.0 AppleWebKit/537.36 (KHTML, like Gecko; compatible; ClaudeBot/1.0; +claudebot@anthropic.com)"
216.73.216.65 - - [15/May/2025:12:06:16 +0000] "GET /shopdetail/25123194 HTTP/1.1" 404 32845 "-" "Mozilla/5.0 AppleWebKit/537.36 (KHTML, like Gecko; compatible; ClaudeBot/1.0; +claudebot@anthropic.com)"
216.73.216.65 - - [15/May/2025:12:06:21 +0000] "GET /shopdetail/20364683 HTTP/1.1" 404 32844 "-" "Mozilla/5.0 AppleWebKit/537.36 (KHTML, like Gecko; compatible; ClaudeBot/1.0; +claudebot@anthropic.com)"
216.73.216.65 - - [15/May/2025:12:06:26 +0000] "GET /shopdetail/7019272 HTTP/1.1" 404 32842 "-" "Mozilla/5.0 AppleWebKit/537.36 (KHTML, like Gecko; compatible; ClaudeBot/1.0; +claudebot@anthropic.com)"
216.73.216.65 - - [15/May/2025:12:06:32 +0000] "GET /shopdetail/28721327 HTTP/1.1" 404 32845 "-" "Mozilla/5.0 AppleWebKit/537.36 (KHTML, like Gecko; compatible; ClaudeBot/1.0; +claudebot@anthropic.com)"
216.73.216.65 - - [15/May/2025:12:06:32 +0000] "GET /shopdetail/6142438 HTTP/1.1" 404 32843 "-" "Mozilla/5.0 AppleWebKit/537.36 (KHTML, like Gecko; compatible; ClaudeBot/1.0; +claudebot@anthropic.com)"
216.73.216.65 - - [15/May/2025:12:06:33 +0000] "GET /shopdetail/29795805 HTTP/1.1" 404 32845 "-" "Mozilla/5.0 AppleWebKit/537.36 (KHTML, like Gecko; compatible; ClaudeBot/1.0; +claudebot@anthropic.com)"
216.73.216.65 - - [15/May/2025:12:06:34 +0000] "GET /shopdetail/2362749 HTTP/1.1" 404 32843 "-" "Mozilla/5.0 AppleWebKit/537.36 (KHTML, like Gecko; compatible; ClaudeBot/1.0; +claudebot@anthropic.com)"
216.73.216.65 - - [15/May/2025:12:06:35 +0000] "GET /shopdetail/15765494 HTTP/1.1" 404 32842 "-" "Mozilla/5.0 AppleWebKit/537.36 (KHTML, like Gecko; compatible; ClaudeBot/1.0; +claudebot@anthropic.com)"
203.161.61.57 - - [15/May/2025:12:06:37 +0000] "POST /wp-cron.php?doing_wp_cron=1747310797.7542800903320312500000 HTTP/1.1" 200 - "-" "WordPress/6.8.1; https://pacja.org"
216.73.216.65 - - [15/May/2025:12:06:36 +0000] "GET /shopdetail/3496438 HTTP/1.1" 404 32844 "-" "Mozilla/5.0 AppleWebKit/537.36 (KHTML, like Gecko; compatible; ClaudeBot/1.0; +claudebot@anthropic.com)"
102.215.34.108 - - [15/May/2025:12:06:36 +0000] "POST /wp-admin/admin-ajax.php HTTP/1.1" 200 101 "https://pacja.org/wp-admin/post.php?post=5067&action=edit" "Mozilla/5.0 (Windows NT 10.0; Win64; x64; rv:138.0) Gecko/20100101 Firefox/138.0"
216.73.216.65 - - [15/May/2025:12:06:37 +0000] "GET /shopdetail/29621394 HTTP/1.1" 404 32844 "-" "Mozilla/5.0 AppleWebKit/537.36 (KHTML, like Gecko; compatible; ClaudeBot/1.0; +claudebot@anthropic.com)"
216.73.216.65 - - [15/May/2025:12:06:38 +0000] "GET /shopdetail/28023783 HTTP/1.1" 404 32845 "-" "Mozilla/5.0 AppleWebKit/537.36 (KHTML, like Gecko; compatible; ClaudeBot/1.0; +claudebot@anthropic.com)"
203.161.61.57 - - [15/May/2025:12:06:40 +0000] "POST /wp-cron.php?doing_wp_cron=1747310800.7594969272613525390625 HTTP/1.1" 200 - "-" "WordPress/6.8.1; https://pacja.org"
216.73.216.65 - - [15/May/2025:12:06:39 +0000] "GET /shopdetail/7181272 HTTP/1.1" 404 32842 "-" "Mozilla/5.0 AppleWebKit/537.36 (KHTML, like Gecko; compatible; ClaudeBot/1.0; +claudebot@anthropic.com)"
216.73.216.65 - - [15/May/2025:12:06:40 +0000] "GET /shopdetail/22399083 HTTP/1.1" 404 32844 "-" "Mozilla/5.0 AppleWebKit/537.36 (KHTML, like Gecko; compatible; ClaudeBot/1.0; +claudebot@anthropic.com)"
216.73.216.65 - - [15/May/2025:12:06:41 +0000] "GET /shopdetail/20805683 HTTP/1.1" 404 32844 "-" "Mozilla/5.0 AppleWebKit/537.36 (KHTML, like Gecko; compatible; ClaudeBot/1.0; +claudebot@anthropic.com)"
203.161.61.57 - - [15/May/2025:12:06:41 +0000] "POST /wp-admin/admin-ajax.php?action=async_litespeed&nonce=7LqIO9h3ZKhoWmT2zHYnjzoRRDk5fIys&litespeed_type=imgoptm HTTP/1.1" 200 21 "-" "WordPress/6.8.1; https://pacja.org"
216.73.216.65 - - [15/May/2025:12:06:42 +0000] "GET /shopdetail/30104505 HTTP/1.1" 404 32844 "-" "Mozilla/5.0 AppleWebKit/537.36 (KHTML, like Gecko; compatible; ClaudeBot/1.0; +claudebot@anthropic.com)"
216.73.216.65 - - [15/May/2025:12:06:43 +0000] "GET /shopdetail/29344838 HTTP/1.1" 404 32844 "-" "Mozilla/5.0 AppleWebKit/537.36 (KHTML, like Gecko; compatible; ClaudeBot/1.0; +claudebot@anthropic.com)"
216.73.216.65 - - [15/May/2025:12:06:43 +0000] "GET /shopdetail/30858605 HTTP/1.1" 404 32844 "-" "Mozilla/5.0 AppleWebKit/537.36 (KHTML, like Gecko; compatible; ClaudeBot/1.0; +claudebot@anthropic.com)"
216.73.216.65 - - [15/May/2025:12:06:44 +0000] "GET /shopdetail/14795294 HTTP/1.1" 404 32844 "-" "Mozilla/5.0 AppleWebKit/537.36 (KHTML, like Gecko; compatible; ClaudeBot/1.0; +claudebot@anthropic.com)"
216.73.216.65 - - [15/May/2025:12:06:45 +0000] "GET /shopdetail/18647272 HTTP/1.1" 404 32842 "-" "Mozilla/5.0 AppleWebKit/537.36 (KHTML, like Gecko; compatible; ClaudeBot/1.0; +claudebot@anthropic.com)"
57.141.2.20 - - [15/May/2025:12:06:56 +0000] "GET /shopdetail/2084338 HTTP/1.1" 404 155257 "-" "meta-externalagent/1.1 (+https://developers.facebook.com/docs/sharing/webmasters/crawler)"
102.215.34.108 - - [15/May/2025:12:06:59 +0000] "POST /wp-admin/admin-ajax.php HTTP/1.1" 200 101 "https://pacja.org/wp-admin/post.php?post=5062&action=edit" "Mozilla/5.0 (Windows NT 10.0; Win64; x64; rv:138.0) Gecko/20100101 Firefox/138.0"
66.249.79.200 - - [15/May/2025:12:07:02 +0000] "POST /get-message-notify HTTP/1.1" 200 18757 "https://pacja.org/?_gl=1*rgknbr*_ga*MzY3MjE1MDcwLjE3MzcwOTUyMjA.*_ga_0VKVKKN4NV*MTczNzEwMjM4NC4yLjEuMTczNzEwMjQ1My42MC4wLjA.&_bd_prev_page=https://pacja.org/detail.php?shopdetail/14667872" "Mozilla/5.0 (Linux; Android 6.0.1; Nexus 5X Build/MMB29P) AppleWebKit/537.36 (KHTML, like Gecko) Chrome/135.0.7049.114 Mobile Safari/537.36 (compatible; Googlebot/2.1; +http://www.google.com/bot.html)"
203.161.61.57 - - [15/May/2025:12:07:00 +0000] "POST /wp-admin/admin-ajax.php?action=as_async_request_queue_runner&nonce=4e22f572e8 HTTP/1.1" 200 - "-" "WordPress/6.8.1; https://pacja.org"
18.222.26.253 - - [15/May/2025:12:07:10 +0000] "GET /shopdetail/24012194 HTTP/1.1" 404 32844 "-" "Mozilla/5.0 AppleWebKit/537.36 (KHTML, like Gecko; compatible; ClaudeBot/1.0; +claudebot@anthropic.com)"
18.222.26.253 - - [15/May/2025:12:07:10 +0000] "GET /shopdetail/28985927 HTTP/1.1" 404 32844 "-" "Mozilla/5.0 AppleWebKit/537.36 (KHTML, like Gecko; compatible; ClaudeBot/1.0; +claudebot@anthropic.com)"
18.222.26.253 - - [15/May/2025:12:07:12 +0000] "GET /shopdetail/14914049 HTTP/1.1" 404 32843 "-" "Mozilla/5.0 AppleWebKit/537.36 (KHTML, like Gecko; compatible; ClaudeBot/1.0; +claudebot@anthropic.com)"
18.222.26.253 - - [15/May/2025:12:07:12 +0000] "GET /shopdetail/11098527 HTTP/1.1" 404 32842 "-" "Mozilla/5.0 AppleWebKit/537.36 (KHTML, like Gecko; compatible; ClaudeBot/1.0; +claudebot@anthropic.com)"
66.249.68.39 - - [15/May/2025:12:07:14 +0000] "GET /shopdetail/9393238 HTTP/1.1" 200 20048 "-" "Mozilla/5.0 (Linux; Android 6.0.1; Nexus 5X Build/MMB29P) AppleWebKit/537.36 (KHTML, like Gecko) Chrome/136.0.7103.59 Mobile Safari/537.36 (compatible; Googlebot/2.1; +http://www.google.com/bot.html)"
18.222.26.253 - - [15/May/2025:12:07:13 +0000] "GET /shopdetail/8835027 HTTP/1.1" 404 32843 "-" "Mozilla/5.0 AppleWebKit/537.36 (KHTML, like Gecko; compatible; ClaudeBot/1.0; +claudebot@anthropic.com)"
47.128.122.197 - - [15/May/2025:12:07:15 +0000] "GET /index.php/en/our-networks/north-africa/106-where-we-work HTTP/1.1" 403 - "-" "Mozilla/5.0 (Linux; Android 5.0) AppleWebKit/537.36 (KHTML, like Gecko) Mobile Safari/537.36 (compatible; Bytespider; spider-feedback@bytedance.com)"
18.222.26.253 - - [15/May/2025:12:07:14 +0000] "GET /shopdetail/24231183 HTTP/1.1" 404 32844 "-" "Mozilla/5.0 AppleWebKit/537.36 (KHTML, like Gecko; compatible; ClaudeBot/1.0; +claudebot@anthropic.com)"
18.222.26.253 - - [15/May/2025:12:07:15 +0000] "GET /shopdetail/1031249 HTTP/1.1" 404 32841 "-" "Mozilla/5.0 AppleWebKit/537.36 (KHTML, like Gecko; compatible; ClaudeBot/1.0; +claudebot@anthropic.com)"
18.222.26.253 - - [15/May/2025:12:07:16 +0000] "GET /shopdetail/16315238 HTTP/1.1" 404 32843 "-" "Mozilla/5.0 AppleWebKit/537.36 (KHTML, like Gecko; compatible; ClaudeBot/1.0; +claudebot@anthropic.com)"
18.222.26.253 - - [15/May/2025:12:07:17 +0000] "GET /shopdetail/28037772 HTTP/1.1" 404 32843 "-" "Mozilla/5.0 AppleWebKit/537.36 (KHTML, like Gecko; compatible; ClaudeBot/1.0; +claudebot@anthropic.com)"
18.222.26.253 - - [15/May/2025:12:07:18 +0000] "GET /shopdetail/6225472 HTTP/1.1" 404 32842 "-" "Mozilla/5.0 AppleWebKit/537.36 (KHTML, like Gecko; compatible; ClaudeBot/1.0; +claudebot@anthropic.com)"
18.222.26.253 - - [15/May/2025:12:07:18 +0000] "GET /shopdetail/5174727 HTTP/1.1" 404 32843 "-" "Mozilla/5.0 AppleWebKit/537.36 (KHTML, like Gecko; compatible; ClaudeBot/1.0; +claudebot@anthropic.com)"
18.222.26.253 - - [15/May/2025:12:07:19 +0000] "GET /shopdetail/11054427 HTTP/1.1" 404 32843 "-" "Mozilla/5.0 AppleWebKit/537.36 (KHTML, like Gecko; compatible; ClaudeBot/1.0; +claudebot@anthropic.com)"
18.222.26.253 - - [15/May/2025:12:07:20 +0000] "GET /shopdetail/3842505 HTTP/1.1" 404 32843 "-" "Mozilla/5.0 AppleWebKit/537.36 (KHTML, like Gecko; compatible; ClaudeBot/1.0; +claudebot@anthropic.com)"
18.222.26.253 - - [15/May/2025:12:07:21 +0000] "GET /shopdetail/6718227 HTTP/1.1" 404 32843 "-" "Mozilla/5.0 AppleWebKit/537.36 (KHTML, like Gecko; compatible; ClaudeBot/1.0; +claudebot@anthropic.com)"
18.222.26.253 - - [15/May/2025:12:07:22 +0000] "GET /shopdetail/19419027 HTTP/1.1" 404 32844 "-" "Mozilla/5.0 AppleWebKit/537.36 (KHTML, like Gecko; compatible; ClaudeBot/1.0; +claudebot@anthropic.com)"
18.222.26.253 - - [15/May/2025:12:07:23 +0000] "GET /shopdetail/5094950 HTTP/1.1" 404 32842 "-" "Mozilla/5.0 AppleWebKit/537.36 (KHTML, like Gecko; compatible; ClaudeBot/1.0; +claudebot@anthropic.com)"
18.222.26.253 - - [15/May/2025:12:07:24 +0000] "GET /shopdetail/29278683 HTTP/1.1" 404 32845 "-" "Mozilla/5.0 AppleWebKit/537.36 (KHTML, like Gecko; compatible; ClaudeBot/1.0; +claudebot@anthropic.com)"
18.222.26.253 - - [15/May/2025:12:07:24 +0000] "GET /shopdetail/30935894 HTTP/1.1" 404 32844 "-" "Mozilla/5.0 AppleWebKit/537.36 (KHTML, like Gecko; compatible; ClaudeBot/1.0; +claudebot@anthropic.com)"
18.222.26.253 - - [15/May/2025:12:07:25 +0000] "GET /shopdetail/7879227 HTTP/1.1" 404 32843 "-" "Mozilla/5.0 AppleWebKit/537.36 (KHTML, like Gecko; compatible; ClaudeBot/1.0; +claudebot@anthropic.com)"
18.222.26.253 - - [15/May/2025:12:07:26 +0000] "GET /shopdetail/12812450 HTTP/1.1" 404 32842 "-" "Mozilla/5.0 AppleWebKit/537.36 (KHTML, like Gecko; compatible; ClaudeBot/1.0; +claudebot@anthropic.com)"
18.222.26.253 - - [15/May/2025:12:07:21 +0000] "GET /shopdetail/1308327 HTTP/1.1" 404 32842 "-" "Mozilla/5.0 AppleWebKit/537.36 (KHTML, like Gecko; compatible; ClaudeBot/1.0; +claudebot@anthropic.com)"
18.222.26.253 - - [15/May/2025:12:07:28 +0000] "GET /shopdetail/3491272 HTTP/1.1" 404 32842 "-" "Mozilla/5.0 AppleWebKit/537.36 (KHTML, like Gecko; compatible; ClaudeBot/1.0; +claudebot@anthropic.com)"
18.222.26.253 - - [15/May/2025:12:07:27 +0000] "GET /shopdetail/22818038 HTTP/1.1" 404 32845 "-" "Mozilla/5.0 AppleWebKit/537.36 (KHTML, like Gecko; compatible; ClaudeBot/1.0; +claudebot@anthropic.com)"
18.222.26.253 - - [15/May/2025:12:07:29 +0000] "GET /shopdetail/23810283 HTTP/1.1" 404 32845 "-" "Mozilla/5.0 AppleWebKit/537.36 (KHTML, like Gecko; compatible; ClaudeBot/1.0; +claudebot@anthropic.com)"
18.222.26.253 - - [15/May/2025:12:07:31 +0000] "GET /shopdetail/7107472 HTTP/1.1" 404 32841 "-" "Mozilla/5.0 AppleWebKit/537.36 (KHTML, like Gecko; compatible; ClaudeBot/1.0; +claudebot@anthropic.com)"
18.222.26.253 - - [15/May/2025:12:07:30 +0000] "GET /shopdetail/5145027 HTTP/1.1" 404 32843 "-" "Mozilla/5.0 AppleWebKit/537.36 (KHTML, like Gecko; compatible; ClaudeBot/1.0; +claudebot@anthropic.com)"
18.222.26.253 - - [15/May/2025:12:07:32 +0000] "GET /shopdetail/15611149 HTTP/1.1" 404 32842 "-" "Mozilla/5.0 AppleWebKit/537.36 (KHTML, like Gecko; compatible; ClaudeBot/1.0; +claudebot@anthropic.com)"
18.222.26.253 - - [15/May/2025:12:07:33 +0000] "GET /shopdetail/2254905 HTTP/1.1" 404 32843 "-" "Mozilla/5.0 AppleWebKit/537.36 (KHTML, like Gecko; compatible; ClaudeBot/1.0; +claudebot@anthropic.com)"
18.222.26.253 - - [15/May/2025:12:07:32 +0000] "GET /shopdetail/807283 HTTP/1.1" 404 32842 "-" "Mozilla/5.0 AppleWebKit/537.36 (KHTML, like Gecko; compatible; ClaudeBot/1.0; +claudebot@anthropic.com)"
203.161.61.57 - - [15/May/2025:12:07:37 +0000] "POST /wp-cron.php?doing_wp_cron=1747310857.0362501144409179687500 HTTP/1.1" 200 - "-" "WordPress/6.8.1; https://pacja.org"
66.249.68.38 - - [15/May/2025:12:07:37 +0000] "GET /shopdetail/3395783 HTTP/1.1" 200 19995 "-" "Mozilla/5.0 (Linux; Android 6.0.1; Nexus 5X Build/MMB29P) AppleWebKit/537.36 (KHTML, like Gecko) Chrome/136.0.7103.59 Mobile Safari/537.36 (compatible; Googlebot/2.1; +http://www.google.com/bot.html)"
18.222.26.253 - - [15/May/2025:12:07:34 +0000] "GET /shopdetail/11326672 HTTP/1.1" 404 32842 "-" "Mozilla/5.0 AppleWebKit/537.36 (KHTML, like Gecko; compatible; ClaudeBot/1.0; +claudebot@anthropic.com)"
18.222.26.253 - - [15/May/2025:12:07:35 +0000] "GET /shopdetail/5938827 HTTP/1.1" 404 32844 "-" "Mozilla/5.0 AppleWebKit/537.36 (KHTML, like Gecko; compatible; ClaudeBot/1.0; +claudebot@anthropic.com)"
18.222.26.253 - - [15/May/2025:12:07:37 +0000] "GET /shopdetail/4587805 HTTP/1.1" 404 32843 "-" "Mozilla/5.0 AppleWebKit/537.36 (KHTML, like Gecko; compatible; ClaudeBot/1.0; +claudebot@anthropic.com)"
203.161.61.57 - - [15/May/2025:12:07:39 +0000] "POST /wp-cron.php?doing_wp_cron=1747310859.7752180099487304687500 HTTP/1.1" 200 - "-" "WordPress/6.8.1; https://pacja.org"
18.222.26.253 - - [15/May/2025:12:07:36 +0000] "GET /shopdetail/29866350 HTTP/1.1" 404 32843 "-" "Mozilla/5.0 AppleWebKit/537.36 (KHTML, like Gecko; compatible; ClaudeBot/1.0; +claudebot@anthropic.com)"
18.222.26.253 - - [15/May/2025:12:07:38 +0000] "GET /shopdetail/1418572 HTTP/1.1" 404 32841 "-" "Mozilla/5.0 AppleWebKit/537.36 (KHTML, like Gecko; compatible; ClaudeBot/1.0; +claudebot@anthropic.com)"
18.222.26.253 - - [15/May/2025:12:07:40 +0000] "GET /shopdetail/14168638 HTTP/1.1" 404 32844 "-" "Mozilla/5.0 AppleWebKit/537.36 (KHTML, like Gecko; compatible; ClaudeBot/1.0; +claudebot@anthropic.com)"
203.161.61.57 - - [15/May/2025:12:07:42 +0000] "POST /wp-cron.php?doing_wp_cron=1747310862.7566049098968505859375 HTTP/1.1" 200 - "-" "WordPress/6.8.1; https://pacja.org"
203.161.61.57 - - [15/May/2025:12:07:40 +0000] "POST /wp-admin/admin-ajax.php?action=async_litespeed&nonce=kyALVK1lUrLIFTHlqmx8PaBKjKJ7UGQx&litespeed_type=imgoptm HTTP/1.1" 200 21 "-" "WordPress/6.8.1; https://pacja.org"
18.222.26.253 - - [15/May/2025:12:07:39 +0000] "GET /shopdetail/25710049 HTTP/1.1" 404 32844 "-" "Mozilla/5.0 AppleWebKit/537.36 (KHTML, like Gecko; compatible; ClaudeBot/1.0; +claudebot@anthropic.com)"
18.222.26.253 - - [15/May/2025:12:07:41 +0000] "GET /shopdetail/10497205 HTTP/1.1" 404 32843 "-" "Mozilla/5.0 AppleWebKit/537.36 (KHTML, like Gecko; compatible; ClaudeBot/1.0; +claudebot@anthropic.com)"
18.222.26.253 - - [15/May/2025:12:07:43 +0000] "GET /shopdetail/11670250 HTTP/1.1" 404 32842 "-" "Mozilla/5.0 AppleWebKit/537.36 (KHTML, like Gecko; compatible; ClaudeBot/1.0; +claudebot@anthropic.com)"
18.222.26.253 - - [15/May/2025:12:07:42 +0000] "GET /shopdetail/7195672 HTTP/1.1" 404 32842 "-" "Mozilla/5.0 AppleWebKit/537.36 (KHTML, like Gecko; compatible; ClaudeBot/1.0; +claudebot@anthropic.com)"
18.222.26.253 - - [15/May/2025:12:07:44 +0000] "GET /shopdetail/7304350 HTTP/1.1" 404 32842 "-" "Mozilla/5.0 AppleWebKit/537.36 (KHTML, like Gecko; compatible; ClaudeBot/1.0; +claudebot@anthropic.com)"
18.222.26.253 - - [15/May/2025:12:07:45 +0000] "GET /shopdetail/30834149 HTTP/1.1" 404 32845 "-" "Mozilla/5.0 AppleWebKit/537.36 (KHTML, like Gecko; compatible; ClaudeBot/1.0; +claudebot@anthropic.com)"
18.222.26.253 - - [15/May/2025:12:07:47 +0000] "GET /shopdetail/24968849 HTTP/1.1" 404 32845 "-" "Mozilla/5.0 AppleWebKit/537.36 (KHTML, like Gecko; compatible; ClaudeBot/1.0; +claudebot@anthropic.com)"
66.249.79.199 - - [15/May/2025:12:07:48 +0000] "GET /?_gl=1*rgknbr*_ga*MzY3MjE1MDcwLjE3MzcwOTUyMjA.*_ga_0VKVKKN4NV*MTczNzEwMjM4NC4yLjEuMTczNzEwMjQ1My42MC4wLjA.&_bd_prev_page=https://pacja.org/detail.php?shopdetail/18293061 HTTP/1.1" 200 19976 "-" "Mozilla/5.0 (Linux; Android 6.0.1; Nexus 5X Build/MMB29P) AppleWebKit/537.36 (KHTML, like Gecko) Chrome/136.0.7103.59 Mobile Safari/537.36 (compatible; Googlebot/2.1; +http://www.google.com/bot.html)"
180.33.158.67 - - [15/May/2025:12:07:48 +0000] "GET /favicon.ico HTTP/1.1" 302 - "https://websearch.rakuten.co.jp/" "Mozilla/5.0 (Linux; Android 10; K) AppleWebKit/537.36 (KHTML, like Gecko) Chrome/114.0.0.0 Mobile Safari/537.36 RakutenWebsearch/6.114.21"
18.222.26.253 - - [15/May/2025:12:07:47 +0000] "GET /shopdetail/5659827 HTTP/1.1" 404 32843 "-" "Mozilla/5.0 AppleWebKit/537.36 (KHTML, like Gecko; compatible; ClaudeBot/1.0; +claudebot@anthropic.com)"
18.222.26.253 - - [15/May/2025:12:07:46 +0000] "GET /shopdetail/30625683 HTTP/1.1" 404 32844 "-" "Mozilla/5.0 AppleWebKit/537.36 (KHTML, like Gecko; compatible; ClaudeBot/1.0; +claudebot@anthropic.com)"
18.222.26.253 - - [15/May/2025:12:07:49 +0000] "GET /shopdetail/27749550 HTTP/1.1" 404 32843 "-" "Mozilla/5.0 AppleWebKit/537.36 (KHTML, like Gecko; compatible; ClaudeBot/1.0; +claudebot@anthropic.com)"
18.222.26.253 - - [15/May/2025:12:07:48 +0000] "GET /shopdetail/26029650 HTTP/1.1" 404 32843 "-" "Mozilla/5.0 AppleWebKit/537.36 (KHTML, like Gecko; compatible; ClaudeBot/1.0; +claudebot@anthropic.com)"
66.249.68.37 - - [15/May/2025:12:07:58 +0000] "GET /shopdetail/9056105 HTTP/1.1" 200 19222 "-" "Mozilla/5.0 (Linux; Android 6.0.1; Nexus 5X Build/MMB29P) AppleWebKit/537.36 (KHTML, like Gecko) Chrome/136.0.7103.59 Mobile Safari/537.36 (compatible; Googlebot/2.1; +http://www.google.com/bot.html)"
102.215.34.108 - - [15/May/2025:12:08:08 +0000] "POST /wp-admin/admin-ajax.php HTTP/1.1" 200 101 "https://pacja.org/wp-admin/post.php?post=4782&action=edit" "Mozilla/5.0 (Windows NT 10.0; Win64; x64; rv:138.0) Gecko/20100101 Firefox/138.0"
66.249.79.199 - - [15/May/2025:12:08:29 +0000] "GET /?_gl=1*rgknbr*_ga*MzY3MjE1MDcwLjE3MzcwOTUyMjA.*_ga_0VKVKKN4NV*MTczNzEwMjM4NC4yLjEuMTczNzEwMjQ1My42MC4wLjA.&_bd_prev_page=https://pacja.org/detail.php?shopdetail/16774238 HTTP/1.1" 200 19940 "-" "Mozilla/5.0 (Linux; Android 6.0.1; Nexus 5X Build/MMB29P) AppleWebKit/537.36 (KHTML, like Gecko) Chrome/136.0.7103.59 Mobile Safari/537.36 (compatible; Googlebot/2.1; +http://www.google.com/bot.html)"
217.113.194.235 - - [15/May/2025:12:08:37 +0000] "GET /category/cop-27/feed/ HTTP/1.1" 403 - "-" "Mozilla/5.0 (compatible; Barkrowler/0.9; +https://babbar.tech/crawler)"
102.215.34.108 - - [15/May/2025:12:08:37 +0000] "POST /wp-admin/admin-ajax.php HTTP/1.1" 200 101 "https://pacja.org/wp-admin/post.php?post=5067&action=edit" "Mozilla/5.0 (Windows NT 10.0; Win64; x64; rv:138.0) Gecko/20100101 Firefox/138.0"
66.249.93.140 - - [15/May/2025:12:08:42 +0000] "GET /wp-content/uploads/2022/10/PACJA-Logo.png HTTP/1.1" 200 39094 "-" "Mozilla/5.0 (Windows NT 5.1; rv:11.0) Gecko Firefox/11.0 (via ggpht.com GoogleImageProxy)"
102.215.34.108 - - [15/May/2025:12:09:00 +0000] "POST /wp-admin/admin-ajax.php HTTP/1.1" 200 101 "https://pacja.org/wp-admin/post.php?post=5062&action=edit" "Mozilla/5.0 (Windows NT 10.0; Win64; x64; rv:138.0) Gecko/20100101 Firefox/138.0"
66.249.79.199 - - [15/May/2025:12:09:20 +0000] "GET /?_gl=1*rgknbr*_ga*MzY3MjE1MDcwLjE3MzcwOTUyMjA.*_ga_0VKVKKN4NV*MTczNzEwMjM4NC4yLjEuMTczNzEwMjQ1My42MC4wLjA.&_bd_prev_page=https://pacja.org/detail.php?shopdetail/19560183 HTTP/1.1" 200 20353 "-" "Mozilla/5.0 (Linux; Android 6.0.1; Nexus 5X Build/MMB29P) AppleWebKit/537.36 (KHTML, like Gecko) Chrome/136.0.7103.59 Mobile Safari/537.36 (compatible; Googlebot/2.1; +http://www.google.com/bot.html)"
66.249.79.200 - - [15/May/2025:12:09:23 +0000] "POST /get-message-notify HTTP/1.1" 200 18757 "https://pacja.org/?_gl=1*rgknbr*_ga*MzY3MjE1MDcwLjE3MzcwOTUyMjA.*_ga_0VKVKKN4NV*MTczNzEwMjM4NC4yLjEuMTczNzEwMjQ1My42MC4wLjA.&_bd_prev_page=https://pacja.org/detail.php?shopdetail/19560183" "Mozilla/5.0 (Linux; Android 6.0.1; Nexus 5X Build/MMB29P) AppleWebKit/537.36 (KHTML, like Gecko) Chrome/135.0.7049.114 Mobile Safari/537.36 (compatible; Googlebot/2.1; +http://www.google.com/bot.html)"
203.161.61.57 - - [15/May/2025:12:09:53 +0000] "POST /wp-cron.php?doing_wp_cron=1747310993.6450409889221191406250 HTTP/1.1" 200 - "-" "WordPress/6.8.1; https://pacja.org"
203.161.61.57 - - [15/May/2025:12:09:53 +0000] "POST /wp-cron.php?doing_wp_cron=1747310993.6696939468383789062500 HTTP/1.1" 200 - "-" "WordPress/6.8.1; https://pacja.org"
18.189.192.24 - - [15/May/2025:12:09:52 +0000] "GET /shopdetail/28521305 HTTP/1.1" 404 32844 "-" "Mozilla/5.0 AppleWebKit/537.36 (KHTML, like Gecko; compatible; ClaudeBot/1.0; +claudebot@anthropic.com)"
18.189.192.24 - - [15/May/2025:12:09:52 +0000] "GET /shopdetail/9510927 HTTP/1.1" 404 32843 "-" "Mozilla/5.0 AppleWebKit/537.36 (KHTML, like Gecko; compatible; ClaudeBot/1.0; +claudebot@anthropic.com)"
203.161.61.57 - - [15/May/2025:12:09:54 +0000] "POST /wp-cron.php?doing_wp_cron=1747310994.0254180431365966796875 HTTP/1.1" 200 - "-" "WordPress/6.8.1; https://pacja.org"
18.189.192.24 - - [15/May/2025:12:09:52 +0000] "GET /shopdetail/6340883 HTTP/1.1" 404 32843 "-" "Mozilla/5.0 AppleWebKit/537.36 (KHTML, like Gecko; compatible; ClaudeBot/1.0; +claudebot@anthropic.com)"
203.161.61.57 - - [15/May/2025:12:09:54 +0000] "POST /wp-cron.php?doing_wp_cron=1747310994.4952619075775146484375 HTTP/1.1" 200 - "-" "WordPress/6.8.1; https://pacja.org"
203.161.61.57 - - [15/May/2025:12:09:54 +0000] "POST /wp-cron.php?doing_wp_cron=1747310994.6256120204925537109375 HTTP/1.1" 200 - "-" "WordPress/6.8.1; https://pacja.org"
18.189.192.24 - - [15/May/2025:12:09:53 +0000] "GET /shopdetail/30854205 HTTP/1.1" 404 32844 "-" "Mozilla/5.0 AppleWebKit/537.36 (KHTML, like Gecko; compatible; ClaudeBot/1.0; +claudebot@anthropic.com)"
18.189.192.24 - - [15/May/2025:12:09:53 +0000] "GET /shopdetail/11613327 HTTP/1.1" 404 32843 "-" "Mozilla/5.0 AppleWebKit/537.36 (KHTML, like Gecko; compatible; ClaudeBot/1.0; +claudebot@anthropic.com)"
18.189.192.24 - - [15/May/2025:12:09:54 +0000] "GET /shopdetail/30516949 HTTP/1.1" 404 32844 "-" "Mozilla/5.0 AppleWebKit/537.36 (KHTML, like Gecko; compatible; ClaudeBot/1.0; +claudebot@anthropic.com)"
18.189.192.24 - - [15/May/2025:12:09:54 +0000] "GET /shopdetail/6630027 HTTP/1.1" 404 32842 "-" "Mozilla/5.0 AppleWebKit/537.36 (KHTML, like Gecko; compatible; ClaudeBot/1.0; +claudebot@anthropic.com)"
18.189.192.24 - - [15/May/2025:12:09:55 +0000] "GET /shopdetail/9846838 HTTP/1.1" 404 32843 "-" "Mozilla/5.0 AppleWebKit/537.36 (KHTML, like Gecko; compatible; ClaudeBot/1.0; +claudebot@anthropic.com)"
18.189.192.24 - - [15/May/2025:12:09:54 +0000] "GET /shopdetail/3204627 HTTP/1.1" 404 32843 "-" "Mozilla/5.0 AppleWebKit/537.36 (KHTML, like Gecko; compatible; ClaudeBot/1.0; +claudebot@anthropic.com)"
203.161.61.57 - - [15/May/2025:12:09:55 +0000] "POST /wp-admin/admin-ajax.php?action=async_litespeed&nonce=WPtSVLCQQNtBrNUNmRShfO76aN7UEuHB&litespeed_type=imgoptm HTTP/1.1" 200 21 "-" "WordPress/6.8.1; https://pacja.org"
18.189.192.24 - - [15/May/2025:12:09:55 +0000] "GET /shopdetail/8914005 HTTP/1.1" 404 32843 "-" "Mozilla/5.0 AppleWebKit/537.36 (KHTML, like Gecko; compatible; ClaudeBot/1.0; +claudebot@anthropic.com)"
18.189.192.24 - - [15/May/2025:12:09:55 +0000] "GET /shopdetail/2464494 HTTP/1.1" 404 32843 "-" "Mozilla/5.0 AppleWebKit/537.36 (KHTML, like Gecko; compatible; ClaudeBot/1.0; +claudebot@anthropic.com)"
18.189.192.24 - - [15/May/2025:12:09:56 +0000] "GET /shopdetail/21227127 HTTP/1.1" 404 32845 "-" "Mozilla/5.0 AppleWebKit/537.36 (KHTML, like Gecko; compatible; ClaudeBot/1.0; +claudebot@anthropic.com)"
18.189.192.24 - - [15/May/2025:12:09:56 +0000] "GET /shopdetail/10078250 HTTP/1.1" 404 32843 "-" "Mozilla/5.0 AppleWebKit/537.36 (KHTML, like Gecko; compatible; ClaudeBot/1.0; +claudebot@anthropic.com)"
18.189.192.24 - - [15/May/2025:12:09:56 +0000] "GET /shopdetail/25608294 HTTP/1.1" 404 32844 "-" "Mozilla/5.0 AppleWebKit/537.36 (KHTML, like Gecko; compatible; ClaudeBot/1.0; +claudebot@anthropic.com)"
18.189.192.24 - - [15/May/2025:12:09:59 +0000] "GET /shopdetail/10104705 HTTP/1.1" 404 32842 "-" "Mozilla/5.0 AppleWebKit/537.36 (KHTML, like Gecko; compatible; ClaudeBot/1.0; +claudebot@anthropic.com)"
